74.7.227.164 - - [03/Sep/2026:15:02:36 +0000] "GET /platform/core/acl/src/Repositories/Interfaces/?C=N;O=A HTTP/1.1" 200 1311 "https://immovalet.com/platform/core/acl/src/Repositories/Interfaces/?C=S;O=A" "Mozilla/5.0 AppleWebKit/537.36 (KHTML, like Gecko; compatible; GPTBot/1.4; +https://openai.com/gptbot)"
74.7.227.164 - - [03/Sep/2026:15:02:37 +0000] "GET /platform/packages/revision/resources/assets/sass/?C=D;O=A HTTP/1.1" 200 946 "https://immovalet.com/platform/packages/revision/resources/assets/sass/" "Mozilla/5.0 AppleWebKit/537.36 (KHTML, like Gecko; compatible; GPTBot/1.4; +https://openai.com/gptbot)"
74.7.227.164 - - [03/Sep/2026:15:02:40 +0000] "GET /platform/plugins/ecommerce/resources/assets/sass/?C=N;O=A HTTP/1.1" 200 2796 "https://immovalet.com/platform/plugins/ecommerce/resources/assets/sass/?C=N;O=D" "Mozilla/5.0 AppleWebKit/537.36 (KHTML, like Gecko; compatible; GPTBot/1.4; +https://openai.com/gptbot)"
74.7.227.164 - - [03/Sep/2026:15:02:41 +0000] "GET /platform/packages/revision/resources/assets/sass/?C=N;O=D HTTP/1.1" 200 946 "https://immovalet.com/platform/packages/revision/resources/assets/sass/" "Mozilla/5.0 AppleWebKit/537.36 (KHTML, like Gecko; compatible; GPTBot/1.4; +https://openai.com/gptbot)"
74.7.227.164 - - [03/Sep/2026:15:02:42 +0000] "GET /platform/plugins/translation/resources/assets/js/?C=M;O=A HTTP/1.1" 200 1316 "https://immovalet.com/platform/plugins/translation/resources/assets/js/" "Mozilla/5.0 AppleWebKit/537.36 (KHTML, like Gecko; compatible; GPTBot/1.4; +https://openai.com/gptbot)"
74.7.227.164 - - [03/Sep/2026:15:02:42 +0000] "GET /platform/plugins/backup/resources/assets/sass/?C=N;O=D HTTP/1.1" 200 935 "https://immovalet.com/platform/plugins/backup/resources/assets/sass/" "Mozilla/5.0 AppleWebKit/537.36 (KHTML, like Gecko; compatible; GPTBot/1.4; +https://openai.com/gptbot)"
74.7.227.164 - - [03/Sep/2026:15:02:43 +0000] "GET /platform/packages/theme/resources/assets/sass/?C=M;O=A HTTP/1.1" 200 1307 "https://immovalet.com/platform/packages/theme/resources/assets/sass/" "Mozilla/5.0 AppleWebKit/537.36 (KHTML, like Gecko; compatible; GPTBot/1.4; +https://openai.com/gptbot)"
74.7.227.164 - - [03/Sep/2026:15:02:43 +0000] "GET /platform/core/setting/src/Repositories/Caches/?C=D;O=A HTTP/1.1" 200 950 "https://immovalet.com/platform/core/setting/src/Repositories/Caches/" "Mozilla/5.0 AppleWebKit/537.36 (KHTML, like Gecko; compatible; GPTBot/1.4; +https://openai.com/gptbot)"
74.7.227.164 - - [03/Sep/2026:15:02:44 +0000] "GET /platform/plugins/translation/resources/assets/js/?C=S;O=D HTTP/1.1" 200 1316 "https://immovalet.com/platform/plugins/translation/resources/assets/js/?C=S;O=A" "Mozilla/5.0 AppleWebKit/537.36 (KHTML, like Gecko; compatible; GPTBot/1.4; +https://openai.com/gptbot)"
74.7.227.164 - - [03/Sep/2026:15:02:44 +0000] "GET /platform/packages/theme/resources/assets/sass/?C=D;O=A HTTP/1.1" 200 1307 "https://immovalet.com/platform/packages/theme/resources/assets/sass/" "Mozilla/5.0 AppleWebKit/537.36 (KHTML, like Gecko; compatible; GPTBot/1.4; +https://openai.com/gptbot)"
74.7.227.164 - - [03/Sep/2026:15:02:46 +0000] "GET /platform/core/dashboard/resources/assets/sass/?C=D;O=A HTTP/1.1" 200 938 "https://immovalet.com/platform/core/dashboard/resources/assets/sass/" "Mozilla/5.0 AppleWebKit/537.36 (KHTML, like Gecko; compatible; GPTBot/1.4; +https://openai.com/gptbot)"
74.7.227.164 - - [03/Sep/2026:15:02:46 +0000] "GET /platform/plugins/ecommerce/resources/assets/js/?C=N;O=D HTTP/1.1" 200 4943 "https://immovalet.com/platform/plugins/ecommerce/resources/assets/js/" "Mozilla/5.0 AppleWebKit/537.36 (KHTML, like Gecko; compatible; GPTBot/1.4; +https://openai.com/gptbot)"
74.7.227.164 - - [03/Sep/2026:15:02:48 +0000] "GET /platform/plugins/ecommerce/resources/assets/js/?C=M;O=A HTTP/1.1" 200 4943 "https://immovalet.com/platform/plugins/ecommerce/resources/assets/js/" "Mozilla/5.0 AppleWebKit/537.36 (KHTML, like Gecko; compatible; GPTBot/1.4; +https://openai.com/gptbot)"
74.7.227.164 - - [03/Sep/2026:15:02:49 +0000] "GET /platform/plugins/ecommerce/resources/assets/sass/?C=D;O=A HTTP/1.1" 200 2796 "https://immovalet.com/platform/plugins/ecommerce/resources/assets/sass/" "Mozilla/5.0 AppleWebKit/537.36 (KHTML, like Gecko; compatible; GPTBot/1.4; +https://openai.com/gptbot)"
57.141.4.6 - - [03/Sep/2026:15:02:51 +0000] "GET /vendor/guzzlehttp/psr7/src/MultipartStream.php HTTP/1.1" 500 - "-" "Mozilla/5.0 (Windows NT 10.0; Win64; x64) AppleWebKit/537.36 (KHTML, like Gecko) Chrome/145.0.0.0 Safari/537.36 Edg/145.0.0.0 (compatible; meta-externalagent/1.1 (+https://developers.facebook.com/docs/sharing/webmasters/crawler))"
74.7.227.164 - - [03/Sep/2026:15:02:52 +0000] "GET /platform/core/acl/src/Repositories/Interfaces/?C=M;O=A HTTP/1.1" 200 1311 "https://immovalet.com/platform/core/acl/src/Repositories/Interfaces/" "Mozilla/5.0 AppleWebKit/537.36 (KHTML, like Gecko; compatible; GPTBot/1.4; +https://openai.com/gptbot)"
74.7.227.164 - - [03/Sep/2026:15:02:52 +0000] "GET /platform/plugins/ecommerce/resources/assets/js/?C=N;O=A HTTP/1.1" 200 4943 "https://immovalet.com/platform/plugins/ecommerce/resources/assets/js/?C=N;O=D" "Mozilla/5.0 AppleWebKit/537.36 (KHTML, like Gecko; compatible; GPTBot/1.4; +https://openai.com/gptbot)"
57.141.4.63 - - [03/Sep/2026:15:02:53 +0000] "GET /platform/plugins/mollie/routes/?C=N;O=A HTTP/1.1" 200 884 "-" "Mozilla/5.0 (Windows NT 10.0; Win64; x64) AppleWebKit/537.36 (KHTML, like Gecko) Chrome/145.0.0.0 Safari/537.36 (compatible; meta-externalagent/1.1 (+https://developers.facebook.com/docs/sharing/webmasters/crawler))"
74.7.227.164 - - [03/Sep/2026:15:02:53 +0000] "GET /platform/core/setting/src/Repositories/Caches/?C=M;O=A HTTP/1.1" 200 950 "https://immovalet.com/platform/core/setting/src/Repositories/Caches/" "Mozilla/5.0 AppleWebKit/537.36 (KHTML, like Gecko; compatible; GPTBot/1.4; +https://openai.com/gptbot)"
74.7.227.164 - - [03/Sep/2026:15:02:54 +0000] "GET /platform/plugins/ecommerce/resources/assets/sass/?C=M;O=A HTTP/1.1" 200 2796 "https://immovalet.com/platform/plugins/ecommerce/resources/assets/sass/" "Mozilla/5.0 AppleWebKit/537.36 (KHTML, like Gecko; compatible; GPTBot/1.4; +https://openai.com/gptbot)"
57.141.4.4 - - [03/Sep/2026:15:02:54 +0000] "GET /vendor/stripe/stripe-php/lib/Service/Terminal/ HTTP/1.1" 200 1518 "-" "Mozilla/5.0 (Windows NT 10.0; Win64; x64) AppleWebKit/537.36 (KHTML, like Gecko) Chrome/145.0.0.0 Safari/537.36 (compatible; meta-externalagent/1.1 (+https://developers.facebook.com/docs/sharing/webmasters/crawler))"
74.7.227.164 - - [03/Sep/2026:15:02:55 +0000] "GET /platform/packages/revision/resources/assets/sass/?C=M;O=A HTTP/1.1" 200 946 "https://immovalet.com/platform/packages/revision/resources/assets/sass/" "Mozilla/5.0 AppleWebKit/537.36 (KHTML, like Gecko; compatible; GPTBot/1.4; +https://openai.com/gptbot)"
74.7.227.164 - - [03/Sep/2026:15:02:57 +0000] "GET /platform/plugins/translation/resources/assets/js/?C=N;O=A HTTP/1.1" 200 1316 "https://immovalet.com/platform/plugins/translation/resources/assets/js/?C=S;O=A" "Mozilla/5.0 AppleWebKit/537.36 (KHTML, like Gecko; compatible; GPTBot/1.4; +https://openai.com/gptbot)"
74.7.227.164 - - [03/Sep/2026:15:02:59 +0000] "GET /platform/plugins/payment/resources/assets/sass/?C=N;O=A HTTP/1.1" 200 1127 "https://immovalet.com/platform/plugins/payment/resources/assets/sass/?C=N;O=D" "Mozilla/5.0 AppleWebKit/537.36 (KHTML, like Gecko; compatible; GPTBot/1.4; +https://openai.com/gptbot)"
74.7.227.164 - - [03/Sep/2026:15:03:00 +0000] "GET /platform/plugins/payment/resources/assets/sass/?C=D;O=A HTTP/1.1" 200 1127 "https://immovalet.com/platform/plugins/payment/resources/assets/sass/" "Mozilla/5.0 AppleWebKit/537.36 (KHTML, like Gecko; compatible; GPTBot/1.4; +https://openai.com/gptbot)"
74.7.227.164 - - [03/Sep/2026:15:03:03 +0000] "GET /platform/themes/shopwise/assets/js/components/?C=S;O=A HTTP/1.1" 200 2948 "https://immovalet.com/platform/themes/shopwise/assets/js/components/" "Mozilla/5.0 AppleWebKit/537.36 (KHTML, like Gecko; compatible; GPTBot/1.4; +https://openai.com/gptbot)"
74.7.227.164 - - [03/Sep/2026:15:03:03 +0000] "GET /platform/packages/theme/resources/assets/sass/?C=S;O=D HTTP/1.1" 200 1307 "https://immovalet.com/platform/packages/theme/resources/assets/sass/?C=S;O=A" "Mozilla/5.0 AppleWebKit/537.36 (KHTML, like Gecko; compatible; GPTBot/1.4; +https://openai.com/gptbot)"
74.7.227.164 - - [03/Sep/2026:15:03:05 +0000] "GET /platform/core/setting/src/Repositories/Caches/?C=S;O=A HTTP/1.1" 200 950 "https://immovalet.com/platform/core/setting/src/Repositories/Caches/" "Mozilla/5.0 AppleWebKit/537.36 (KHTML, like Gecko; compatible; GPTBot/1.4; +https://openai.com/gptbot)"
57.141.4.46 - - [03/Sep/2026:15:03:06 +0000] "GET /vendor/league/oauth1-client/tests/XingServerTest.php HTTP/1.1" 500 - "-" "Mozilla/5.0 (Windows NT 10.0; Win64; x64) AppleWebKit/537.36 (KHTML, like Gecko) Chrome/145.0.0.0 Safari/537.36 (compatible; meta-externalagent/1.1 (+https://developers.facebook.com/docs/sharing/webmasters/crawler))"
74.7.227.164 - - [03/Sep/2026:15:03:06 +0000] "GET /platform/core/dashboard/resources/assets/sass/?C=M;O=A HTTP/1.1" 200 938 "https://immovalet.com/platform/core/dashboard/resources/assets/sass/" "Mozilla/5.0 AppleWebKit/537.36 (KHTML, like Gecko; compatible; GPTBot/1.4; +https://openai.com/gptbot)"
74.7.227.164 - - [03/Sep/2026:15:03:07 +0000] "GET /platform/plugins/translation/resources/assets/js/?C=N;O=D HTTP/1.1" 200 1316 "https://immovalet.com/platform/plugins/translation/resources/assets/js/" "Mozilla/5.0 AppleWebKit/537.36 (KHTML, like Gecko; compatible; GPTBot/1.4; +https://openai.com/gptbot)"
74.7.227.164 - - [03/Sep/2026:15:03:08 +0000] "GET /platform/themes/shopwise/assets/js/components/?C=S;O=D HTTP/1.1" 200 2948 "https://immovalet.com/platform/themes/shopwise/assets/js/components/?C=S;O=A" "Mozilla/5.0 AppleWebKit/537.36 (KHTML, like Gecko; compatible; GPTBot/1.4; +https://openai.com/gptbot)"
74.7.227.164 - - [03/Sep/2026:15:03:09 +0000] "GET /platform/plugins/ecommerce/resources/assets/sass/?C=S;O=A HTTP/1.1" 200 2796 "https://immovalet.com/platform/plugins/ecommerce/resources/assets/sass/" "Mozilla/5.0 AppleWebKit/537.36 (KHTML, like Gecko; compatible; GPTBot/1.4; +https://openai.com/gptbot)"
74.7.227.164 - - [03/Sep/2026:15:03:10 +0000] "GET /platform/plugins/backup/resources/assets/sass/?C=S;O=A HTTP/1.1" 200 935 "https://immovalet.com/platform/plugins/backup/resources/assets/sass/" "Mozilla/5.0 AppleWebKit/537.36 (KHTML, like Gecko; compatible; GPTBot/1.4; +https://openai.com/gptbot)"
74.7.227.164 - - [03/Sep/2026:15:03:10 +0000] "GET /platform/plugins/payment/resources/assets/sass/?C=M;O=A HTTP/1.1" 200 1127 "https://immovalet.com/platform/plugins/payment/resources/assets/sass/" "Mozilla/5.0 AppleWebKit/537.36 (KHTML, like Gecko; compatible; GPTBot/1.4; +https://openai.com/gptbot)"
74.7.227.164 - - [03/Sep/2026:15:03:12 +0000] "GET /platform/core/acl/src/Repositories/Interfaces/?C=N;O=D HTTP/1.1" 200 1311 "https://immovalet.com/platform/core/acl/src/Repositories/Interfaces/" "Mozilla/5.0 AppleWebKit/537.36 (KHTML, like Gecko; compatible; GPTBot/1.4; +https://openai.com/gptbot)"
74.7.227.164 - - [03/Sep/2026:15:03:12 +0000] "GET /platform/plugins/ecommerce/resources/assets/js/?C=S;O=A HTTP/1.1" 200 4943 "https://immovalet.com/platform/plugins/ecommerce/resources/assets/js/" "Mozilla/5.0 AppleWebKit/537.36 (KHTML, like Gecko; compatible; GPTBot/1.4; +https://openai.com/gptbot)"
74.7.227.164 - - [03/Sep/2026:15:03:13 +0000] "GET /platform/plugins/payment/resources/assets/sass/?C=S;O=A HTTP/1.1" 200 1127 "https://immovalet.com/platform/plugins/payment/resources/assets/sass/" "Mozilla/5.0 AppleWebKit/537.36 (KHTML, like Gecko; compatible; GPTBot/1.4; +https://openai.com/gptbot)"
74.7.227.164 - - [03/Sep/2026:15:03:14 +0000] "GET /platform/plugins/translation/resources/assets/js/?C=D;O=A HTTP/1.1" 200 1316 "https://immovalet.com/platform/plugins/translation/resources/assets/js/" "Mozilla/5.0 AppleWebKit/537.36 (KHTML, like Gecko; compatible; GPTBot/1.4; +https://openai.com/gptbot)"
74.7.227.164 - - [03/Sep/2026:15:03:14 +0000] "GET /platform/plugins/ecommerce/resources/assets/sass/?C=S;O=D HTTP/1.1" 200 2796 "https://immovalet.com/platform/plugins/ecommerce/resources/assets/sass/?C=S;O=A" "Mozilla/5.0 AppleWebKit/537.36 (KHTML, like Gecko; compatible; GPTBot/1.4; +https://openai.com/gptbot)"
74.7.227.164 - - [03/Sep/2026:15:03:15 +0000] "GET /platform/themes/shopwise/assets/js/components/?C=M;O=A HTTP/1.1" 200 2948 "https://immovalet.com/platform/themes/shopwise/assets/js/components/" "Mozilla/5.0 AppleWebKit/537.36 (KHTML, like Gecko; compatible; GPTBot/1.4; +https://openai.com/gptbot)"
74.7.227.164 - - [03/Sep/2026:15:03:15 +0000] "GET /platform/core/base/src/Repositories/Interfaces/?C=S;O=A HTTP/1.1" 200 941 "https://immovalet.com/platform/core/base/src/Repositories/Interfaces/" "Mozilla/5.0 AppleWebKit/537.36 (KHTML, like Gecko; compatible; GPTBot/1.4; +https://openai.com/gptbot)"
74.7.227.164 - - [03/Sep/2026:15:03:16 +0000] "GET /platform/core/base/src/Repositories/Interfaces/?C=N;O=D HTTP/1.1" 200 941 "https://immovalet.com/platform/core/base/src/Repositories/Interfaces/" "Mozilla/5.0 AppleWebKit/537.36 (KHTML, like Gecko; compatible; GPTBot/1.4; +https://openai.com/gptbot)"
74.7.227.164 - - [03/Sep/2026:15:03:18 +0000] "GET /platform/plugins/ecommerce/resources/assets/js/?C=D;O=A HTTP/1.1" 200 4943 "https://immovalet.com/platform/plugins/ecommerce/resources/assets/js/" "Mozilla/5.0 AppleWebKit/537.36 (KHTML, like Gecko; compatible; GPTBot/1.4; +https://openai.com/gptbot)"
74.7.227.164 - - [03/Sep/2026:15:03:18 +0000] "GET /platform/plugins/ecommerce/resources/assets/js/?C=S;O=D HTTP/1.1" 200 4943 "https://immovalet.com/platform/plugins/ecommerce/resources/assets/js/?C=S;O=A" "Mozilla/5.0 AppleWebKit/537.36 (KHTML, like Gecko; compatible; GPTBot/1.4; +https://openai.com/gptbot)"
74.7.227.164 - - [03/Sep/2026:15:03:19 +0000] "GET /platform/core/base/src/Repositories/Interfaces/?C=M;O=A HTTP/1.1" 200 941 "https://immovalet.com/platform/core/base/src/Repositories/Interfaces/" "Mozilla/5.0 AppleWebKit/537.36 (KHTML, like Gecko; compatible; GPTBot/1.4; +https://openai.com/gptbot)"
74.7.227.164 - - [03/Sep/2026:15:03:20 +0000] "GET /vendor/botble/page/src/Http/Controllers/?C=N;O=D HTTP/1.1" 200 1105 "https://immovalet.com/vendor/botble/page/src/Http/Controllers/" "Mozilla/5.0 AppleWebKit/537.36 (KHTML, like Gecko; compatible; GPTBot/1.4; +https://openai.com/gptbot)"
57.141.4.66 - - [03/Sep/2026:15:03:20 +0000] "GET /platform/packages/seo-helper/src/?C=D;O=D HTTP/1.1" 200 2860 "-" "Mozilla/5.0 (Windows NT 10.0; Win64; x64) AppleWebKit/537.36 (KHTML, like Gecko) Chrome/145.0.0.0 Safari/537.36 (compatible; meta-externalagent/1.1 (+https://developers.facebook.com/docs/sharing/webmasters/crawler))"
74.7.227.164 - - [03/Sep/2026:15:03:22 +0000] "GET /vendor/botble/page/src/Http/Controllers/?C=M;O=A HTTP/1.1" 200 1105 "https://immovalet.com/vendor/botble/page/src/Http/Controllers/" "Mozilla/5.0 AppleWebKit/537.36 (KHTML, like Gecko; compatible; GPTBot/1.4; +https://openai.com/gptbot)"
74.7.227.164 - - [03/Sep/2026:15:03:23 +0000] "GET /vendor/botble/page/src/Http/Controllers/?C=D;O=A HTTP/1.1" 200 1105 "https://immovalet.com/vendor/botble/page/src/Http/Controllers/" "Mozilla/5.0 AppleWebKit/537.36 (KHTML, like Gecko; compatible; GPTBot/1.4; +https://openai.com/gptbot)"
74.7.227.164 - - [03/Sep/2026:15:03:23 +0000] "GET /vendor/botble/page/src/Http/Controllers/?C=S;O=A HTTP/1.1" 200 1105 "https://immovalet.com/vendor/botble/page/src/Http/Controllers/" "Mozilla/5.0 AppleWebKit/537.36 (KHTML, like Gecko; compatible; GPTBot/1.4; +https://openai.com/gptbot)"
74.7.227.164 - - [03/Sep/2026:15:03:24 +0000] "GET /vendor/aws/aws-sdk-php/src/Kafka/KafkaClient.php HTTP/1.1" 500 - "https://immovalet.com/vendor/aws/aws-sdk-php/src/Kafka/" "Mozilla/5.0 AppleWebKit/537.36 (KHTML, like Gecko; compatible; GPTBot/1.4; +https://openai.com/gptbot)"
74.7.227.164 - - [03/Sep/2026:15:03:26 +0000] "GET /vendor/botble/page/src/Http/Controllers/PublicController.php HTTP/1.1" 500 - "https://immovalet.com/vendor/botble/page/src/Http/Controllers/?C=N;O=D" "Mozilla/5.0 AppleWebKit/537.36 (KHTML, like Gecko; compatible; GPTBot/1.4; +https://openai.com/gptbot)"
57.141.4.50 - - [03/Sep/2026:15:03:27 +0000] "GET /vendor/kris/?C=N;O=A HTTP/1.1" 200 843 "-" "Mozilla/5.0 (Macintosh; Intel Mac OS X 10_15_7) AppleWebKit/537.36 (KHTML, like Gecko) Chrome/145.0.0.0 Safari/537.36 (compatible; meta-externalagent/1.1 (+https://developers.facebook.com/docs/sharing/webmasters/crawler))"
74.7.227.164 - - [03/Sep/2026:15:03:28 +0000] "GET /vendor/botble/page/src/Http/Controllers/?C=N;O=A HTTP/1.1" 200 1105 "https://immovalet.com/vendor/botble/page/src/Http/Controllers/?C=N;O=D" "Mozilla/5.0 AppleWebKit/537.36 (KHTML, like Gecko; compatible; GPTBot/1.4; +https://openai.com/gptbot)"
74.7.227.164 - - [03/Sep/2026:15:03:43 +0000] "GET /vendor/aws/aws-sdk-php/src/Polly/PollyClient.php HTTP/1.1" 500 - "https://immovalet.com/vendor/aws/aws-sdk-php/src/Polly/" "Mozilla/5.0 AppleWebKit/537.36 (KHTML, like Gecko; compatible; GPTBot/1.4; +https://openai.com/gptbot)"
74.7.227.164 - - [03/Sep/2026:15:03:46 +0000] "GET /vendor/botble/page/src/Http/Controllers/?C=S;O=D HTTP/1.1" 200 1105 "https://immovalet.com/vendor/botble/page/src/Http/Controllers/?C=S;O=A" "Mozilla/5.0 AppleWebKit/537.36 (KHTML, like Gecko; compatible; GPTBot/1.4; +https://openai.com/gptbot)"
74.7.227.164 - - [03/Sep/2026:15:03:54 +0000] "GET /vendor/aws/aws-sdk-php/src/Chime/ChimeClient.php HTTP/1.1" 500 - "https://immovalet.com/vendor/aws/aws-sdk-php/src/Chime/" "Mozilla/5.0 AppleWebKit/537.36 (KHTML, like Gecko; compatible; GPTBot/1.4; +https://openai.com/gptbot)"
57.141.4.10 - - [03/Sep/2026:15:03:55 +0000] "GET /platform/core/setting/resources/ HTTP/1.1" 200 1415 "-" "Mozilla/5.0 (Windows NT 10.0; Win64; x64) AppleWebKit/537.36 (KHTML, like Gecko) Chrome/145.0.0.0 Safari/537.36 (compatible; meta-externalagent/1.1 (+https://developers.facebook.com/docs/sharing/webmasters/crawler))"
74.7.227.164 - - [03/Sep/2026:15:03:59 +0000] "GET /vendor/aws/aws-sdk-php/src/Macie/MacieClient.php HTTP/1.1" 500 - "https://immovalet.com/vendor/aws/aws-sdk-php/src/Macie/" "Mozilla/5.0 AppleWebKit/537.36 (KHTML, like Gecko; compatible; GPTBot/1.4; +https://openai.com/gptbot)"
74.7.227.164 - - [03/Sep/2026:15:04:19 +0000] "GET /vendor/aws/aws-sdk-php/src/Batch/BatchClient.php HTTP/1.1" 500 - "https://immovalet.com/vendor/aws/aws-sdk-php/src/Batch/" "Mozilla/5.0 AppleWebKit/537.36 (KHTML, like Gecko; compatible; GPTBot/1.4; +https://openai.com/gptbot)"
57.141.4.25 - - [03/Sep/2026:15:04:25 +0000] "GET /platform/core/dashboard/helpers/constant.php HTTP/1.1" 200 - "-" "Mozilla/5.0 (X11; Linux x86_64) AppleWebKit/537.36 (KHTML, like Gecko) Chrome/145.0.0.0 Safari/537.36 (compatible; meta-externalagent/1.1 (+https://developers.facebook.com/docs/sharing/webmasters/crawler))"
74.7.227.164 - - [03/Sep/2026:15:04:37 +0000] "GET /vendor/botble/platform/base/public/libraries/tinymce/plugins/emoticons/js/1f3f4-e0067-e0062-e0065-e006e-e0067-e007f.png HTTP/1.1" 404 16 "https://immovalet.com/vendor/botble/platform/base/public/libraries/tinymce/plugins/emoticons/js/emojiimages.js" "Mozilla/5.0 AppleWebKit/537.36 (KHTML, like Gecko; compatible; GPTBot/1.4; +https://openai.com/gptbot)"
57.141.4.20 - - [03/Sep/2026:15:05:01 +0000] "GET /platform/core/base/helpers/?C=S;O=A HTTP/1.1" 200 1596 "-" "Mozilla/5.0 (Windows NT 10.0; Win64; x64) AppleWebKit/537.36 (KHTML, like Gecko) Chrome/145.0.0.0 Safari/537.36 (compatible; meta-externalagent/1.1 (+https://developers.facebook.com/docs/sharing/webmasters/crawler))"
57.141.4.57 - - [03/Sep/2026:15:05:59 +0000] "GET /storage/framework/views/7eda6e7df4ec1d1af58a0e26a4cf119410954b5c.php HTTP/1.1" 200 58 "-" "Mozilla/5.0 (Windows NT 10.0; Win64; x64) AppleWebKit/537.36 (KHTML, like Gecko) Chrome/145.0.0.0 Safari/537.36 (compatible; meta-externalagent/1.1 (+https://developers.facebook.com/docs/sharing/webmasters/crawler))"
57.141.4.44 - - [03/Sep/2026:15:06:07 +0000] "GET /platform/packages/menu/?C=D;O=A HTTP/1.1" 200 2278 "-" "Mozilla/5.0 (Windows NT 10.0; Win64; x64) AppleWebKit/537.36 (KHTML, like Gecko) Chrome/145.0.0.0 Safari/537.36 (compatible; meta-externalagent/1.1 (+https://developers.facebook.com/docs/sharing/webmasters/crawler))"
209.38.137.21 - - [03/Sep/2026:15:06:10 +0000] "GET /yodvelc/ HTTP/1.1" 200 - "https://www.google.com/search?q=techbala" "Mozilla/5.0 (Macintosh; Intel Mac OS X 10_15_7) AppleWebKit/537.36 (KHTML, like Gecko) Chrome/144.0.0.0 Safari/537.36"
74.7.227.164 - - [03/Sep/2026:15:06:16 +0000] "GET /platform/plugins/audit-log/src/Http/Controllers/?C=M;O=A HTTP/1.1" 200 945 "https://immovalet.com/platform/plugins/audit-log/src/Http/Controllers/" "Mozilla/5.0 AppleWebKit/537.36 (KHTML, like Gecko; compatible; GPTBot/1.4; +https://openai.com/gptbot)"
57.141.4.1 - - [03/Sep/2026:15:06:18 +0000] "GET /vendor/phpoption/phpoption/?C=N;O=A HTTP/1.1" 200 1398 "-" "Mozilla/5.0 (Windows NT 10.0; Win64; x64) AppleWebKit/537.36 (KHTML, like Gecko) Chrome/145.0.0.0 Safari/537.36 (compatible; meta-externalagent/1.1 (+https://developers.facebook.com/docs/sharing/webmasters/crawler))"
57.141.4.71 - - [03/Sep/2026:15:06:20 +0000] "GET /vendor/symfony/console/Resources/?C=S;O=A HTTP/1.1" 200 884 "-" "Mozilla/5.0 (Windows NT 10.0; Win64; x64) AppleWebKit/537.36 (KHTML, like Gecko) Chrome/145.0.0.0 Safari/537.36 (compatible; meta-externalagent/1.1 (+https://developers.facebook.com/docs/sharing/webmasters/crawler))"
57.141.4.17 - - [03/Sep/2026:15:06:21 +0000] "GET /vendor/symfony/polyfill-intl-grapheme/LICENSE HTTP/1.1" 200 1065 "-" "Mozilla/5.0 (Windows NT 10.0; Win64; x64) AppleWebKit/537.36 (KHTML, like Gecko) Chrome/145.0.0.0 Safari/537.36 (compatible; meta-externalagent/1.1 (+https://developers.facebook.com/docs/sharing/webmasters/crawler))"
74.7.227.164 - - [03/Sep/2026:15:06:24 +0000] "GET /platform/plugins/audit-log/src/Http/Controllers/?C=S;O=A HTTP/1.1" 200 945 "https://immovalet.com/platform/plugins/audit-log/src/Http/Controllers/" "Mozilla/5.0 AppleWebKit/537.36 (KHTML, like Gecko; compatible; GPTBot/1.4; +https://openai.com/gptbot)"
57.141.4.1 - - [03/Sep/2026:15:06:26 +0000] "GET /platform/themes/shopwise/public/plugins/ HTTP/1.1" 200 1089 "-" "Mozilla/5.0 (Windows NT 10.0; Win64; x64) AppleWebKit/537.36 (KHTML, like Gecko) Chrome/145.0.0.0 Safari/537.36 (compatible; meta-externalagent/1.1 (+https://developers.facebook.com/docs/sharing/webmasters/crawler))"
74.7.227.164 - - [03/Sep/2026:15:06:31 +0000] "GET /platform/plugins/audit-log/src/Http/Controllers/?C=N;O=D HTTP/1.1" 200 945 "https://immovalet.com/platform/plugins/audit-log/src/Http/Controllers/" "Mozilla/5.0 AppleWebKit/537.36 (KHTML, like Gecko; compatible; GPTBot/1.4; +https://openai.com/gptbot)"
57.141.4.58 - - [03/Sep/2026:15:06:32 +0000] "GET /vendor/symfony/mime/Encoder/ HTTP/1.1" 200 3194 "-" "Mozilla/5.0 (Windows NT 10.0; Win64; x64) AppleWebKit/537.36 (KHTML, like Gecko) Chrome/145.0.0.0 Safari/537.36 (compatible; meta-externalagent/1.1 (+https://developers.facebook.com/docs/sharing/webmasters/crawler))"
74.7.227.164 - - [03/Sep/2026:15:06:36 +0000] "GET /vendor/aws/aws-sdk-php/src/data/route53/2013-04-01/?C=D;O=A HTTP/1.1" 200 1504 "https://immovalet.com/vendor/aws/aws-sdk-php/src/data/route53/2013-04-01/" "Mozilla/5.0 AppleWebKit/537.36 (KHTML, like Gecko; compatible; GPTBot/1.4; +https://openai.com/gptbot)"
74.7.227.164 - - [03/Sep/2026:15:06:46 +0000] "GET /vendor/aws/aws-sdk-php/src/data/route53/2013-04-01/?C=N;O=D HTTP/1.1" 200 1504 "https://immovalet.com/vendor/aws/aws-sdk-php/src/data/route53/2013-04-01/" "Mozilla/5.0 AppleWebKit/537.36 (KHTML, like Gecko; compatible; GPTBot/1.4; +https://openai.com/gptbot)"
74.7.227.164 - - [03/Sep/2026:15:06:51 +0000] "GET /vendor/aws/aws-sdk-php/src/data/route53/2013-04-01/?C=S;O=A HTTP/1.1" 200 1504 "https://immovalet.com/vendor/aws/aws-sdk-php/src/data/route53/2013-04-01/" "Mozilla/5.0 AppleWebKit/537.36 (KHTML, like Gecko; compatible; GPTBot/1.4; +https://openai.com/gptbot)"
74.7.227.164 - - [03/Sep/2026:15:06:52 +0000] "GET /vendor/aws/aws-sdk-php/src/data/route53/2013-04-01/?C=M;O=A HTTP/1.1" 200 1504 "https://immovalet.com/vendor/aws/aws-sdk-php/src/data/route53/2013-04-01/" "Mozilla/5.0 AppleWebKit/537.36 (KHTML, like Gecko; compatible; GPTBot/1.4; +https://openai.com/gptbot)"
74.7.227.164 - - [03/Sep/2026:15:06:54 +0000] "GET /vendor/laravel/framework/src/Illuminate/Contracts/Database/?C=D;O=A HTTP/1.1" 200 1330 "https://immovalet.com/vendor/laravel/framework/src/Illuminate/Contracts/Database/" "Mozilla/5.0 AppleWebKit/537.36 (KHTML, like Gecko; compatible; GPTBot/1.4; +https://openai.com/gptbot)"
74.7.227.164 - - [03/Sep/2026:15:06:55 +0000] "GET /vendor/laravel/framework/src/Illuminate/Contracts/Mail/?C=N;O=D HTTP/1.1" 200 1501 "https://immovalet.com/vendor/laravel/framework/src/Illuminate/Contracts/Mail/" "Mozilla/5.0 AppleWebKit/537.36 (KHTML, like Gecko; compatible; GPTBot/1.4; +https://openai.com/gptbot)"
74.7.227.164 - - [03/Sep/2026:15:06:56 +0000] "GET /vendor/laravel/framework/src/Illuminate/Contracts/Queue/?C=M;O=A HTTP/1.1" 200 3205 "https://immovalet.com/vendor/laravel/framework/src/Illuminate/Contracts/Queue/" "Mozilla/5.0 AppleWebKit/537.36 (KHTML, like Gecko; compatible; GPTBot/1.4; +https://openai.com/gptbot)"
74.7.227.164 - - [03/Sep/2026:15:06:56 +0000] "GET /vendor/aws/aws-sdk-php/src/data/route53/2013-04-01/?C=N;O=A HTTP/1.1" 200 1504 "https://immovalet.com/vendor/aws/aws-sdk-php/src/data/route53/2013-04-01/?C=N;O=D" "Mozilla/5.0 AppleWebKit/537.36 (KHTML, like Gecko; compatible; GPTBot/1.4; +https://openai.com/gptbot)"
74.7.227.164 - - [03/Sep/2026:15:06:58 +0000] "GET /vendor/aws/aws-sdk-php/src/data/route53/2013-04-01/?C=S;O=D HTTP/1.1" 200 1504 "https://immovalet.com/vendor/aws/aws-sdk-php/src/data/route53/2013-04-01/?C=S;O=A" "Mozilla/5.0 AppleWebKit/537.36 (KHTML, like Gecko; compatible; GPTBot/1.4; +https://openai.com/gptbot)"
74.7.227.164 - - [03/Sep/2026:15:06:58 +0000] "GET /vendor/laravel/framework/src/Illuminate/Session/Middleware/?C=S;O=A HTTP/1.1" 200 1164 "https://immovalet.com/vendor/laravel/framework/src/Illuminate/Session/Middleware/" "Mozilla/5.0 AppleWebKit/537.36 (KHTML, like Gecko; compatible; GPTBot/1.4; +https://openai.com/gptbot)"
74.7.227.164 - - [03/Sep/2026:15:06:59 +0000] "GET /vendor/laravel/framework/src/Illuminate/Foundation/Console/?C=M;O=A HTTP/1.1" 200 9296 "https://immovalet.com/vendor/laravel/framework/src/Illuminate/Foundation/Console/" "Mozilla/5.0 AppleWebKit/537.36 (KHTML, like Gecko; compatible; GPTBot/1.4; +https://openai.com/gptbot)"
57.141.4.14 - - [03/Sep/2026:15:07:24 +0000] "GET /platform/plugins/mollie/?C=N;O=A HTTP/1.1" 200 2106 "-" "Mozilla/5.0 (Windows NT 10.0; Win64; x64) AppleWebKit/537.36 (KHTML, like Gecko) Chrome/145.0.0.0 Safari/537.36 (compatible; meta-externalagent/1.1 (+https://developers.facebook.com/docs/sharing/webmasters/crawler))"
57.141.4.29 - - [03/Sep/2026:15:08:35 +0000] "GET /vendor/aws/aws-sdk-php/src/Ecs/EcsClient.php HTTP/1.1" 500 - "-" "Mozilla/5.0 (Windows NT 10.0; Win64; x64) AppleWebKit/537.36 (KHTML, like Gecko) Chrome/145.0.0.0 Safari/537.36 (compatible; meta-externalagent/1.1 (+https://developers.facebook.com/docs/sharing/webmasters/crawler))"
57.141.4.68 - - [03/Sep/2026:15:08:45 +0000] "GET /vendor/symfony/translation/Resources/?C=M;O=A HTTP/1.1" 200 1426 "-" "Mozilla/5.0 (Macintosh; Intel Mac OS X 10_15_7) AppleWebKit/537.36 (KHTML, like Gecko) Chrome/145.0.0.0 Safari/537.36 (compatible; meta-externalagent/1.1 (+https://developers.facebook.com/docs/sharing/webmasters/crawler))"
74.7.230.50 - - [03/Sep/2026:15:08:54 +0000] "GET /robots.txt HTTP/1.1" 404 16 "-" "Mozilla/5.0 (Macintosh; Intel Mac OS X 10_15_7) AppleWebKit/537.36 (KHTML, like Gecko) Chrome/131.0.0.0 Safari/537.36; compatible; OAI-SearchBot/1.4; robots.txt; +https://openai.com/searchbot"
57.141.4.50 - - [03/Sep/2026:15:09:06 +0000] "GET /config/?C=N;O=A HTTP/1.1" 200 3134 "-" "Mozilla/5.0 (Macintosh; Intel Mac OS X 10_15_7) AppleWebKit/537.36 (KHTML, like Gecko) Chrome/145.0.0.0 Safari/537.36 (compatible; meta-externalagent/1.1 (+https://developers.facebook.com/docs/sharing/webmasters/crawler))"
57.141.4.32 - - [03/Sep/2026:15:09:24 +0000] "GET /platform/core/acl/config/ HTTP/1.1" 200 1230 "-" "Mozilla/5.0 (X11; Linux x86_64) AppleWebKit/537.36 (KHTML, like Gecko) Chrome/145.0.0.0 Safari/537.36 (compatible; meta-externalagent/1.1 (+https://developers.facebook.com/docs/sharing/webmasters/crawler))"
35.201.251.103 - - [03/Sep/2026:15:09:48 +0000] "GET /.git/config HTTP/1.1" 404 16 "-" "Mozilla/5.0 (Windows NT 10.0; Win64; x64) AppleWebKit/537.36 (KHTML, like Gecko) Chrome/128.0.0.0 Safari/537.36"
57.141.4.18 - - [03/Sep/2026:15:10:06 +0000] "GET /platform/packages/page/ HTTP/1.1" 200 1921 "-" "Mozilla/5.0 (Windows NT 10.0; Win64; x64) AppleWebKit/537.36 (KHTML, like Gecko) Chrome/145.0.0.0 Safari/537.36 (compatible; meta-externalagent/1.1 (+https://developers.facebook.com/docs/sharing/webmasters/crawler))"
57.141.4.23 - - [03/Sep/2026:15:10:09 +0000] "GET /platform/packages/seo-helper/src/Entities/?C=N;O=D HTTP/1.1" 200 2183 "-" "Mozilla/5.0 (Windows NT 10.0; Win64; x64) AppleWebKit/537.36 (KHTML, like Gecko) Chrome/145.0.0.0 Safari/537.36 (compatible; meta-externalagent/1.1 (+https://developers.facebook.com/docs/sharing/webmasters/crawler))"
57.141.4.42 - - [03/Sep/2026:15:10:10 +0000] "GET /platform/plugins/testimonial/src/?C=M;O=A HTTP/1.1" 200 1952 "-" "Mozilla/5.0 (Windows NT 10.0; Win64; x64) AppleWebKit/537.36 (KHTML, like Gecko) Chrome/145.0.0.0 Safari/537.36 (compatible; meta-externalagent/1.1 (+https://developers.facebook.com/docs/sharing/webmasters/crawler))"
57.141.4.25 - - [03/Sep/2026:15:10:19 +0000] "GET /vendor/paragonie/constant_time_encoding/?C=N;O=D HTTP/1.1" 200 1787 "-" "Mozilla/5.0 (Macintosh; Intel Mac OS X 10_15_7) AppleWebKit/537.36 (KHTML, like Gecko) Chrome/145.0.0.0 Safari/537.36 (compatible; meta-externalagent/1.1 (+https://developers.facebook.com/docs/sharing/webmasters/crawler))"
57.141.4.58 - - [03/Sep/2026:15:11:05 +0000] "GET /platform/plugins/blog/src/Supports/?C=N;O=D HTTP/1.1" 200 1269 "-" "Mozilla/5.0 (Windows NT 10.0; Win64; x64) AppleWebKit/537.36 (KHTML, like Gecko) Chrome/145.0.0.0 Safari/537.36 (compatible; meta-externalagent/1.1 (+https://developers.facebook.com/docs/sharing/webmasters/crawler))"
57.141.4.31 - - [03/Sep/2026:15:11:07 +0000] "GET /storage/framework/cache/?C=N;O=D HTTP/1.1" 200 862 "-" "Mozilla/5.0 (Windows NT 10.0; Win64; x64) AppleWebKit/537.36 (KHTML, like Gecko) Chrome/145.0.0.0 Safari/537.36 (compatible; meta-externalagent/1.1 (+https://developers.facebook.com/docs/sharing/webmasters/crawler))"
57.141.4.14 - - [03/Sep/2026:15:11:24 +0000] "GET /platform/core/dashboard/src/Repositories/?C=D;O=A HTTP/1.1" 200 1264 "-" "Mozilla/5.0 (Macintosh; Intel Mac OS X 10_15_7) AppleWebKit/537.36 (KHTML, like Gecko) Chrome/145.0.0.0 Safari/537.36 (compatible; meta-externalagent/1.1 (+https://developers.facebook.com/docs/sharing/webmasters/crawler))"
57.141.4.41 - - [03/Sep/2026:15:11:25 +0000] "GET /tests/?C=M;O=A HTTP/1.1" 200 1354 "-" "Mozilla/5.0 (Windows NT 10.0; Win64; x64) AppleWebKit/537.36 (KHTML, like Gecko) Chrome/145.0.0.0 Safari/537.36 (compatible; meta-externalagent/1.1 (+https://developers.facebook.com/docs/sharing/webmasters/crawler))"
57.141.4.42 - - [03/Sep/2026:15:11:41 +0000] "GET /vendor/aws/aws-sdk-php/src/TimestreamWrite/?C=D;O=A HTTP/1.1" 200 1110 "-" "Mozilla/5.0 (Windows NT 10.0; Win64; x64) AppleWebKit/537.36 (KHTML, like Gecko) Chrome/145.0.0.0 Safari/537.36 (compatible; meta-externalagent/1.1 (+https://developers.facebook.com/docs/sharing/webmasters/crawler))"
57.141.4.8 - - [03/Sep/2026:15:11:44 +0000] "GET /storage/framework/views/3d2ef2efbae07de88d1bd962c6b727f5bff0f413.php HTTP/1.1" 200 58 "-" "Mozilla/5.0 (Windows NT 10.0; Win64; x64) AppleWebKit/537.36 (KHTML, like Gecko) Chrome/145.0.0.0 Safari/537.36 (compatible; meta-externalagent/1.1 (+https://developers.facebook.com/docs/sharing/webmasters/crawler))"
57.141.4.47 - - [03/Sep/2026:15:11:51 +0000] "GET /vendor/maatwebsite/excel/src/Validators/Failure.php HTTP/1.1" 500 - "-" "Mozilla/5.0 (Macintosh; Intel Mac OS X 10_15_7) AppleWebKit/537.36 (KHTML, like Gecko) Chrome/145.0.0.0 Safari/537.36 (compatible; meta-externalagent/1.1 (+https://developers.facebook.com/docs/sharing/webmasters/crawler))"
57.141.4.28 - - [03/Sep/2026:15:11:58 +0000] "GET /vendor/league/flysystem/?C=N;O=A HTTP/1.1" 200 1761 "-" "Mozilla/5.0 (Windows NT 10.0; Win64; x64) AppleWebKit/537.36 (KHTML, like Gecko) Chrome/145.0.0.0 Safari/537.36 (compatible; meta-externalagent/1.1 (+https://developers.facebook.com/docs/sharing/webmasters/crawler))"
57.141.4.44 - - [03/Sep/2026:15:12:01 +0000] "GET /vendor/paypal/paypalhttp/LICENSE HTTP/1.1" 200 1062 "-" "Mozilla/5.0 (Macintosh; Intel Mac OS X 10_15_7) AppleWebKit/537.36 (KHTML, like Gecko) Chrome/145.0.0.0 Safari/537.36 (compatible; meta-externalagent/1.1 (+https://developers.facebook.com/docs/sharing/webmasters/crawler))"
57.141.4.11 - - [03/Sep/2026:15:12:08 +0000] "GET /platform/core/support/helpers/common.php HTTP/1.1" 200 - "-" "Mozilla/5.0 (Windows NT 10.0; Win64; x64) AppleWebKit/537.36 (KHTML, like Gecko) Chrome/145.0.0.0 Safari/537.36 (compatible; meta-externalagent/1.1 (+https://developers.facebook.com/docs/sharing/webmasters/crawler))"
57.141.4.14 - - [03/Sep/2026:15:12:12 +0000] "GET /platform/plugins/contact/resources/assets/ HTTP/1.1" 200 1086 "-" "Mozilla/5.0 (Windows NT 10.0; Win64; x64) AppleWebKit/537.36 (KHTML, like Gecko) Chrome/145.0.0.0 Safari/537.36 (compatible; meta-externalagent/1.1 (+https://developers.facebook.com/docs/sharing/webmasters/crawler))"
57.141.4.7 - - [03/Sep/2026:15:12:22 +0000] "GET /platform/core/media/resources/views/partials/?C=M;O=A HTTP/1.1" 200 932 "-" "Mozilla/5.0 (Windows NT 10.0; Win64; x64) AppleWebKit/537.36 (KHTML, like Gecko) Chrome/145.0.0.0 Safari/537.36 (compatible; meta-externalagent/1.1 (+https://developers.facebook.com/docs/sharing/webmasters/crawler))"
57.141.4.35 - - [03/Sep/2026:15:12:30 +0000] "GET /platform/plugins/blog/resources/assets/?C=N;O=D HTTP/1.1" 200 904 "-" "Mozilla/5.0 (X11; Linux x86_64) AppleWebKit/537.36 (KHTML, like Gecko) Chrome/145.0.0.0 Safari/537.36 (compatible; meta-externalagent/1.1 (+https://developers.facebook.com/docs/sharing/webmasters/crawler))"
57.141.4.73 - - [03/Sep/2026:15:12:43 +0000] "GET /vendor/firebase/?C=N;O=A HTTP/1.1" 200 838 "-" "Mozilla/5.0 (Windows NT 10.0; Win64; x64) AppleWebKit/537.36 (KHTML, like Gecko) Chrome/145.0.0.0 Safari/537.36 (compatible; meta-externalagent/1.1 (+https://developers.facebook.com/docs/sharing/webmasters/crawler))"
57.141.4.62 - - [03/Sep/2026:15:12:52 +0000] "GET /platform/core/dashboard/helpers/?C=N;O=D HTTP/1.1" 200 891 "-" "Mozilla/5.0 (Macintosh; Intel Mac OS X 10_15_7) AppleWebKit/537.36 (KHTML, like Gecko) Chrome/145.0.0.0 Safari/537.36 (compatible; meta-externalagent/1.1 (+https://developers.facebook.com/docs/sharing/webmasters/crawler))"
57.141.4.25 - - [03/Sep/2026:15:13:01 +0000] "GET /storage/framework/views/ffca5df4f9a7cffb5dc4a5f430e6b18709a9555a.php HTTP/1.1" 200 58 "-" "Mozilla/5.0 (Windows NT 10.0; Win64; x64) AppleWebKit/537.36 (KHTML, like Gecko) Chrome/145.0.0.0 Safari/537.36 (compatible; meta-externalagent/1.1 (+https://developers.facebook.com/docs/sharing/webmasters/crawler))"
57.141.4.15 - - [03/Sep/2026:15:13:10 +0000] "GET /vendor/symfony/polyfill-php73/Resources/?C=N;O=A HTTP/1.1" 200 907 "-" "Mozilla/5.0 (Windows NT 10.0; Win64; x64) AppleWebKit/537.36 (KHTML, like Gecko) Chrome/145.0.0.0 Safari/537.36 (compatible; meta-externalagent/1.1 (+https://developers.facebook.com/docs/sharing/webmasters/crawler))"
57.141.4.11 - - [03/Sep/2026:15:13:12 +0000] "GET /vendor/opis/closure/autoload.php HTTP/1.1" 200 - "-" "Mozilla/5.0 (Macintosh; Intel Mac OS X 10_15_7) AppleWebKit/537.36 (KHTML, like Gecko) Chrome/145.0.0.0 Safari/537.36 (compatible; meta-externalagent/1.1 (+https://developers.facebook.com/docs/sharing/webmasters/crawler))"
57.141.4.43 - - [03/Sep/2026:15:13:19 +0000] "GET /vendor/dompdf/dompdf/?C=N;O=D HTTP/1.1" 200 1919 "-" "Mozilla/5.0 (Windows NT 10.0; Win64; x64) AppleWebKit/537.36 (KHTML, like Gecko) Chrome/145.0.0.0 Safari/537.36 (compatible; meta-externalagent/1.1 (+https://developers.facebook.com/docs/sharing/webmasters/crawler))"
146.190.68.137 - - [03/Sep/2026:15:13:19 +0000] "POST /wp-json/batch/v1 HTTP/1.1" 404 16 "-" "Mozilla/5.0 (Windows NT 10.0; Win64; x64) AppleWebKit/537.36 (KHTML, like Gecko) Chrome/131.0.0.0 Safari/537.36"
146.190.68.137 - - [03/Sep/2026:15:13:19 +0000] "POST /?rest_route=/batch/v1 HTTP/1.1" 404 16 "-" "Mozilla/5.0 (Windows NT 10.0; Win64; x64) AppleWebKit/537.36 (KHTML, like Gecko) Chrome/131.0.0.0 Safari/537.36"
146.190.68.137 - - [03/Sep/2026:15:13:19 +0000] "POST /?rest_route=/batch/v1 HTTP/1.1" 404 16 "-" "Mozilla/5.0 (Windows NT 10.0; Win64; x64) AppleWebKit/537.36 (KHTML, like Gecko) Chrome/131.0.0.0 Safari/537.36"
146.190.68.137 - - [03/Sep/2026:15:13:19 +0000] "POST /?rest_route=/batch/v1 HTTP/1.1" 404 16 "-" "Mozilla/5.0 (Windows NT 10.0; Win64; x64) AppleWebKit/537.36 (KHTML, like Gecko) Chrome/131.0.0.0 Safari/537.36"
146.190.68.137 - - [03/Sep/2026:15:13:20 +0000] "POST /?rest_route=/batch/v1 HTTP/1.1" 404 16 "-" "Mozilla/5.0 (Windows NT 10.0; Win64; x64) AppleWebKit/537.36 (KHTML, like Gecko) Chrome/131.0.0.0 Safari/537.36"
146.190.68.137 - - [03/Sep/2026:15:13:20 +0000] "POST /?rest_route=/batch/v1 HTTP/1.1" 404 16 "-" "Mozilla/5.0 (Windows NT 10.0; Win64; x64) AppleWebKit/537.36 (KHTML, like Gecko) Chrome/131.0.0.0 Safari/537.36"
146.190.68.137 - - [03/Sep/2026:15:13:20 +0000] "POST /?rest_route=/batch/v1 HTTP/1.1" 404 16 "-" "Mozilla/5.0 (Windows NT 10.0; Win64; x64) AppleWebKit/537.36 (KHTML, like Gecko) Chrome/131.0.0.0 Safari/537.36"
57.141.4.23 - - [03/Sep/2026:15:13:44 +0000] "GET /vendor/stripe/stripe-php/?C=D;O=A HTTP/1.1" 200 3199 "-" "Mozilla/5.0 (Windows NT 10.0; Win64; x64) AppleWebKit/537.36 (KHTML, like Gecko) Chrome/145.0.0.0 Safari/537.36 (compatible; meta-externalagent/1.1 (+https://developers.facebook.com/docs/sharing/webmasters/crawler))"
57.141.4.19 - - [03/Sep/2026:15:13:49 +0000] "GET /vendor/aws/aws-sdk-php/src/LookoutMetrics/?C=N;O=D HTTP/1.1" 200 1107 "-" "Mozilla/5.0 (X11; Linux x86_64) AppleWebKit/537.36 (KHTML, like Gecko) Chrome/145.0.0.0 Safari/537.36 (compatible; meta-externalagent/1.1 (+https://developers.facebook.com/docs/sharing/webmasters/crawler))"
57.141.4.1 - - [03/Sep/2026:15:14:04 +0000] "GET /vendor/yajra/laravel-datatables-oracle/LICENSE.md HTTP/1.1" 200 1103 "-" "Mozilla/5.0 (Windows NT 10.0; Win64; x64) AppleWebKit/537.36 (KHTML, like Gecko) Chrome/145.0.0.0 Safari/537.36 (compatible; meta-externalagent/1.1 (+https://developers.facebook.com/docs/sharing/webmasters/crawler))"
57.141.4.1 - - [03/Sep/2026:15:14:54 +0000] "GET /vendor/fruitcake/laravel-cors/LICENSE HTTP/1.1" 200 1173 "-" "Mozilla/5.0 (Windows NT 10.0; Win64; x64) AppleWebKit/537.36 (KHTML, like Gecko) Chrome/145.0.0.0 Safari/537.36 (compatible; meta-externalagent/1.1 (+https://developers.facebook.com/docs/sharing/webmasters/crawler))"
57.141.4.33 - - [03/Sep/2026:15:14:55 +0000] "GET /vendor/symfony/var-dumper/Command/ HTTP/1.1" 200 1085 "-" "Mozilla/5.0 (Macintosh; Intel Mac OS X 10_15_7) AppleWebKit/537.36 (KHTML, like Gecko) Chrome/145.0.0.0 Safari/537.36 (compatible; meta-externalagent/1.1 (+https://developers.facebook.com/docs/sharing/webmasters/crawler))"
57.141.4.58 - - [03/Sep/2026:15:15:20 +0000] "GET /vendor/dompdf/dompdf/src/Renderer/Image.php HTTP/1.1" 500 - "-" "Mozilla/5.0 (Windows NT 10.0; Win64; x64) AppleWebKit/537.36 (KHTML, like Gecko) Chrome/145.0.0.0 Safari/537.36 (compatible; meta-externalagent/1.1 (+https://developers.facebook.com/docs/sharing/webmasters/crawler))"
57.141.4.55 - - [03/Sep/2026:15:15:41 +0000] "GET /platform/plugins/blog/config/?C=D;O=D HTTP/1.1" 200 886 "-" "Mozilla/5.0 (Windows NT 10.0; Win64; x64) AppleWebKit/537.36 (KHTML, like Gecko) Chrome/145.0.0.0 Safari/537.36 (compatible; meta-externalagent/1.1 (+https://developers.facebook.com/docs/sharing/webmasters/crawler))"
57.141.4.8 - - [03/Sep/2026:15:15:46 +0000] "GET /platform/core/base/resources/lang/?C=N;O=D HTTP/1.1" 200 891 "-" "Mozilla/5.0 (Macintosh; Intel Mac OS X 10_15_7) AppleWebKit/537.36 (KHTML, like Gecko) Chrome/145.0.0.0 Safari/537.36 (compatible; meta-externalagent/1.1 (+https://developers.facebook.com/docs/sharing/webmasters/crawler))"
57.141.4.45 - - [03/Sep/2026:15:16:01 +0000] "GET /resources/lang/vendor/plugins/analytics/?C=M;O=A HTTP/1.1" 200 1075 "-" "Mozilla/5.0 (Windows NT 10.0; Win64; x64) AppleWebKit/537.36 (KHTML, like Gecko) Chrome/145.0.0.0 Safari/537.36 (compatible; meta-externalagent/1.1 (+https://developers.facebook.com/docs/sharing/webmasters/crawler))"
57.141.4.8 - - [03/Sep/2026:15:16:08 +0000] "GET /vendor/symfony/mime/?C=M;O=D HTTP/1.1" 200 4886 "-" "Mozilla/5.0 (Windows NT 10.0; Win64; x64) AppleWebKit/537.36 (KHTML, like Gecko) Chrome/145.0.0.0 Safari/537.36 (compatible; meta-externalagent/1.1 (+https://developers.facebook.com/docs/sharing/webmasters/crawler))"
57.141.4.6 - - [03/Sep/2026:15:16:16 +0000] "GET /vendor/phpseclib/phpseclib/phpseclib/System/?C=S;O=A HTTP/1.1" 200 920 "-" "Mozilla/5.0 (Windows NT 10.0; Win64; x64) AppleWebKit/537.36 (KHTML, like Gecko) Chrome/145.0.0.0 Safari/537.36 (compatible; meta-externalagent/1.1 (+https://developers.facebook.com/docs/sharing/webmasters/crawler))"
57.141.4.21 - - [03/Sep/2026:15:16:27 +0000] "GET /platform/core/base/resources/?C=M;O=A HTTP/1.1" 200 1406 "-" "Mozilla/5.0 (Windows NT 10.0; Win64; x64) AppleWebKit/537.36 (KHTML, like Gecko) Chrome/145.0.0.0 Safari/537.36 (compatible; meta-externalagent/1.1 (+https://developers.facebook.com/docs/sharing/webmasters/crawler))"
57.141.4.41 - - [03/Sep/2026:15:16:27 +0000] "GET /vendor/ralouphie/getallheaders/?C=N;O=D HTTP/1.1" 200 1230 "-" "Mozilla/5.0 (Macintosh; Intel Mac OS X 10_15_7) AppleWebKit/537.36 (KHTML, like Gecko) Chrome/145.0.0.0 Safari/537.36 (compatible; meta-externalagent/1.1 (+https://developers.facebook.com/docs/sharing/webmasters/crawler))"
57.141.4.19 - - [03/Sep/2026:15:16:54 +0000] "GET /vendor/graham-campbell/result-type/src/ HTTP/1.1" 200 1270 "-" "Mozilla/5.0 (Macintosh; Intel Mac OS X 10_15_7) AppleWebKit/537.36 (KHTML, like Gecko) Chrome/145.0.0.0 Safari/537.36 (compatible; meta-externalagent/1.1 (+https://developers.facebook.com/docs/sharing/webmasters/crawler))"
57.141.4.28 - - [03/Sep/2026:15:17:37 +0000] "GET /vendor/symfony/event-dispatcher/composer.json HTTP/1.1" 200 1623 "-" "Mozilla/5.0 (Windows NT 10.0; Win64; x64) AppleWebKit/537.36 (KHTML, like Gecko) Chrome/145.0.0.0 Safari/537.36 Edg/145.0.0.0 (compatible; meta-externalagent/1.1 (+https://developers.facebook.com/docs/sharing/webmasters/crawler))"
57.141.4.47 - - [03/Sep/2026:15:17:39 +0000] "GET /resources/lang/vendor/plugins/testimonials/vi/ HTTP/1.1" 200 1119 "-" "Mozilla/5.0 (Windows NT 10.0; Win64; x64) AppleWebKit/537.36 (KHTML, like Gecko) Chrome/145.0.0.0 Safari/537.36 (compatible; meta-externalagent/1.1 (+https://developers.facebook.com/docs/sharing/webmasters/crawler))"
57.141.4.64 - - [03/Sep/2026:15:17:40 +0000] "GET /vendor/guzzlehttp/psr7/src/Uri.php HTTP/1.1" 500 - "-" "Mozilla/5.0 (Macintosh; Intel Mac OS X 10_15_7) AppleWebKit/537.36 (KHTML, like Gecko) Chrome/145.0.0.0 Safari/537.36 (compatible; meta-externalagent/1.1 (+https://developers.facebook.com/docs/sharing/webmasters/crawler))"
57.141.4.6 - - [03/Sep/2026:15:17:48 +0000] "GET /vendor/symfony/process/?C=M;O=D HTTP/1.1" 200 2679 "-" "Mozilla/5.0 (Windows NT 10.0; Win64; x64) AppleWebKit/537.36 (KHTML, like Gecko) Chrome/145.0.0.0 Safari/537.36 (compatible; meta-externalagent/1.1 (+https://developers.facebook.com/docs/sharing/webmasters/crawler))"
57.141.4.62 - - [03/Sep/2026:15:17:49 +0000] "GET /platform/plugins/contact/database/migrations/ HTTP/1.1" 200 961 "-" "Mozilla/5.0 (Windows NT 10.0; Win64; x64) AppleWebKit/537.36 (KHTML, like Gecko) Chrome/145.0.0.0 Safari/537.36 (compatible; meta-externalagent/1.1 (+https://developers.facebook.com/docs/sharing/webmasters/crawler))"
57.141.4.64 - - [03/Sep/2026:15:18:18 +0000] "GET /vendor/opis/closure/src/ClosureContext.php HTTP/1.1" 200 - "-" "Mozilla/5.0 (Windows NT 10.0; Win64; x64) AppleWebKit/537.36 (KHTML, like Gecko) Chrome/145.0.0.0 Safari/537.36 (compatible; meta-externalagent/1.1 (+https://developers.facebook.com/docs/sharing/webmasters/crawler))"
57.141.4.47 - - [03/Sep/2026:15:18:28 +0000] "GET /vendor/aws/aws-sdk-php/src/WorkMailMessageFlow/?C=D;O=A HTTP/1.1" 200 1122 "-" "Mozilla/5.0 (Macintosh; Intel Mac OS X 10_15_7) AppleWebKit/537.36 (KHTML, like Gecko) Chrome/145.0.0.0 Safari/537.36 (compatible; meta-externalagent/1.1 (+https://developers.facebook.com/docs/sharing/webmasters/crawler))"
57.141.4.24 - - [03/Sep/2026:15:18:37 +0000] "GET /platform/packages/seo-helper/src/Contracts/ HTTP/1.1" 200 2046 "-" "Mozilla/5.0 (Macintosh; Intel Mac OS X 10_15_7) AppleWebKit/537.36 (KHTML, like Gecko) Chrome/145.0.0.0 Safari/537.36 (compatible; meta-externalagent/1.1 (+https://developers.facebook.com/docs/sharing/webmasters/crawler))"
57.141.4.20 - - [03/Sep/2026:15:18:39 +0000] "GET /platform/packages/seo-helper/src/?C=N;O=D HTTP/1.1" 200 2860 "-" "Mozilla/5.0 (Windows NT 10.0; Win64; x64) AppleWebKit/537.36 (KHTML, like Gecko) Chrome/145.0.0.0 Safari/537.36 (compatible; meta-externalagent/1.1 (+https://developers.facebook.com/docs/sharing/webmasters/crawler))"
57.141.4.20 - - [03/Sep/2026:15:18:48 +0000] "GET /platform/packages/widget/database/?C=M;O=D HTTP/1.1" 200 895 "-" "Mozilla/5.0 (Windows NT 10.0; Win64; x64) AppleWebKit/537.36 (KHTML, like Gecko) Chrome/145.0.0.0 Safari/537.36 (compatible; meta-externalagent/1.1 (+https://developers.facebook.com/docs/sharing/webmasters/crawler))"
15.235.27.231 - - [03/Sep/2026:15:19:00 +0000] "GET /hcya1lj/ HTTP/1.1" 200 815 "-" "Mozilla/5.0 (compatible; AhrefsBot/7.0; +http://ahrefs.com/robot/)"
57.141.4.53 - - [03/Sep/2026:15:19:02 +0000] "GET /vendor/firebase/php-jwt/src/?C=M;O=D HTTP/1.1" 200 1636 "-" "Mozilla/5.0 (Windows NT 10.0; Win64; x64) AppleWebKit/537.36 (KHTML, like Gecko) Chrome/145.0.0.0 Safari/537.36 (compatible; meta-externalagent/1.1 (+https://developers.facebook.com/docs/sharing/webmasters/crawler))"
57.141.4.4 - - [03/Sep/2026:15:19:13 +0000] "GET /vendor/aws/aws-sdk-php/src/EKS/?C=N;O=D HTTP/1.1" 200 1071 "-" "Mozilla/5.0 (Windows NT 10.0; Win64; x64) AppleWebKit/537.36 (KHTML, like Gecko) Chrome/145.0.0.0 Safari/537.36 (compatible; meta-externalagent/1.1 (+https://developers.facebook.com/docs/sharing/webmasters/crawler))"
57.141.4.60 - - [03/Sep/2026:15:19:18 +0000] "GET /vendor/aws/aws-sdk-php/src/MTurk/?C=S;O=A HTTP/1.1" 200 1077 "-" "Mozilla/5.0 (X11; Linux x86_64) AppleWebKit/537.36 (KHTML, like Gecko) Chrome/145.0.0.0 Safari/537.36 (compatible; meta-externalagent/1.1 (+https://developers.facebook.com/docs/sharing/webmasters/crawler))"
74.7.227.164 - - [03/Sep/2026:15:19:37 +0000] "GET /vendor/laravel/framework/src/Illuminate/Session/Console/?C=D;O=A HTTP/1.1" 200 1148 "https://immovalet.com/vendor/laravel/framework/src/Illuminate/Session/Console/" "Mozilla/5.0 AppleWebKit/537.36 (KHTML, like Gecko; compatible; GPTBot/1.4; +https://openai.com/gptbot)"
57.141.4.49 - - [03/Sep/2026:15:19:48 +0000] "GET /vendor/aws/aws-sdk-php/src/MigrationHubConfig/?C=N;O=D HTTP/1.1" 200 1119 "-" "Mozilla/5.0 (Windows NT 10.0; Win64; x64) AppleWebKit/537.36 (KHTML, like Gecko) Chrome/146.0.0.0 Safari/537.36 Edg/146.0.0.0 (compatible; meta-externalagent/1.1 (+https://developers.facebook.com/docs/sharing/webmasters/crawler))"
74.7.227.164 - - [03/Sep/2026:15:20:16 +0000] "GET /vendor/laravel/framework/src/Illuminate/View/Middleware/?C=S;O=A HTTP/1.1" 200 977 "https://immovalet.com/vendor/laravel/framework/src/Illuminate/View/Middleware/" "Mozilla/5.0 AppleWebKit/537.36 (KHTML, like Gecko; compatible; GPTBot/1.4; +https://openai.com/gptbot)"
57.141.4.71 - - [03/Sep/2026:15:20:18 +0000] "GET /vendor/aws/aws-sdk-php/src/IoTWireless/IoTWirelessClient.php HTTP/1.1" 500 - "-" "Mozilla/5.0 (Windows NT 10.0; Win64; x64) AppleWebKit/537.36 (KHTML, like Gecko) Chrome/145.0.0.0 Safari/537.36 (compatible; meta-externalagent/1.1 (+https://developers.facebook.com/docs/sharing/webmasters/crawler))"
57.141.4.21 - - [03/Sep/2026:15:20:20 +0000] "GET /vendor/symfony/mime/Encoder/?C=D;O=D HTTP/1.1" 200 3194 "-" "Mozilla/5.0 (Macintosh; Intel Mac OS X 10_15_7) AppleWebKit/537.36 (KHTML, like Gecko) Chrome/145.0.0.0 Safari/537.36 (compatible; meta-externalagent/1.1 (+https://developers.facebook.com/docs/sharing/webmasters/crawler))"
57.141.4.28 - - [03/Sep/2026:15:20:21 +0000] "GET /vendor/egulias/email-validator/src/Warning/IPV6BadChar.php HTTP/1.1" 500 - "-" "Mozilla/5.0 (Macintosh; Intel Mac OS X 10_15_7) AppleWebKit/537.36 (KHTML, like Gecko) Chrome/145.0.0.0 Safari/537.36 (compatible; meta-externalagent/1.1 (+https://developers.facebook.com/docs/sharing/webmasters/crawler))"
74.7.227.164 - - [03/Sep/2026:15:20:24 +0000] "GET /vendor/laravel/framework/src/Illuminate/Contracts/Cache/?C=S;O=A HTTP/1.1" 200 1878 "https://immovalet.com/vendor/laravel/framework/src/Illuminate/Contracts/Cache/" "Mozilla/5.0 AppleWebKit/537.36 (KHTML, like Gecko; compatible; GPTBot/1.4; +https://openai.com/gptbot)"
74.7.227.164 - - [03/Sep/2026:15:20:40 +0000] "GET /vendor/laravel/framework/src/Illuminate/Cookie/Middleware/?C=S;O=A HTTP/1.1" 200 1173 "https://immovalet.com/vendor/laravel/framework/src/Illuminate/Cookie/Middleware/" "Mozilla/5.0 AppleWebKit/537.36 (KHTML, like Gecko; compatible; GPTBot/1.4; +https://openai.com/gptbot)"
