74.7.227.164 - - [03/Sep/2026:13:04:16 +0000] "GET /platform/core/base/src/Facades/PageTitleFacade.php HTTP/1.1" 500 - "https://immovalet.com/platform/core/base/src/Facades/?C=N;O=D" "Mozilla/5.0 AppleWebKit/537.36 (KHTML, like Gecko; compatible; GPTBot/1.4; +https://openai.com/gptbot)"
74.7.227.164 - - [03/Sep/2026:13:04:20 +0000] "GET /platform/core/base/src/Facades/EmailHandlerFacade.php HTTP/1.1" 500 - "https://immovalet.com/platform/core/base/src/Facades/?C=N;O=D" "Mozilla/5.0 AppleWebKit/537.36 (KHTML, like Gecko; compatible; GPTBot/1.4; +https://openai.com/gptbot)"
57.141.4.44 - - [03/Sep/2026:13:04:23 +0000] "GET /vendor/symfony/translation/Command/?C=D;O=D HTTP/1.1" 200 1490 "-" "Mozilla/5.0 (Macintosh; Intel Mac OS X 10_15_7) AppleWebKit/537.36 (KHTML, like Gecko) Chrome/145.0.0.0 Safari/537.36 (compatible; meta-externalagent/1.1 (+https://developers.facebook.com/docs/sharing/webmasters/crawler))"
57.141.4.70 - - [03/Sep/2026:13:04:25 +0000] "GET /vendor/aws/aws-sdk-php/src/Sns/ HTTP/1.1" 200 1071 "-" "Mozilla/5.0 (Macintosh; Intel Mac OS X 10_15_7) AppleWebKit/537.36 (KHTML, like Gecko) Chrome/145.0.0.0 Safari/537.36 (compatible; meta-externalagent/1.1 (+https://developers.facebook.com/docs/sharing/webmasters/crawler))"
74.7.227.164 - - [03/Sep/2026:13:04:27 +0000] "GET /platform/core/base/src/Facades/AssetsFacade.php HTTP/1.1" 500 - "https://immovalet.com/platform/core/base/src/Facades/?C=N;O=D" "Mozilla/5.0 AppleWebKit/537.36 (KHTML, like Gecko; compatible; GPTBot/1.4; +https://openai.com/gptbot)"
74.7.227.164 - - [03/Sep/2026:13:04:37 +0000] "GET /platform/core/base/src/Facades/FilterFacade.php HTTP/1.1" 500 - "https://immovalet.com/platform/core/base/src/Facades/?C=N;O=D" "Mozilla/5.0 AppleWebKit/537.36 (KHTML, like Gecko; compatible; GPTBot/1.4; +https://openai.com/gptbot)"
74.7.227.164 - - [03/Sep/2026:13:04:51 +0000] "GET /platform/core/base/src/Facades/ActionFacade.php HTTP/1.1" 500 - "https://immovalet.com/platform/core/base/src/Facades/?C=N;O=D" "Mozilla/5.0 AppleWebKit/537.36 (KHTML, like Gecko; compatible; GPTBot/1.4; +https://openai.com/gptbot)"
57.141.4.51 - - [03/Sep/2026:13:05:08 +0000] "GET /vendor/botble/theme/?C=S;O=A HTTP/1.1" 200 2268 "-" "Mozilla/5.0 (Windows NT 10.0; Win64; x64) AppleWebKit/537.36 (KHTML, like Gecko) Chrome/145.0.0.0 Safari/537.36 (compatible; meta-externalagent/1.1 (+https://developers.facebook.com/docs/sharing/webmasters/crawler))"
74.7.227.164 - - [03/Sep/2026:13:05:11 +0000] "GET /platform/core/table/src/Http/?C=N;O=A HTTP/1.1" 200 1062 "https://immovalet.com/platform/core/table/src/Http/?C=N;O=D" "Mozilla/5.0 AppleWebKit/537.36 (KHTML, like Gecko; compatible; GPTBot/1.4; +https://openai.com/gptbot)"
74.7.227.164 - - [03/Sep/2026:13:05:31 +0000] "GET /platform/core/base/src/Facades/?C=N;O=A HTTP/1.1" 200 2586 "https://immovalet.com/platform/core/base/src/Facades/?C=N;O=D" "Mozilla/5.0 AppleWebKit/537.36 (KHTML, like Gecko; compatible; GPTBot/1.4; +https://openai.com/gptbot)"
74.7.227.164 - - [03/Sep/2026:13:05:48 +0000] "GET /platform/core/base/src/Models/?C=S;O=D HTTP/1.1" 200 1066 "https://immovalet.com/platform/core/base/src/Models/?C=S;O=A" "Mozilla/5.0 AppleWebKit/537.36 (KHTML, like Gecko; compatible; GPTBot/1.4; +https://openai.com/gptbot)"
57.141.4.22 - - [03/Sep/2026:13:05:57 +0000] "GET /vendor/botble/theme/?C=M;O=A HTTP/1.1" 200 2268 "-" "Mozilla/5.0 (Windows NT 10.0; Win64; x64) AppleWebKit/537.36 (KHTML, like Gecko) Chrome/145.0.0.0 Safari/537.36 (compatible; meta-externalagent/1.1 (+https://developers.facebook.com/docs/sharing/webmasters/crawler))"
74.7.227.164 - - [03/Sep/2026:13:06:19 +0000] "GET /vendor/ramsey/uuid/src/Codec/?C=S;O=A HTTP/1.1" 200 1843 "https://immovalet.com/vendor/ramsey/uuid/src/Codec/" "Mozilla/5.0 AppleWebKit/537.36 (KHTML, like Gecko; compatible; GPTBot/1.4; +https://openai.com/gptbot)"
74.7.227.164 - - [03/Sep/2026:13:06:25 +0000] "GET /platform/core/media/src/Models/?C=N;O=D HTTP/1.1" 200 1257 "https://immovalet.com/platform/core/media/src/Models/" "Mozilla/5.0 AppleWebKit/537.36 (KHTML, like Gecko; compatible; GPTBot/1.4; +https://openai.com/gptbot)"
74.7.227.164 - - [03/Sep/2026:13:06:35 +0000] "GET /vendor/botble/menu/src/Models/?C=N;O=D HTTP/1.1" 200 1246 "https://immovalet.com/vendor/botble/menu/src/Models/" "Mozilla/5.0 AppleWebKit/537.36 (KHTML, like Gecko; compatible; GPTBot/1.4; +https://openai.com/gptbot)"
57.141.4.40 - - [03/Sep/2026:13:06:37 +0000] "GET /vendor/stripe/stripe-php/lib/Service/CoreServiceFactory.php HTTP/1.1" 500 - "-" "Mozilla/5.0 (X11; Linux x86_64) AppleWebKit/537.36 (KHTML, like Gecko) Chrome/145.0.0.0 Safari/537.36 (compatible; meta-externalagent/1.1 (+https://developers.facebook.com/docs/sharing/webmasters/crawler))"
74.7.227.164 - - [03/Sep/2026:13:06:38 +0000] "GET /vendor/botble/menu/src/Models/?C=M;O=A HTTP/1.1" 200 1246 "https://immovalet.com/vendor/botble/menu/src/Models/" "Mozilla/5.0 AppleWebKit/537.36 (KHTML, like Gecko; compatible; GPTBot/1.4; +https://openai.com/gptbot)"
74.7.227.164 - - [03/Sep/2026:13:06:41 +0000] "GET /platform/core/base/src/Facades/?C=M;O=A HTTP/1.1" 200 2586 "https://immovalet.com/platform/core/base/src/Facades/" "Mozilla/5.0 AppleWebKit/537.36 (KHTML, like Gecko; compatible; GPTBot/1.4; +https://openai.com/gptbot)"
57.141.4.37 - - [03/Sep/2026:13:06:42 +0000] "GET /platform/packages/page/src/?C=S;O=A HTTP/1.1" 200 2288 "-" "Mozilla/5.0 (Windows NT 10.0; Win64; x64) AppleWebKit/537.36 (KHTML, like Gecko) Chrome/145.0.0.0 Safari/537.36 (compatible; meta-externalagent/1.1 (+https://developers.facebook.com/docs/sharing/webmasters/crawler))"
74.7.227.164 - - [03/Sep/2026:13:06:43 +0000] "GET /vendor/doctrine/dbal/src/Tools/?C=S;O=A HTTP/1.1" 200 1064 "https://immovalet.com/vendor/doctrine/dbal/src/Tools/" "Mozilla/5.0 AppleWebKit/537.36 (KHTML, like Gecko; compatible; GPTBot/1.4; +https://openai.com/gptbot)"
57.141.4.29 - - [03/Sep/2026:13:06:44 +0000] "GET /platform/packages/plugin-management/public/css/?C=N;O=D HTTP/1.1" 200 938 "-" "Mozilla/5.0 (Windows NT 10.0; Win64; x64) AppleWebKit/537.36 (KHTML, like Gecko) Chrome/145.0.0.0 Safari/537.36 (compatible; meta-externalagent/1.1 (+https://developers.facebook.com/docs/sharing/webmasters/crawler))"
74.7.227.164 - - [03/Sep/2026:13:06:45 +0000] "GET /platform/core/base/src/Facades/?C=S;O=A HTTP/1.1" 200 2586 "https://immovalet.com/platform/core/base/src/Facades/" "Mozilla/5.0 AppleWebKit/537.36 (KHTML, like Gecko; compatible; GPTBot/1.4; +https://openai.com/gptbot)"
57.141.4.22 - - [03/Sep/2026:13:06:46 +0000] "GET /platform/core/support/?C=S;O=D HTTP/1.1" 200 1029 "-" "Mozilla/5.0 (Macintosh; Intel Mac OS X 10_15_7) AppleWebKit/537.36 (KHTML, like Gecko) Chrome/145.0.0.0 Safari/537.36 (compatible; meta-externalagent/1.1 (+https://developers.facebook.com/docs/sharing/webmasters/crawler))"
74.7.227.164 - - [03/Sep/2026:13:06:49 +0000] "GET /platform/core/media/src/Models/MediaSetting.php HTTP/1.1" 500 - "https://immovalet.com/platform/core/media/src/Models/?C=N;O=D" "Mozilla/5.0 AppleWebKit/537.36 (KHTML, like Gecko; compatible; GPTBot/1.4; +https://openai.com/gptbot)"
74.7.227.164 - - [03/Sep/2026:13:06:49 +0000] "GET /platform/core/media/src/Models/MediaFolder.php HTTP/1.1" 500 - "https://immovalet.com/platform/core/media/src/Models/?C=N;O=D" "Mozilla/5.0 AppleWebKit/537.36 (KHTML, like Gecko; compatible; GPTBot/1.4; +https://openai.com/gptbot)"
74.7.227.164 - - [03/Sep/2026:13:06:50 +0000] "GET /platform/core/media/src/Models/MediaFile.php HTTP/1.1" 500 - "https://immovalet.com/platform/core/media/src/Models/?C=N;O=D" "Mozilla/5.0 AppleWebKit/537.36 (KHTML, like Gecko; compatible; GPTBot/1.4; +https://openai.com/gptbot)"
74.7.227.164 - - [03/Sep/2026:13:06:51 +0000] "GET /vendor/botble/menu/src/Models/MenuNode.php HTTP/1.1" 500 - "https://immovalet.com/vendor/botble/menu/src/Models/?C=N;O=D" "Mozilla/5.0 AppleWebKit/537.36 (KHTML, like Gecko; compatible; GPTBot/1.4; +https://openai.com/gptbot)"
74.7.227.164 - - [03/Sep/2026:13:06:53 +0000] "GET /vendor/botble/menu/src/Models/MenuLocation.php HTTP/1.1" 500 - "https://immovalet.com/vendor/botble/menu/src/Models/?C=N;O=D" "Mozilla/5.0 AppleWebKit/537.36 (KHTML, like Gecko; compatible; GPTBot/1.4; +https://openai.com/gptbot)"
74.7.227.164 - - [03/Sep/2026:13:06:56 +0000] "GET /vendor/botble/menu/src/Models/Menu.php HTTP/1.1" 500 - "https://immovalet.com/vendor/botble/menu/src/Models/?C=N;O=D" "Mozilla/5.0 AppleWebKit/537.36 (KHTML, like Gecko; compatible; GPTBot/1.4; +https://openai.com/gptbot)"
74.7.227.164 - - [03/Sep/2026:13:07:00 +0000] "GET /vendor/ramsey/uuid/src/Codec/?C=S;O=D HTTP/1.1" 200 1843 "https://immovalet.com/vendor/ramsey/uuid/src/Codec/?C=S;O=A" "Mozilla/5.0 AppleWebKit/537.36 (KHTML, like Gecko; compatible; GPTBot/1.4; +https://openai.com/gptbot)"
74.7.227.164 - - [03/Sep/2026:13:07:07 +0000] "GET /platform/core/base/src/Facades/?C=S;O=D HTTP/1.1" 200 2586 "https://immovalet.com/platform/core/base/src/Facades/?C=S;O=A" "Mozilla/5.0 AppleWebKit/537.36 (KHTML, like Gecko; compatible; GPTBot/1.4; +https://openai.com/gptbot)"
74.7.227.164 - - [03/Sep/2026:13:07:12 +0000] "GET /vendor/botble/menu/src/Models/?C=N;O=A HTTP/1.1" 200 1246 "https://immovalet.com/vendor/botble/menu/src/Models/?C=N;O=D" "Mozilla/5.0 AppleWebKit/537.36 (KHTML, like Gecko; compatible; GPTBot/1.4; +https://openai.com/gptbot)"
57.141.4.27 - - [03/Sep/2026:13:07:19 +0000] "GET /vendor/egulias/email-validator/src/Warning/QuotedString.php HTTP/1.1" 500 - "-" "Mozilla/5.0 (X11; Linux x86_64) AppleWebKit/537.36 (KHTML, like Gecko) Chrome/145.0.0.0 Safari/537.36 (compatible; meta-externalagent/1.1 (+https://developers.facebook.com/docs/sharing/webmasters/crawler))"
74.7.227.164 - - [03/Sep/2026:13:07:43 +0000] "GET /vendor/ramsey/uuid/src/Fields/?C=D;O=A HTTP/1.1" 200 1091 "https://immovalet.com/vendor/ramsey/uuid/src/Fields/" "Mozilla/5.0 AppleWebKit/537.36 (KHTML, like Gecko; compatible; GPTBot/1.4; +https://openai.com/gptbot)"
74.7.242.43 - - [03/Sep/2026:13:07:50 +0000] "GET /vendor/botble/platform/setting/src/Repositories/Eloquent/SettingRepository.php HTTP/1.1" 500 - "https://www.immovalet.techbala.com/vendor/botble/platform/setting/src/Repositories/Eloquent/?C=N;O=D" "Mozilla/5.0 AppleWebKit/537.36 (KHTML, like Gecko; compatible; GPTBot/1.4; +https://openai.com/gptbot)"
74.7.227.164 - - [03/Sep/2026:13:07:59 +0000] "GET /platform/core/setting/src/Http/?C=N;O=D HTTP/1.1" 200 1068 "https://immovalet.com/platform/core/setting/src/Http/" "Mozilla/5.0 AppleWebKit/537.36 (KHTML, like Gecko; compatible; GPTBot/1.4; +https://openai.com/gptbot)"
57.141.4.52 - - [03/Sep/2026:13:08:00 +0000] "GET /vendor/maatwebsite/?C=M;O=D HTTP/1.1" 200 842 "-" "Mozilla/5.0 (Windows NT 10.0; Win64; x64) AppleWebKit/537.36 (KHTML, like Gecko) Chrome/145.0.0.0 Safari/537.36 (compatible; meta-externalagent/1.1 (+https://developers.facebook.com/docs/sharing/webmasters/crawler))"
74.7.242.43 - - [03/Sep/2026:13:08:03 +0000] "GET /vendor/botble/platform/setting/src/Repositories/Eloquent/?C=N;O=A HTTP/1.1" 200 974 "https://www.immovalet.techbala.com/vendor/botble/platform/setting/src/Repositories/Eloquent/?C=N;O=D" "Mozilla/5.0 AppleWebKit/537.36 (KHTML, like Gecko; compatible; GPTBot/1.4; +https://openai.com/gptbot)"
74.7.227.164 - - [03/Sep/2026:13:08:04 +0000] "GET /platform/core/base/src/Tables/?C=S;O=A HTTP/1.1" 200 887 "https://immovalet.com/platform/core/base/src/Tables/" "Mozilla/5.0 AppleWebKit/537.36 (KHTML, like Gecko; compatible; GPTBot/1.4; +https://openai.com/gptbot)"
57.141.4.71 - - [03/Sep/2026:13:08:07 +0000] "GET /platform/packages/theme/public/css/?C=M;O=A HTTP/1.1" 200 1272 "-" "Mozilla/5.0 (Windows NT 10.0; Win64; x64) AppleWebKit/537.36 (KHTML, like Gecko) Chrome/145.0.0.0 Safari/537.36 (compatible; meta-externalagent/1.1 (+https://developers.facebook.com/docs/sharing/webmasters/crawler))"
74.7.227.164 - - [03/Sep/2026:13:08:09 +0000] "GET /vendor/doctrine/dbal/src/Tools/?C=M;O=A HTTP/1.1" 200 1064 "https://immovalet.com/vendor/doctrine/dbal/src/Tools/" "Mozilla/5.0 AppleWebKit/537.36 (KHTML, like Gecko; compatible; GPTBot/1.4; +https://openai.com/gptbot)"
74.7.227.164 - - [03/Sep/2026:13:08:12 +0000] "GET /platform/core/media/src/Http/?C=D;O=A HTTP/1.1" 200 1240 "https://immovalet.com/platform/core/media/src/Http/" "Mozilla/5.0 AppleWebKit/537.36 (KHTML, like Gecko; compatible; GPTBot/1.4; +https://openai.com/gptbot)"
57.141.4.59 - - [03/Sep/2026:13:08:14 +0000] "GET /vendor/google/auth/composer.json HTTP/1.1" 200 1139 "-" "Mozilla/5.0 (Windows NT 10.0; Win64; x64) AppleWebKit/537.36 (KHTML, like Gecko) Chrome/145.0.0.0 Safari/537.36 (compatible; meta-externalagent/1.1 (+https://developers.facebook.com/docs/sharing/webmasters/crawler))"
74.7.227.164 - - [03/Sep/2026:13:08:15 +0000] "GET /platform/core/acl/src/Tables/?C=D;O=A HTTP/1.1" 200 1065 "https://immovalet.com/platform/core/acl/src/Tables/" "Mozilla/5.0 AppleWebKit/537.36 (KHTML, like Gecko; compatible; GPTBot/1.4; +https://openai.com/gptbot)"
74.7.227.164 - - [03/Sep/2026:13:08:18 +0000] "GET /vendor/botble/slug/src/Models/?C=S;O=A HTTP/1.1" 200 882 "https://immovalet.com/vendor/botble/slug/src/Models/" "Mozilla/5.0 AppleWebKit/537.36 (KHTML, like Gecko; compatible; GPTBot/1.4; +https://openai.com/gptbot)"
74.7.227.164 - - [03/Sep/2026:13:08:19 +0000] "GET /vendor/google/auth/src/Cache/?C=D;O=A HTTP/1.1" 200 1459 "https://immovalet.com/vendor/google/auth/src/Cache/" "Mozilla/5.0 AppleWebKit/537.36 (KHTML, like Gecko; compatible; GPTBot/1.4; +https://openai.com/gptbot)"
74.7.227.164 - - [03/Sep/2026:13:08:22 +0000] "GET /platform/core/acl/src/Events/?C=N;O=D HTTP/1.1" 200 1081 "https://immovalet.com/platform/core/acl/src/Events/" "Mozilla/5.0 AppleWebKit/537.36 (KHTML, like Gecko; compatible; GPTBot/1.4; +https://openai.com/gptbot)"
74.7.227.164 - - [03/Sep/2026:13:08:24 +0000] "GET /platform/core/base/src/Models/?C=N;O=A HTTP/1.1" 200 1066 "https://immovalet.com/platform/core/base/src/Models/?C=N;O=D" "Mozilla/5.0 AppleWebKit/537.36 (KHTML, like Gecko; compatible; GPTBot/1.4; +https://openai.com/gptbot)"
74.7.227.164 - - [03/Sep/2026:13:08:25 +0000] "GET /platform/core/setting/src/Http/?C=N;O=A HTTP/1.1" 200 1068 "https://immovalet.com/platform/core/setting/src/Http/?C=N;O=D" "Mozilla/5.0 AppleWebKit/537.36 (KHTML, like Gecko; compatible; GPTBot/1.4; +https://openai.com/gptbot)"
57.141.4.49 - - [03/Sep/2026:13:08:26 +0000] "GET /vendor/dragonmantank/cron-expression/?C=N;O=D HTTP/1.1" 200 1606 "-" "Mozilla/5.0 (Windows NT 10.0; Win64; x64) AppleWebKit/537.36 (KHTML, like Gecko) Chrome/145.0.0.0 Safari/537.36 (compatible; meta-externalagent/1.1 (+https://developers.facebook.com/docs/sharing/webmasters/crawler))"
74.7.227.164 - - [03/Sep/2026:13:08:26 +0000] "GET /vendor/botble/theme/src/Http/?C=N;O=A HTTP/1.1" 200 1241 "https://immovalet.com/vendor/botble/theme/src/Http/?C=N;O=D" "Mozilla/5.0 AppleWebKit/537.36 (KHTML, like Gecko; compatible; GPTBot/1.4; +https://openai.com/gptbot)"
57.141.4.47 - - [03/Sep/2026:13:08:28 +0000] "GET /platform/plugins/backup/src/?C=D;O=A HTTP/1.1" 200 1586 "-" "Mozilla/5.0 (Windows NT 10.0; Win64; x64) AppleWebKit/537.36 (KHTML, like Gecko) Chrome/145.0.0.0 Safari/537.36 (compatible; meta-externalagent/1.1 (+https://developers.facebook.com/docs/sharing/webmasters/crawler))"
74.7.227.164 - - [03/Sep/2026:13:08:28 +0000] "GET /platform/core/acl/src/Tables/?C=S;O=A HTTP/1.1" 200 1065 "https://immovalet.com/platform/core/acl/src/Tables/" "Mozilla/5.0 AppleWebKit/537.36 (KHTML, like Gecko; compatible; GPTBot/1.4; +https://openai.com/gptbot)"
74.7.227.164 - - [03/Sep/2026:13:08:29 +0000] "GET /platform/core/acl/src/Events/RoleAssignmentEvent.php HTTP/1.1" 500 - "https://immovalet.com/platform/core/acl/src/Events/?C=N;O=D" "Mozilla/5.0 AppleWebKit/537.36 (KHTML, like Gecko; compatible; GPTBot/1.4; +https://openai.com/gptbot)"
74.7.227.164 - - [03/Sep/2026:13:08:29 +0000] "GET /platform/core/acl/src/Events/RoleUpdateEvent.php HTTP/1.1" 500 - "https://immovalet.com/platform/core/acl/src/Events/?C=N;O=D" "Mozilla/5.0 AppleWebKit/537.36 (KHTML, like Gecko; compatible; GPTBot/1.4; +https://openai.com/gptbot)"
74.7.227.164 - - [03/Sep/2026:13:08:30 +0000] "GET /platform/core/acl/src/Events/?C=N;O=A HTTP/1.1" 200 1081 "https://immovalet.com/platform/core/acl/src/Events/?C=N;O=D" "Mozilla/5.0 AppleWebKit/537.36 (KHTML, like Gecko; compatible; GPTBot/1.4; +https://openai.com/gptbot)"
74.7.227.164 - - [03/Sep/2026:13:08:31 +0000] "GET /platform/core/acl/src/Models/?C=S;O=A HTTP/1.1" 200 1417 "https://immovalet.com/platform/core/acl/src/Models/" "Mozilla/5.0 AppleWebKit/537.36 (KHTML, like Gecko; compatible; GPTBot/1.4; +https://openai.com/gptbot)"
74.7.227.164 - - [03/Sep/2026:13:08:32 +0000] "GET /platform/core/acl/src/Models/?C=D;O=A HTTP/1.1" 200 1417 "https://immovalet.com/platform/core/acl/src/Models/" "Mozilla/5.0 AppleWebKit/537.36 (KHTML, like Gecko; compatible; GPTBot/1.4; +https://openai.com/gptbot)"
74.7.227.164 - - [03/Sep/2026:13:08:33 +0000] "GET /vendor/botble/menu/src/Forms/?C=D;O=A HTTP/1.1" 200 884 "https://immovalet.com/vendor/botble/menu/src/Forms/" "Mozilla/5.0 AppleWebKit/537.36 (KHTML, like Gecko; compatible; GPTBot/1.4; +https://openai.com/gptbot)"
74.7.227.164 - - [03/Sep/2026:13:08:34 +0000] "GET /vendor/botble/theme/src/Http/?C=D;O=A HTTP/1.1" 200 1241 "https://immovalet.com/vendor/botble/theme/src/Http/" "Mozilla/5.0 AppleWebKit/537.36 (KHTML, like Gecko; compatible; GPTBot/1.4; +https://openai.com/gptbot)"
74.7.227.164 - - [03/Sep/2026:13:08:41 +0000] "GET /platform/core/acl/src/Events/?C=S;O=A HTTP/1.1" 200 1081 "https://immovalet.com/platform/core/acl/src/Events/" "Mozilla/5.0 AppleWebKit/537.36 (KHTML, like Gecko; compatible; GPTBot/1.4; +https://openai.com/gptbot)"
57.141.4.13 - - [03/Sep/2026:13:08:43 +0000] "GET /vendor/symfony/translation/DependencyInjection/?C=M;O=A HTTP/1.1" 200 1516 "-" "Mozilla/5.0 (Windows NT 10.0; Win64; x64) AppleWebKit/537.36 (KHTML, like Gecko) Chrome/145.0.0.0 Safari/537.36 (compatible; meta-externalagent/1.1 (+https://developers.facebook.com/docs/sharing/webmasters/crawler))"
74.7.227.164 - - [03/Sep/2026:13:08:43 +0000] "GET /platform/core/acl/src/Models/User.php HTTP/1.1" 500 - "https://immovalet.com/platform/core/acl/src/Models/?C=S;O=A" "Mozilla/5.0 AppleWebKit/537.36 (KHTML, like Gecko; compatible; GPTBot/1.4; +https://openai.com/gptbot)"
74.7.227.164 - - [03/Sep/2026:13:08:44 +0000] "GET /platform/core/acl/src/Models/UserMeta.php HTTP/1.1" 500 - "https://immovalet.com/platform/core/acl/src/Models/?C=S;O=A" "Mozilla/5.0 AppleWebKit/537.36 (KHTML, like Gecko; compatible; GPTBot/1.4; +https://openai.com/gptbot)"
74.7.227.164 - - [03/Sep/2026:13:08:47 +0000] "GET /platform/core/acl/src/Models/Activation.php HTTP/1.1" 500 - "https://immovalet.com/platform/core/acl/src/Models/?C=S;O=A" "Mozilla/5.0 AppleWebKit/537.36 (KHTML, like Gecko; compatible; GPTBot/1.4; +https://openai.com/gptbot)"
57.141.4.12 - - [03/Sep/2026:13:08:50 +0000] "GET /platform/packages/shortcode/src/Shortcode.php HTTP/1.1" 200 - "-" "Mozilla/5.0 (Windows NT 10.0; Win64; x64) AppleWebKit/537.36 (KHTML, like Gecko) Chrome/145.0.0.0 Safari/537.36 (compatible; meta-externalagent/1.1 (+https://developers.facebook.com/docs/sharing/webmasters/crawler))"
74.7.227.164 - - [03/Sep/2026:13:08:50 +0000] "GET /platform/core/acl/src/Models/Role.php HTTP/1.1" 500 - "https://immovalet.com/platform/core/acl/src/Models/?C=S;O=A" "Mozilla/5.0 AppleWebKit/537.36 (KHTML, like Gecko; compatible; GPTBot/1.4; +https://openai.com/gptbot)"
74.7.227.164 - - [03/Sep/2026:13:08:56 +0000] "GET /platform/core/acl/src/Models/?C=N;O=A HTTP/1.1" 200 1417 "https://immovalet.com/platform/core/acl/src/Models/?C=S;O=A" "Mozilla/5.0 AppleWebKit/537.36 (KHTML, like Gecko; compatible; GPTBot/1.4; +https://openai.com/gptbot)"
74.7.227.164 - - [03/Sep/2026:13:09:04 +0000] "GET /platform/core/base/src/Tables/?C=D;O=A HTTP/1.1" 200 887 "https://immovalet.com/platform/core/base/src/Tables/" "Mozilla/5.0 AppleWebKit/537.36 (KHTML, like Gecko; compatible; GPTBot/1.4; +https://openai.com/gptbot)"
74.7.227.164 - - [03/Sep/2026:13:09:11 +0000] "GET /vendor/ramsey/uuid/src/Fields/?C=N;O=D HTTP/1.1" 200 1091 "https://immovalet.com/vendor/ramsey/uuid/src/Fields/" "Mozilla/5.0 AppleWebKit/537.36 (KHTML, like Gecko; compatible; GPTBot/1.4; +https://openai.com/gptbot)"
74.7.227.164 - - [03/Sep/2026:13:09:16 +0000] "GET /platform/core/media/src/Http/?C=M;O=A HTTP/1.1" 200 1240 "https://immovalet.com/platform/core/media/src/Http/" "Mozilla/5.0 AppleWebKit/537.36 (KHTML, like Gecko; compatible; GPTBot/1.4; +https://openai.com/gptbot)"
74.7.227.164 - - [03/Sep/2026:13:09:26 +0000] "GET /platform/core/acl/src/Events/?C=S;O=D HTTP/1.1" 200 1081 "https://immovalet.com/platform/core/acl/src/Events/?C=S;O=A" "Mozilla/5.0 AppleWebKit/537.36 (KHTML, like Gecko; compatible; GPTBot/1.4; +https://openai.com/gptbot)"
74.7.227.164 - - [03/Sep/2026:13:09:30 +0000] "GET /platform/core/media/src/Http/?C=N;O=D HTTP/1.1" 200 1240 "https://immovalet.com/platform/core/media/src/Http/" "Mozilla/5.0 AppleWebKit/537.36 (KHTML, like Gecko; compatible; GPTBot/1.4; +https://openai.com/gptbot)"
74.7.227.164 - - [03/Sep/2026:13:09:34 +0000] "GET /platform/core/table/src/Http/?C=D;O=A HTTP/1.1" 200 1062 "https://immovalet.com/platform/core/table/src/Http/" "Mozilla/5.0 AppleWebKit/537.36 (KHTML, like Gecko; compatible; GPTBot/1.4; +https://openai.com/gptbot)"
74.7.227.164 - - [03/Sep/2026:13:09:35 +0000] "GET /vendor/ramsey/uuid/src/Fields/?C=N;O=A HTTP/1.1" 200 1091 "https://immovalet.com/vendor/ramsey/uuid/src/Fields/?C=N;O=D" "Mozilla/5.0 AppleWebKit/537.36 (KHTML, like Gecko; compatible; GPTBot/1.4; +https://openai.com/gptbot)"
74.7.227.164 - - [03/Sep/2026:13:09:35 +0000] "GET /platform/core/media/src/Models/?C=N;O=A HTTP/1.1" 200 1257 "https://immovalet.com/platform/core/media/src/Models/?C=N;O=D" "Mozilla/5.0 AppleWebKit/537.36 (KHTML, like Gecko; compatible; GPTBot/1.4; +https://openai.com/gptbot)"
74.7.227.164 - - [03/Sep/2026:13:09:39 +0000] "GET /platform/core/media/src/Http/?C=N;O=A HTTP/1.1" 200 1240 "https://immovalet.com/platform/core/media/src/Http/?C=N;O=D" "Mozilla/5.0 AppleWebKit/537.36 (KHTML, like Gecko; compatible; GPTBot/1.4; +https://openai.com/gptbot)"
74.7.227.164 - - [03/Sep/2026:13:09:40 +0000] "GET /vendor/xantios/mimey/tests/src/?C=N;O=D HTTP/1.1" 200 1293 "https://immovalet.com/vendor/xantios/mimey/tests/src/" "Mozilla/5.0 AppleWebKit/537.36 (KHTML, like Gecko; compatible; GPTBot/1.4; +https://openai.com/gptbot)"
74.7.227.164 - - [03/Sep/2026:13:09:41 +0000] "GET /vendor/doctrine/dbal/src/Cache/?C=D;O=A HTTP/1.1" 200 1453 "https://immovalet.com/vendor/doctrine/dbal/src/Cache/" "Mozilla/5.0 AppleWebKit/537.36 (KHTML, like Gecko; compatible; GPTBot/1.4; +https://openai.com/gptbot)"
74.7.227.164 - - [03/Sep/2026:13:09:42 +0000] "GET /vendor/google/auth/src/Cache/?C=N;O=A HTTP/1.1" 200 1459 "https://immovalet.com/vendor/google/auth/src/Cache/?C=N;O=D" "Mozilla/5.0 AppleWebKit/537.36 (KHTML, like Gecko; compatible; GPTBot/1.4; +https://openai.com/gptbot)"
74.7.227.164 - - [03/Sep/2026:13:09:43 +0000] "GET /vendor/doctrine/dbal/src/Cache/?C=S;O=D HTTP/1.1" 200 1453 "https://immovalet.com/vendor/doctrine/dbal/src/Cache/?C=S;O=A" "Mozilla/5.0 AppleWebKit/537.36 (KHTML, like Gecko; compatible; GPTBot/1.4; +https://openai.com/gptbot)"
74.7.227.164 - - [03/Sep/2026:13:09:44 +0000] "GET /platform/core/acl/src/Models/?C=N;O=D HTTP/1.1" 200 1417 "https://immovalet.com/platform/core/acl/src/Models/" "Mozilla/5.0 AppleWebKit/537.36 (KHTML, like Gecko; compatible; GPTBot/1.4; +https://openai.com/gptbot)"
57.141.4.46 - - [03/Sep/2026:13:09:45 +0000] "GET /vendor/symfony/polyfill-mbstring/Mbstring.php HTTP/1.1" 200 - "-" "Mozilla/5.0 (Macintosh; Intel Mac OS X 10_15_7) AppleWebKit/537.36 (KHTML, like Gecko) Chrome/145.0.0.0 Safari/537.36 (compatible; meta-externalagent/1.1 (+https://developers.facebook.com/docs/sharing/webmasters/crawler))"
74.7.227.164 - - [03/Sep/2026:13:09:47 +0000] "GET /platform/core/acl/src/Services/?C=N;O=D HTTP/1.1" 200 1283 "https://immovalet.com/platform/core/acl/src/Services/" "Mozilla/5.0 AppleWebKit/537.36 (KHTML, like Gecko; compatible; GPTBot/1.4; +https://openai.com/gptbot)"
74.7.227.164 - - [03/Sep/2026:13:09:48 +0000] "GET /vendor/botble/theme/src/Forms/?C=S;O=A HTTP/1.1" 200 1076 "https://immovalet.com/vendor/botble/theme/src/Forms/" "Mozilla/5.0 AppleWebKit/537.36 (KHTML, like Gecko; compatible; GPTBot/1.4; +https://openai.com/gptbot)"
74.7.227.164 - - [03/Sep/2026:13:09:49 +0000] "GET /platform/core/base/src/Models/?C=D;O=A HTTP/1.1" 200 1066 "https://immovalet.com/platform/core/base/src/Models/" "Mozilla/5.0 AppleWebKit/537.36 (KHTML, like Gecko; compatible; GPTBot/1.4; +https://openai.com/gptbot)"
74.7.227.164 - - [03/Sep/2026:13:09:50 +0000] "GET /vendor/doctrine/dbal/src/Cache/?C=N;O=D HTTP/1.1" 200 1453 "https://immovalet.com/vendor/doctrine/dbal/src/Cache/" "Mozilla/5.0 AppleWebKit/537.36 (KHTML, like Gecko; compatible; GPTBot/1.4; +https://openai.com/gptbot)"
57.141.4.32 - - [03/Sep/2026:13:09:51 +0000] "GET /vendor/symfony/translation/DependencyInjection/TranslatorPass.php HTTP/1.1" 500 - "-" "Mozilla/5.0 (Windows NT 10.0; Win64; x64) AppleWebKit/537.36 (KHTML, like Gecko) Chrome/145.0.0.0 Safari/537.36 (compatible; meta-externalagent/1.1 (+https://developers.facebook.com/docs/sharing/webmasters/crawler))"
74.7.227.164 - - [03/Sep/2026:13:09:51 +0000] "GET /vendor/ramsey/uuid/src/Builder/?C=N;O=D HTTP/1.1" 200 1660 "https://immovalet.com/vendor/ramsey/uuid/src/Builder/" "Mozilla/5.0 AppleWebKit/537.36 (KHTML, like Gecko; compatible; GPTBot/1.4; +https://openai.com/gptbot)"
74.7.227.164 - - [03/Sep/2026:13:09:51 +0000] "GET /vendor/botble/slug/src/Models/?C=M;O=A HTTP/1.1" 200 882 "https://immovalet.com/vendor/botble/slug/src/Models/" "Mozilla/5.0 AppleWebKit/537.36 (KHTML, like Gecko; compatible; GPTBot/1.4; +https://openai.com/gptbot)"
74.7.227.164 - - [03/Sep/2026:13:09:52 +0000] "GET /platform/core/acl/src/Services/CreateUserService.php HTTP/1.1" 500 - "https://immovalet.com/platform/core/acl/src/Services/?C=N;O=D" "Mozilla/5.0 AppleWebKit/537.36 (KHTML, like Gecko; compatible; GPTBot/1.4; +https://openai.com/gptbot)"
74.7.227.164 - - [03/Sep/2026:13:09:53 +0000] "GET /platform/core/acl/src/Services/ChangePasswordService.php HTTP/1.1" 500 - "https://immovalet.com/platform/core/acl/src/Services/?C=N;O=D" "Mozilla/5.0 AppleWebKit/537.36 (KHTML, like Gecko; compatible; GPTBot/1.4; +https://openai.com/gptbot)"
74.7.227.164 - - [03/Sep/2026:13:09:54 +0000] "GET /vendor/ramsey/uuid/src/Builder/?C=S;O=D HTTP/1.1" 200 1660 "https://immovalet.com/vendor/ramsey/uuid/src/Builder/?C=S;O=A" "Mozilla/5.0 AppleWebKit/537.36 (KHTML, like Gecko; compatible; GPTBot/1.4; +https://openai.com/gptbot)"
74.7.227.164 - - [03/Sep/2026:13:09:55 +0000] "GET /platform/core/acl/src/Commands/?C=N;O=D HTTP/1.1" 200 896 "https://immovalet.com/platform/core/acl/src/Commands/" "Mozilla/5.0 AppleWebKit/537.36 (KHTML, like Gecko; compatible; GPTBot/1.4; +https://openai.com/gptbot)"
74.7.227.164 - - [03/Sep/2026:13:09:56 +0000] "GET /platform/core/setting/src/Http/?C=S;O=A HTTP/1.1" 200 1068 "https://immovalet.com/platform/core/setting/src/Http/" "Mozilla/5.0 AppleWebKit/537.36 (KHTML, like Gecko; compatible; GPTBot/1.4; +https://openai.com/gptbot)"
74.7.227.164 - - [03/Sep/2026:13:09:56 +0000] "GET /vendor/botble/theme/src/Http/?C=M;O=A HTTP/1.1" 200 1241 "https://immovalet.com/vendor/botble/theme/src/Http/" "Mozilla/5.0 AppleWebKit/537.36 (KHTML, like Gecko; compatible; GPTBot/1.4; +https://openai.com/gptbot)"
74.7.227.164 - - [03/Sep/2026:13:09:57 +0000] "GET /vendor/botble/theme/src/Forms/?C=D;O=A HTTP/1.1" 200 1076 "https://immovalet.com/vendor/botble/theme/src/Forms/" "Mozilla/5.0 AppleWebKit/537.36 (KHTML, like Gecko; compatible; GPTBot/1.4; +https://openai.com/gptbot)"
74.7.227.164 - - [03/Sep/2026:13:09:58 +0000] "GET /vendor/google/auth/src/Cache/?C=M;O=A HTTP/1.1" 200 1459 "https://immovalet.com/vendor/google/auth/src/Cache/" "Mozilla/5.0 AppleWebKit/537.36 (KHTML, like Gecko; compatible; GPTBot/1.4; +https://openai.com/gptbot)"
74.7.227.164 - - [03/Sep/2026:13:09:59 +0000] "GET /platform/core/setting/src/Http/?C=M;O=A HTTP/1.1" 200 1068 "https://immovalet.com/platform/core/setting/src/Http/" "Mozilla/5.0 AppleWebKit/537.36 (KHTML, like Gecko; compatible; GPTBot/1.4; +https://openai.com/gptbot)"
57.141.4.49 - - [03/Sep/2026:13:10:00 +0000] "GET /platform/packages/menu/database/?C=M;O=A HTTP/1.1" 200 889 "-" "Mozilla/5.0 (Windows NT 10.0; Win64; x64) AppleWebKit/537.36 (KHTML, like Gecko) Chrome/145.0.0.0 Safari/537.36 (compatible; meta-externalagent/1.1 (+https://developers.facebook.com/docs/sharing/webmasters/crawler))"
74.7.227.164 - - [03/Sep/2026:13:10:00 +0000] "GET /vendor/xantios/mimey/tests/src/?C=S;O=D HTTP/1.1" 200 1293 "https://immovalet.com/vendor/xantios/mimey/tests/src/?C=S;O=A" "Mozilla/5.0 AppleWebKit/537.36 (KHTML, like Gecko; compatible; GPTBot/1.4; +https://openai.com/gptbot)"
74.7.227.164 - - [03/Sep/2026:13:10:02 +0000] "GET /vendor/botble/slug/src/Models/?C=D;O=A HTTP/1.1" 200 882 "https://immovalet.com/vendor/botble/slug/src/Models/" "Mozilla/5.0 AppleWebKit/537.36 (KHTML, like Gecko; compatible; GPTBot/1.4; +https://openai.com/gptbot)"
74.7.227.164 - - [03/Sep/2026:13:10:04 +0000] "GET /platform/core/acl/src/Services/?C=N;O=A HTTP/1.1" 200 1283 "https://immovalet.com/platform/core/acl/src/Services/?C=N;O=D" "Mozilla/5.0 AppleWebKit/537.36 (KHTML, like Gecko; compatible; GPTBot/1.4; +https://openai.com/gptbot)"
74.7.227.164 - - [03/Sep/2026:13:10:04 +0000] "GET /vendor/botble/menu/src/Forms/?C=S;O=A HTTP/1.1" 200 884 "https://immovalet.com/vendor/botble/menu/src/Forms/" "Mozilla/5.0 AppleWebKit/537.36 (KHTML, like Gecko; compatible; GPTBot/1.4; +https://openai.com/gptbot)"
74.7.227.164 - - [03/Sep/2026:13:10:05 +0000] "GET /vendor/botble/menu/src/Models/?C=S;O=A HTTP/1.1" 200 1246 "https://immovalet.com/vendor/botble/menu/src/Models/" "Mozilla/5.0 AppleWebKit/537.36 (KHTML, like Gecko; compatible; GPTBot/1.4; +https://openai.com/gptbot)"
74.7.227.164 - - [03/Sep/2026:13:10:08 +0000] "GET /platform/core/media/src/Http/?C=S;O=A HTTP/1.1" 200 1240 "https://immovalet.com/platform/core/media/src/Http/" "Mozilla/5.0 AppleWebKit/537.36 (KHTML, like Gecko; compatible; GPTBot/1.4; +https://openai.com/gptbot)"
74.7.227.164 - - [03/Sep/2026:13:10:10 +0000] "GET /platform/core/acl/src/Commands/?C=D;O=A HTTP/1.1" 200 896 "https://immovalet.com/platform/core/acl/src/Commands/" "Mozilla/5.0 AppleWebKit/537.36 (KHTML, like Gecko; compatible; GPTBot/1.4; +https://openai.com/gptbot)"
74.7.227.164 - - [03/Sep/2026:13:10:11 +0000] "GET /platform/core/acl/src/Models/?C=S;O=D HTTP/1.1" 200 1417 "https://immovalet.com/platform/core/acl/src/Models/?C=S;O=A" "Mozilla/5.0 AppleWebKit/537.36 (KHTML, like Gecko; compatible; GPTBot/1.4; +https://openai.com/gptbot)"
74.7.227.164 - - [03/Sep/2026:13:10:12 +0000] "GET /vendor/botble/menu/src/Models/?C=S;O=D HTTP/1.1" 200 1246 "https://immovalet.com/vendor/botble/menu/src/Models/?C=S;O=A" "Mozilla/5.0 AppleWebKit/537.36 (KHTML, like Gecko; compatible; GPTBot/1.4; +https://openai.com/gptbot)"
74.7.227.164 - - [03/Sep/2026:13:10:14 +0000] "GET /platform/core/media/src/Models/?C=S;O=A HTTP/1.1" 200 1257 "https://immovalet.com/platform/core/media/src/Models/" "Mozilla/5.0 AppleWebKit/537.36 (KHTML, like Gecko; compatible; GPTBot/1.4; +https://openai.com/gptbot)"
57.141.4.52 - - [03/Sep/2026:13:10:17 +0000] "GET /vendor/botble/theme/?C=D;O=A HTTP/1.1" 200 2268 "-" "Mozilla/5.0 (Macintosh; Intel Mac OS X 10_15_7) AppleWebKit/537.36 (KHTML, like Gecko) Chrome/145.0.0.0 Safari/537.36 (compatible; meta-externalagent/1.1 (+https://developers.facebook.com/docs/sharing/webmasters/crawler))"
74.7.227.164 - - [03/Sep/2026:13:10:19 +0000] "GET /vendor/aws/aws-sdk-php/src/data/storagegateway/2013-06-30/?C=S;O=A HTTP/1.1" 200 1157 "https://immovalet.com/vendor/aws/aws-sdk-php/src/data/storagegateway/2013-06-30/" "Mozilla/5.0 AppleWebKit/537.36 (KHTML, like Gecko; compatible; GPTBot/1.4; +https://openai.com/gptbot)"
74.7.227.164 - - [03/Sep/2026:13:10:20 +0000] "GET /platform/core/media/src/Models/?C=S;O=D HTTP/1.1" 200 1257 "https://immovalet.com/platform/core/media/src/Models/?C=S;O=A" "Mozilla/5.0 AppleWebKit/537.36 (KHTML, like Gecko; compatible; GPTBot/1.4; +https://openai.com/gptbot)"
74.7.227.164 - - [03/Sep/2026:13:10:21 +0000] "GET /vendor/aws/aws-sdk-php/src/data/directconnect/2012-10-25/?C=S;O=A HTTP/1.1" 200 1336 "https://immovalet.com/vendor/aws/aws-sdk-php/src/data/directconnect/2012-10-25/" "Mozilla/5.0 AppleWebKit/537.36 (KHTML, like Gecko; compatible; GPTBot/1.4; +https://openai.com/gptbot)"
57.141.4.26 - - [03/Sep/2026:13:10:21 +0000] "GET /storage/debugbar/Xf165cd02f4bc57cae355c8329a986850.json HTTP/1.1" 200 23721 "-" "Mozilla/5.0 (Windows NT 10.0; Win64; x64) AppleWebKit/537.36 (KHTML, like Gecko) Chrome/145.0.0.0 Safari/537.36 (compatible; meta-externalagent/1.1 (+https://developers.facebook.com/docs/sharing/webmasters/crawler))"
74.7.227.164 - - [03/Sep/2026:13:10:21 +0000] "GET /vendor/aws/aws-sdk-php/src/data/cloudsearch/2013-01-01/?C=N;O=D HTTP/1.1" 200 1330 "https://immovalet.com/vendor/aws/aws-sdk-php/src/data/cloudsearch/2013-01-01/" "Mozilla/5.0 AppleWebKit/537.36 (KHTML, like Gecko; compatible; GPTBot/1.4; +https://openai.com/gptbot)"
74.7.227.164 - - [03/Sep/2026:13:10:22 +0000] "GET /vendor/aws/aws-sdk-php/src/data/mediapackage/2017-10-12/?C=M;O=A HTTP/1.1" 200 1151 "https://immovalet.com/vendor/aws/aws-sdk-php/src/data/mediapackage/2017-10-12/" "Mozilla/5.0 AppleWebKit/537.36 (KHTML, like Gecko; compatible; GPTBot/1.4; +https://openai.com/gptbot)"
74.7.227.164 - - [03/Sep/2026:13:10:22 +0000] "GET /vendor/aws/aws-sdk-php/src/data/storagegateway/2013-06-30/?C=M;O=A HTTP/1.1" 200 1157 "https://immovalet.com/vendor/aws/aws-sdk-php/src/data/storagegateway/2013-06-30/" "Mozilla/5.0 AppleWebKit/537.36 (KHTML, like Gecko; compatible; GPTBot/1.4; +https://openai.com/gptbot)"
74.7.227.164 - - [03/Sep/2026:13:10:23 +0000] "GET /vendor/aws/aws-sdk-php/src/data/resource-groups/2017-11-27/?C=D;O=A HTTP/1.1" 200 1160 "https://immovalet.com/vendor/aws/aws-sdk-php/src/data/resource-groups/2017-11-27/" "Mozilla/5.0 AppleWebKit/537.36 (KHTML, like Gecko; compatible; GPTBot/1.4; +https://openai.com/gptbot)"
74.7.227.164 - - [03/Sep/2026:13:10:25 +0000] "GET /vendor/aws/aws-sdk-php/src/data/accessanalyzer/2019-11-01/?C=S;O=A HTTP/1.1" 200 1157 "https://immovalet.com/vendor/aws/aws-sdk-php/src/data/accessanalyzer/2019-11-01/" "Mozilla/5.0 AppleWebKit/537.36 (KHTML, like Gecko; compatible; GPTBot/1.4; +https://openai.com/gptbot)"
74.7.227.164 - - [03/Sep/2026:13:10:25 +0000] "GET /vendor/aws/aws-sdk-php/src/data/storagegateway/2013-06-30/?C=S;O=D HTTP/1.1" 200 1157 "https://immovalet.com/vendor/aws/aws-sdk-php/src/data/storagegateway/2013-06-30/?C=S;O=A" "Mozilla/5.0 AppleWebKit/537.36 (KHTML, like Gecko; compatible; GPTBot/1.4; +https://openai.com/gptbot)"
57.141.4.58 - - [03/Sep/2026:13:10:26 +0000] "GET /storage/framework/views/de65fa4a521827aa088ceeed994311c36f18b1c1.php HTTP/1.1" 200 58 "-" "Mozilla/5.0 (Windows NT 10.0; Win64; x64) AppleWebKit/537.36 (KHTML, like Gecko) Chrome/145.0.0.0 Safari/537.36 (compatible; meta-externalagent/1.1 (+https://developers.facebook.com/docs/sharing/webmasters/crawler))"
74.7.227.164 - - [03/Sep/2026:13:10:26 +0000] "GET /vendor/aws/aws-sdk-php/src/data/directconnect/2012-10-25/?C=S;O=D HTTP/1.1" 200 1336 "https://immovalet.com/vendor/aws/aws-sdk-php/src/data/directconnect/2012-10-25/?C=S;O=A" "Mozilla/5.0 AppleWebKit/537.36 (KHTML, like Gecko; compatible; GPTBot/1.4; +https://openai.com/gptbot)"
74.7.227.164 - - [03/Sep/2026:13:10:29 +0000] "GET /vendor/aws/aws-sdk-php/src/data/resource-groups/2017-11-27/?C=M;O=A HTTP/1.1" 200 1160 "https://immovalet.com/vendor/aws/aws-sdk-php/src/data/resource-groups/2017-11-27/" "Mozilla/5.0 AppleWebKit/537.36 (KHTML, like Gecko; compatible; GPTBot/1.4; +https://openai.com/gptbot)"
74.7.227.164 - - [03/Sep/2026:13:10:29 +0000] "GET /vendor/aws/aws-sdk-php/src/data/accessanalyzer/2019-11-01/?C=N;O=D HTTP/1.1" 200 1157 "https://immovalet.com/vendor/aws/aws-sdk-php/src/data/accessanalyzer/2019-11-01/" "Mozilla/5.0 AppleWebKit/537.36 (KHTML, like Gecko; compatible; GPTBot/1.4; +https://openai.com/gptbot)"
57.141.4.9 - - [03/Sep/2026:13:10:30 +0000] "GET /storage/framework/views/0860048e440d4cdce448e987ba32f89ca1aafe8a.php HTTP/1.1" 200 140 "-" "Mozilla/5.0 (Windows NT 10.0; Win64; x64) AppleWebKit/537.36 (KHTML, like Gecko) Chrome/145.0.0.0 Safari/537.36 (compatible; meta-externalagent/1.1 (+https://developers.facebook.com/docs/sharing/webmasters/crawler))"
74.7.227.164 - - [03/Sep/2026:13:10:31 +0000] "GET /vendor/aws/aws-sdk-php/src/data/accessanalyzer/2019-11-01/?C=S;O=D HTTP/1.1" 200 1157 "https://immovalet.com/vendor/aws/aws-sdk-php/src/data/accessanalyzer/2019-11-01/?C=S;O=A" "Mozilla/5.0 AppleWebKit/537.36 (KHTML, like Gecko; compatible; GPTBot/1.4; +https://openai.com/gptbot)"
74.7.227.164 - - [03/Sep/2026:13:10:33 +0000] "GET /vendor/aws/aws-sdk-php/src/data/cloudsearch/2013-01-01/?C=D;O=A HTTP/1.1" 200 1330 "https://immovalet.com/vendor/aws/aws-sdk-php/src/data/cloudsearch/2013-01-01/" "Mozilla/5.0 AppleWebKit/537.36 (KHTML, like Gecko; compatible; GPTBot/1.4; +https://openai.com/gptbot)"
74.7.227.164 - - [03/Sep/2026:13:10:34 +0000] "GET /vendor/aws/aws-sdk-php/src/data/accessanalyzer/2019-11-01/?C=M;O=A HTTP/1.1" 200 1157 "https://immovalet.com/vendor/aws/aws-sdk-php/src/data/accessanalyzer/2019-11-01/" "Mozilla/5.0 AppleWebKit/537.36 (KHTML, like Gecko; compatible; GPTBot/1.4; +https://openai.com/gptbot)"
74.7.227.164 - - [03/Sep/2026:13:10:36 +0000] "GET /vendor/aws/aws-sdk-php/src/data/accessanalyzer/2019-11-01/?C=D;O=A HTTP/1.1" 200 1157 "https://immovalet.com/vendor/aws/aws-sdk-php/src/data/accessanalyzer/2019-11-01/" "Mozilla/5.0 AppleWebKit/537.36 (KHTML, like Gecko; compatible; GPTBot/1.4; +https://openai.com/gptbot)"
74.7.227.164 - - [03/Sep/2026:13:10:37 +0000] "GET /vendor/aws/aws-sdk-php/src/data/resource-groups/2017-11-27/?C=S;O=A HTTP/1.1" 200 1160 "https://immovalet.com/vendor/aws/aws-sdk-php/src/data/resource-groups/2017-11-27/" "Mozilla/5.0 AppleWebKit/537.36 (KHTML, like Gecko; compatible; GPTBot/1.4; +https://openai.com/gptbot)"
74.7.227.164 - - [03/Sep/2026:13:10:37 +0000] "GET /vendor/aws/aws-sdk-php/src/data/secretsmanager/2017-10-17/?C=M;O=A HTTP/1.1" 200 1339 "https://immovalet.com/vendor/aws/aws-sdk-php/src/data/secretsmanager/2017-10-17/" "Mozilla/5.0 AppleWebKit/537.36 (KHTML, like Gecko; compatible; GPTBot/1.4; +https://openai.com/gptbot)"
74.7.227.164 - - [03/Sep/2026:13:10:38 +0000] "GET /vendor/aws/aws-sdk-php/src/data/elasticache/2015-02-02/?C=D;O=A HTTP/1.1" 200 1516 "https://immovalet.com/vendor/aws/aws-sdk-php/src/data/elasticache/2015-02-02/" "Mozilla/5.0 AppleWebKit/537.36 (KHTML, like Gecko; compatible; GPTBot/1.4; +https://openai.com/gptbot)"
74.7.227.164 - - [03/Sep/2026:13:10:38 +0000] "GET /vendor/aws/aws-sdk-php/src/data/mediapackage/2017-10-12/?C=S;O=A HTTP/1.1" 200 1151 "https://immovalet.com/vendor/aws/aws-sdk-php/src/data/mediapackage/2017-10-12/" "Mozilla/5.0 AppleWebKit/537.36 (KHTML, like Gecko; compatible; GPTBot/1.4; +https://openai.com/gptbot)"
74.7.227.164 - - [03/Sep/2026:13:10:40 +0000] "GET /vendor/aws/aws-sdk-php/src/data/autoscaling/2011-01-01/?C=M;O=A HTTP/1.1" 200 1516 "https://immovalet.com/vendor/aws/aws-sdk-php/src/data/autoscaling/2011-01-01/" "Mozilla/5.0 AppleWebKit/537.36 (KHTML, like Gecko; compatible; GPTBot/1.4; +https://openai.com/gptbot)"
74.7.227.164 - - [03/Sep/2026:13:10:41 +0000] "GET /vendor/aws/aws-sdk-php/src/data/frauddetector/2019-11-15/?C=S;O=A HTTP/1.1" 200 1154 "https://immovalet.com/vendor/aws/aws-sdk-php/src/data/frauddetector/2019-11-15/" "Mozilla/5.0 AppleWebKit/537.36 (KHTML, like Gecko; compatible; GPTBot/1.4; +https://openai.com/gptbot)"
74.7.227.164 - - [03/Sep/2026:13:10:41 +0000] "GET /vendor/aws/aws-sdk-php/src/data/elasticache/2015-02-02/?C=M;O=A HTTP/1.1" 200 1516 "https://immovalet.com/vendor/aws/aws-sdk-php/src/data/elasticache/2015-02-02/" "Mozilla/5.0 AppleWebKit/537.36 (KHTML, like Gecko; compatible; GPTBot/1.4; +https://openai.com/gptbot)"
74.7.227.164 - - [03/Sep/2026:13:10:42 +0000] "GET /vendor/aws/aws-sdk-php/src/data/cloudsearch/2013-01-01/?C=N;O=A HTTP/1.1" 200 1330 "https://immovalet.com/vendor/aws/aws-sdk-php/src/data/cloudsearch/2013-01-01/?C=N;O=D" "Mozilla/5.0 AppleWebKit/537.36 (KHTML, like Gecko; compatible; GPTBot/1.4; +https://openai.com/gptbot)"
74.7.227.164 - - [03/Sep/2026:13:10:42 +0000] "GET /vendor/aws/aws-sdk-php/src/data/resource-groups/2017-11-27/?C=N;O=A HTTP/1.1" 200 1160 "https://immovalet.com/vendor/aws/aws-sdk-php/src/data/resource-groups/2017-11-27/?C=S;O=A" "Mozilla/5.0 AppleWebKit/537.36 (KHTML, like Gecko; compatible; GPTBot/1.4; +https://openai.com/gptbot)"
74.7.227.164 - - [03/Sep/2026:13:10:43 +0000] "GET /vendor/aws/aws-sdk-php/src/data/resource-groups/2017-11-27/?C=S;O=D HTTP/1.1" 200 1160 "https://immovalet.com/vendor/aws/aws-sdk-php/src/data/resource-groups/2017-11-27/?C=S;O=A" "Mozilla/5.0 AppleWebKit/537.36 (KHTML, like Gecko; compatible; GPTBot/1.4; +https://openai.com/gptbot)"
74.7.227.164 - - [03/Sep/2026:13:10:44 +0000] "GET /vendor/aws/aws-sdk-php/src/data/mediapackage/2017-10-12/?C=N;O=A HTTP/1.1" 200 1151 "https://immovalet.com/vendor/aws/aws-sdk-php/src/data/mediapackage/2017-10-12/?C=S;O=A" "Mozilla/5.0 AppleWebKit/537.36 (KHTML, like Gecko; compatible; GPTBot/1.4; +https://openai.com/gptbot)"
74.7.227.164 - - [03/Sep/2026:13:10:44 +0000] "GET /vendor/aws/aws-sdk-php/src/data/secretsmanager/2017-10-17/?C=S;O=A HTTP/1.1" 200 1339 "https://immovalet.com/vendor/aws/aws-sdk-php/src/data/secretsmanager/2017-10-17/" "Mozilla/5.0 AppleWebKit/537.36 (KHTML, like Gecko; compatible; GPTBot/1.4; +https://openai.com/gptbot)"
74.7.227.164 - - [03/Sep/2026:13:10:45 +0000] "GET /vendor/aws/aws-sdk-php/src/data/mediapackage/2017-10-12/?C=N;O=D HTTP/1.1" 200 1151 "https://immovalet.com/vendor/aws/aws-sdk-php/src/data/mediapackage/2017-10-12/" "Mozilla/5.0 AppleWebKit/537.36 (KHTML, like Gecko; compatible; GPTBot/1.4; +https://openai.com/gptbot)"
74.7.227.164 - - [03/Sep/2026:13:10:46 +0000] "GET /vendor/aws/aws-sdk-php/src/data/autoscaling/2011-01-01/?C=D;O=A HTTP/1.1" 200 1516 "https://immovalet.com/vendor/aws/aws-sdk-php/src/data/autoscaling/2011-01-01/" "Mozilla/5.0 AppleWebKit/537.36 (KHTML, like Gecko; compatible; GPTBot/1.4; +https://openai.com/gptbot)"
74.7.227.164 - - [03/Sep/2026:13:10:46 +0000] "GET /vendor/aws/aws-sdk-php/src/data/frauddetector/2019-11-15/?C=S;O=D HTTP/1.1" 200 1154 "https://immovalet.com/vendor/aws/aws-sdk-php/src/data/frauddetector/2019-11-15/?C=S;O=A" "Mozilla/5.0 AppleWebKit/537.36 (KHTML, like Gecko; compatible; GPTBot/1.4; +https://openai.com/gptbot)"
74.7.227.164 - - [03/Sep/2026:13:10:47 +0000] "GET /vendor/aws/aws-sdk-php/src/data/storagegateway/2013-06-30/?C=N;O=A HTTP/1.1" 200 1157 "https://immovalet.com/vendor/aws/aws-sdk-php/src/data/storagegateway/2013-06-30/?C=S;O=A" "Mozilla/5.0 AppleWebKit/537.36 (KHTML, like Gecko; compatible; GPTBot/1.4; +https://openai.com/gptbot)"
74.7.227.164 - - [03/Sep/2026:13:10:48 +0000] "GET /vendor/aws/aws-sdk-php/src/data/frauddetector/2019-11-15/?C=N;O=A HTTP/1.1" 200 1154 "https://immovalet.com/vendor/aws/aws-sdk-php/src/data/frauddetector/2019-11-15/?C=S;O=A" "Mozilla/5.0 AppleWebKit/537.36 (KHTML, like Gecko; compatible; GPTBot/1.4; +https://openai.com/gptbot)"
74.7.227.164 - - [03/Sep/2026:13:10:48 +0000] "GET /vendor/aws/aws-sdk-php/src/data/directconnect/2012-10-25/?C=D;O=A HTTP/1.1" 200 1336 "https://immovalet.com/vendor/aws/aws-sdk-php/src/data/directconnect/2012-10-25/" "Mozilla/5.0 AppleWebKit/537.36 (KHTML, like Gecko; compatible; GPTBot/1.4; +https://openai.com/gptbot)"
74.7.227.164 - - [03/Sep/2026:13:10:49 +0000] "GET /vendor/aws/aws-sdk-php/src/data/accessanalyzer/2019-11-01/?C=N;O=A HTTP/1.1" 200 1157 "https://immovalet.com/vendor/aws/aws-sdk-php/src/data/accessanalyzer/2019-11-01/?C=S;O=A" "Mozilla/5.0 AppleWebKit/537.36 (KHTML, like Gecko; compatible; GPTBot/1.4; +https://openai.com/gptbot)"
74.7.227.164 - - [03/Sep/2026:13:10:50 +0000] "GET /vendor/aws/aws-sdk-php/src/data/secretsmanager/2017-10-17/?C=N;O=A HTTP/1.1" 200 1339 "https://immovalet.com/vendor/aws/aws-sdk-php/src/data/secretsmanager/2017-10-17/?C=S;O=A" "Mozilla/5.0 AppleWebKit/537.36 (KHTML, like Gecko; compatible; GPTBot/1.4; +https://openai.com/gptbot)"
74.7.227.164 - - [03/Sep/2026:13:10:50 +0000] "GET /vendor/aws/aws-sdk-php/src/data/directconnect/2012-10-25/?C=N;O=D HTTP/1.1" 200 1336 "https://immovalet.com/vendor/aws/aws-sdk-php/src/data/directconnect/2012-10-25/" "Mozilla/5.0 AppleWebKit/537.36 (KHTML, like Gecko; compatible; GPTBot/1.4; +https://openai.com/gptbot)"
74.7.227.164 - - [03/Sep/2026:13:10:51 +0000] "GET /vendor/aws/aws-sdk-php/src/data/frauddetector/2019-11-15/?C=M;O=A HTTP/1.1" 200 1154 "https://immovalet.com/vendor/aws/aws-sdk-php/src/data/frauddetector/2019-11-15/" "Mozilla/5.0 AppleWebKit/537.36 (KHTML, like Gecko; compatible; GPTBot/1.4; +https://openai.com/gptbot)"
74.7.227.164 - - [03/Sep/2026:13:10:53 +0000] "GET /vendor/aws/aws-sdk-php/src/data/directconnect/2012-10-25/?C=N;O=A HTTP/1.1" 200 1336 "https://immovalet.com/vendor/aws/aws-sdk-php/src/data/directconnect/2012-10-25/?C=S;O=A" "Mozilla/5.0 AppleWebKit/537.36 (KHTML, like Gecko; compatible; GPTBot/1.4; +https://openai.com/gptbot)"
74.7.227.164 - - [03/Sep/2026:13:10:54 +0000] "GET /vendor/aws/aws-sdk-php/src/data/frauddetector/2019-11-15/?C=D;O=A HTTP/1.1" 200 1154 "https://immovalet.com/vendor/aws/aws-sdk-php/src/data/frauddetector/2019-11-15/" "Mozilla/5.0 AppleWebKit/537.36 (KHTML, like Gecko; compatible; GPTBot/1.4; +https://openai.com/gptbot)"
74.7.227.164 - - [03/Sep/2026:13:10:54 +0000] "GET /vendor/aws/aws-sdk-php/src/data/resource-groups/2017-11-27/?C=N;O=D HTTP/1.1" 200 1160 "https://immovalet.com/vendor/aws/aws-sdk-php/src/data/resource-groups/2017-11-27/" "Mozilla/5.0 AppleWebKit/537.36 (KHTML, like Gecko; compatible; GPTBot/1.4; +https://openai.com/gptbot)"
74.7.227.164 - - [03/Sep/2026:13:10:56 +0000] "GET /vendor/aws/aws-sdk-php/src/data/secretsmanager/2017-10-17/?C=N;O=D HTTP/1.1" 200 1339 "https://immovalet.com/vendor/aws/aws-sdk-php/src/data/secretsmanager/2017-10-17/" "Mozilla/5.0 AppleWebKit/537.36 (KHTML, like Gecko; compatible; GPTBot/1.4; +https://openai.com/gptbot)"
74.7.227.164 - - [03/Sep/2026:13:10:56 +0000] "GET /vendor/aws/aws-sdk-php/src/data/mediapackage/2017-10-12/?C=D;O=A HTTP/1.1" 200 1151 "https://immovalet.com/vendor/aws/aws-sdk-php/src/data/mediapackage/2017-10-12/" "Mozilla/5.0 AppleWebKit/537.36 (KHTML, like Gecko; compatible; GPTBot/1.4; +https://openai.com/gptbot)"
74.7.227.164 - - [03/Sep/2026:13:10:57 +0000] "GET /vendor/aws/aws-sdk-php/src/data/autoscaling/2011-01-01/?C=S;O=A HTTP/1.1" 200 1516 "https://immovalet.com/vendor/aws/aws-sdk-php/src/data/autoscaling/2011-01-01/" "Mozilla/5.0 AppleWebKit/537.36 (KHTML, like Gecko; compatible; GPTBot/1.4; +https://openai.com/gptbot)"
74.7.227.164 - - [03/Sep/2026:13:10:57 +0000] "GET /vendor/aws/aws-sdk-php/src/data/mediapackage/2017-10-12/?C=S;O=D HTTP/1.1" 200 1151 "https://immovalet.com/vendor/aws/aws-sdk-php/src/data/mediapackage/2017-10-12/?C=S;O=A" "Mozilla/5.0 AppleWebKit/537.36 (KHTML, like Gecko; compatible; GPTBot/1.4; +https://openai.com/gptbot)"
74.7.227.164 - - [03/Sep/2026:13:10:58 +0000] "GET /vendor/aws/aws-sdk-php/src/data/secretsmanager/2017-10-17/?C=S;O=D HTTP/1.1" 200 1339 "https://immovalet.com/vendor/aws/aws-sdk-php/src/data/secretsmanager/2017-10-17/?C=S;O=A" "Mozilla/5.0 AppleWebKit/537.36 (KHTML, like Gecko; compatible; GPTBot/1.4; +https://openai.com/gptbot)"
74.7.227.164 - - [03/Sep/2026:13:11:01 +0000] "GET /vendor/aws/aws-sdk-php/src/data/cloudsearch/2013-01-01/?C=M;O=A HTTP/1.1" 200 1330 "https://immovalet.com/vendor/aws/aws-sdk-php/src/data/cloudsearch/2013-01-01/" "Mozilla/5.0 AppleWebKit/537.36 (KHTML, like Gecko; compatible; GPTBot/1.4; +https://openai.com/gptbot)"
74.7.227.164 - - [03/Sep/2026:13:11:03 +0000] "GET /vendor/aws/aws-sdk-php/src/data/autoscaling/2011-01-01/?C=S;O=D HTTP/1.1" 200 1516 "https://immovalet.com/vendor/aws/aws-sdk-php/src/data/autoscaling/2011-01-01/?C=S;O=A" "Mozilla/5.0 AppleWebKit/537.36 (KHTML, like Gecko; compatible; GPTBot/1.4; +https://openai.com/gptbot)"
74.7.227.164 - - [03/Sep/2026:13:11:03 +0000] "GET /vendor/aws/aws-sdk-php/src/data/autoscaling/2011-01-01/?C=N;O=A HTTP/1.1" 200 1516 "https://immovalet.com/vendor/aws/aws-sdk-php/src/data/autoscaling/2011-01-01/?C=S;O=A" "Mozilla/5.0 AppleWebKit/537.36 (KHTML, like Gecko; compatible; GPTBot/1.4; +https://openai.com/gptbot)"
74.7.227.164 - - [03/Sep/2026:13:11:04 +0000] "GET /vendor/aws/aws-sdk-php/src/data/elasticache/2015-02-02/?C=N;O=D HTTP/1.1" 200 1516 "https://immovalet.com/vendor/aws/aws-sdk-php/src/data/elasticache/2015-02-02/" "Mozilla/5.0 AppleWebKit/537.36 (KHTML, like Gecko; compatible; GPTBot/1.4; +https://openai.com/gptbot)"
74.7.227.164 - - [03/Sep/2026:13:11:05 +0000] "GET /vendor/aws/aws-sdk-php/src/data/storagegateway/2013-06-30/?C=N;O=D HTTP/1.1" 200 1157 "https://immovalet.com/vendor/aws/aws-sdk-php/src/data/storagegateway/2013-06-30/" "Mozilla/5.0 AppleWebKit/537.36 (KHTML, like Gecko; compatible; GPTBot/1.4; +https://openai.com/gptbot)"
57.141.4.7 - - [03/Sep/2026:13:11:06 +0000] "GET /platform/packages/menu/database/?C=D;O=A HTTP/1.1" 200 889 "-" "Mozilla/5.0 (Macintosh; Intel Mac OS X 10_15_7) AppleWebKit/537.36 (KHTML, like Gecko) Chrome/145.0.0.0 Safari/537.36 (compatible; meta-externalagent/1.1 (+https://developers.facebook.com/docs/sharing/webmasters/crawler))"
