74.7.227.164 - - [03/Sep/2026:14:45:38 +0000] "GET /vendor/aws/aws-sdk-php/src/DataSync/DataSyncClient.php HTTP/1.1" 500 - "https://immovalet.com/vendor/aws/aws-sdk-php/src/DataSync/?C=N;O=D" "Mozilla/5.0 AppleWebKit/537.36 (KHTML, like Gecko; compatible; GPTBot/1.4; +https://openai.com/gptbot)"
74.7.227.164 - - [03/Sep/2026:14:45:39 +0000] "GET /vendor/aws/aws-sdk-php/src/Endpoint/?C=N;O=A HTTP/1.1" 200 1679 "https://immovalet.com/vendor/aws/aws-sdk-php/src/Endpoint/?C=N;O=D" "Mozilla/5.0 AppleWebKit/537.36 (KHTML, like Gecko; compatible; GPTBot/1.4; +https://openai.com/gptbot)"
74.7.227.164 - - [03/Sep/2026:14:45:42 +0000] "GET /vendor/aws/aws-sdk-php/src/DataSync/?C=S;O=D HTTP/1.1" 200 1086 "https://immovalet.com/vendor/aws/aws-sdk-php/src/DataSync/?C=S;O=A" "Mozilla/5.0 AppleWebKit/537.36 (KHTML, like Gecko; compatible; GPTBot/1.4; +https://openai.com/gptbot)"
74.7.227.164 - - [03/Sep/2026:14:45:44 +0000] "GET /vendor/aws/aws-sdk-php/src/SSOAdmin/?C=S;O=A HTTP/1.1" 200 1086 "https://immovalet.com/vendor/aws/aws-sdk-php/src/SSOAdmin/" "Mozilla/5.0 AppleWebKit/537.36 (KHTML, like Gecko; compatible; GPTBot/1.4; +https://openai.com/gptbot)"
74.7.227.164 - - [03/Sep/2026:14:45:48 +0000] "GET /vendor/aws/aws-sdk-php/src/Endpoint/?C=S;O=A HTTP/1.1" 200 1679 "https://immovalet.com/vendor/aws/aws-sdk-php/src/Endpoint/" "Mozilla/5.0 AppleWebKit/537.36 (KHTML, like Gecko; compatible; GPTBot/1.4; +https://openai.com/gptbot)"
74.7.227.164 - - [03/Sep/2026:14:45:49 +0000] "GET /vendor/aws/aws-sdk-php/src/SnowBall/?C=S;O=A HTTP/1.1" 200 1086 "https://immovalet.com/vendor/aws/aws-sdk-php/src/SnowBall/" "Mozilla/5.0 AppleWebKit/537.36 (KHTML, like Gecko; compatible; GPTBot/1.4; +https://openai.com/gptbot)"
74.7.227.164 - - [03/Sep/2026:14:45:50 +0000] "GET /vendor/nesbot/carbon/src/Carbon/Lang/i18n.php HTTP/1.1" 200 - "https://immovalet.com/vendor/nesbot/carbon/src/Carbon/Lang/" "Mozilla/5.0 AppleWebKit/537.36 (KHTML, like Gecko; compatible; GPTBot/1.4; +https://openai.com/gptbot)"
74.7.227.164 - - [03/Sep/2026:14:45:50 +0000] "GET /vendor/stripe/stripe-php/lib/Exception/OAuth/InvalidScopeException.php HTTP/1.1" 500 - "https://immovalet.com/vendor/stripe/stripe-php/lib/Exception/OAuth/" "Mozilla/5.0 AppleWebKit/537.36 (KHTML, like Gecko; compatible; GPTBot/1.4; +https://openai.com/gptbot)"
74.7.227.164 - - [03/Sep/2026:14:45:51 +0000] "GET /vendor/stripe/stripe-php/lib/Exception/OAuth/InvalidGrantException.php HTTP/1.1" 500 - "https://immovalet.com/vendor/stripe/stripe-php/lib/Exception/OAuth/" "Mozilla/5.0 AppleWebKit/537.36 (KHTML, like Gecko; compatible; GPTBot/1.4; +https://openai.com/gptbot)"
74.7.227.164 - - [03/Sep/2026:14:45:59 +0000] "GET /vendor/aws/aws-sdk-php/src/Endpoint/?C=S;O=D HTTP/1.1" 200 1679 "https://immovalet.com/vendor/aws/aws-sdk-php/src/Endpoint/?C=S;O=A" "Mozilla/5.0 AppleWebKit/537.36 (KHTML, like Gecko; compatible; GPTBot/1.4; +https://openai.com/gptbot)"
74.7.227.164 - - [03/Sep/2026:14:46:00 +0000] "GET /platform/plugins/contact/src/?C=D;O=D HTTP/1.1" 200 2465 "https://immovalet.com/platform/plugins/contact/src/?C=D;O=A" "Mozilla/5.0 AppleWebKit/537.36 (KHTML, like Gecko; compatible; GPTBot/1.4; +https://openai.com/gptbot)"
74.7.227.164 - - [03/Sep/2026:14:46:03 +0000] "GET /vendor/nesbot/carbon/src/Carbon/Lang/pa_Arab.php HTTP/1.1" 200 - "https://immovalet.com/vendor/nesbot/carbon/src/Carbon/Lang/" "Mozilla/5.0 AppleWebKit/537.36 (KHTML, like Gecko; compatible; GPTBot/1.4; +https://openai.com/gptbot)"
74.7.227.164 - - [03/Sep/2026:14:46:05 +0000] "GET /vendor/nesbot/carbon/src/Carbon/Lang/az_Latn.php HTTP/1.1" 200 - "https://immovalet.com/vendor/nesbot/carbon/src/Carbon/Lang/" "Mozilla/5.0 AppleWebKit/537.36 (KHTML, like Gecko; compatible; GPTBot/1.4; +https://openai.com/gptbot)"
74.7.227.164 - - [03/Sep/2026:14:46:06 +0000] "GET /vendor/nesbot/carbon/src/Carbon/Lang/sr_Latn.php HTTP/1.1" 200 - "https://immovalet.com/vendor/nesbot/carbon/src/Carbon/Lang/" "Mozilla/5.0 AppleWebKit/537.36 (KHTML, like Gecko; compatible; GPTBot/1.4; +https://openai.com/gptbot)"
74.7.227.164 - - [03/Sep/2026:14:46:07 +0000] "GET /vendor/nesbot/carbon/src/Carbon/Lang/sr_Cyrl.php HTTP/1.1" 200 - "https://immovalet.com/vendor/nesbot/carbon/src/Carbon/Lang/" "Mozilla/5.0 AppleWebKit/537.36 (KHTML, like Gecko; compatible; GPTBot/1.4; +https://openai.com/gptbot)"
74.7.227.164 - - [03/Sep/2026:14:46:07 +0000] "GET /vendor/nesbot/carbon/src/Carbon/Lang/bs_Latn.php HTTP/1.1" 200 - "https://immovalet.com/vendor/nesbot/carbon/src/Carbon/Lang/" "Mozilla/5.0 AppleWebKit/537.36 (KHTML, like Gecko; compatible; GPTBot/1.4; +https://openai.com/gptbot)"
74.7.227.164 - - [03/Sep/2026:14:46:09 +0000] "GET /vendor/botble/platform/base/public/libraries/tinymce/plugins/emoticons/js/emojis.js HTTP/1.1" 200 262445 "https://immovalet.com/vendor/botble/platform/base/public/libraries/tinymce/plugins/emoticons/js/" "Mozilla/5.0 AppleWebKit/537.36 (KHTML, like Gecko; compatible; GPTBot/1.4; +https://openai.com/gptbot)"
74.7.227.164 - - [03/Sep/2026:14:46:10 +0000] "GET /vendor/botble/platform/base/public/images/ui/?C=N;O=D HTTP/1.1" 200 4796 "https://immovalet.com/vendor/botble/platform/base/public/images/ui/" "Mozilla/5.0 AppleWebKit/537.36 (KHTML, like Gecko; compatible; GPTBot/1.4; +https://openai.com/gptbot)"
74.7.227.164 - - [03/Sep/2026:14:46:11 +0000] "GET /vendor/botble/platform/base/public/images/ui/?C=S;O=A HTTP/1.1" 200 4796 "https://immovalet.com/vendor/botble/platform/base/public/images/ui/" "Mozilla/5.0 AppleWebKit/537.36 (KHTML, like Gecko; compatible; GPTBot/1.4; +https://openai.com/gptbot)"
74.7.227.164 - - [03/Sep/2026:14:46:12 +0000] "GET /vendor/botble/platform/base/public/images/ui/?C=M;O=A HTTP/1.1" 200 4796 "https://immovalet.com/vendor/botble/platform/base/public/images/ui/" "Mozilla/5.0 AppleWebKit/537.36 (KHTML, like Gecko; compatible; GPTBot/1.4; +https://openai.com/gptbot)"
74.7.227.164 - - [03/Sep/2026:14:46:13 +0000] "GET /vendor/botble/platform/base/public/images/flags/?C=S;O=A HTTP/1.1" 200 45498 "https://immovalet.com/vendor/botble/platform/base/public/images/flags/" "Mozilla/5.0 AppleWebKit/537.36 (KHTML, like Gecko; compatible; GPTBot/1.4; +https://openai.com/gptbot)"
74.7.227.164 - - [03/Sep/2026:14:46:14 +0000] "GET /vendor/botble/platform/base/public/images/ui/?C=D;O=A HTTP/1.1" 200 4796 "https://immovalet.com/vendor/botble/platform/base/public/images/ui/" "Mozilla/5.0 AppleWebKit/537.36 (KHTML, like Gecko; compatible; GPTBot/1.4; +https://openai.com/gptbot)"
74.7.227.164 - - [03/Sep/2026:14:46:15 +0000] "GET /vendor/botble/platform/base/public/images/flags/?C=M;O=A HTTP/1.1" 200 45498 "https://immovalet.com/vendor/botble/platform/base/public/images/flags/" "Mozilla/5.0 AppleWebKit/537.36 (KHTML, like Gecko; compatible; GPTBot/1.4; +https://openai.com/gptbot)"
74.7.227.164 - - [03/Sep/2026:14:46:17 +0000] "GET /vendor/botble/platform/base/public/images/ui/?C=N;O=A HTTP/1.1" 200 4796 "https://immovalet.com/vendor/botble/platform/base/public/images/ui/?C=N;O=D" "Mozilla/5.0 AppleWebKit/537.36 (KHTML, like Gecko; compatible; GPTBot/1.4; +https://openai.com/gptbot)"
74.7.227.164 - - [03/Sep/2026:14:46:18 +0000] "GET /vendor/botble/platform/base/public/images/ui/?C=S;O=D HTTP/1.1" 200 4796 "https://immovalet.com/vendor/botble/platform/base/public/images/ui/?C=S;O=A" "Mozilla/5.0 AppleWebKit/537.36 (KHTML, like Gecko; compatible; GPTBot/1.4; +https://openai.com/gptbot)"
74.7.227.164 - - [03/Sep/2026:14:46:19 +0000] "GET /vendor/botble/platform/base/public/images/flags/?C=D;O=A HTTP/1.1" 200 45498 "https://immovalet.com/vendor/botble/platform/base/public/images/flags/" "Mozilla/5.0 AppleWebKit/537.36 (KHTML, like Gecko; compatible; GPTBot/1.4; +https://openai.com/gptbot)"
74.7.227.164 - - [03/Sep/2026:14:46:19 +0000] "GET /vendor/botble/platform/base/public/images/flags/?C=S;O=D HTTP/1.1" 200 45498 "https://immovalet.com/vendor/botble/platform/base/public/images/flags/?C=S;O=A" "Mozilla/5.0 AppleWebKit/537.36 (KHTML, like Gecko; compatible; GPTBot/1.4; +https://openai.com/gptbot)"
74.7.227.164 - - [03/Sep/2026:14:46:20 +0000] "GET /vendor/botble/platform/base/public/images/flags/?C=N;O=A HTTP/1.1" 200 45498 "https://immovalet.com/vendor/botble/platform/base/public/images/flags/?C=S;O=A" "Mozilla/5.0 AppleWebKit/537.36 (KHTML, like Gecko; compatible; GPTBot/1.4; +https://openai.com/gptbot)"
74.7.227.164 - - [03/Sep/2026:14:46:20 +0000] "GET /vendor/botble/platform/base/public/images/flags/?C=N;O=D HTTP/1.1" 200 45498 "https://immovalet.com/vendor/botble/platform/base/public/images/flags/" "Mozilla/5.0 AppleWebKit/537.36 (KHTML, like Gecko; compatible; GPTBot/1.4; +https://openai.com/gptbot)"
74.7.227.164 - - [03/Sep/2026:14:46:22 +0000] "GET /vendor/botble/theme/src/Http/Requests/CustomCssRequest.php HTTP/1.1" 500 - "https://immovalet.com/vendor/botble/theme/src/Http/Requests/" "Mozilla/5.0 AppleWebKit/537.36 (KHTML, like Gecko; compatible; GPTBot/1.4; +https://openai.com/gptbot)"
57.141.4.32 - - [03/Sep/2026:14:46:24 +0000] "GET /vendor/symfony/mime/Encoder/?C=N;O=A HTTP/1.1" 200 3194 "-" "Mozilla/5.0 (Windows NT 10.0; Win64; x64) AppleWebKit/537.36 (KHTML, like Gecko) Chrome/145.0.0.0 Safari/537.36 (compatible; meta-externalagent/1.1 (+https://developers.facebook.com/docs/sharing/webmasters/crawler))"
57.141.4.46 - - [03/Sep/2026:14:46:24 +0000] "GET /vendor/paragonie/constant_time_encoding/tests/ HTTP/1.1" 200 2429 "-" "Mozilla/5.0 (Macintosh; Intel Mac OS X 10_15_7) AppleWebKit/537.36 (KHTML, like Gecko) Chrome/145.0.0.0 Safari/537.36 (compatible; meta-externalagent/1.1 (+https://developers.facebook.com/docs/sharing/webmasters/crawler))"
74.7.227.164 - - [03/Sep/2026:14:46:24 +0000] "GET /platform/core/acl/src/Http/Requests/CreateUserRequest.php HTTP/1.1" 500 - "https://immovalet.com/platform/core/acl/src/Http/Requests/" "Mozilla/5.0 AppleWebKit/537.36 (KHTML, like Gecko; compatible; GPTBot/1.4; +https://openai.com/gptbot)"
74.7.227.164 - - [03/Sep/2026:14:46:32 +0000] "GET /vendor/mollie/mollie-api-php/examples/orders/update-order-line.php HTTP/1.1" 200 861 "https://immovalet.com/vendor/mollie/mollie-api-php/examples/orders/" "Mozilla/5.0 AppleWebKit/537.36 (KHTML, like Gecko; compatible; GPTBot/1.4; +https://openai.com/gptbot)"
74.7.227.164 - - [03/Sep/2026:14:46:35 +0000] "GET /platform/plugins/backup/resources/assets/js/?C=S;O=A HTTP/1.1" 200 929 "https://immovalet.com/platform/plugins/backup/resources/assets/js/" "Mozilla/5.0 AppleWebKit/537.36 (KHTML, like Gecko; compatible; GPTBot/1.4; +https://openai.com/gptbot)"
57.141.4.35 - - [03/Sep/2026:14:46:36 +0000] "GET /vendor/dompdf/dompdf/src/FrameDecorator/NullFrameDecorator.php HTTP/1.1" 500 - "-" "Mozilla/5.0 (Windows NT 10.0; Win64; x64) AppleWebKit/537.36 (KHTML, like Gecko) Chrome/145.0.0.0 Safari/537.36 (compatible; meta-externalagent/1.1 (+https://developers.facebook.com/docs/sharing/webmasters/crawler))"
74.7.227.164 - - [03/Sep/2026:14:46:39 +0000] "GET /platform/core/acl/src/Http/Requests/RoleCreateRequest.php HTTP/1.1" 500 - "https://immovalet.com/platform/core/acl/src/Http/Requests/" "Mozilla/5.0 AppleWebKit/537.36 (KHTML, like Gecko; compatible; GPTBot/1.4; +https://openai.com/gptbot)"
57.141.4.25 - - [03/Sep/2026:14:46:42 +0000] "GET /platform/plugins/paystack/?C=N;O=A HTTP/1.1" 200 2110 "-" "Mozilla/5.0 (Macintosh; Intel Mac OS X 10_15_7) AppleWebKit/537.36 (KHTML, like Gecko) Chrome/145.0.0.0 Safari/537.36 (compatible; meta-externalagent/1.1 (+https://developers.facebook.com/docs/sharing/webmasters/crawler))"
74.7.227.164 - - [03/Sep/2026:14:46:47 +0000] "GET /vendor/botble/seo-helper/src/Entities/Twitter/?C=D;O=A HTTP/1.1" 200 1115 "https://immovalet.com/vendor/botble/seo-helper/src/Entities/Twitter/" "Mozilla/5.0 AppleWebKit/537.36 (KHTML, like Gecko; compatible; GPTBot/1.4; +https://openai.com/gptbot)"
74.7.227.164 - - [03/Sep/2026:14:46:48 +0000] "GET /resources/lang/vendor/packages/seo-helper/vi/?C=N;O=D HTTP/1.1" 200 937 "https://immovalet.com/resources/lang/vendor/packages/seo-helper/vi/" "Mozilla/5.0 AppleWebKit/537.36 (KHTML, like Gecko; compatible; GPTBot/1.4; +https://openai.com/gptbot)"
74.7.227.164 - - [03/Sep/2026:14:46:50 +0000] "GET /platform/plugins/backup/resources/assets/js/?C=D;O=A HTTP/1.1" 200 929 "https://immovalet.com/platform/plugins/backup/resources/assets/js/" "Mozilla/5.0 AppleWebKit/537.36 (KHTML, like Gecko; compatible; GPTBot/1.4; +https://openai.com/gptbot)"
74.7.227.164 - - [03/Sep/2026:14:46:50 +0000] "GET /platform/plugins/backup/resources/assets/js/?C=N;O=D HTTP/1.1" 200 929 "https://immovalet.com/platform/plugins/backup/resources/assets/js/" "Mozilla/5.0 AppleWebKit/537.36 (KHTML, like Gecko; compatible; GPTBot/1.4; +https://openai.com/gptbot)"
74.7.227.164 - - [03/Sep/2026:14:46:51 +0000] "GET /platform/plugins/ecommerce/src/Forms/Fields/?C=S;O=A HTTP/1.1" 200 938 "https://immovalet.com/platform/plugins/ecommerce/src/Forms/Fields/" "Mozilla/5.0 AppleWebKit/537.36 (KHTML, like Gecko; compatible; GPTBot/1.4; +https://openai.com/gptbot)"
74.7.227.164 - - [03/Sep/2026:14:47:16 +0000] "GET /platform/themes/shopwise/src/Http/Resources/?C=S;O=A HTTP/1.1" 200 1689 "https://immovalet.com/platform/themes/shopwise/src/Http/Resources/" "Mozilla/5.0 AppleWebKit/537.36 (KHTML, like Gecko; compatible; GPTBot/1.4; +https://openai.com/gptbot)"
57.141.4.31 - - [03/Sep/2026:14:47:20 +0000] "GET /vendor/botble/sitemap/config/?C=S;O=D HTTP/1.1" 200 881 "-" "Mozilla/5.0 (Windows NT 10.0; Win64; x64) AppleWebKit/537.36 (KHTML, like Gecko) Chrome/145.0.0.0 Safari/537.36 (compatible; meta-externalagent/1.1 (+https://developers.facebook.com/docs/sharing/webmasters/crawler))"
57.141.4.33 - - [03/Sep/2026:14:47:21 +0000] "GET /platform/plugins/razorpay/resources/?C=M;O=A HTTP/1.1" 200 895 "-" "Mozilla/5.0 (Macintosh; Intel Mac OS X 10_15_7) AppleWebKit/537.36 (KHTML, like Gecko) Chrome/145.0.0.0 Safari/537.36 (compatible; meta-externalagent/1.1 (+https://developers.facebook.com/docs/sharing/webmasters/crawler))"
74.7.227.164 - - [03/Sep/2026:14:47:23 +0000] "GET /platform/core/js-validation/resources/assets/js/?C=M;O=A HTTP/1.1" 200 2035 "https://immovalet.com/platform/core/js-validation/resources/assets/js/" "Mozilla/5.0 AppleWebKit/537.36 (KHTML, like Gecko; compatible; GPTBot/1.4; +https://openai.com/gptbot)"
57.141.4.36 - - [03/Sep/2026:14:47:33 +0000] "GET /vendor/dompdf/dompdf/src/FrameDecorator/Text.php HTTP/1.1" 500 - "-" "Mozilla/5.0 (X11; Linux x86_64) AppleWebKit/537.36 (KHTML, like Gecko) Chrome/145.0.0.0 Safari/537.36 (compatible; meta-externalagent/1.1 (+https://developers.facebook.com/docs/sharing/webmasters/crawler))"
74.7.227.164 - - [03/Sep/2026:14:47:42 +0000] "GET /platform/themes/shopwise/src/Http/Resources/?C=N;O=D HTTP/1.1" 200 1689 "https://immovalet.com/platform/themes/shopwise/src/Http/Resources/" "Mozilla/5.0 AppleWebKit/537.36 (KHTML, like Gecko; compatible; GPTBot/1.4; +https://openai.com/gptbot)"
74.7.227.164 - - [03/Sep/2026:14:47:43 +0000] "GET /platform/core/js-validation/resources/assets/js/?C=N;O=D HTTP/1.1" 200 2035 "https://immovalet.com/platform/core/js-validation/resources/assets/js/" "Mozilla/5.0 AppleWebKit/537.36 (KHTML, like Gecko; compatible; GPTBot/1.4; +https://openai.com/gptbot)"
74.7.227.164 - - [03/Sep/2026:14:47:46 +0000] "GET /platform/themes/shopwise/src/Http/Resources/?C=D;O=A HTTP/1.1" 200 1689 "https://immovalet.com/platform/themes/shopwise/src/Http/Resources/" "Mozilla/5.0 AppleWebKit/537.36 (KHTML, like Gecko; compatible; GPTBot/1.4; +https://openai.com/gptbot)"
74.7.227.164 - - [03/Sep/2026:14:47:47 +0000] "GET /platform/plugins/ecommerce/src/Forms/Fields/?C=D;O=A HTTP/1.1" 200 938 "https://immovalet.com/platform/plugins/ecommerce/src/Forms/Fields/" "Mozilla/5.0 AppleWebKit/537.36 (KHTML, like Gecko; compatible; GPTBot/1.4; +https://openai.com/gptbot)"
74.7.227.164 - - [03/Sep/2026:14:47:48 +0000] "GET /platform/themes/shopwise/src/Http/Resources/ProductCategoryResource.php HTTP/1.1" 500 - "https://immovalet.com/platform/themes/shopwise/src/Http/Resources/?C=S;O=A" "Mozilla/5.0 AppleWebKit/537.36 (KHTML, like Gecko; compatible; GPTBot/1.4; +https://openai.com/gptbot)"
74.7.227.164 - - [03/Sep/2026:14:47:48 +0000] "GET /platform/themes/shopwise/src/Http/Resources/TestimonialResource.php HTTP/1.1" 500 - "https://immovalet.com/platform/themes/shopwise/src/Http/Resources/?C=S;O=A" "Mozilla/5.0 AppleWebKit/537.36 (KHTML, like Gecko; compatible; GPTBot/1.4; +https://openai.com/gptbot)"
74.7.227.164 - - [03/Sep/2026:14:47:49 +0000] "GET /platform/themes/shopwise/src/Http/Resources/BrandResource.php HTTP/1.1" 500 - "https://immovalet.com/platform/themes/shopwise/src/Http/Resources/?C=S;O=A" "Mozilla/5.0 AppleWebKit/537.36 (KHTML, like Gecko; compatible; GPTBot/1.4; +https://openai.com/gptbot)"
74.7.227.164 - - [03/Sep/2026:14:47:50 +0000] "GET /platform/themes/shopwise/src/Http/Resources/ReviewResource.php HTTP/1.1" 500 - "https://immovalet.com/platform/themes/shopwise/src/Http/Resources/?C=S;O=A" "Mozilla/5.0 AppleWebKit/537.36 (KHTML, like Gecko; compatible; GPTBot/1.4; +https://openai.com/gptbot)"
74.7.227.164 - - [03/Sep/2026:14:47:52 +0000] "GET /platform/themes/shopwise/src/Http/Resources/PostResource.php HTTP/1.1" 500 - "https://immovalet.com/platform/themes/shopwise/src/Http/Resources/?C=S;O=A" "Mozilla/5.0 AppleWebKit/537.36 (KHTML, like Gecko; compatible; GPTBot/1.4; +https://openai.com/gptbot)"
57.141.4.51 - - [03/Sep/2026:14:47:54 +0000] "GET /platform/core/js-validation/src/?C=N;O=D HTTP/1.1" 200 2169 "-" "Mozilla/5.0 (Windows NT 10.0; Win64; x64) AppleWebKit/537.36 (KHTML, like Gecko) Chrome/145.0.0.0 Safari/537.36 (compatible; meta-externalagent/1.1 (+https://developers.facebook.com/docs/sharing/webmasters/crawler))"
57.141.4.4 - - [03/Sep/2026:14:47:55 +0000] "GET /storage/framework/views/92204f38c4d153e7f71b49bb272623fa6fd323d8.php HTTP/1.1" 200 58 "-" "Mozilla/5.0 (Windows NT 10.0; Win64; x64) AppleWebKit/537.36 (KHTML, like Gecko) Chrome/145.0.0.0 Safari/537.36 (compatible; meta-externalagent/1.1 (+https://developers.facebook.com/docs/sharing/webmasters/crawler))"
57.141.4.72 - - [03/Sep/2026:14:47:57 +0000] "GET /vendor/aws/aws-sdk-php/src/Personalize/?C=M;O=A HTTP/1.1" 200 1095 "-" "Mozilla/5.0 (Macintosh; Intel Mac OS X 10_15_7) AppleWebKit/537.36 (KHTML, like Gecko) Chrome/145.0.0.0 Safari/537.36 (compatible; meta-externalagent/1.1 (+https://developers.facebook.com/docs/sharing/webmasters/crawler))"
74.7.227.164 - - [03/Sep/2026:14:48:00 +0000] "GET /platform/plugins/ecommerce/src/Forms/Fields/?C=N;O=D HTTP/1.1" 200 938 "https://immovalet.com/platform/plugins/ecommerce/src/Forms/Fields/" "Mozilla/5.0 AppleWebKit/537.36 (KHTML, like Gecko; compatible; GPTBot/1.4; +https://openai.com/gptbot)"
74.7.227.164 - - [03/Sep/2026:14:48:03 +0000] "GET /platform/core/js-validation/resources/assets/js/?C=N;O=A HTTP/1.1" 200 2035 "https://immovalet.com/platform/core/js-validation/resources/assets/js/?C=N;O=D" "Mozilla/5.0 AppleWebKit/537.36 (KHTML, like Gecko; compatible; GPTBot/1.4; +https://openai.com/gptbot)"
74.7.227.164 - - [03/Sep/2026:14:48:14 +0000] "GET /platform/themes/shopwise/src/Http/Resources/?C=M;O=A HTTP/1.1" 200 1689 "https://immovalet.com/platform/themes/shopwise/src/Http/Resources/" "Mozilla/5.0 AppleWebKit/537.36 (KHTML, like Gecko; compatible; GPTBot/1.4; +https://openai.com/gptbot)"
74.7.227.164 - - [03/Sep/2026:14:48:15 +0000] "GET /resources/lang/vendor/packages/seo-helper/vi/?C=M;O=A HTTP/1.1" 200 937 "https://immovalet.com/resources/lang/vendor/packages/seo-helper/vi/" "Mozilla/5.0 AppleWebKit/537.36 (KHTML, like Gecko; compatible; GPTBot/1.4; +https://openai.com/gptbot)"
74.7.227.164 - - [03/Sep/2026:14:48:16 +0000] "GET /platform/core/js-validation/resources/assets/js/?C=D;O=A HTTP/1.1" 200 2035 "https://immovalet.com/platform/core/js-validation/resources/assets/js/" "Mozilla/5.0 AppleWebKit/537.36 (KHTML, like Gecko; compatible; GPTBot/1.4; +https://openai.com/gptbot)"
74.7.227.164 - - [03/Sep/2026:14:48:16 +0000] "GET /resources/lang/vendor/packages/seo-helper/vi/?C=S;O=A HTTP/1.1" 200 937 "https://immovalet.com/resources/lang/vendor/packages/seo-helper/vi/" "Mozilla/5.0 AppleWebKit/537.36 (KHTML, like Gecko; compatible; GPTBot/1.4; +https://openai.com/gptbot)"
57.141.4.15 - - [03/Sep/2026:14:48:17 +0000] "GET /storage/debugbar/Xde02ece1ee81332dd77e8dde1b6eb1d5.json HTTP/1.1" 200 49161 "-" "Mozilla/5.0 (Windows NT 10.0; Win64; x64) AppleWebKit/537.36 (KHTML, like Gecko) Chrome/145.0.0.0 Safari/537.36 (compatible; meta-externalagent/1.1 (+https://developers.facebook.com/docs/sharing/webmasters/crawler))"
74.7.227.164 - - [03/Sep/2026:14:48:17 +0000] "GET /platform/core/js-validation/resources/assets/js/?C=S;O=A HTTP/1.1" 200 2035 "https://immovalet.com/platform/core/js-validation/resources/assets/js/" "Mozilla/5.0 AppleWebKit/537.36 (KHTML, like Gecko; compatible; GPTBot/1.4; +https://openai.com/gptbot)"
74.7.227.164 - - [03/Sep/2026:14:48:17 +0000] "GET /platform/themes/shopwise/src/Http/Resources/?C=N;O=A HTTP/1.1" 200 1689 "https://immovalet.com/platform/themes/shopwise/src/Http/Resources/?C=S;O=A" "Mozilla/5.0 AppleWebKit/537.36 (KHTML, like Gecko; compatible; GPTBot/1.4; +https://openai.com/gptbot)"
57.141.4.43 - - [03/Sep/2026:14:48:18 +0000] "GET /vendor/dompdf/dompdf/src/Positioner/Block.php HTTP/1.1" 500 - "-" "Mozilla/5.0 (Windows NT 10.0; Win64; x64) AppleWebKit/537.36 (KHTML, like Gecko) Chrome/145.0.0.0 Safari/537.36 Edg/145.0.0.0 (compatible; meta-externalagent/1.1 (+https://developers.facebook.com/docs/sharing/webmasters/crawler))"
74.7.227.164 - - [03/Sep/2026:14:48:18 +0000] "GET /platform/plugins/ecommerce/src/Forms/Fields/?C=M;O=A HTTP/1.1" 200 938 "https://immovalet.com/platform/plugins/ecommerce/src/Forms/Fields/" "Mozilla/5.0 AppleWebKit/537.36 (KHTML, like Gecko; compatible; GPTBot/1.4; +https://openai.com/gptbot)"
74.7.227.164 - - [03/Sep/2026:14:48:19 +0000] "GET /vendor/botble/seo-helper/src/Entities/Twitter/?C=N;O=D HTTP/1.1" 200 1115 "https://immovalet.com/vendor/botble/seo-helper/src/Entities/Twitter/" "Mozilla/5.0 AppleWebKit/537.36 (KHTML, like Gecko; compatible; GPTBot/1.4; +https://openai.com/gptbot)"
74.7.227.164 - - [03/Sep/2026:14:48:19 +0000] "GET /platform/plugins/backup/resources/assets/js/?C=M;O=A HTTP/1.1" 200 929 "https://immovalet.com/platform/plugins/backup/resources/assets/js/" "Mozilla/5.0 AppleWebKit/537.36 (KHTML, like Gecko; compatible; GPTBot/1.4; +https://openai.com/gptbot)"
74.7.227.164 - - [03/Sep/2026:14:48:20 +0000] "GET /platform/themes/shopwise/src/Http/Resources/?C=M;O=D HTTP/1.1" 200 1689 "https://immovalet.com/platform/themes/shopwise/src/Http/Resources/?C=M;O=A" "Mozilla/5.0 AppleWebKit/537.36 (KHTML, like Gecko; compatible; GPTBot/1.4; +https://openai.com/gptbot)"
57.141.4.49 - - [03/Sep/2026:14:48:21 +0000] "GET /platform/core/support/ HTTP/1.1" 200 1029 "-" "Mozilla/5.0 (Windows NT 10.0; Win64; x64) AppleWebKit/537.36 (KHTML, like Gecko) Chrome/145.0.0.0 Safari/537.36 (compatible; meta-externalagent/1.1 (+https://developers.facebook.com/docs/sharing/webmasters/crawler))"
216.73.216.242 - - [03/Sep/2026:14:48:22 +0000] "GET /vendor/laravel/framework/src/Illuminate/Foundation/Console/ConsoleMakeCommand.php HTTP/1.1" 500 - "-" "Mozilla/5.0 AppleWebKit/537.36 (KHTML, like Gecko; compatible; ClaudeBot/1.0; +claudebot@anthropic.com)"
216.73.216.242 - - [03/Sep/2026:14:48:22 +0000] "GET /vendor/laravel/framework/src/Illuminate/Foundation/Console/EnvironmentCommand.php HTTP/1.1" 500 - "-" "Mozilla/5.0 AppleWebKit/537.36 (KHTML, like Gecko; compatible; ClaudeBot/1.0; +claudebot@anthropic.com)"
216.73.216.242 - - [03/Sep/2026:14:48:22 +0000] "GET /vendor/google/apiclient-services/src/Analytics/UserDeletionRequestId.php HTTP/1.1" 500 - "-" "Mozilla/5.0 AppleWebKit/537.36 (KHTML, like Gecko; compatible; ClaudeBot/1.0; +claudebot@anthropic.com)"
216.73.216.242 - - [03/Sep/2026:14:48:22 +0000] "GET /vendor/laravel/framework/src/Illuminate/Foundation/Console/ProviderMakeCommand.php HTTP/1.1" 500 - "-" "Mozilla/5.0 AppleWebKit/537.36 (KHTML, like Gecko; compatible; ClaudeBot/1.0; +claudebot@anthropic.com)"
216.73.216.242 - - [03/Sep/2026:14:48:22 +0000] "GET /vendor/google/apiclient-services/src/Analytics/Resource/ManagementWebPropertyAdWordsLinks.php HTTP/1.1" 500 - "-" "Mozilla/5.0 AppleWebKit/537.36 (KHTML, like Gecko; compatible; ClaudeBot/1.0; +claudebot@anthropic.com)"
216.73.216.242 - - [03/Sep/2026:14:48:22 +0000] "GET /vendor/laravel/framework/src/Illuminate/Foundation/Console/RequestMakeCommand.php HTTP/1.1" 500 - "-" "Mozilla/5.0 AppleWebKit/537.36 (KHTML, like Gecko; compatible; ClaudeBot/1.0; +claudebot@anthropic.com)"
216.73.216.242 - - [03/Sep/2026:14:48:23 +0000] "GET /vendor/mollie/mollie-api-php/src/Endpoints/OrganizationEndpoint.php HTTP/1.1" 500 - "-" "Mozilla/5.0 AppleWebKit/537.36 (KHTML, like Gecko; compatible; ClaudeBot/1.0; +claudebot@anthropic.com)"
216.73.216.242 - - [03/Sep/2026:14:48:23 +0000] "GET /vendor/laravel/framework/src/Illuminate/Foundation/Console/EventListCommand.php HTTP/1.1" 500 - "-" "Mozilla/5.0 AppleWebKit/537.36 (KHTML, like Gecko; compatible; ClaudeBot/1.0; +claudebot@anthropic.com)"
74.7.227.164 - - [03/Sep/2026:14:48:23 +0000] "GET /platform/core/js-validation/resources/assets/js/?C=S;O=D HTTP/1.1" 200 2035 "https://immovalet.com/platform/core/js-validation/resources/assets/js/?C=S;O=A" "Mozilla/5.0 AppleWebKit/537.36 (KHTML, like Gecko; compatible; GPTBot/1.4; +https://openai.com/gptbot)"
216.73.216.242 - - [03/Sep/2026:14:48:23 +0000] "GET /vendor/mollie/mollie-api-php/src/Endpoints/WalletEndpoint.php HTTP/1.1" 500 - "-" "Mozilla/5.0 AppleWebKit/537.36 (KHTML, like Gecko; compatible; ClaudeBot/1.0; +claudebot@anthropic.com)"
216.73.216.242 - - [03/Sep/2026:14:48:23 +0000] "GET /vendor/laravel/framework/src/Illuminate/Foundation/Console/ChannelMakeCommand.php HTTP/1.1" 500 - "-" "Mozilla/5.0 AppleWebKit/537.36 (KHTML, like Gecko; compatible; ClaudeBot/1.0; +claudebot@anthropic.com)"
216.73.216.242 - - [03/Sep/2026:14:48:23 +0000] "GET /vendor/laravel/framework/src/Illuminate/Foundation/Console/EventMakeCommand.php HTTP/1.1" 500 - "-" "Mozilla/5.0 AppleWebKit/537.36 (KHTML, like Gecko; compatible; ClaudeBot/1.0; +claudebot@anthropic.com)"
216.73.216.242 - - [03/Sep/2026:14:48:23 +0000] "GET /vendor/laravel/framework/src/Illuminate/Foundation/Console/EventGenerateCommand.php HTTP/1.1" 500 - "-" "Mozilla/5.0 AppleWebKit/537.36 (KHTML, like Gecko; compatible; ClaudeBot/1.0; +claudebot@anthropic.com)"
74.7.227.164 - - [03/Sep/2026:14:48:24 +0000] "GET /platform/themes/shopwise/src/Http/Resources/?C=S;O=D HTTP/1.1" 200 1689 "https://immovalet.com/platform/themes/shopwise/src/Http/Resources/?C=S;O=A" "Mozilla/5.0 AppleWebKit/537.36 (KHTML, like Gecko; compatible; GPTBot/1.4; +https://openai.com/gptbot)"
57.141.4.19 - - [03/Sep/2026:14:48:25 +0000] "GET /vendor/psr/simple-cache/src/CacheException.php HTTP/1.1" 200 - "-" "Mozilla/5.0 (Macintosh; Intel Mac OS X 10.15; rv:147.0) Gecko/20100101 Firefox/147.0 (compatible; meta-externalagent/1.1 (+https://developers.facebook.com/docs/sharing/webmasters/crawler))"
74.7.227.164 - - [03/Sep/2026:14:48:25 +0000] "GET /vendor/botble/seo-helper/src/Entities/Twitter/MetaCollection.php HTTP/1.1" 500 - "https://immovalet.com/vendor/botble/seo-helper/src/Entities/Twitter/?C=N;O=D" "Mozilla/5.0 AppleWebKit/537.36 (KHTML, like Gecko; compatible; GPTBot/1.4; +https://openai.com/gptbot)"
74.7.227.164 - - [03/Sep/2026:14:48:25 +0000] "GET /vendor/botble/seo-helper/src/Entities/Twitter/Card.php HTTP/1.1" 500 - "https://immovalet.com/vendor/botble/seo-helper/src/Entities/Twitter/?C=N;O=D" "Mozilla/5.0 AppleWebKit/537.36 (KHTML, like Gecko; compatible; GPTBot/1.4; +https://openai.com/gptbot)"
74.7.227.164 - - [03/Sep/2026:14:48:26 +0000] "GET /vendor/botble/seo-helper/src/Entities/Twitter/?C=N;O=A HTTP/1.1" 200 1115 "https://immovalet.com/vendor/botble/seo-helper/src/Entities/Twitter/?C=N;O=D" "Mozilla/5.0 AppleWebKit/537.36 (KHTML, like Gecko; compatible; GPTBot/1.4; +https://openai.com/gptbot)"
57.141.4.51 - - [03/Sep/2026:14:48:27 +0000] "GET /vendor/mollie/mollie-api-php/src/Endpoints/ HTTP/1.1" 200 6103 "-" "Mozilla/5.0 (Windows NT 10.0; Win64; x64) AppleWebKit/537.36 (KHTML, like Gecko) Chrome/145.0.0.0 Safari/537.36 (compatible; meta-externalagent/1.1 (+https://developers.facebook.com/docs/sharing/webmasters/crawler))"
74.7.227.164 - - [03/Sep/2026:14:48:27 +0000] "GET /resources/lang/vendor/packages/seo-helper/vi/?C=D;O=A HTTP/1.1" 200 937 "https://immovalet.com/resources/lang/vendor/packages/seo-helper/vi/" "Mozilla/5.0 AppleWebKit/537.36 (KHTML, like Gecko; compatible; GPTBot/1.4; +https://openai.com/gptbot)"
216.73.216.242 - - [03/Sep/2026:14:48:28 +0000] "GET /vendor/google/apiclient-services/src/Analytics/McfDataProfileInfo.php HTTP/1.1" 500 - "-" "Mozilla/5.0 AppleWebKit/537.36 (KHTML, like Gecko; compatible; ClaudeBot/1.0; +claudebot@anthropic.com)"
74.7.227.164 - - [03/Sep/2026:14:48:29 +0000] "GET /vendor/botble/seo-helper/src/Entities/Twitter/?C=S;O=A HTTP/1.1" 200 1115 "https://immovalet.com/vendor/botble/seo-helper/src/Entities/Twitter/" "Mozilla/5.0 AppleWebKit/537.36 (KHTML, like Gecko; compatible; GPTBot/1.4; +https://openai.com/gptbot)"
74.7.227.164 - - [03/Sep/2026:14:48:31 +0000] "GET /vendor/botble/seo-helper/src/Entities/Twitter/?C=M;O=A HTTP/1.1" 200 1115 "https://immovalet.com/vendor/botble/seo-helper/src/Entities/Twitter/" "Mozilla/5.0 AppleWebKit/537.36 (KHTML, like Gecko; compatible; GPTBot/1.4; +https://openai.com/gptbot)"
74.7.227.164 - - [03/Sep/2026:14:48:32 +0000] "GET /vendor/intervention/image/src/Intervention/Image/Imagick/Commands/ResizeCanvasCommand.php HTTP/1.1" 500 - "https://immovalet.com/vendor/intervention/image/src/Intervention/Image/Imagick/Commands/" "Mozilla/5.0 AppleWebKit/537.36 (KHTML, like Gecko; compatible; GPTBot/1.4; +https://openai.com/gptbot)"
57.141.4.8 - - [03/Sep/2026:14:48:33 +0000] "GET /vendor/stripe/stripe-php/lib/ApiRequestor.php HTTP/1.1" 200 - "-" "Mozilla/5.0 (Windows NT 10.0; Win64; x64) AppleWebKit/537.36 (KHTML, like Gecko) Chrome/145.0.0.0 Safari/537.36 (compatible; meta-externalagent/1.1 (+https://developers.facebook.com/docs/sharing/webmasters/crawler))"
74.7.227.164 - - [03/Sep/2026:14:48:34 +0000] "GET /vendor/intervention/image/src/Intervention/Image/Imagick/Commands/PickColorCommand.php HTTP/1.1" 500 - "https://immovalet.com/vendor/intervention/image/src/Intervention/Image/Imagick/Commands/" "Mozilla/5.0 AppleWebKit/537.36 (KHTML, like Gecko; compatible; GPTBot/1.4; +https://openai.com/gptbot)"
74.7.227.164 - - [03/Sep/2026:14:48:36 +0000] "GET /vendor/botble/seo-helper/src/Entities/Twitter/?C=S;O=D HTTP/1.1" 200 1115 "https://immovalet.com/vendor/botble/seo-helper/src/Entities/Twitter/?C=S;O=A" "Mozilla/5.0 AppleWebKit/537.36 (KHTML, like Gecko; compatible; GPTBot/1.4; +https://openai.com/gptbot)"
74.7.227.164 - - [03/Sep/2026:14:48:40 +0000] "GET /vendor/intervention/image/src/Intervention/Image/Imagick/Commands/ColorizeCommand.php HTTP/1.1" 500 - "https://immovalet.com/vendor/intervention/image/src/Intervention/Image/Imagick/Commands/" "Mozilla/5.0 AppleWebKit/537.36 (KHTML, like Gecko; compatible; GPTBot/1.4; +https://openai.com/gptbot)"
74.7.227.164 - - [03/Sep/2026:14:48:43 +0000] "GET /vendor/intervention/image/src/Intervention/Image/Imagick/Commands/BrightnessCommand.php HTTP/1.1" 500 - "https://immovalet.com/vendor/intervention/image/src/Intervention/Image/Imagick/Commands/" "Mozilla/5.0 AppleWebKit/537.36 (KHTML, like Gecko; compatible; GPTBot/1.4; +https://openai.com/gptbot)"
74.7.242.43 - - [03/Sep/2026:14:48:46 +0000] "GET /vendor/aws/aws-sdk-php/src/data/codestar-connections/?C=M;O=D HTTP/1.1" 200 940 "https://www.immovalet.techbala.com/vendor/aws/aws-sdk-php/src/data/codestar-connections/?C=M;O=A" "Mozilla/5.0 AppleWebKit/537.36 (KHTML, like Gecko; compatible; GPTBot/1.4; +https://openai.com/gptbot)"
57.141.4.73 - - [03/Sep/2026:14:48:47 +0000] "GET /vendor/phpseclib/phpseclib/phpseclib/Common/ HTTP/1.1" 200 926 "-" "Mozilla/5.0 (Macintosh; Intel Mac OS X 10_15_7) AppleWebKit/537.36 (KHTML, like Gecko) Chrome/145.0.0.0 Safari/537.36 (compatible; meta-externalagent/1.1 (+https://developers.facebook.com/docs/sharing/webmasters/crawler))"
74.7.227.164 - - [03/Sep/2026:14:48:48 +0000] "GET /vendor/intervention/image/src/Intervention/Image/Imagick/Commands/InterlaceCommand.php HTTP/1.1" 500 - "https://immovalet.com/vendor/intervention/image/src/Intervention/Image/Imagick/Commands/" "Mozilla/5.0 AppleWebKit/537.36 (KHTML, like Gecko; compatible; GPTBot/1.4; +https://openai.com/gptbot)"
74.7.242.43 - - [03/Sep/2026:14:48:48 +0000] "GET /vendor/aws/aws-sdk-php/src/data/codestar-connections/?C=N;O=A HTTP/1.1" 200 940 "https://www.immovalet.techbala.com/vendor/aws/aws-sdk-php/src/data/codestar-connections/?C=M;O=A" "Mozilla/5.0 AppleWebKit/537.36 (KHTML, like Gecko; compatible; GPTBot/1.4; +https://openai.com/gptbot)"
57.141.4.3 - - [03/Sep/2026:14:48:57 +0000] "GET /platform/plugins/cookie-consent/resources/assets/ HTTP/1.1" 200 1107 "-" "Mozilla/5.0 (X11; Linux x86_64) AppleWebKit/537.36 (KHTML, like Gecko) Chrome/145.0.0.0 Safari/537.36 (compatible; meta-externalagent/1.1 (+https://developers.facebook.com/docs/sharing/webmasters/crawler))"
74.7.242.43 - - [03/Sep/2026:14:48:59 +0000] "GET /vendor/phpoffice/phpspreadsheet/src/PhpSpreadsheet/Calculation/Financial/CashFlow/Variable/?C=M;O=D HTTP/1.1" 200 1250 "https://www.immovalet.techbala.com/vendor/phpoffice/phpspreadsheet/src/PhpSpreadsheet/Calculation/Financial/CashFlow/Variable/?C=M;O=A" "Mozilla/5.0 AppleWebKit/537.36 (KHTML, like Gecko; compatible; GPTBot/1.4; +https://openai.com/gptbot)"
57.141.4.47 - - [03/Sep/2026:14:49:03 +0000] "GET /vendor/aws/aws-sdk-php/src/InputValidationMiddleware.php HTTP/1.1" 200 - "-" "Mozilla/5.0 (Macintosh; Intel Mac OS X 10_15_7) AppleWebKit/537.36 (KHTML, like Gecko) Chrome/145.0.0.0 Safari/537.36 (compatible; meta-externalagent/1.1 (+https://developers.facebook.com/docs/sharing/webmasters/crawler))"
74.7.227.164 - - [03/Sep/2026:14:49:05 +0000] "GET /vendor/intervention/image/src/Intervention/Image/Imagick/Commands/HeightenCommand.php HTTP/1.1" 500 - "https://immovalet.com/vendor/intervention/image/src/Intervention/Image/Imagick/Commands/" "Mozilla/5.0 AppleWebKit/537.36 (KHTML, like Gecko; compatible; GPTBot/1.4; +https://openai.com/gptbot)"
57.141.4.18 - - [03/Sep/2026:14:49:11 +0000] "GET /platform/packages/revision/resources/views/?C=S;O=A HTTP/1.1" 200 1131 "-" "Mozilla/5.0 (Windows NT 10.0; Win64; x64) AppleWebKit/537.36 (KHTML, like Gecko) Chrome/145.0.0.0 Safari/537.36 Edg/145.0.0.0 (compatible; meta-externalagent/1.1 (+https://developers.facebook.com/docs/sharing/webmasters/crawler))"
57.141.4.62 - - [03/Sep/2026:14:49:11 +0000] "GET /bootstrap/cache/ HTTP/1.1" 200 1025 "-" "Mozilla/5.0 (X11; Linux x86_64) AppleWebKit/537.36 (KHTML, like Gecko) Chrome/145.0.0.0 Safari/537.36 (compatible; meta-externalagent/1.1 (+https://developers.facebook.com/docs/sharing/webmasters/crawler))"
57.141.4.66 - - [03/Sep/2026:14:49:19 +0000] "GET /database/seeders/files/news/?C=N;O=A HTTP/1.1" 200 1740 "-" "Mozilla/5.0 (Windows NT 10.0; Win64; x64) AppleWebKit/537.36 (KHTML, like Gecko) Chrome/145.0.0.0 Safari/537.36 (compatible; meta-externalagent/1.1 (+https://developers.facebook.com/docs/sharing/webmasters/crawler))"
57.141.4.38 - - [03/Sep/2026:14:49:20 +0000] "GET /vendor/dompdf/dompdf/src/FrameDecorator/Inline.php HTTP/1.1" 500 - "-" "Mozilla/5.0 (Windows NT 10.0; Win64; x64) AppleWebKit/537.36 (KHTML, like Gecko) Chrome/145.0.0.0 Safari/537.36 (compatible; meta-externalagent/1.1 (+https://developers.facebook.com/docs/sharing/webmasters/crawler))"
57.141.4.22 - - [03/Sep/2026:14:49:25 +0000] "GET /app/Console/?C=N;O=D HTTP/1.1" 200 829 "-" "Mozilla/5.0 (Windows NT 10.0; Win64; x64) AppleWebKit/537.36 (KHTML, like Gecko) Chrome/145.0.0.0 Safari/537.36 (compatible; meta-externalagent/1.1 (+https://developers.facebook.com/docs/sharing/webmasters/crawler))"
57.141.4.35 - - [03/Sep/2026:14:49:33 +0000] "GET /platform/plugins/cookie-consent/resources/assets/?C=D;O=A HTTP/1.1" 200 1107 "-" "Mozilla/5.0 (Macintosh; Intel Mac OS X 10_15_7) AppleWebKit/537.36 (KHTML, like Gecko) Chrome/145.0.0.0 Safari/537.36 (compatible; meta-externalagent/1.1 (+https://developers.facebook.com/docs/sharing/webmasters/crawler))"
57.141.4.63 - - [03/Sep/2026:14:49:42 +0000] "GET /vendor/league/mime-type-detection/src/EmptyExtensionToMimeTypeMap.php HTTP/1.1" 500 - "-" "Mozilla/5.0 (Macintosh; Intel Mac OS X 10_15_7) AppleWebKit/537.36 (KHTML, like Gecko) Chrome/145.0.0.0 Safari/537.36 (compatible; meta-externalagent/1.1 (+https://developers.facebook.com/docs/sharing/webmasters/crawler))"
57.141.4.39 - - [03/Sep/2026:14:49:56 +0000] "GET /vendor/aws/aws-sdk-php/src/TimestreamWrite/Exception/ HTTP/1.1" 200 971 "-" "Mozilla/5.0 (X11; Linux x86_64) AppleWebKit/537.36 (KHTML, like Gecko) Chrome/145.0.0.0 Safari/537.36 (compatible; meta-externalagent/1.1 (+https://developers.facebook.com/docs/sharing/webmasters/crawler))"
57.141.4.55 - - [03/Sep/2026:14:49:58 +0000] "GET /vendor/botble/page/helpers/ HTTP/1.1" 200 1056 "-" "Mozilla/5.0 (Macintosh; Intel Mac OS X 10_15_7) AppleWebKit/537.36 (KHTML, like Gecko) Chrome/145.0.0.0 Safari/537.36 (compatible; meta-externalagent/1.1 (+https://developers.facebook.com/docs/sharing/webmasters/crawler))"
57.141.4.44 - - [03/Sep/2026:14:50:16 +0000] "GET /platform/packages/widget/resources/lang/?C=N;O=A HTTP/1.1" 200 909 "-" "Mozilla/5.0 (Windows NT 10.0; Win64; x64) AppleWebKit/537.36 (KHTML, like Gecko) Chrome/145.0.0.0 Safari/537.36 (compatible; meta-externalagent/1.1 (+https://developers.facebook.com/docs/sharing/webmasters/crawler))"
57.141.4.14 - - [03/Sep/2026:14:50:18 +0000] "GET /vendor/dompdf/dompdf/src/FrameDecorator/Table.php HTTP/1.1" 500 - "-" "Mozilla/5.0 (Macintosh; Intel Mac OS X 10_15_7) AppleWebKit/537.36 (KHTML, like Gecko) Chrome/145.0.0.0 Safari/537.36 (compatible; meta-externalagent/1.1 (+https://developers.facebook.com/docs/sharing/webmasters/crawler))"
74.7.227.164 - - [03/Sep/2026:14:50:40 +0000] "GET /vendor/doctrine/inflector/lib/Doctrine/Inflector/Rules/Portuguese/InflectorFactory.php HTTP/1.1" 500 - "https://immovalet.com/vendor/doctrine/inflector/lib/Doctrine/Inflector/Rules/Portuguese/" "Mozilla/5.0 AppleWebKit/537.36 (KHTML, like Gecko; compatible; GPTBot/1.4; +https://openai.com/gptbot)"
57.141.4.24 - - [03/Sep/2026:14:50:45 +0000] "GET /vendor/yajra/laravel-datatables-oracle/src/Facades/ HTTP/1.1" 200 950 "-" "Mozilla/5.0 (X11; Linux x86_64) AppleWebKit/537.36 (KHTML, like Gecko) Chrome/145.0.0.0 Safari/537.36 (compatible; meta-externalagent/1.1 (+https://developers.facebook.com/docs/sharing/webmasters/crawler))"
57.141.4.72 - - [03/Sep/2026:14:50:46 +0000] "GET /vendor/botble/widget/?C=S;O=D HTTP/1.1" 200 2270 "-" "Mozilla/5.0 (Macintosh; Intel Mac OS X 10_15_7) AppleWebKit/537.36 (KHTML, like Gecko) Chrome/145.0.0.0 Safari/537.36 (compatible; meta-externalagent/1.1 (+https://developers.facebook.com/docs/sharing/webmasters/crawler))"
57.141.4.48 - - [03/Sep/2026:14:50:55 +0000] "GET /platform/packages/page/routes/web.php HTTP/1.1" 500 - "-" "Mozilla/5.0 (Windows NT 10.0; Win64; x64) AppleWebKit/537.36 (KHTML, like Gecko) Chrome/145.0.0.0 Safari/537.36 (compatible; meta-externalagent/1.1 (+https://developers.facebook.com/docs/sharing/webmasters/crawler))"
57.141.4.41 - - [03/Sep/2026:14:50:56 +0000] "GET /platform/plugins/contact/resources/?C=N;O=D HTTP/1.1" 200 1424 "-" "Mozilla/5.0 (Macintosh; Intel Mac OS X 10_15_7) AppleWebKit/537.36 (KHTML, like Gecko) Chrome/145.0.0.0 Safari/537.36 (compatible; meta-externalagent/1.1 (+https://developers.facebook.com/docs/sharing/webmasters/crawler))"
74.7.227.164 - - [03/Sep/2026:14:51:00 +0000] "GET /vendor/intervention/image/src/Intervention/Image/Imagick/Commands/LimitColorsCommand.php HTTP/1.1" 500 - "https://immovalet.com/vendor/intervention/image/src/Intervention/Image/Imagick/Commands/" "Mozilla/5.0 AppleWebKit/537.36 (KHTML, like Gecko; compatible; GPTBot/1.4; +https://openai.com/gptbot)"
57.141.4.15 - - [03/Sep/2026:14:51:05 +0000] "GET /vendor/aws/aws-sdk-php/src/AlexaForBusiness/?C=D;O=A HTTP/1.1" 200 1113 "-" "Mozilla/5.0 (Windows NT 10.0; Win64; x64) AppleWebKit/537.36 (KHTML, like Gecko) Chrome/145.0.0.0 Safari/537.36 Edg/145.0.0.0 (compatible; meta-externalagent/1.1 (+https://developers.facebook.com/docs/sharing/webmasters/crawler))"
57.141.4.61 - - [03/Sep/2026:14:51:08 +0000] "GET /vendor/swiftmailer/swiftmailer/?C=M;O=A HTTP/1.1" 200 1579 "-" "Mozilla/5.0 (Macintosh; Intel Mac OS X 10_15_7) AppleWebKit/537.36 (KHTML, like Gecko) Chrome/145.0.0.0 Safari/537.36 (compatible; meta-externalagent/1.1 (+https://developers.facebook.com/docs/sharing/webmasters/crawler))"
57.141.4.9 - - [03/Sep/2026:14:51:11 +0000] "GET /resources/lang/vendor/plugins/newsletter/?C=N;O=D HTTP/1.1" 200 906 "-" "Mozilla/5.0 (Macintosh; Intel Mac OS X 10_15_7) AppleWebKit/537.36 (KHTML, like Gecko) Chrome/145.0.0.0 Safari/537.36 (compatible; meta-externalagent/1.1 (+https://developers.facebook.com/docs/sharing/webmasters/crawler))"
74.7.227.164 - - [03/Sep/2026:14:51:20 +0000] "GET /vendor/laravel/framework/src/Illuminate/Mail/resources/?C=N;O=D HTTP/1.1" 200 952 "https://immovalet.com/vendor/laravel/framework/src/Illuminate/Mail/resources/" "Mozilla/5.0 AppleWebKit/537.36 (KHTML, like Gecko; compatible; GPTBot/1.4; +https://openai.com/gptbot)"
57.141.4.37 - - [03/Sep/2026:14:51:22 +0000] "GET /vendor/symfony/mime/Encoder/?C=S;O=D HTTP/1.1" 200 3194 "-" "Mozilla/5.0 (Macintosh; Intel Mac OS X 10_15_7) AppleWebKit/537.36 (KHTML, like Gecko) Chrome/145.0.0.0 Safari/537.36 (compatible; meta-externalagent/1.1 (+https://developers.facebook.com/docs/sharing/webmasters/crawler))"
74.7.227.164 - - [03/Sep/2026:14:51:40 +0000] "GET /vendor/laravel/framework/src/Illuminate/Database/Console/?C=N;O=D HTTP/1.1" 200 2048 "https://immovalet.com/vendor/laravel/framework/src/Illuminate/Database/Console/" "Mozilla/5.0 AppleWebKit/537.36 (KHTML, like Gecko; compatible; GPTBot/1.4; +https://openai.com/gptbot)"
74.7.227.164 - - [03/Sep/2026:14:51:56 +0000] "GET /vendor/laravel/framework/src/Illuminate/Cookie/Middleware/?C=M;O=A HTTP/1.1" 200 1173 "https://immovalet.com/vendor/laravel/framework/src/Illuminate/Cookie/Middleware/" "Mozilla/5.0 AppleWebKit/537.36 (KHTML, like Gecko; compatible; GPTBot/1.4; +https://openai.com/gptbot)"
57.141.4.40 - - [03/Sep/2026:14:52:06 +0000] "GET /vendor/botble/page/database/?C=S;O=A HTTP/1.1" 200 877 "-" "Mozilla/5.0 (Windows NT 10.0; Win64; x64) AppleWebKit/537.36 (KHTML, like Gecko) Chrome/145.0.0.0 Safari/537.36 (compatible; meta-externalagent/1.1 (+https://developers.facebook.com/docs/sharing/webmasters/crawler))"
74.7.227.164 - - [03/Sep/2026:14:52:09 +0000] "GET /vendor/laravel/framework/src/Illuminate/View/Middleware/?C=M;O=A HTTP/1.1" 200 977 "https://immovalet.com/vendor/laravel/framework/src/Illuminate/View/Middleware/" "Mozilla/5.0 AppleWebKit/537.36 (KHTML, like Gecko; compatible; GPTBot/1.4; +https://openai.com/gptbot)"
57.141.4.37 - - [03/Sep/2026:14:52:10 +0000] "GET /platform/core/dashboard/helpers/?C=S;O=A HTTP/1.1" 200 891 "-" "Mozilla/5.0 (Macintosh; Intel Mac OS X 10_15_7) AppleWebKit/537.36 (KHTML, like Gecko) Chrome/145.0.0.0 Safari/537.36 (compatible; meta-externalagent/1.1 (+https://developers.facebook.com/docs/sharing/webmasters/crawler))"
74.7.227.164 - - [03/Sep/2026:14:52:19 +0000] "GET /vendor/laravel/framework/src/Illuminate/Mail/resources/?C=S;O=A HTTP/1.1" 200 952 "https://immovalet.com/vendor/laravel/framework/src/Illuminate/Mail/resources/" "Mozilla/5.0 AppleWebKit/537.36 (KHTML, like Gecko; compatible; GPTBot/1.4; +https://openai.com/gptbot)"
57.141.4.15 - - [03/Sep/2026:14:52:20 +0000] "GET /vendor/ezyang/?C=S;O=D HTTP/1.1" 200 839 "-" "Mozilla/5.0 (Windows NT 10.0; Win64; x64) AppleWebKit/537.36 (KHTML, like Gecko) Chrome/145.0.0.0 Safari/537.36 (compatible; meta-externalagent/1.1 (+https://developers.facebook.com/docs/sharing/webmasters/crawler))"
74.7.227.164 - - [03/Sep/2026:14:52:34 +0000] "GET /vendor/laravel/framework/src/Illuminate/Mail/resources/?C=D;O=A HTTP/1.1" 200 952 "https://immovalet.com/vendor/laravel/framework/src/Illuminate/Mail/resources/" "Mozilla/5.0 AppleWebKit/537.36 (KHTML, like Gecko; compatible; GPTBot/1.4; +https://openai.com/gptbot)"
57.141.4.67 - - [03/Sep/2026:14:52:41 +0000] "GET /platform/core/dashboard/resources/views/?C=N;O=D HTTP/1.1" 200 1272 "-" "Mozilla/5.0 (Windows NT 10.0; Win64; x64) AppleWebKit/537.36 (KHTML, like Gecko) Chrome/145.0.0.0 Safari/537.36 (compatible; meta-externalagent/1.1 (+https://developers.facebook.com/docs/sharing/webmasters/crawler))"
57.141.4.21 - - [03/Sep/2026:14:52:46 +0000] "GET /platform/plugins/contact/resources/views/ HTTP/1.1" 200 1468 "-" "Mozilla/5.0 (X11; Linux x86_64) AppleWebKit/537.36 (KHTML, like Gecko) Chrome/145.0.0.0 Safari/537.36 (compatible; meta-externalagent/1.1 (+https://developers.facebook.com/docs/sharing/webmasters/crawler))"
57.141.4.60 - - [03/Sep/2026:14:52:51 +0000] "GET /platform/packages/theme/?C=D;O=A HTTP/1.1" 200 2280 "-" "Mozilla/5.0 (Windows NT 10.0; Win64; x64) AppleWebKit/537.36 (KHTML, like Gecko) Chrome/145.0.0.0 Safari/537.36 (compatible; meta-externalagent/1.1 (+https://developers.facebook.com/docs/sharing/webmasters/crawler))"
74.7.227.164 - - [03/Sep/2026:14:52:52 +0000] "GET /vendor/laravel/framework/src/Illuminate/Session/Console/?C=S;O=A HTTP/1.1" 200 1148 "https://immovalet.com/vendor/laravel/framework/src/Illuminate/Session/Console/" "Mozilla/5.0 AppleWebKit/537.36 (KHTML, like Gecko; compatible; GPTBot/1.4; +https://openai.com/gptbot)"
74.7.227.164 - - [03/Sep/2026:14:52:53 +0000] "GET /vendor/laravel/framework/src/Illuminate/Database/Console/PruneCommand.php HTTP/1.1" 500 - "https://immovalet.com/vendor/laravel/framework/src/Illuminate/Database/Console/?C=N;O=D" "Mozilla/5.0 AppleWebKit/537.36 (KHTML, like Gecko; compatible; GPTBot/1.4; +https://openai.com/gptbot)"
74.7.227.164 - - [03/Sep/2026:14:52:55 +0000] "GET /vendor/laravel/framework/src/Illuminate/Database/Console/DbCommand.php HTTP/1.1" 500 - "https://immovalet.com/vendor/laravel/framework/src/Illuminate/Database/Console/?C=N;O=D" "Mozilla/5.0 AppleWebKit/537.36 (KHTML, like Gecko; compatible; GPTBot/1.4; +https://openai.com/gptbot)"
57.141.4.61 - - [03/Sep/2026:14:52:57 +0000] "GET /vendor/aws/aws-sdk-php/src/ApplicationDiscoveryService/ApplicationDiscoveryServiceClient.php HTTP/1.1" 500 - "-" "Mozilla/5.0 (Windows NT 10.0; Win64; x64) AppleWebKit/537.36 (KHTML, like Gecko) Chrome/145.0.0.0 Safari/537.36 (compatible; meta-externalagent/1.1 (+https://developers.facebook.com/docs/sharing/webmasters/crawler))"
74.7.227.164 - - [03/Sep/2026:14:52:57 +0000] "GET /vendor/laravel/framework/src/Illuminate/Database/Console/WipeCommand.php HTTP/1.1" 500 - "https://immovalet.com/vendor/laravel/framework/src/Illuminate/Database/Console/?C=N;O=D" "Mozilla/5.0 AppleWebKit/537.36 (KHTML, like Gecko; compatible; GPTBot/1.4; +https://openai.com/gptbot)"
74.7.227.164 - - [03/Sep/2026:14:53:00 +0000] "GET /vendor/laravel/framework/src/Illuminate/Database/Console/DumpCommand.php HTTP/1.1" 500 - "https://immovalet.com/vendor/laravel/framework/src/Illuminate/Database/Console/?C=N;O=D" "Mozilla/5.0 AppleWebKit/537.36 (KHTML, like Gecko; compatible; GPTBot/1.4; +https://openai.com/gptbot)"
57.141.4.49 - - [03/Sep/2026:14:53:14 +0000] "GET /vendor/stripe/stripe-php/phpdoc.dist.xml HTTP/1.1" 200 975 "-" "Mozilla/5.0 (Macintosh; Intel Mac OS X 10_15_7) AppleWebKit/537.36 (KHTML, like Gecko) Chrome/145.0.0.0 Safari/537.36 (compatible; meta-externalagent/1.1 (+https://developers.facebook.com/docs/sharing/webmasters/crawler))"
57.141.4.45 - - [03/Sep/2026:14:53:21 +0000] "GET /vendor/mews/purifier/src/helpers.php HTTP/1.1" 200 - "-" "Mozilla/5.0 (Windows NT 10.0; Win64; x64) AppleWebKit/537.36 (KHTML, like Gecko) Chrome/145.0.0.0 Safari/537.36 (compatible; meta-externalagent/1.1 (+https://developers.facebook.com/docs/sharing/webmasters/crawler))"
74.7.227.164 - - [03/Sep/2026:14:53:22 +0000] "GET /vendor/laravel/framework/src/Illuminate/Database/Console/?C=D;O=A HTTP/1.1" 200 2048 "https://immovalet.com/vendor/laravel/framework/src/Illuminate/Database/Console/" "Mozilla/5.0 AppleWebKit/537.36 (KHTML, like Gecko; compatible; GPTBot/1.4; +https://openai.com/gptbot)"
51.75.119.154 - - [03/Sep/2026:14:53:28 +0000] "GET /robots.txt HTTP/1.1" 404 16 "-" "Mozilla/5.0 (compatible; MJ12bot/v1.4.8; http://mj12bot.com/)"
51.75.119.154 - - [03/Sep/2026:14:53:30 +0000] "GET /app/Http/Controllers/?C=D;O=D HTTP/1.1" 200 856 "-" "Mozilla/5.0 (compatible; MJ12bot/v1.4.8; http://mj12bot.com/)"
51.75.119.154 - - [03/Sep/2026:14:53:32 +0000] "GET /resources/lang/vendor/?C=D;O=D HTTP/1.1" 200 1208 "-" "Mozilla/5.0 (compatible; MJ12bot/v1.4.8; http://mj12bot.com/)"
74.7.227.164 - - [03/Sep/2026:14:53:32 +0000] "GET /vendor/laravel/framework/src/Illuminate/Session/Console/SessionTableCommand.php HTTP/1.1" 500 - "https://immovalet.com/vendor/laravel/framework/src/Illuminate/Session/Console/?C=S;O=A" "Mozilla/5.0 AppleWebKit/537.36 (KHTML, like Gecko; compatible; GPTBot/1.4; +https://openai.com/gptbot)"
51.75.119.154 - - [03/Sep/2026:14:53:33 +0000] "GET /resources/lang/vendor/?C=M;O=D HTTP/1.1" 200 1208 "-" "Mozilla/5.0 (compatible; MJ12bot/v1.4.8; http://mj12bot.com/)"
51.75.119.154 - - [03/Sep/2026:14:53:35 +0000] "GET /resources/lang/vendor/?C=S;O=D HTTP/1.1" 200 1208 "-" "Mozilla/5.0 (compatible; MJ12bot/v1.4.8; http://mj12bot.com/)"
74.7.227.164 - - [03/Sep/2026:14:53:36 +0000] "GET /vendor/laravel/framework/src/Illuminate/Session/Console/?C=S;O=D HTTP/1.1" 200 1148 "https://immovalet.com/vendor/laravel/framework/src/Illuminate/Session/Console/?C=S;O=A" "Mozilla/5.0 AppleWebKit/537.36 (KHTML, like Gecko; compatible; GPTBot/1.4; +https://openai.com/gptbot)"
