74.7.227.164 - - [03/Sep/2026:15:41:39 +0000] "GET /vendor/botble/platform/base/public/libraries/tinymce/plugins/autoresize/?C=M;O=A HTTP/1.1" 200 1009 "https://immovalet.com/vendor/botble/platform/base/public/libraries/tinymce/plugins/autoresize/" "Mozilla/5.0 AppleWebKit/537.36 (KHTML, like Gecko; compatible; GPTBot/1.4; +https://openai.com/gptbot)"
74.7.227.164 - - [03/Sep/2026:15:41:41 +0000] "GET /vendor/botble/platform/base/public/libraries/tinymce/plugins/visualchars/?C=D;O=A HTTP/1.1" 200 1011 "https://immovalet.com/vendor/botble/platform/base/public/libraries/tinymce/plugins/visualchars/" "Mozilla/5.0 AppleWebKit/537.36 (KHTML, like Gecko; compatible; GPTBot/1.4; +https://openai.com/gptbot)"
74.7.227.164 - - [03/Sep/2026:15:41:42 +0000] "GET /vendor/botble/platform/base/public/libraries/tinymce/plugins/hanbiroclip/?C=D;O=A HTTP/1.1" 200 1359 "https://immovalet.com/vendor/botble/platform/base/public/libraries/tinymce/plugins/hanbiroclip/" "Mozilla/5.0 AppleWebKit/537.36 (KHTML, like Gecko; compatible; GPTBot/1.4; +https://openai.com/gptbot)"
74.7.227.164 - - [03/Sep/2026:15:41:44 +0000] "GET /vendor/botble/platform/base/public/libraries/tinymce/plugins/colorpicker/?C=D;O=A HTTP/1.1" 200 1011 "https://immovalet.com/vendor/botble/platform/base/public/libraries/tinymce/plugins/colorpicker/" "Mozilla/5.0 AppleWebKit/537.36 (KHTML, like Gecko; compatible; GPTBot/1.4; +https://openai.com/gptbot)"
74.7.227.164 - - [03/Sep/2026:15:41:45 +0000] "GET /vendor/botble/platform/base/public/libraries/tinymce/plugins/hanbiroclip/?C=S;O=D HTTP/1.1" 200 1359 "https://immovalet.com/vendor/botble/platform/base/public/libraries/tinymce/plugins/hanbiroclip/?C=S;O=A" "Mozilla/5.0 AppleWebKit/537.36 (KHTML, like Gecko; compatible; GPTBot/1.4; +https://openai.com/gptbot)"
74.7.227.164 - - [03/Sep/2026:15:41:47 +0000] "GET /vendor/botble/platform/base/public/libraries/tinymce/plugins/nonbreaking/?C=M;O=A HTTP/1.1" 200 1011 "https://immovalet.com/vendor/botble/platform/base/public/libraries/tinymce/plugins/nonbreaking/" "Mozilla/5.0 AppleWebKit/537.36 (KHTML, like Gecko; compatible; GPTBot/1.4; +https://openai.com/gptbot)"
74.7.227.164 - - [03/Sep/2026:15:41:49 +0000] "GET /vendor/botble/platform/base/public/libraries/tinymce/plugins/autoresize/?C=S;O=A HTTP/1.1" 200 1009 "https://immovalet.com/vendor/botble/platform/base/public/libraries/tinymce/plugins/autoresize/" "Mozilla/5.0 AppleWebKit/537.36 (KHTML, like Gecko; compatible; GPTBot/1.4; +https://openai.com/gptbot)"
74.7.227.164 - - [03/Sep/2026:15:41:50 +0000] "GET /vendor/botble/platform/base/public/libraries/tinymce/plugins/colorpicker/?C=M;O=A HTTP/1.1" 200 1011 "https://immovalet.com/vendor/botble/platform/base/public/libraries/tinymce/plugins/colorpicker/" "Mozilla/5.0 AppleWebKit/537.36 (KHTML, like Gecko; compatible; GPTBot/1.4; +https://openai.com/gptbot)"
74.7.227.164 - - [03/Sep/2026:15:41:54 +0000] "GET /vendor/botble/platform/base/public/libraries/tinymce/plugins/wordcount/?C=N;O=D HTTP/1.1" 200 1007 "https://immovalet.com/vendor/botble/platform/base/public/libraries/tinymce/plugins/wordcount/" "Mozilla/5.0 AppleWebKit/537.36 (KHTML, like Gecko; compatible; GPTBot/1.4; +https://openai.com/gptbot)"
74.7.227.164 - - [03/Sep/2026:15:41:55 +0000] "GET /vendor/botble/platform/base/public/libraries/tinymce/plugins/textcolor/?C=M;O=A HTTP/1.1" 200 1007 "https://immovalet.com/vendor/botble/platform/base/public/libraries/tinymce/plugins/textcolor/" "Mozilla/5.0 AppleWebKit/537.36 (KHTML, like Gecko; compatible; GPTBot/1.4; +https://openai.com/gptbot)"
74.7.227.164 - - [03/Sep/2026:15:41:57 +0000] "GET /vendor/botble/platform/base/public/libraries/tinymce/plugins/nonbreaking/?C=D;O=A HTTP/1.1" 200 1011 "https://immovalet.com/vendor/botble/platform/base/public/libraries/tinymce/plugins/nonbreaking/" "Mozilla/5.0 AppleWebKit/537.36 (KHTML, like Gecko; compatible; GPTBot/1.4; +https://openai.com/gptbot)"
74.7.227.164 - - [03/Sep/2026:15:41:59 +0000] "GET /vendor/botble/platform/base/public/libraries/tinymce/plugins/contextmenu/?C=N;O=D HTTP/1.1" 200 1011 "https://immovalet.com/vendor/botble/platform/base/public/libraries/tinymce/plugins/contextmenu/" "Mozilla/5.0 AppleWebKit/537.36 (KHTML, like Gecko; compatible; GPTBot/1.4; +https://openai.com/gptbot)"
74.7.227.164 - - [03/Sep/2026:15:42:00 +0000] "GET /vendor/botble/platform/base/public/libraries/tinymce/plugins/hanbiroclip/?C=N;O=A HTTP/1.1" 200 1359 "https://immovalet.com/vendor/botble/platform/base/public/libraries/tinymce/plugins/hanbiroclip/?C=N;O=D" "Mozilla/5.0 AppleWebKit/537.36 (KHTML, like Gecko; compatible; GPTBot/1.4; +https://openai.com/gptbot)"
74.7.227.164 - - [03/Sep/2026:15:42:01 +0000] "GET /vendor/botble/platform/base/public/libraries/tinymce/plugins/autoresize/?C=D;O=A HTTP/1.1" 200 1009 "https://immovalet.com/vendor/botble/platform/base/public/libraries/tinymce/plugins/autoresize/" "Mozilla/5.0 AppleWebKit/537.36 (KHTML, like Gecko; compatible; GPTBot/1.4; +https://openai.com/gptbot)"
74.7.227.164 - - [03/Sep/2026:15:42:04 +0000] "GET /vendor/botble/platform/base/public/libraries/tinymce/plugins/visualchars/?C=S;O=A HTTP/1.1" 200 1011 "https://immovalet.com/vendor/botble/platform/base/public/libraries/tinymce/plugins/visualchars/" "Mozilla/5.0 AppleWebKit/537.36 (KHTML, like Gecko; compatible; GPTBot/1.4; +https://openai.com/gptbot)"
74.7.227.164 - - [03/Sep/2026:15:42:05 +0000] "GET /vendor/botble/platform/base/public/libraries/tinymce/plugins/hanbiroclip/?C=M;O=A HTTP/1.1" 200 1359 "https://immovalet.com/vendor/botble/platform/base/public/libraries/tinymce/plugins/hanbiroclip/" "Mozilla/5.0 AppleWebKit/537.36 (KHTML, like Gecko; compatible; GPTBot/1.4; +https://openai.com/gptbot)"
74.7.227.164 - - [03/Sep/2026:15:42:07 +0000] "GET /vendor/botble/platform/base/public/libraries/tinymce/plugins/wordcount/?C=D;O=A HTTP/1.1" 200 1007 "https://immovalet.com/vendor/botble/platform/base/public/libraries/tinymce/plugins/wordcount/" "Mozilla/5.0 AppleWebKit/537.36 (KHTML, like Gecko; compatible; GPTBot/1.4; +https://openai.com/gptbot)"
74.7.227.164 - - [03/Sep/2026:15:42:08 +0000] "GET /vendor/botble/platform/base/public/libraries/tinymce/plugins/visualblocks/?C=S;O=A HTTP/1.1" 200 1013 "https://immovalet.com/vendor/botble/platform/base/public/libraries/tinymce/plugins/visualblocks/" "Mozilla/5.0 AppleWebKit/537.36 (KHTML, like Gecko; compatible; GPTBot/1.4; +https://openai.com/gptbot)"
74.7.227.164 - - [03/Sep/2026:15:42:10 +0000] "GET /vendor/botble/platform/base/public/libraries/tinymce/plugins/quickbars/?C=N;O=D HTTP/1.1" 200 1007 "https://immovalet.com/vendor/botble/platform/base/public/libraries/tinymce/plugins/quickbars/" "Mozilla/5.0 AppleWebKit/537.36 (KHTML, like Gecko; compatible; GPTBot/1.4; +https://openai.com/gptbot)"
74.7.227.164 - - [03/Sep/2026:15:42:11 +0000] "GET /vendor/botble/platform/base/public/libraries/tinymce/plugins/textcolor/?C=N;O=D HTTP/1.1" 200 1007 "https://immovalet.com/vendor/botble/platform/base/public/libraries/tinymce/plugins/textcolor/" "Mozilla/5.0 AppleWebKit/537.36 (KHTML, like Gecko; compatible; GPTBot/1.4; +https://openai.com/gptbot)"
74.7.227.164 - - [03/Sep/2026:15:42:16 +0000] "GET /vendor/botble/platform/base/public/libraries/tinymce/plugins/visualblocks/?C=D;O=A HTTP/1.1" 200 1013 "https://immovalet.com/vendor/botble/platform/base/public/libraries/tinymce/plugins/visualblocks/" "Mozilla/5.0 AppleWebKit/537.36 (KHTML, like Gecko; compatible; GPTBot/1.4; +https://openai.com/gptbot)"
74.7.227.164 - - [03/Sep/2026:15:42:16 +0000] "GET /vendor/botble/platform/base/public/libraries/tinymce/plugins/spellchecker/?C=D;O=A HTTP/1.1" 200 1013 "https://immovalet.com/vendor/botble/platform/base/public/libraries/tinymce/plugins/spellchecker/" "Mozilla/5.0 AppleWebKit/537.36 (KHTML, like Gecko; compatible; GPTBot/1.4; +https://openai.com/gptbot)"
74.7.227.164 - - [03/Sep/2026:15:42:17 +0000] "GET /vendor/botble/platform/base/public/libraries/tinymce/plugins/quickbars/?C=S;O=A HTTP/1.1" 200 1007 "https://immovalet.com/vendor/botble/platform/base/public/libraries/tinymce/plugins/quickbars/" "Mozilla/5.0 AppleWebKit/537.36 (KHTML, like Gecko; compatible; GPTBot/1.4; +https://openai.com/gptbot)"
74.7.227.164 - - [03/Sep/2026:15:42:18 +0000] "GET /vendor/botble/platform/base/public/libraries/tinymce/plugins/codesample/?C=M;O=A HTTP/1.1" 200 1009 "https://immovalet.com/vendor/botble/platform/base/public/libraries/tinymce/plugins/codesample/" "Mozilla/5.0 AppleWebKit/537.36 (KHTML, like Gecko; compatible; GPTBot/1.4; +https://openai.com/gptbot)"
74.7.227.164 - - [03/Sep/2026:15:42:19 +0000] "GET /vendor/botble/platform/base/public/libraries/tinymce/plugins/contextmenu/?C=M;O=A HTTP/1.1" 200 1011 "https://immovalet.com/vendor/botble/platform/base/public/libraries/tinymce/plugins/contextmenu/" "Mozilla/5.0 AppleWebKit/537.36 (KHTML, like Gecko; compatible; GPTBot/1.4; +https://openai.com/gptbot)"
74.7.227.164 - - [03/Sep/2026:15:42:21 +0000] "GET /vendor/botble/platform/base/public/libraries/tinymce/plugins/visualchars/?C=M;O=A HTTP/1.1" 200 1011 "https://immovalet.com/vendor/botble/platform/base/public/libraries/tinymce/plugins/visualchars/" "Mozilla/5.0 AppleWebKit/537.36 (KHTML, like Gecko; compatible; GPTBot/1.4; +https://openai.com/gptbot)"
74.7.227.164 - - [03/Sep/2026:15:42:25 +0000] "GET /vendor/botble/platform/base/public/libraries/tinymce/plugins/codesample/?C=N;O=D HTTP/1.1" 200 1009 "https://immovalet.com/vendor/botble/platform/base/public/libraries/tinymce/plugins/codesample/" "Mozilla/5.0 AppleWebKit/537.36 (KHTML, like Gecko; compatible; GPTBot/1.4; +https://openai.com/gptbot)"
74.7.227.164 - - [03/Sep/2026:15:42:26 +0000] "GET /vendor/botble/platform/base/public/libraries/tinymce/plugins/quickbars/?C=M;O=A HTTP/1.1" 200 1007 "https://immovalet.com/vendor/botble/platform/base/public/libraries/tinymce/plugins/quickbars/" "Mozilla/5.0 AppleWebKit/537.36 (KHTML, like Gecko; compatible; GPTBot/1.4; +https://openai.com/gptbot)"
74.7.227.164 - - [03/Sep/2026:15:42:26 +0000] "GET /vendor/botble/platform/base/public/libraries/tinymce/plugins/pagebreak/?C=S;O=A HTTP/1.1" 200 1007 "https://immovalet.com/vendor/botble/platform/base/public/libraries/tinymce/plugins/pagebreak/" "Mozilla/5.0 AppleWebKit/537.36 (KHTML, like Gecko; compatible; GPTBot/1.4; +https://openai.com/gptbot)"
74.7.227.164 - - [03/Sep/2026:15:42:28 +0000] "GET /vendor/botble/platform/base/public/libraries/tinymce/plugins/visualblocks/?C=M;O=A HTTP/1.1" 200 1013 "https://immovalet.com/vendor/botble/platform/base/public/libraries/tinymce/plugins/visualblocks/" "Mozilla/5.0 AppleWebKit/537.36 (KHTML, like Gecko; compatible; GPTBot/1.4; +https://openai.com/gptbot)"
74.7.227.164 - - [03/Sep/2026:15:42:31 +0000] "GET /vendor/botble/platform/base/public/libraries/tinymce/plugins/textcolor/?C=S;O=A HTTP/1.1" 200 1007 "https://immovalet.com/vendor/botble/platform/base/public/libraries/tinymce/plugins/textcolor/" "Mozilla/5.0 AppleWebKit/537.36 (KHTML, like Gecko; compatible; GPTBot/1.4; +https://openai.com/gptbot)"
57.141.4.31 - - [03/Sep/2026:15:42:32 +0000] "GET /vendor/psr/cache/?C=N;O=D HTTP/1.1" 200 1380 "-" "Mozilla/5.0 (Macintosh; Intel Mac OS X 10_15_7) AppleWebKit/537.36 (KHTML, like Gecko) Chrome/145.0.0.0 Safari/537.36 (compatible; meta-externalagent/1.1 (+https://developers.facebook.com/docs/sharing/webmasters/crawler))"
74.7.227.164 - - [03/Sep/2026:15:42:35 +0000] "GET /vendor/botble/platform/base/public/libraries/datatables/extensions/Responsive/js/ HTTP/1.1" 200 1260 "https://immovalet.com/vendor/botble/platform/base/public/libraries/datatables/extensions/Responsive/" "Mozilla/5.0 AppleWebKit/537.36 (KHTML, like Gecko; compatible; GPTBot/1.4; +https://openai.com/gptbot)"
74.7.227.164 - - [03/Sep/2026:15:42:36 +0000] "GET /platform/plugins/newsletter/src/Http/Controllers/?C=S;O=A HTTP/1.1" 200 1141 "https://immovalet.com/platform/plugins/newsletter/src/Http/Controllers/" "Mozilla/5.0 AppleWebKit/537.36 (KHTML, like Gecko; compatible; GPTBot/1.4; +https://openai.com/gptbot)"
74.7.227.164 - - [03/Sep/2026:15:42:36 +0000] "GET /vendor/botble/platform/setting/resources/assets/?C=S;O=A HTTP/1.1" 200 1104 "https://immovalet.com/vendor/botble/platform/setting/resources/assets/" "Mozilla/5.0 AppleWebKit/537.36 (KHTML, like Gecko; compatible; GPTBot/1.4; +https://openai.com/gptbot)"
74.7.227.164 - - [03/Sep/2026:15:42:39 +0000] "GET /platform/plugins/ecommerce/src/Cart/Contracts/?C=N;O=D HTTP/1.1" 200 930 "https://immovalet.com/platform/plugins/ecommerce/src/Cart/Contracts/" "Mozilla/5.0 AppleWebKit/537.36 (KHTML, like Gecko; compatible; GPTBot/1.4; +https://openai.com/gptbot)"
57.141.4.5 - - [03/Sep/2026:15:42:40 +0000] "GET /platform/core/table/?C=M;O=D HTTP/1.1" 200 1735 "-" "Mozilla/5.0 (Macintosh; Intel Mac OS X 10_15_7) AppleWebKit/537.36 (KHTML, like Gecko) Chrome/145.0.0.0 Safari/537.36 (compatible; meta-externalagent/1.1 (+https://developers.facebook.com/docs/sharing/webmasters/crawler))"
74.7.227.164 - - [03/Sep/2026:15:42:41 +0000] "GET /platform/core/dashboard/src/Repositories/Caches/?C=D;O=A HTTP/1.1" 200 1175 "https://immovalet.com/platform/core/dashboard/src/Repositories/Caches/" "Mozilla/5.0 AppleWebKit/537.36 (KHTML, like Gecko; compatible; GPTBot/1.4; +https://openai.com/gptbot)"
74.7.227.164 - - [03/Sep/2026:15:42:42 +0000] "GET /platform/packages/revision/resources/assets/js/?C=S;O=A HTTP/1.1" 200 940 "https://immovalet.com/platform/packages/revision/resources/assets/js/" "Mozilla/5.0 AppleWebKit/537.36 (KHTML, like Gecko; compatible; GPTBot/1.4; +https://openai.com/gptbot)"
74.7.227.164 - - [03/Sep/2026:15:42:44 +0000] "GET /platform/core/media/src/Repositories/Interfaces/?C=M;O=A HTTP/1.1" 200 1337 "https://immovalet.com/platform/core/media/src/Repositories/Interfaces/" "Mozilla/5.0 AppleWebKit/537.36 (KHTML, like Gecko; compatible; GPTBot/1.4; +https://openai.com/gptbot)"
74.7.227.164 - - [03/Sep/2026:15:42:45 +0000] "GET /platform/packages/slug/resources/views/partials/?C=S;O=A HTTP/1.1" 200 940 "https://immovalet.com/platform/packages/slug/resources/views/partials/" "Mozilla/5.0 AppleWebKit/537.36 (KHTML, like Gecko; compatible; GPTBot/1.4; +https://openai.com/gptbot)"
74.7.227.164 - - [03/Sep/2026:15:42:46 +0000] "GET /vendor/botble/platform/setting/resources/assets/?C=D;O=A HTTP/1.1" 200 1104 "https://immovalet.com/vendor/botble/platform/setting/resources/assets/" "Mozilla/5.0 AppleWebKit/537.36 (KHTML, like Gecko; compatible; GPTBot/1.4; +https://openai.com/gptbot)"
74.7.227.164 - - [03/Sep/2026:15:42:47 +0000] "GET /platform/packages/slug/src/Repositories/Caches/?C=S;O=A HTTP/1.1" 200 947 "https://immovalet.com/platform/packages/slug/src/Repositories/Caches/" "Mozilla/5.0 AppleWebKit/537.36 (KHTML, like Gecko; compatible; GPTBot/1.4; +https://openai.com/gptbot)"
57.141.4.36 - - [03/Sep/2026:15:42:48 +0000] "GET /platform/plugins/backup/ HTTP/1.1" 200 2282 "-" "Mozilla/5.0 (Windows NT 10.0; Win64; x64) AppleWebKit/537.36 (KHTML, like Gecko) Chrome/145.0.0.0 Safari/537.36 (compatible; meta-externalagent/1.1 (+https://developers.facebook.com/docs/sharing/webmasters/crawler))"
74.7.227.164 - - [03/Sep/2026:15:42:49 +0000] "GET /vendor/league/commonmark/src/Delimiter/Processor/?C=N;O=D HTTP/1.1" 200 1780 "https://immovalet.com/vendor/league/commonmark/src/Delimiter/Processor/" "Mozilla/5.0 AppleWebKit/537.36 (KHTML, like Gecko; compatible; GPTBot/1.4; +https://openai.com/gptbot)"
74.7.227.164 - - [03/Sep/2026:15:42:50 +0000] "GET /platform/plugins/ecommerce/src/Http/Resources/?C=N;O=D HTTP/1.1" 200 1138 "https://immovalet.com/platform/plugins/ecommerce/src/Http/Resources/" "Mozilla/5.0 AppleWebKit/537.36 (KHTML, like Gecko; compatible; GPTBot/1.4; +https://openai.com/gptbot)"
74.7.227.164 - - [03/Sep/2026:15:42:57 +0000] "GET /platform/plugins/newsletter/src/Http/Controllers/?C=M;O=A HTTP/1.1" 200 1141 "https://immovalet.com/platform/plugins/newsletter/src/Http/Controllers/" "Mozilla/5.0 AppleWebKit/537.36 (KHTML, like Gecko; compatible; GPTBot/1.4; +https://openai.com/gptbot)"
74.7.227.164 - - [03/Sep/2026:15:42:58 +0000] "GET /vendor/league/commonmark/src/Delimiter/Processor/?C=D;O=A HTTP/1.1" 200 1780 "https://immovalet.com/vendor/league/commonmark/src/Delimiter/Processor/" "Mozilla/5.0 AppleWebKit/537.36 (KHTML, like Gecko; compatible; GPTBot/1.4; +https://openai.com/gptbot)"
74.7.227.164 - - [03/Sep/2026:15:42:59 +0000] "GET /vendor/league/commonmark/src/Delimiter/Processor/StaggeredDelimiterProcessor.php HTTP/1.1" 500 - "https://immovalet.com/vendor/league/commonmark/src/Delimiter/Processor/?C=N;O=D" "Mozilla/5.0 AppleWebKit/537.36 (KHTML, like Gecko; compatible; GPTBot/1.4; +https://openai.com/gptbot)"
74.7.227.164 - - [03/Sep/2026:15:43:01 +0000] "GET /platform/plugins/ecommerce/src/Http/Resources/ProductVariationResource.php HTTP/1.1" 500 - "https://immovalet.com/platform/plugins/ecommerce/src/Http/Resources/?C=N;O=D" "Mozilla/5.0 AppleWebKit/537.36 (KHTML, like Gecko; compatible; GPTBot/1.4; +https://openai.com/gptbot)"
74.7.227.164 - - [03/Sep/2026:15:43:02 +0000] "GET /vendor/league/commonmark/src/Delimiter/Processor/EmphasisDelimiterProcessor.php HTTP/1.1" 500 - "https://immovalet.com/vendor/league/commonmark/src/Delimiter/Processor/?C=N;O=D" "Mozilla/5.0 AppleWebKit/537.36 (KHTML, like Gecko; compatible; GPTBot/1.4; +https://openai.com/gptbot)"
74.7.227.164 - - [03/Sep/2026:15:43:03 +0000] "GET /vendor/league/commonmark/src/Delimiter/Processor/DelimiterProcessorCollection.php HTTP/1.1" 500 - "https://immovalet.com/vendor/league/commonmark/src/Delimiter/Processor/?C=N;O=D" "Mozilla/5.0 AppleWebKit/537.36 (KHTML, like Gecko; compatible; GPTBot/1.4; +https://openai.com/gptbot)"
57.141.4.44 - - [03/Sep/2026:15:43:07 +0000] "GET /vendor/paragonie/constant_time_encoding/?C=S;O=A HTTP/1.1" 200 1787 "-" "Mozilla/5.0 (Windows NT 10.0; Win64; x64) AppleWebKit/537.36 (KHTML, like Gecko) Chrome/145.0.0.0 Safari/537.36 (compatible; meta-externalagent/1.1 (+https://developers.facebook.com/docs/sharing/webmasters/crawler))"
74.7.227.164 - - [03/Sep/2026:15:43:10 +0000] "GET /platform/plugins/ecommerce/src/Http/Resources/CustomerResource.php HTTP/1.1" 500 - "https://immovalet.com/platform/plugins/ecommerce/src/Http/Resources/?C=N;O=D" "Mozilla/5.0 AppleWebKit/537.36 (KHTML, like Gecko; compatible; GPTBot/1.4; +https://openai.com/gptbot)"
74.7.227.164 - - [03/Sep/2026:15:43:15 +0000] "GET /vendor/league/commonmark/src/Delimiter/Processor/?C=N;O=A HTTP/1.1" 200 1780 "https://immovalet.com/vendor/league/commonmark/src/Delimiter/Processor/?C=N;O=D" "Mozilla/5.0 AppleWebKit/537.36 (KHTML, like Gecko; compatible; GPTBot/1.4; +https://openai.com/gptbot)"
57.141.4.40 - - [03/Sep/2026:15:43:23 +0000] "GET /vendor/voku/portable-ascii/?C=N;O=D HTTP/1.1" 200 1575 "-" "Mozilla/5.0 (Macintosh; Intel Mac OS X 10_15_7) AppleWebKit/537.36 (KHTML, like Gecko) Chrome/145.0.0.0 Safari/537.36 (compatible; meta-externalagent/1.1 (+https://developers.facebook.com/docs/sharing/webmasters/crawler))"
57.141.4.11 - - [03/Sep/2026:15:43:30 +0000] "GET /vendor/mollie/mollie-api-php/src/MollieApiClient.php HTTP/1.1" 200 - "-" "Mozilla/5.0 (Macintosh; Intel Mac OS X 10_15_7) AppleWebKit/537.36 (KHTML, like Gecko) Chrome/145.0.0.0 Safari/537.36 (compatible; meta-externalagent/1.1 (+https://developers.facebook.com/docs/sharing/webmasters/crawler))"
74.7.227.164 - - [03/Sep/2026:15:43:44 +0000] "GET /platform/plugins/ecommerce/src/Http/Resources/?C=S;O=A HTTP/1.1" 200 1138 "https://immovalet.com/platform/plugins/ecommerce/src/Http/Resources/" "Mozilla/5.0 AppleWebKit/537.36 (KHTML, like Gecko; compatible; GPTBot/1.4; +https://openai.com/gptbot)"
88.90.246.191 - - [03/Sep/2026:15:43:45 +0000] "GET /robots.txt HTTP/1.1" 404 16 "-" "Mozilla/5.0 (compatible; MJ12bot/v1.4.8; http://mj12bot.com/)"
57.141.4.15 - - [03/Sep/2026:15:43:46 +0000] "GET /platform/plugins/blog/src/Supports/?C=M;O=A HTTP/1.1" 200 1269 "-" "Mozilla/5.0 (Windows NT 10.0; Win64; x64) AppleWebKit/537.36 (KHTML, like Gecko) Chrome/145.0.0.0 Safari/537.36 (compatible; meta-externalagent/1.1 (+https://developers.facebook.com/docs/sharing/webmasters/crawler))"
88.90.246.191 - - [03/Sep/2026:15:43:47 +0000] "GET /app/Http/Controllers/?C=M;O=D HTTP/1.1" 200 856 "-" "Mozilla/5.0 (compatible; MJ12bot/v1.4.8; http://mj12bot.com/)"
88.90.246.191 - - [03/Sep/2026:15:43:48 +0000] "GET /platform/themes/shopwise/widgets/?C=M;O=A HTTP/1.1" 200 1428 "-" "Mozilla/5.0 (compatible; MJ12bot/v1.4.8; http://mj12bot.com/)"
74.7.227.164 - - [03/Sep/2026:15:43:49 +0000] "GET /platform/packages/slug/src/Repositories/Caches/?C=N;O=D HTTP/1.1" 200 947 "https://immovalet.com/platform/packages/slug/src/Repositories/Caches/" "Mozilla/5.0 AppleWebKit/537.36 (KHTML, like Gecko; compatible; GPTBot/1.4; +https://openai.com/gptbot)"
88.90.246.191 - - [03/Sep/2026:15:43:50 +0000] "GET /platform/themes/shopwise/widgets/?C=N;O=D HTTP/1.1" 200 1428 "-" "Mozilla/5.0 (compatible; MJ12bot/v1.4.8; http://mj12bot.com/)"
74.7.227.164 - - [03/Sep/2026:15:43:51 +0000] "GET /platform/plugins/ecommerce/src/Cart/Contracts/?C=S;O=A HTTP/1.1" 200 930 "https://immovalet.com/platform/plugins/ecommerce/src/Cart/Contracts/" "Mozilla/5.0 AppleWebKit/537.36 (KHTML, like Gecko; compatible; GPTBot/1.4; +https://openai.com/gptbot)"
88.90.246.191 - - [03/Sep/2026:15:43:51 +0000] "GET /platform/themes/shopwise/widgets/?C=S;O=A HTTP/1.1" 200 1428 "-" "Mozilla/5.0 (compatible; MJ12bot/v1.4.8; http://mj12bot.com/)"
74.7.227.164 - - [03/Sep/2026:15:43:52 +0000] "GET /platform/plugins/sslcommerz/src/Http/Controllers/?C=M;O=A HTTP/1.1" 200 960 "https://immovalet.com/platform/plugins/sslcommerz/src/Http/Controllers/" "Mozilla/5.0 AppleWebKit/537.36 (KHTML, like Gecko; compatible; GPTBot/1.4; +https://openai.com/gptbot)"
88.90.246.191 - - [03/Sep/2026:15:43:53 +0000] "GET /resources/lang/en/?C=D;O=D HTTP/1.1" 200 1395 "-" "Mozilla/5.0 (compatible; MJ12bot/v1.4.8; http://mj12bot.com/)"
74.7.227.164 - - [03/Sep/2026:15:43:53 +0000] "GET /platform/core/dashboard/src/Repositories/Caches/?C=M;O=A HTTP/1.1" 200 1175 "https://immovalet.com/platform/core/dashboard/src/Repositories/Caches/" "Mozilla/5.0 AppleWebKit/537.36 (KHTML, like Gecko; compatible; GPTBot/1.4; +https://openai.com/gptbot)"
88.90.246.191 - - [03/Sep/2026:15:43:54 +0000] "GET /resources/lang/en/?C=S;O=D HTTP/1.1" 200 1395 "-" "Mozilla/5.0 (compatible; MJ12bot/v1.4.8; http://mj12bot.com/)"
74.7.227.164 - - [03/Sep/2026:15:43:54 +0000] "GET /platform/core/media/src/Repositories/Interfaces/?C=D;O=A HTTP/1.1" 200 1337 "https://immovalet.com/platform/core/media/src/Repositories/Interfaces/" "Mozilla/5.0 AppleWebKit/537.36 (KHTML, like Gecko; compatible; GPTBot/1.4; +https://openai.com/gptbot)"
74.7.227.164 - - [03/Sep/2026:15:43:55 +0000] "GET /platform/packages/theme/resources/views/partials/?C=N;O=D HTTP/1.1" 200 1317 "https://immovalet.com/platform/packages/theme/resources/views/partials/" "Mozilla/5.0 AppleWebKit/537.36 (KHTML, like Gecko; compatible; GPTBot/1.4; +https://openai.com/gptbot)"
88.90.246.191 - - [03/Sep/2026:15:43:56 +0000] "GET /resources/lang/vendor/core/?C=M;O=A HTTP/1.1" 200 1746 "-" "Mozilla/5.0 (compatible; MJ12bot/v1.4.8; http://mj12bot.com/)"
74.7.227.164 - - [03/Sep/2026:15:43:56 +0000] "GET /platform/plugins/analytics/resources/assets/js/?C=N;O=D HTTP/1.1" 200 941 "https://immovalet.com/platform/plugins/analytics/resources/assets/js/" "Mozilla/5.0 AppleWebKit/537.36 (KHTML, like Gecko; compatible; GPTBot/1.4; +https://openai.com/gptbot)"
88.90.246.191 - - [03/Sep/2026:15:43:57 +0000] "GET /resources/lang/vendor/core/?C=N;O=D HTTP/1.1" 200 1746 "-" "Mozilla/5.0 (compatible; MJ12bot/v1.4.8; http://mj12bot.com/)"
88.90.246.191 - - [03/Sep/2026:15:43:58 +0000] "GET /resources/lang/vendor/core/?C=S;O=A HTTP/1.1" 200 1746 "-" "Mozilla/5.0 (compatible; MJ12bot/v1.4.8; http://mj12bot.com/)"
74.7.227.164 - - [03/Sep/2026:15:44:00 +0000] "GET /platform/plugins/ecommerce/src/Cart/Contracts/?C=M;O=A HTTP/1.1" 200 930 "https://immovalet.com/platform/plugins/ecommerce/src/Cart/Contracts/" "Mozilla/5.0 AppleWebKit/537.36 (KHTML, like Gecko; compatible; GPTBot/1.4; +https://openai.com/gptbot)"
88.90.246.191 - - [03/Sep/2026:15:44:00 +0000] "GET /resources/lang/vendor/packages/?C=D;O=A HTTP/1.1" 200 2117 "-" "Mozilla/5.0 (compatible; MJ12bot/v1.4.8; http://mj12bot.com/)"
74.7.227.164 - - [03/Sep/2026:15:44:01 +0000] "GET /platform/plugins/ecommerce/src/Cart/Contracts/?C=D;O=A HTTP/1.1" 200 930 "https://immovalet.com/platform/plugins/ecommerce/src/Cart/Contracts/" "Mozilla/5.0 AppleWebKit/537.36 (KHTML, like Gecko; compatible; GPTBot/1.4; +https://openai.com/gptbot)"
88.90.246.191 - - [03/Sep/2026:15:44:02 +0000] "GET /resources/lang/vendor/packages/?C=M;O=A HTTP/1.1" 200 2117 "-" "Mozilla/5.0 (compatible; MJ12bot/v1.4.8; http://mj12bot.com/)"
88.90.246.191 - - [03/Sep/2026:15:44:03 +0000] "GET /resources/lang/vendor/packages/?C=N;O=D HTTP/1.1" 200 2117 "-" "Mozilla/5.0 (compatible; MJ12bot/v1.4.8; http://mj12bot.com/)"
74.7.227.164 - - [03/Sep/2026:15:44:04 +0000] "GET /platform/plugins/ecommerce/src/Http/Controllers/?C=M;O=A HTTP/1.1" 200 4192 "https://immovalet.com/platform/plugins/ecommerce/src/Http/Controllers/" "Mozilla/5.0 AppleWebKit/537.36 (KHTML, like Gecko; compatible; GPTBot/1.4; +https://openai.com/gptbot)"
74.7.227.164 - - [03/Sep/2026:15:44:05 +0000] "GET /platform/packages/theme/resources/views/partials/?C=M;O=A HTTP/1.1" 200 1317 "https://immovalet.com/platform/packages/theme/resources/views/partials/" "Mozilla/5.0 AppleWebKit/537.36 (KHTML, like Gecko; compatible; GPTBot/1.4; +https://openai.com/gptbot)"
74.7.227.164 - - [03/Sep/2026:15:44:05 +0000] "GET /platform/plugins/analytics/resources/assets/js/?C=D;O=A HTTP/1.1" 200 941 "https://immovalet.com/platform/plugins/analytics/resources/assets/js/" "Mozilla/5.0 AppleWebKit/537.36 (KHTML, like Gecko; compatible; GPTBot/1.4; +https://openai.com/gptbot)"
88.90.246.191 - - [03/Sep/2026:15:44:05 +0000] "GET /resources/lang/vendor/packages/?C=S;O=A HTTP/1.1" 200 2117 "-" "Mozilla/5.0 (compatible; MJ12bot/v1.4.8; http://mj12bot.com/)"
74.7.227.164 - - [03/Sep/2026:15:44:06 +0000] "GET /platform/plugins/testimonial/resources/lang/vi/?C=S;O=A HTTP/1.1" 200 944 "https://immovalet.com/platform/plugins/testimonial/resources/lang/vi/" "Mozilla/5.0 AppleWebKit/537.36 (KHTML, like Gecko; compatible; GPTBot/1.4; +https://openai.com/gptbot)"
88.90.246.191 - - [03/Sep/2026:15:44:07 +0000] "GET /resources/lang/vendor/plugins/?C=D;O=A HTTP/1.1" 200 3381 "-" "Mozilla/5.0 (compatible; MJ12bot/v1.4.8; http://mj12bot.com/)"
74.7.227.164 - - [03/Sep/2026:15:44:08 +0000] "GET /platform/plugins/analytics/src/Http/Controllers/?C=D;O=A HTTP/1.1" 200 946 "https://immovalet.com/platform/plugins/analytics/src/Http/Controllers/" "Mozilla/5.0 AppleWebKit/537.36 (KHTML, like Gecko; compatible; GPTBot/1.4; +https://openai.com/gptbot)"
88.90.246.191 - - [03/Sep/2026:15:44:09 +0000] "GET /resources/lang/vendor/plugins/?C=M;O=A HTTP/1.1" 200 3381 "-" "Mozilla/5.0 (compatible; MJ12bot/v1.4.8; http://mj12bot.com/)"
74.7.227.164 - - [03/Sep/2026:15:44:09 +0000] "GET /platform/plugins/analytics/resources/assets/js/?C=M;O=A HTTP/1.1" 200 941 "https://immovalet.com/platform/plugins/analytics/resources/assets/js/" "Mozilla/5.0 AppleWebKit/537.36 (KHTML, like Gecko; compatible; GPTBot/1.4; +https://openai.com/gptbot)"
74.7.227.164 - - [03/Sep/2026:15:44:10 +0000] "GET /platform/plugins/analytics/resources/assets/js/?C=S;O=A HTTP/1.1" 200 941 "https://immovalet.com/platform/plugins/analytics/resources/assets/js/" "Mozilla/5.0 AppleWebKit/537.36 (KHTML, like Gecko; compatible; GPTBot/1.4; +https://openai.com/gptbot)"
88.90.246.191 - - [03/Sep/2026:15:44:11 +0000] "GET /resources/lang/vendor/plugins/?C=N;O=D HTTP/1.1" 200 3381 "-" "Mozilla/5.0 (compatible; MJ12bot/v1.4.8; http://mj12bot.com/)"
74.7.227.164 - - [03/Sep/2026:15:44:11 +0000] "GET /vendor/league/commonmark/src/Delimiter/Processor/?C=S;O=A HTTP/1.1" 200 1780 "https://immovalet.com/vendor/league/commonmark/src/Delimiter/Processor/" "Mozilla/5.0 AppleWebKit/537.36 (KHTML, like Gecko; compatible; GPTBot/1.4; +https://openai.com/gptbot)"
88.90.246.191 - - [03/Sep/2026:15:44:12 +0000] "GET /resources/lang/vendor/plugins/?C=S;O=A HTTP/1.1" 200 3381 "-" "Mozilla/5.0 (compatible; MJ12bot/v1.4.8; http://mj12bot.com/)"
88.90.246.191 - - [03/Sep/2026:15:44:14 +0000] "GET /resources/lang/vi/?C=D;O=D HTTP/1.1" 200 1395 "-" "Mozilla/5.0 (compatible; MJ12bot/v1.4.8; http://mj12bot.com/)"
88.90.246.191 - - [03/Sep/2026:15:44:15 +0000] "GET /resources/lang/vi/?C=M;O=D HTTP/1.1" 200 1395 "-" "Mozilla/5.0 (compatible; MJ12bot/v1.4.8; http://mj12bot.com/)"
74.7.227.164 - - [03/Sep/2026:15:44:17 +0000] "GET /platform/plugins/newsletter/src/Http/Controllers/?C=N;O=D HTTP/1.1" 200 1141 "https://immovalet.com/platform/plugins/newsletter/src/Http/Controllers/" "Mozilla/5.0 AppleWebKit/537.36 (KHTML, like Gecko; compatible; GPTBot/1.4; +https://openai.com/gptbot)"
88.90.246.191 - - [03/Sep/2026:15:44:17 +0000] "GET /resources/lang/vi/?C=S;O=D HTTP/1.1" 200 1395 "-" "Mozilla/5.0 (compatible; MJ12bot/v1.4.8; http://mj12bot.com/)"
57.141.4.46 - - [03/Sep/2026:15:44:17 +0000] "GET /vendor/dompdf/?C=M;O=A HTTP/1.1" 200 833 "-" "Mozilla/5.0 (Windows NT 10.0; Win64; x64) AppleWebKit/537.36 (KHTML, like Gecko) Chrome/145.0.0.0 Safari/537.36 (compatible; meta-externalagent/1.1 (+https://developers.facebook.com/docs/sharing/webmasters/crawler))"
88.90.246.191 - - [03/Sep/2026:15:44:18 +0000] "GET /storage/app/purifier/?C=D;O=D HTTP/1.1" 200 1194 "-" "Mozilla/5.0 (compatible; MJ12bot/v1.4.8; http://mj12bot.com/)"
74.7.227.164 - - [03/Sep/2026:15:44:19 +0000] "GET /platform/plugins/newsletter/src/Http/Controllers/?C=D;O=A HTTP/1.1" 200 1141 "https://immovalet.com/platform/plugins/newsletter/src/Http/Controllers/" "Mozilla/5.0 AppleWebKit/537.36 (KHTML, like Gecko; compatible; GPTBot/1.4; +https://openai.com/gptbot)"
88.90.246.191 - - [03/Sep/2026:15:44:20 +0000] "GET /storage/app/purifier/?C=M;O=D HTTP/1.1" 200 1194 "-" "Mozilla/5.0 (compatible; MJ12bot/v1.4.8; http://mj12bot.com/)"
74.7.227.164 - - [03/Sep/2026:15:44:21 +0000] "GET /vendor/league/commonmark/src/Delimiter/Processor/?C=S;O=D HTTP/1.1" 200 1780 "https://immovalet.com/vendor/league/commonmark/src/Delimiter/Processor/?C=S;O=A" "Mozilla/5.0 AppleWebKit/537.36 (KHTML, like Gecko; compatible; GPTBot/1.4; +https://openai.com/gptbot)"
88.90.246.191 - - [03/Sep/2026:15:44:22 +0000] "GET /storage/app/purifier/?C=S;O=D HTTP/1.1" 200 1194 "-" "Mozilla/5.0 (compatible; MJ12bot/v1.4.8; http://mj12bot.com/)"
88.90.246.191 - - [03/Sep/2026:15:44:23 +0000] "GET /storage/app/purifier/CSS/4.13.0,4114918a13a428a8482a8a449792a5a8747582b5,1.ser HTTP/1.1" 200 29144 "-" "Mozilla/5.0 (compatible; MJ12bot/v1.4.8; http://mj12bot.com/)"
74.7.227.164 - - [03/Sep/2026:15:44:24 +0000] "GET /platform/packages/slug/src/Repositories/Caches/?C=M;O=A HTTP/1.1" 200 947 "https://immovalet.com/platform/packages/slug/src/Repositories/Caches/" "Mozilla/5.0 AppleWebKit/537.36 (KHTML, like Gecko; compatible; GPTBot/1.4; +https://openai.com/gptbot)"
88.90.246.191 - - [03/Sep/2026:15:44:26 +0000] "GET /storage/app/purifier/CSS/4.13.0,84a9cb681804f68773a2a36419faffda843c1870,1.ser HTTP/1.1" 200 8285 "-" "Mozilla/5.0 (compatible; MJ12bot/v1.4.8; http://mj12bot.com/)"
88.90.246.191 - - [03/Sep/2026:15:44:28 +0000] "GET /storage/app/purifier/CSS/?C=D;O=A HTTP/1.1" 200 1142 "-" "Mozilla/5.0 (compatible; MJ12bot/v1.4.8; http://mj12bot.com/)"
57.141.4.67 - - [03/Sep/2026:15:44:31 +0000] "GET /platform/plugins/social-login/routes/?C=D;O=A HTTP/1.1" 200 902 "-" "Mozilla/5.0 (Windows NT 10.0; Win64; x64) AppleWebKit/537.36 (KHTML, like Gecko) Chrome/145.0.0.0 Safari/537.36 (compatible; meta-externalagent/1.1 (+https://developers.facebook.com/docs/sharing/webmasters/crawler))"
74.7.227.164 - - [03/Sep/2026:15:44:32 +0000] "GET /platform/plugins/newsletter/src/Http/Controllers/PublicController.php HTTP/1.1" 500 - "https://immovalet.com/platform/plugins/newsletter/src/Http/Controllers/?C=N;O=D" "Mozilla/5.0 AppleWebKit/537.36 (KHTML, like Gecko; compatible; GPTBot/1.4; +https://openai.com/gptbot)"
57.141.4.20 - - [03/Sep/2026:15:44:35 +0000] "GET /platform/plugins/simple-slider/config/permissions.php HTTP/1.1" 200 - "-" "Mozilla/5.0 (Windows NT 10.0; Win64; x64) AppleWebKit/537.36 (KHTML, like Gecko) Chrome/145.0.0.0 Safari/537.36 (compatible; meta-externalagent/1.1 (+https://developers.facebook.com/docs/sharing/webmasters/crawler))"
74.7.227.164 - - [03/Sep/2026:15:44:36 +0000] "GET /platform/plugins/newsletter/src/Http/Controllers/NewsletterController.php HTTP/1.1" 500 - "https://immovalet.com/platform/plugins/newsletter/src/Http/Controllers/?C=N;O=D" "Mozilla/5.0 AppleWebKit/537.36 (KHTML, like Gecko; compatible; GPTBot/1.4; +https://openai.com/gptbot)"
57.141.4.51 - - [03/Sep/2026:15:44:44 +0000] "GET /platform/plugins/social-login/public/?C=S;O=A HTTP/1.1" 200 1070 "-" "Mozilla/5.0 (Windows NT 10.0; Win64; x64) AppleWebKit/537.36 (KHTML, like Gecko) Chrome/145.0.0.0 Safari/537.36 (compatible; meta-externalagent/1.1 (+https://developers.facebook.com/docs/sharing/webmasters/crawler))"
74.7.227.164 - - [03/Sep/2026:15:44:50 +0000] "GET /platform/core/media/src/Repositories/Interfaces/?C=N;O=D HTTP/1.1" 200 1337 "https://immovalet.com/platform/core/media/src/Repositories/Interfaces/" "Mozilla/5.0 AppleWebKit/537.36 (KHTML, like Gecko; compatible; GPTBot/1.4; +https://openai.com/gptbot)"
57.141.4.44 - - [03/Sep/2026:15:44:52 +0000] "GET /vendor/symfony/var-exporter/Internal/?C=N;O=A HTTP/1.1" 200 1624 "-" "Mozilla/5.0 (Windows NT 10.0; Win64; x64) AppleWebKit/537.36 (KHTML, like Gecko) Chrome/145.0.0.0 Safari/537.36 (compatible; meta-externalagent/1.1 (+https://developers.facebook.com/docs/sharing/webmasters/crawler))"
74.7.227.164 - - [03/Sep/2026:15:45:07 +0000] "GET /platform/plugins/ecommerce/src/Http/Controllers/?C=S;O=A HTTP/1.1" 200 4192 "https://immovalet.com/platform/plugins/ecommerce/src/Http/Controllers/" "Mozilla/5.0 AppleWebKit/537.36 (KHTML, like Gecko; compatible; GPTBot/1.4; +https://openai.com/gptbot)"
74.7.227.164 - - [03/Sep/2026:15:45:13 +0000] "GET /platform/plugins/sslcommerz/src/Http/Controllers/?C=D;O=A HTTP/1.1" 200 960 "https://immovalet.com/platform/plugins/sslcommerz/src/Http/Controllers/" "Mozilla/5.0 AppleWebKit/537.36 (KHTML, like Gecko; compatible; GPTBot/1.4; +https://openai.com/gptbot)"
74.7.227.164 - - [03/Sep/2026:15:45:15 +0000] "GET /platform/core/dashboard/src/Repositories/Caches/?C=N;O=D HTTP/1.1" 200 1175 "https://immovalet.com/platform/core/dashboard/src/Repositories/Caches/" "Mozilla/5.0 AppleWebKit/537.36 (KHTML, like Gecko; compatible; GPTBot/1.4; +https://openai.com/gptbot)"
74.7.227.164 - - [03/Sep/2026:15:45:17 +0000] "GET /platform/packages/slug/resources/views/partials/?C=N;O=D HTTP/1.1" 200 940 "https://immovalet.com/platform/packages/slug/resources/views/partials/" "Mozilla/5.0 AppleWebKit/537.36 (KHTML, like Gecko; compatible; GPTBot/1.4; +https://openai.com/gptbot)"
74.7.227.164 - - [03/Sep/2026:15:45:20 +0000] "GET /platform/plugins/ecommerce/src/Http/Controllers/?C=N;O=D HTTP/1.1" 200 4192 "https://immovalet.com/platform/plugins/ecommerce/src/Http/Controllers/" "Mozilla/5.0 AppleWebKit/537.36 (KHTML, like Gecko; compatible; GPTBot/1.4; +https://openai.com/gptbot)"
74.7.227.164 - - [03/Sep/2026:15:45:21 +0000] "GET /platform/plugins/payment/src/Http/Controllers/?C=M;O=A HTTP/1.1" 200 938 "https://immovalet.com/platform/plugins/payment/src/Http/Controllers/" "Mozilla/5.0 AppleWebKit/537.36 (KHTML, like Gecko; compatible; GPTBot/1.4; +https://openai.com/gptbot)"
74.7.227.164 - - [03/Sep/2026:15:45:22 +0000] "GET /platform/core/media/src/Repositories/Interfaces/MediaFileInterface.php HTTP/1.1" 500 - "https://immovalet.com/platform/core/media/src/Repositories/Interfaces/?C=N;O=D" "Mozilla/5.0 AppleWebKit/537.36 (KHTML, like Gecko; compatible; GPTBot/1.4; +https://openai.com/gptbot)"
74.7.227.164 - - [03/Sep/2026:15:45:23 +0000] "GET /platform/core/media/src/Repositories/Interfaces/MediaSettingInterface.php HTTP/1.1" 500 - "https://immovalet.com/platform/core/media/src/Repositories/Interfaces/?C=N;O=D" "Mozilla/5.0 AppleWebKit/537.36 (KHTML, like Gecko; compatible; GPTBot/1.4; +https://openai.com/gptbot)"
74.7.227.164 - - [03/Sep/2026:15:45:24 +0000] "GET /platform/core/media/src/Repositories/Interfaces/MediaFolderInterface.php HTTP/1.1" 500 - "https://immovalet.com/platform/core/media/src/Repositories/Interfaces/?C=N;O=D" "Mozilla/5.0 AppleWebKit/537.36 (KHTML, like Gecko; compatible; GPTBot/1.4; +https://openai.com/gptbot)"
74.7.227.164 - - [03/Sep/2026:15:45:25 +0000] "GET /platform/plugins/ecommerce/src/Http/Controllers/ProductLabelController.php HTTP/1.1" 500 - "https://immovalet.com/platform/plugins/ecommerce/src/Http/Controllers/?C=S;O=A" "Mozilla/5.0 AppleWebKit/537.36 (KHTML, like Gecko; compatible; GPTBot/1.4; +https://openai.com/gptbot)"
57.141.4.63 - - [03/Sep/2026:15:45:27 +0000] "GET /vendor/paypal/paypalhttp/lib/PayPalHttp/Curl.php HTTP/1.1" 200 - "-" "Mozilla/5.0 (Windows NT 10.0; Win64; x64) AppleWebKit/537.36 (KHTML, like Gecko) Chrome/145.0.0.0 Safari/537.36 (compatible; meta-externalagent/1.1 (+https://developers.facebook.com/docs/sharing/webmasters/crawler))"
57.141.4.3 - - [03/Sep/2026:15:45:30 +0000] "GET /vendor/symfony/var-dumper/Exception/ HTTP/1.1" 200 919 "-" "Mozilla/5.0 (Windows NT 10.0; Win64; x64) AppleWebKit/537.36 (KHTML, like Gecko) Chrome/145.0.0.0 Safari/537.36 (compatible; meta-externalagent/1.1 (+https://developers.facebook.com/docs/sharing/webmasters/crawler))"
57.141.4.2 - - [03/Sep/2026:15:45:31 +0000] "GET /storage/framework/cache/data/86/?C=N;O=D HTTP/1.1" 200 887 "-" "Mozilla/5.0 (X11; Linux x86_64) AppleWebKit/537.36 (KHTML, like Gecko) Chrome/145.0.0.0 Safari/537.36 (compatible; meta-externalagent/1.1 (+https://developers.facebook.com/docs/sharing/webmasters/crawler))"
74.7.227.164 - - [03/Sep/2026:15:45:34 +0000] "GET /platform/core/dashboard/src/Repositories/Caches/DashboardWidgetCacheDecorator.php HTTP/1.1" 500 - "https://immovalet.com/platform/core/dashboard/src/Repositories/Caches/?C=N;O=D" "Mozilla/5.0 AppleWebKit/537.36 (KHTML, like Gecko; compatible; GPTBot/1.4; +https://openai.com/gptbot)"
57.141.4.4 - - [03/Sep/2026:15:45:38 +0000] "GET /vendor/nesbot/ HTTP/1.1" 200 833 "-" "Mozilla/5.0 (Windows NT 10.0; Win64; x64) AppleWebKit/537.36 (KHTML, like Gecko) Chrome/145.0.0.0 Safari/537.36 (compatible; meta-externalagent/1.1 (+https://developers.facebook.com/docs/sharing/webmasters/crawler))"
74.7.227.164 - - [03/Sep/2026:15:45:41 +0000] "GET /platform/core/dashboard/src/Repositories/Caches/DashboardWidgetSettingCacheDecorator.php HTTP/1.1" 500 - "https://immovalet.com/platform/core/dashboard/src/Repositories/Caches/?C=N;O=D" "Mozilla/5.0 AppleWebKit/537.36 (KHTML, like Gecko; compatible; GPTBot/1.4; +https://openai.com/gptbot)"
74.7.227.164 - - [03/Sep/2026:15:45:52 +0000] "GET /platform/plugins/ecommerce/src/Http/Controllers/ProductController.php HTTP/1.1" 500 - "https://immovalet.com/platform/plugins/ecommerce/src/Http/Controllers/?C=S;O=A" "Mozilla/5.0 AppleWebKit/537.36 (KHTML, like Gecko; compatible; GPTBot/1.4; +https://openai.com/gptbot)"
57.141.4.12 - - [03/Sep/2026:15:46:24 +0000] "GET /vendor/aws/aws-sdk-php/src/WorkDocs/?C=S;O=A HTTP/1.1" 200 1086 "-" "Mozilla/5.0 (Windows NT 10.0; Win64; x64) AppleWebKit/537.36 (KHTML, like Gecko) Chrome/145.0.0.0 Safari/537.36 (compatible; meta-externalagent/1.1 (+https://developers.facebook.com/docs/sharing/webmasters/crawler))"
74.7.227.164 - - [03/Sep/2026:15:47:06 +0000] "GET /platform/plugins/ecommerce/src/Http/Controllers/ProductTagController.php HTTP/1.1" 500 - "https://immovalet.com/platform/plugins/ecommerce/src/Http/Controllers/?C=S;O=A" "Mozilla/5.0 AppleWebKit/537.36 (KHTML, like Gecko; compatible; GPTBot/1.4; +https://openai.com/gptbot)"
57.141.4.32 - - [03/Sep/2026:15:47:25 +0000] "GET /platform/packages/shortcode/ HTTP/1.1" 200 1401 "-" "Mozilla/5.0 (Windows NT 10.0; Win64; x64) AppleWebKit/537.36 (KHTML, like Gecko) Chrome/145.0.0.0 Safari/537.36 (compatible; meta-externalagent/1.1 (+https://developers.facebook.com/docs/sharing/webmasters/crawler))"
57.141.4.10 - - [03/Sep/2026:15:47:40 +0000] "GET /storage/framework/views/448ba12246eff2a9a8b9a8efeb4e8b92f5c5dd25.php HTTP/1.1" 200 86 "-" "Mozilla/5.0 (Windows NT 10.0; Win64; x64) AppleWebKit/537.36 (KHTML, like Gecko) Chrome/145.0.0.0 Safari/537.36 (compatible; meta-externalagent/1.1 (+https://developers.facebook.com/docs/sharing/webmasters/crawler))"
57.141.4.32 - - [03/Sep/2026:15:47:42 +0000] "GET /storage/app/purifier/HTML/?C=S;O=A HTTP/1.1" 200 1368 "-" "Mozilla/5.0 (Macintosh; Intel Mac OS X 10_15_7) AppleWebKit/537.36 (KHTML, like Gecko) Chrome/145.0.0.0 Safari/537.36 (compatible; meta-externalagent/1.1 (+https://developers.facebook.com/docs/sharing/webmasters/crawler))"
57.141.4.39 - - [03/Sep/2026:15:47:45 +0000] "GET /vendor/botble/sitemap/?C=M;O=A HTTP/1.1" 200 1562 "-" "Mozilla/5.0 (Windows NT 10.0; Win64; x64) AppleWebKit/537.36 (KHTML, like Gecko) Chrome/145.0.0.0 Safari/537.36 (compatible; meta-externalagent/1.1 (+https://developers.facebook.com/docs/sharing/webmasters/crawler))"
74.7.227.164 - - [03/Sep/2026:15:47:46 +0000] "GET /platform/plugins/ecommerce/src/Http/Controllers/ReviewController.php HTTP/1.1" 500 - "https://immovalet.com/platform/plugins/ecommerce/src/Http/Controllers/?C=S;O=A" "Mozilla/5.0 AppleWebKit/537.36 (KHTML, like Gecko; compatible; GPTBot/1.4; +https://openai.com/gptbot)"
57.141.4.4 - - [03/Sep/2026:15:47:51 +0000] "GET /vendor/aws/aws-sdk-php/src/Organizations/OrganizationsClient.php HTTP/1.1" 500 - "-" "Mozilla/5.0 (Macintosh; Intel Mac OS X 10_15_7) AppleWebKit/537.36 (KHTML, like Gecko) Chrome/145.0.0.0 Safari/537.36 (compatible; meta-externalagent/1.1 (+https://developers.facebook.com/docs/sharing/webmasters/crawler))"
57.141.4.20 - - [03/Sep/2026:15:47:59 +0000] "GET /vendor/botble/platform/js-validation/ HTTP/1.1" 200 1602 "-" "Mozilla/5.0 (X11; Linux x86_64) AppleWebKit/537.36 (KHTML, like Gecko) Chrome/145.0.0.0 Safari/537.36 (compatible; meta-externalagent/1.1 (+https://developers.facebook.com/docs/sharing/webmasters/crawler))"
57.141.4.58 - - [03/Sep/2026:15:48:02 +0000] "GET /platform/core/acl/?C=D;O=A HTTP/1.1" 200 2083 "-" "Mozilla/5.0 (Windows NT 10.0; Win64; x64) AppleWebKit/537.36 (KHTML, like Gecko) Chrome/145.0.0.0 Safari/537.36 (compatible; meta-externalagent/1.1 (+https://developers.facebook.com/docs/sharing/webmasters/crawler))"
74.7.227.164 - - [03/Sep/2026:15:48:06 +0000] "GET /platform/plugins/ecommerce/src/Http/Controllers/FlashSaleController.php HTTP/1.1" 500 - "https://immovalet.com/platform/plugins/ecommerce/src/Http/Controllers/?C=S;O=A" "Mozilla/5.0 AppleWebKit/537.36 (KHTML, like Gecko; compatible; GPTBot/1.4; +https://openai.com/gptbot)"
57.141.4.53 - - [03/Sep/2026:15:48:29 +0000] "GET /ujtvgfi/1ybiesq/ HTTP/1.1" 200 - "-" "Mozilla/5.0 (Windows NT 10.0; Win64; x64) AppleWebKit/537.36 (KHTML, like Gecko) Chrome/145.0.0.0 Safari/537.36 (compatible; meta-externalagent/1.1 (+https://developers.facebook.com/docs/sharing/webmasters/crawler))"
57.141.4.64 - - [03/Sep/2026:15:48:35 +0000] "GET /vendor/botble/menu/?C=D;O=A HTTP/1.1" 200 2266 "-" "Mozilla/5.0 (X11; Linux x86_64) AppleWebKit/537.36 (KHTML, like Gecko) Chrome/145.0.0.0 Safari/537.36 (compatible; meta-externalagent/1.1 (+https://developers.facebook.com/docs/sharing/webmasters/crawler))"
57.141.4.68 - - [03/Sep/2026:15:48:45 +0000] "GET /vendor/yajra/laravel-datatables-html/src/?C=D;O=A HTTP/1.1" 200 1284 "-" "Mozilla/5.0 (Windows NT 10.0; Win64; x64) AppleWebKit/537.36 (KHTML, like Gecko) Chrome/145.0.0.0 Safari/537.36 (compatible; meta-externalagent/1.1 (+https://developers.facebook.com/docs/sharing/webmasters/crawler))"
74.7.227.164 - - [03/Sep/2026:15:48:46 +0000] "GET /platform/plugins/ecommerce/src/Http/Controllers/BrandController.php HTTP/1.1" 500 - "https://immovalet.com/platform/plugins/ecommerce/src/Http/Controllers/?C=S;O=A" "Mozilla/5.0 AppleWebKit/537.36 (KHTML, like Gecko; compatible; GPTBot/1.4; +https://openai.com/gptbot)"
57.141.4.28 - - [03/Sep/2026:15:49:10 +0000] "GET /database/seeders/files/product-categories/ HTTP/1.1" 200 1955 "-" "Mozilla/5.0 (Windows NT 10.0; Win64; x64) AppleWebKit/537.36 (KHTML, like Gecko) Chrome/145.0.0.0 Safari/537.36 (compatible; meta-externalagent/1.1 (+https://developers.facebook.com/docs/sharing/webmasters/crawler))"
74.7.227.164 - - [03/Sep/2026:15:49:26 +0000] "GET /platform/plugins/ecommerce/src/Http/Controllers/ProductCategoryController.php HTTP/1.1" 500 - "https://immovalet.com/platform/plugins/ecommerce/src/Http/Controllers/?C=S;O=A" "Mozilla/5.0 AppleWebKit/537.36 (KHTML, like Gecko; compatible; GPTBot/1.4; +https://openai.com/gptbot)"
74.7.227.164 - - [03/Sep/2026:15:49:46 +0000] "GET /platform/plugins/ecommerce/src/Http/Controllers/ShippingMethodController.php HTTP/1.1" 500 - "https://immovalet.com/platform/plugins/ecommerce/src/Http/Controllers/?C=S;O=A" "Mozilla/5.0 AppleWebKit/537.36 (KHTML, like Gecko; compatible; GPTBot/1.4; +https://openai.com/gptbot)"
57.141.4.67 - - [03/Sep/2026:15:50:04 +0000] "GET /vendor/botble/plugin-management/public/ HTTP/1.1" 200 1076 "-" "Mozilla/5.0 (Windows NT 10.0; Win64; x64) AppleWebKit/537.36 (KHTML, like Gecko) Chrome/145.0.0.0 Safari/537.36 (compatible; meta-externalagent/1.1 (+https://developers.facebook.com/docs/sharing/webmasters/crawler))"
57.141.4.34 - - [03/Sep/2026:15:50:06 +0000] "GET /vendor/maatwebsite/excel/src/Mixins/DownloadCollection.php HTTP/1.1" 200 - "-" "Mozilla/5.0 (Windows NT 10.0; Win64; x64) AppleWebKit/537.36 (KHTML, like Gecko) Chrome/145.0.0.0 Safari/537.36 (compatible; meta-externalagent/1.1 (+https://developers.facebook.com/docs/sharing/webmasters/crawler))"
57.141.4.14 - - [03/Sep/2026:15:50:08 +0000] "GET /platform/plugins/contact/resources/email-templates/ HTTP/1.1" 200 938 "-" "Mozilla/5.0 (Windows NT 10.0; Win64; x64) AppleWebKit/537.36 (KHTML, like Gecko) Chrome/145.0.0.0 Safari/537.36 (compatible; meta-externalagent/1.1 (+https://developers.facebook.com/docs/sharing/webmasters/crawler))"
57.141.4.64 - - [03/Sep/2026:15:50:16 +0000] "GET /platform/plugins/paystack/routes/?C=D;O=A HTTP/1.1" 200 890 "-" "Mozilla/5.0 (Windows NT 10.0; Win64; x64) AppleWebKit/537.36 (KHTML, like Gecko) Chrome/145.0.0.0 Safari/537.36 (compatible; meta-externalagent/1.1 (+https://developers.facebook.com/docs/sharing/webmasters/crawler))"
74.7.227.164 - - [03/Sep/2026:15:50:26 +0000] "GET /platform/plugins/ecommerce/src/Http/Controllers/TaxController.php HTTP/1.1" 500 - "https://immovalet.com/platform/plugins/ecommerce/src/Http/Controllers/?C=S;O=A" "Mozilla/5.0 AppleWebKit/537.36 (KHTML, like Gecko; compatible; GPTBot/1.4; +https://openai.com/gptbot)"
57.141.4.30 - - [03/Sep/2026:15:50:56 +0000] "GET /platform/plugins/analytics/?C=M;O=D HTTP/1.1" 200 2293 "-" "Mozilla/5.0 (Windows NT 10.0; Win64; x64) AppleWebKit/537.36 (KHTML, like Gecko) Chrome/145.0.0.0 Safari/537.36 (compatible; meta-externalagent/1.1 (+https://developers.facebook.com/docs/sharing/webmasters/crawler))"
57.141.4.61 - - [03/Sep/2026:15:51:28 +0000] "GET /vendor/laravel/socialite/?C=D;O=A HTTP/1.1" 200 1219 "-" "Mozilla/5.0 (Windows NT 10.0; Win64; x64) AppleWebKit/537.36 (KHTML, like Gecko) Chrome/145.0.0.0 Safari/537.36 (compatible; meta-externalagent/1.1 (+https://developers.facebook.com/docs/sharing/webmasters/crawler))"
57.141.4.28 - - [03/Sep/2026:15:51:28 +0000] "GET /platform/plugins/sslcommerz/public/?C=S;O=A HTTP/1.1" 200 896 "-" "Mozilla/5.0 (Windows NT 10.0; Win64; x64) AppleWebKit/537.36 (KHTML, like Gecko) Chrome/144.0.0.0 Safari/537.36 Edg/144.0.0.0 (compatible; meta-externalagent/1.1 (+https://developers.facebook.com/docs/sharing/webmasters/crawler))"
74.7.227.164 - - [03/Sep/2026:15:51:30 +0000] "GET /platform/plugins/ecommerce/src/Http/Controllers/ProductAttributeSetsController.php HTTP/1.1" 500 - "https://immovalet.com/platform/plugins/ecommerce/src/Http/Controllers/?C=S;O=A" "Mozilla/5.0 AppleWebKit/537.36 (KHTML, like Gecko; compatible; GPTBot/1.4; +https://openai.com/gptbot)"
74.7.227.164 - - [03/Sep/2026:15:51:50 +0000] "GET /platform/plugins/ecommerce/src/Http/Controllers/ShipmentController.php HTTP/1.1" 500 - "https://immovalet.com/platform/plugins/ecommerce/src/Http/Controllers/?C=S;O=A" "Mozilla/5.0 AppleWebKit/537.36 (KHTML, like Gecko; compatible; GPTBot/1.4; +https://openai.com/gptbot)"
74.7.227.164 - - [03/Sep/2026:15:52:10 +0000] "GET /platform/plugins/ecommerce/src/Http/Controllers/DiscountController.php HTTP/1.1" 500 - "https://immovalet.com/platform/plugins/ecommerce/src/Http/Controllers/?C=S;O=A" "Mozilla/5.0 AppleWebKit/537.36 (KHTML, like Gecko; compatible; GPTBot/1.4; +https://openai.com/gptbot)"
57.141.4.14 - - [03/Sep/2026:15:52:15 +0000] "GET /vendor/symfony/var-dumper/Cloner/?C=N;O=D HTTP/1.1" 200 1986 "-" "Mozilla/5.0 (Macintosh; Intel Mac OS X 10_15_7) AppleWebKit/537.36 (KHTML, like Gecko) Chrome/145.0.0.0 Safari/537.36 (compatible; meta-externalagent/1.1 (+https://developers.facebook.com/docs/sharing/webmasters/crawler))"
57.141.4.63 - - [03/Sep/2026:15:52:45 +0000] "GET /vendor/aws/aws-sdk-php/src/SSOAdmin/?C=S;O=A HTTP/1.1" 200 1086 "-" "Mozilla/5.0 (Macintosh; Intel Mac OS X 10_15_7) AppleWebKit/537.36 (KHTML, like Gecko) Chrome/145.0.0.0 Safari/537.36 (compatible; meta-externalagent/1.1 (+https://developers.facebook.com/docs/sharing/webmasters/crawler))"
57.141.4.57 - - [03/Sep/2026:15:52:49 +0000] "GET /vendor/brick/?C=M;O=D HTTP/1.1" 200 829 "-" "Mozilla/5.0 (Macintosh; Intel Mac OS X 10_15_7) AppleWebKit/537.36 (KHTML, like Gecko) Chrome/145.0.0.0 Safari/537.36 (compatible; meta-externalagent/1.1 (+https://developers.facebook.com/docs/sharing/webmasters/crawler))"
