74.7.227.164 - - [03/Sep/2026:15:53:10 +0000] "GET /platform/plugins/ecommerce/src/Http/Controllers/ProductCollectionController.php HTTP/1.1" 500 - "https://immovalet.com/platform/plugins/ecommerce/src/Http/Controllers/?C=S;O=A" "Mozilla/5.0 AppleWebKit/537.36 (KHTML, like Gecko; compatible; GPTBot/1.4; +https://openai.com/gptbot)"
57.141.4.46 - - [03/Sep/2026:15:53:22 +0000] "GET /platform/packages/widget/public/js/?C=D;O=A HTTP/1.1" 200 902 "-" "Mozilla/5.0 (X11; Linux x86_64) AppleWebKit/537.36 (KHTML, like Gecko) Chrome/145.0.0.0 Safari/537.36 (compatible; meta-externalagent/1.1 (+https://developers.facebook.com/docs/sharing/webmasters/crawler))"
57.141.4.36 - - [03/Sep/2026:15:53:25 +0000] "GET /platform/packages/widget/src/Repositories/?C=M;O=D HTTP/1.1" 200 1267 "-" "Mozilla/5.0 (X11; Linux x86_64) AppleWebKit/537.36 (KHTML, like Gecko) Chrome/145.0.0.0 Safari/537.36 (compatible; meta-externalagent/1.1 (+https://developers.facebook.com/docs/sharing/webmasters/crawler))"
57.141.4.28 - - [03/Sep/2026:15:53:34 +0000] "GET /vendor/aws/aws-sdk-php/src/LocationService/Exception/?C=M;O=A HTTP/1.1" 200 971 "-" "Mozilla/5.0 (Windows NT 10.0; Win64; x64) AppleWebKit/537.36 (KHTML, like Gecko) Chrome/145.0.0.0 Safari/537.36 (compatible; meta-externalagent/1.1 (+https://developers.facebook.com/docs/sharing/webmasters/crawler))"
57.141.4.59 - - [03/Sep/2026:15:53:39 +0000] "GET /vendor/moneyphp/money/resources/?C=M;O=A HTTP/1.1" 200 1086 "-" "Mozilla/5.0 (Windows NT 10.0; Win64; x64) AppleWebKit/537.36 (KHTML, like Gecko) Chrome/145.0.0.0 Safari/537.36 (compatible; meta-externalagent/1.1 (+https://developers.facebook.com/docs/sharing/webmasters/crawler))"
74.7.227.164 - - [03/Sep/2026:15:53:51 +0000] "GET /platform/plugins/ecommerce/src/Http/Controllers/EcommerceController.php HTTP/1.1" 500 - "https://immovalet.com/platform/plugins/ecommerce/src/Http/Controllers/?C=S;O=A" "Mozilla/5.0 AppleWebKit/537.36 (KHTML, like Gecko; compatible; GPTBot/1.4; +https://openai.com/gptbot)"
57.141.4.68 - - [03/Sep/2026:15:53:53 +0000] "GET /platform/core/media/public/libraries/fancybox/ HTTP/1.1" 200 1133 "-" "Mozilla/5.0 (Windows NT 10.0; Win64; x64) AppleWebKit/537.36 (KHTML, like Gecko) Chrome/145.0.0.0 Safari/537.36 (compatible; meta-externalagent/1.1 (+https://developers.facebook.com/docs/sharing/webmasters/crawler))"
57.141.4.11 - - [03/Sep/2026:15:53:55 +0000] "GET /vendor/aws/aws-sdk-php/src/LocationService/Exception/?C=M;O=D HTTP/1.1" 200 971 "-" "Mozilla/5.0 (X11; Linux x86_64; rv:147.0) Gecko/20100101 Firefox/147.0 (compatible; meta-externalagent/1.1 (+https://developers.facebook.com/docs/sharing/webmasters/crawler))"
74.7.227.164 - - [03/Sep/2026:15:54:31 +0000] "GET /platform/plugins/ecommerce/src/Http/Controllers/ReportController.php HTTP/1.1" 500 - "https://immovalet.com/platform/plugins/ecommerce/src/Http/Controllers/?C=S;O=A" "Mozilla/5.0 AppleWebKit/537.36 (KHTML, like Gecko; compatible; GPTBot/1.4; +https://openai.com/gptbot)"
57.141.4.31 - - [03/Sep/2026:15:54:41 +0000] "GET /platform/plugins/sslcommerz/helpers/ HTTP/1.1" 200 904 "-" "Mozilla/5.0 (Windows NT 10.0; Win64; x64) AppleWebKit/537.36 (KHTML, like Gecko) Chrome/145.0.0.0 Safari/537.36 (compatible; meta-externalagent/1.1 (+https://developers.facebook.com/docs/sharing/webmasters/crawler))"
57.141.4.73 - - [03/Sep/2026:15:54:43 +0000] "GET /vendor/markbaker/matrix/?C=N;O=A HTTP/1.1" 200 1948 "-" "Mozilla/5.0 (X11; Linux x86_64) AppleWebKit/537.36 (KHTML, like Gecko) Chrome/145.0.0.0 Safari/537.36 (compatible; meta-externalagent/1.1 (+https://developers.facebook.com/docs/sharing/webmasters/crawler))"
74.7.227.164 - - [03/Sep/2026:15:54:50 +0000] "GET /platform/plugins/ecommerce/src/Http/Controllers/OrderController.php HTTP/1.1" 500 - "https://immovalet.com/platform/plugins/ecommerce/src/Http/Controllers/?C=S;O=A" "Mozilla/5.0 AppleWebKit/537.36 (KHTML, like Gecko; compatible; GPTBot/1.4; +https://openai.com/gptbot)"
57.141.4.45 - - [03/Sep/2026:15:55:13 +0000] "GET /vendor/stripe/stripe-php/lib/BillingPortal/ HTTP/1.1" 200 1102 "-" "Mozilla/5.0 (Windows NT 10.0; Win64; x64) AppleWebKit/537.36 (KHTML, like Gecko) Chrome/145.0.0.0 Safari/537.36 (compatible; meta-externalagent/1.1 (+https://developers.facebook.com/docs/sharing/webmasters/crawler))"
57.141.4.32 - - [03/Sep/2026:15:55:15 +0000] "GET /vendor/symfony/finder/Exception/?C=D;O=A HTTP/1.1" 200 1106 "-" "Mozilla/5.0 (Windows NT 10.0; Win64; x64) AppleWebKit/537.36 (KHTML, like Gecko) Chrome/145.0.0.0 Safari/537.36 (compatible; meta-externalagent/1.1 (+https://developers.facebook.com/docs/sharing/webmasters/crawler))"
74.7.227.164 - - [03/Sep/2026:15:55:30 +0000] "GET /platform/core/media/src/Repositories/Interfaces/?C=N;O=A HTTP/1.1" 200 1337 "https://immovalet.com/platform/core/media/src/Repositories/Interfaces/?C=N;O=D" "Mozilla/5.0 AppleWebKit/537.36 (KHTML, like Gecko; compatible; GPTBot/1.4; +https://openai.com/gptbot)"
57.141.4.73 - - [03/Sep/2026:15:55:32 +0000] "GET /platform/plugins/blog/database/migrations/2021_02_16_092633_remove_default_value_for_author_type.php HTTP/1.1" 500 - "-" "Mozilla/5.0 (Macintosh; Intel Mac OS X 10_15_7) AppleWebKit/537.36 (KHTML, like Gecko) Chrome/145.0.0.0 Safari/537.36 (compatible; meta-externalagent/1.1 (+https://developers.facebook.com/docs/sharing/webmasters/crawler))"
57.141.4.12 - - [03/Sep/2026:15:55:41 +0000] "GET /platform/core/js-validation/resources/?C=S;O=A HTTP/1.1" 200 1076 "-" "Mozilla/5.0 (Windows NT 10.0; Win64; x64) AppleWebKit/537.36 (KHTML, like Gecko) Chrome/145.0.0.0 Safari/537.36 (compatible; meta-externalagent/1.1 (+https://developers.facebook.com/docs/sharing/webmasters/crawler))"
74.7.227.164 - - [03/Sep/2026:15:55:51 +0000] "GET /platform/plugins/ecommerce/src/Http/Controllers/?C=S;O=D HTTP/1.1" 200 4192 "https://immovalet.com/platform/plugins/ecommerce/src/Http/Controllers/?C=S;O=A" "Mozilla/5.0 AppleWebKit/537.36 (KHTML, like Gecko; compatible; GPTBot/1.4; +https://openai.com/gptbot)"
57.141.4.53 - - [03/Sep/2026:15:56:06 +0000] "GET /vendor/yajra/laravel-datatables-html/UPGRADE.md HTTP/1.1" 200 16 "-" "Mozilla/5.0 (Macintosh; Intel Mac OS X 10_15_7) AppleWebKit/537.36 (KHTML, like Gecko) Chrome/145.0.0.0 Safari/537.36 (compatible; meta-externalagent/1.1 (+https://developers.facebook.com/docs/sharing/webmasters/crawler))"
74.7.227.164 - - [03/Sep/2026:15:56:07 +0000] "GET /platform/core/dashboard/src/Repositories/Caches/?C=N;O=A HTTP/1.1" 200 1175 "https://immovalet.com/platform/core/dashboard/src/Repositories/Caches/?C=N;O=D" "Mozilla/5.0 AppleWebKit/537.36 (KHTML, like Gecko; compatible; GPTBot/1.4; +https://openai.com/gptbot)"
74.7.227.164 - - [03/Sep/2026:15:56:19 +0000] "GET /platform/plugins/ecommerce/src/Http/Controllers/?C=N;O=A HTTP/1.1" 200 4192 "https://immovalet.com/platform/plugins/ecommerce/src/Http/Controllers/?C=S;O=A" "Mozilla/5.0 AppleWebKit/537.36 (KHTML, like Gecko; compatible; GPTBot/1.4; +https://openai.com/gptbot)"
74.7.227.164 - - [03/Sep/2026:15:56:38 +0000] "GET /platform/plugins/payment/src/Http/Controllers/?C=D;O=A HTTP/1.1" 200 938 "https://immovalet.com/platform/plugins/payment/src/Http/Controllers/" "Mozilla/5.0 AppleWebKit/537.36 (KHTML, like Gecko; compatible; GPTBot/1.4; +https://openai.com/gptbot)"
57.141.4.59 - - [03/Sep/2026:15:56:51 +0000] "GET /vendor/stripe/stripe-php/lib/EphemeralKey.php HTTP/1.1" 500 - "-" "Mozilla/5.0 (Windows NT 10.0; Win64; x64) AppleWebKit/537.36 (KHTML, like Gecko) Chrome/145.0.0.0 Safari/537.36 (compatible; meta-externalagent/1.1 (+https://developers.facebook.com/docs/sharing/webmasters/crawler))"
74.7.227.164 - - [03/Sep/2026:15:56:54 +0000] "GET /platform/plugins/testimonial/resources/lang/vi/?C=M;O=A HTTP/1.1" 200 944 "https://immovalet.com/platform/plugins/testimonial/resources/lang/vi/" "Mozilla/5.0 AppleWebKit/537.36 (KHTML, like Gecko; compatible; GPTBot/1.4; +https://openai.com/gptbot)"
57.141.4.44 - - [03/Sep/2026:15:57:01 +0000] "GET /vendor/maatwebsite/excel/src/Factories/?C=S;O=A HTTP/1.1" 200 1100 "-" "Mozilla/5.0 (Windows NT 10.0; Win64; x64) AppleWebKit/537.36 (KHTML, like Gecko) Chrome/145.0.0.0 Safari/537.36 (compatible; meta-externalagent/1.1 (+https://developers.facebook.com/docs/sharing/webmasters/crawler))"
74.7.227.164 - - [03/Sep/2026:15:57:04 +0000] "GET /platform/plugins/newsletter/src/Http/Controllers/?C=N;O=A HTTP/1.1" 200 1141 "https://immovalet.com/platform/plugins/newsletter/src/Http/Controllers/?C=N;O=D" "Mozilla/5.0 AppleWebKit/537.36 (KHTML, like Gecko; compatible; GPTBot/1.4; +https://openai.com/gptbot)"
74.7.227.164 - - [03/Sep/2026:15:57:06 +0000] "GET /vendor/botble/platform/setting/resources/assets/?C=N;O=D HTTP/1.1" 200 1104 "https://immovalet.com/vendor/botble/platform/setting/resources/assets/" "Mozilla/5.0 AppleWebKit/537.36 (KHTML, like Gecko; compatible; GPTBot/1.4; +https://openai.com/gptbot)"
57.141.4.43 - - [03/Sep/2026:15:57:06 +0000] "GET /storage/framework/views/000f79c32fc7b3c3604afbdd971903bc0bb836da.php HTTP/1.1" 200 10 "-" "Mozilla/5.0 (X11; Linux x86_64) AppleWebKit/537.36 (KHTML, like Gecko) Chrome/145.0.0.0 Safari/537.36 (compatible; meta-externalagent/1.1 (+https://developers.facebook.com/docs/sharing/webmasters/crawler))"
74.7.227.164 - - [03/Sep/2026:15:57:07 +0000] "GET /platform/packages/revision/resources/assets/js/?C=M;O=A HTTP/1.1" 200 940 "https://immovalet.com/platform/packages/revision/resources/assets/js/" "Mozilla/5.0 AppleWebKit/537.36 (KHTML, like Gecko; compatible; GPTBot/1.4; +https://openai.com/gptbot)"
57.141.4.72 - - [03/Sep/2026:15:57:07 +0000] "GET /platform/core/js-validation/resources/?C=M;O=A HTTP/1.1" 200 1076 "-" "Mozilla/5.0 (Windows NT 10.0; Win64; x64) AppleWebKit/537.36 (KHTML, like Gecko) Chrome/145.0.0.0 Safari/537.36 Edg/145.0.0.0 (compatible; meta-externalagent/1.1 (+https://developers.facebook.com/docs/sharing/webmasters/crawler))"
57.141.4.38 - - [03/Sep/2026:15:57:08 +0000] "GET /vendor/aws/aws-sdk-php/src/KinesisAnalytics/ HTTP/1.1" 200 1113 "-" "Mozilla/5.0 (Windows NT 10.0; Win64; x64) AppleWebKit/537.36 (KHTML, like Gecko) Chrome/145.0.0.0 Safari/537.36 (compatible; meta-externalagent/1.1 (+https://developers.facebook.com/docs/sharing/webmasters/crawler))"
74.7.227.164 - - [03/Sep/2026:15:57:09 +0000] "GET /platform/packages/revision/resources/assets/js/?C=N;O=D HTTP/1.1" 200 940 "https://immovalet.com/platform/packages/revision/resources/assets/js/" "Mozilla/5.0 AppleWebKit/537.36 (KHTML, like Gecko; compatible; GPTBot/1.4; +https://openai.com/gptbot)"
74.7.227.164 - - [03/Sep/2026:15:57:09 +0000] "GET /platform/plugins/analytics/src/Http/Controllers/?C=M;O=A HTTP/1.1" 200 946 "https://immovalet.com/platform/plugins/analytics/src/Http/Controllers/" "Mozilla/5.0 AppleWebKit/537.36 (KHTML, like Gecko; compatible; GPTBot/1.4; +https://openai.com/gptbot)"
57.141.4.64 - - [03/Sep/2026:15:57:11 +0000] "GET /vendor/symfony/translation/Loader/?C=D;O=D HTTP/1.1" 200 3312 "-" "Mozilla/5.0 (X11; Linux x86_64) AppleWebKit/537.36 (KHTML, like Gecko) Chrome/145.0.0.0 Safari/537.36 (compatible; meta-externalagent/1.1 (+https://developers.facebook.com/docs/sharing/webmasters/crawler))"
57.141.4.51 - - [03/Sep/2026:15:57:12 +0000] "GET /vendor/tightenco/ziggy/src/BladeRouteGenerator.php HTTP/1.1" 200 - "-" "Mozilla/5.0 (Macintosh; Intel Mac OS X 10_15_7) AppleWebKit/537.36 (KHTML, like Gecko) Chrome/145.0.0.0 Safari/537.36 (compatible; meta-externalagent/1.1 (+https://developers.facebook.com/docs/sharing/webmasters/crawler))"
57.141.4.22 - - [03/Sep/2026:15:57:13 +0000] "GET /platform/core/support/src/Repositories/ HTTP/1.1" 200 1258 "-" "Mozilla/5.0 (Macintosh; Intel Mac OS X 10_15_7) AppleWebKit/537.36 (KHTML, like Gecko) Chrome/145.0.0.0 Safari/537.36 (compatible; meta-externalagent/1.1 (+https://developers.facebook.com/docs/sharing/webmasters/crawler))"
74.7.227.164 - - [03/Sep/2026:15:57:14 +0000] "GET /platform/core/media/src/Repositories/Interfaces/?C=S;O=A HTTP/1.1" 200 1337 "https://immovalet.com/platform/core/media/src/Repositories/Interfaces/" "Mozilla/5.0 AppleWebKit/537.36 (KHTML, like Gecko; compatible; GPTBot/1.4; +https://openai.com/gptbot)"
57.141.4.30 - - [03/Sep/2026:15:57:15 +0000] "GET /vendor/aws/aws-sdk-php/src/Personalize/?C=S;O=A HTTP/1.1" 200 1095 "-" "Mozilla/5.0 (Macintosh; Intel Mac OS X 10_15_7) AppleWebKit/537.36 (KHTML, like Gecko) Chrome/145.0.0.0 Safari/537.36 (compatible; meta-externalagent/1.1 (+https://developers.facebook.com/docs/sharing/webmasters/crawler))"
74.7.227.164 - - [03/Sep/2026:15:57:16 +0000] "GET /platform/packages/revision/resources/assets/js/?C=D;O=A HTTP/1.1" 200 940 "https://immovalet.com/platform/packages/revision/resources/assets/js/" "Mozilla/5.0 AppleWebKit/537.36 (KHTML, like Gecko; compatible; GPTBot/1.4; +https://openai.com/gptbot)"
74.7.227.164 - - [03/Sep/2026:15:57:17 +0000] "GET /platform/plugins/analytics/src/Http/Controllers/?C=N;O=D HTTP/1.1" 200 946 "https://immovalet.com/platform/plugins/analytics/src/Http/Controllers/" "Mozilla/5.0 AppleWebKit/537.36 (KHTML, like Gecko; compatible; GPTBot/1.4; +https://openai.com/gptbot)"
74.7.227.164 - - [03/Sep/2026:15:57:18 +0000] "GET /platform/packages/slug/src/Repositories/Caches/?C=D;O=A HTTP/1.1" 200 947 "https://immovalet.com/platform/packages/slug/src/Repositories/Caches/" "Mozilla/5.0 AppleWebKit/537.36 (KHTML, like Gecko; compatible; GPTBot/1.4; +https://openai.com/gptbot)"
74.7.227.164 - - [03/Sep/2026:15:57:19 +0000] "GET /platform/packages/slug/resources/views/partials/?C=M;O=A HTTP/1.1" 200 940 "https://immovalet.com/platform/packages/slug/resources/views/partials/" "Mozilla/5.0 AppleWebKit/537.36 (KHTML, like Gecko; compatible; GPTBot/1.4; +https://openai.com/gptbot)"
74.7.227.164 - - [03/Sep/2026:15:57:20 +0000] "GET /platform/plugins/ecommerce/src/Http/Controllers/?C=D;O=A HTTP/1.1" 200 4192 "https://immovalet.com/platform/plugins/ecommerce/src/Http/Controllers/" "Mozilla/5.0 AppleWebKit/537.36 (KHTML, like Gecko; compatible; GPTBot/1.4; +https://openai.com/gptbot)"
57.141.4.5 - - [03/Sep/2026:15:57:21 +0000] "GET /platform/core/base/helpers/?C=M;O=A HTTP/1.1" 200 1596 "-" "Mozilla/5.0 (Windows NT 10.0; Win64; x64) AppleWebKit/537.36 (KHTML, like Gecko) Chrome/145.0.0.0 Safari/537.36 (compatible; meta-externalagent/1.1 (+https://developers.facebook.com/docs/sharing/webmasters/crawler))"
74.7.227.164 - - [03/Sep/2026:15:57:21 +0000] "GET /platform/packages/slug/resources/views/partials/?C=D;O=A HTTP/1.1" 200 940 "https://immovalet.com/platform/packages/slug/resources/views/partials/" "Mozilla/5.0 AppleWebKit/537.36 (KHTML, like Gecko; compatible; GPTBot/1.4; +https://openai.com/gptbot)"
74.7.227.164 - - [03/Sep/2026:15:57:23 +0000] "GET /platform/core/media/src/Repositories/Interfaces/?C=S;O=D HTTP/1.1" 200 1337 "https://immovalet.com/platform/core/media/src/Repositories/Interfaces/?C=S;O=A" "Mozilla/5.0 AppleWebKit/537.36 (KHTML, like Gecko; compatible; GPTBot/1.4; +https://openai.com/gptbot)"
74.7.227.164 - - [03/Sep/2026:15:57:24 +0000] "GET /platform/plugins/testimonial/resources/lang/vi/?C=N;O=D HTTP/1.1" 200 944 "https://immovalet.com/platform/plugins/testimonial/resources/lang/vi/" "Mozilla/5.0 AppleWebKit/537.36 (KHTML, like Gecko; compatible; GPTBot/1.4; +https://openai.com/gptbot)"
74.7.227.164 - - [03/Sep/2026:15:57:24 +0000] "GET /platform/core/dashboard/src/Repositories/Caches/?C=S;O=A HTTP/1.1" 200 1175 "https://immovalet.com/platform/core/dashboard/src/Repositories/Caches/" "Mozilla/5.0 AppleWebKit/537.36 (KHTML, like Gecko; compatible; GPTBot/1.4; +https://openai.com/gptbot)"
74.7.227.164 - - [03/Sep/2026:15:57:34 +0000] "GET /platform/plugins/payment/src/Http/Controllers/?C=S;O=A HTTP/1.1" 200 938 "https://immovalet.com/platform/plugins/payment/src/Http/Controllers/" "Mozilla/5.0 AppleWebKit/537.36 (KHTML, like Gecko; compatible; GPTBot/1.4; +https://openai.com/gptbot)"
57.141.4.2 - - [03/Sep/2026:15:57:36 +0000] "GET /platform/core/base/helpers/action-filter.php HTTP/1.1" 200 - "-" "Mozilla/5.0 (Macintosh; Intel Mac OS X 10_15_7) AppleWebKit/537.36 (KHTML, like Gecko) Chrome/145.0.0.0 Safari/537.36 (compatible; meta-externalagent/1.1 (+https://developers.facebook.com/docs/sharing/webmasters/crawler))"
74.7.227.164 - - [03/Sep/2026:15:57:37 +0000] "GET /platform/plugins/ecommerce/src/Http/Resources/?C=D;O=A HTTP/1.1" 200 1138 "https://immovalet.com/platform/plugins/ecommerce/src/Http/Resources/" "Mozilla/5.0 AppleWebKit/537.36 (KHTML, like Gecko; compatible; GPTBot/1.4; +https://openai.com/gptbot)"
74.7.227.164 - - [03/Sep/2026:15:57:41 +0000] "GET /platform/plugins/sslcommerz/src/Http/Controllers/?C=S;O=A HTTP/1.1" 200 960 "https://immovalet.com/platform/plugins/sslcommerz/src/Http/Controllers/" "Mozilla/5.0 AppleWebKit/537.36 (KHTML, like Gecko; compatible; GPTBot/1.4; +https://openai.com/gptbot)"
74.7.227.164 - - [03/Sep/2026:15:57:42 +0000] "GET /platform/packages/theme/resources/views/partials/?C=D;O=A HTTP/1.1" 200 1317 "https://immovalet.com/platform/packages/theme/resources/views/partials/" "Mozilla/5.0 AppleWebKit/537.36 (KHTML, like Gecko; compatible; GPTBot/1.4; +https://openai.com/gptbot)"
74.7.227.164 - - [03/Sep/2026:15:57:43 +0000] "GET /platform/plugins/payment/src/Http/Controllers/?C=N;O=D HTTP/1.1" 200 938 "https://immovalet.com/platform/plugins/payment/src/Http/Controllers/" "Mozilla/5.0 AppleWebKit/537.36 (KHTML, like Gecko; compatible; GPTBot/1.4; +https://openai.com/gptbot)"
74.7.227.164 - - [03/Sep/2026:15:57:46 +0000] "GET /vendor/league/commonmark/src/Delimiter/Processor/?C=M;O=A HTTP/1.1" 200 1780 "https://immovalet.com/vendor/league/commonmark/src/Delimiter/Processor/" "Mozilla/5.0 AppleWebKit/537.36 (KHTML, like Gecko; compatible; GPTBot/1.4; +https://openai.com/gptbot)"
74.7.227.164 - - [03/Sep/2026:15:57:47 +0000] "GET /platform/plugins/ecommerce/src/Http/Resources/?C=M;O=A HTTP/1.1" 200 1138 "https://immovalet.com/platform/plugins/ecommerce/src/Http/Resources/" "Mozilla/5.0 AppleWebKit/537.36 (KHTML, like Gecko; compatible; GPTBot/1.4; +https://openai.com/gptbot)"
74.7.227.164 - - [03/Sep/2026:15:57:48 +0000] "GET /platform/packages/theme/resources/views/partials/?C=N;O=A HTTP/1.1" 200 1317 "https://immovalet.com/platform/packages/theme/resources/views/partials/?C=N;O=D" "Mozilla/5.0 AppleWebKit/537.36 (KHTML, like Gecko; compatible; GPTBot/1.4; +https://openai.com/gptbot)"
74.7.227.164 - - [03/Sep/2026:15:57:50 +0000] "GET /vendor/botble/platform/setting/resources/assets/?C=N;O=A HTTP/1.1" 200 1104 "https://immovalet.com/vendor/botble/platform/setting/resources/assets/?C=N;O=D" "Mozilla/5.0 AppleWebKit/537.36 (KHTML, like Gecko; compatible; GPTBot/1.4; +https://openai.com/gptbot)"
74.7.227.164 - - [03/Sep/2026:15:57:52 +0000] "GET /platform/plugins/analytics/src/Http/Controllers/?C=S;O=A HTTP/1.1" 200 946 "https://immovalet.com/platform/plugins/analytics/src/Http/Controllers/" "Mozilla/5.0 AppleWebKit/537.36 (KHTML, like Gecko; compatible; GPTBot/1.4; +https://openai.com/gptbot)"
74.7.227.164 - - [03/Sep/2026:15:57:53 +0000] "GET /platform/plugins/sslcommerz/src/Http/Controllers/?C=N;O=D HTTP/1.1" 200 960 "https://immovalet.com/platform/plugins/sslcommerz/src/Http/Controllers/" "Mozilla/5.0 AppleWebKit/537.36 (KHTML, like Gecko; compatible; GPTBot/1.4; +https://openai.com/gptbot)"
74.7.227.164 - - [03/Sep/2026:15:57:56 +0000] "GET /platform/packages/theme/resources/views/partials/?C=S;O=A HTTP/1.1" 200 1317 "https://immovalet.com/platform/packages/theme/resources/views/partials/" "Mozilla/5.0 AppleWebKit/537.36 (KHTML, like Gecko; compatible; GPTBot/1.4; +https://openai.com/gptbot)"
74.7.227.164 - - [03/Sep/2026:15:58:00 +0000] "GET /vendor/botble/platform/setting/resources/assets/?C=M;O=A HTTP/1.1" 200 1104 "https://immovalet.com/vendor/botble/platform/setting/resources/assets/" "Mozilla/5.0 AppleWebKit/537.36 (KHTML, like Gecko; compatible; GPTBot/1.4; +https://openai.com/gptbot)"
74.7.227.164 - - [03/Sep/2026:15:58:02 +0000] "GET /platform/plugins/ecommerce/src/Http/Resources/?C=N;O=A HTTP/1.1" 200 1138 "https://immovalet.com/platform/plugins/ecommerce/src/Http/Resources/?C=N;O=D" "Mozilla/5.0 AppleWebKit/537.36 (KHTML, like Gecko; compatible; GPTBot/1.4; +https://openai.com/gptbot)"
74.7.227.164 - - [03/Sep/2026:15:58:04 +0000] "GET /platform/plugins/testimonial/resources/lang/vi/?C=D;O=A HTTP/1.1" 200 944 "https://immovalet.com/platform/plugins/testimonial/resources/lang/vi/" "Mozilla/5.0 AppleWebKit/537.36 (KHTML, like Gecko; compatible; GPTBot/1.4; +https://openai.com/gptbot)"
74.7.227.164 - - [03/Sep/2026:15:58:05 +0000] "GET /vendor/graham-campbell/result-type/src/Success.php HTTP/1.1" 500 - "https://immovalet.com/vendor/graham-campbell/result-type/src/" "Mozilla/5.0 AppleWebKit/537.36 (KHTML, like Gecko; compatible; GPTBot/1.4; +https://openai.com/gptbot)"
74.7.227.164 - - [03/Sep/2026:15:58:06 +0000] "GET /platform/packages/theme/resources/views/partials/?C=S;O=D HTTP/1.1" 200 1317 "https://immovalet.com/platform/packages/theme/resources/views/partials/?C=S;O=A" "Mozilla/5.0 AppleWebKit/537.36 (KHTML, like Gecko; compatible; GPTBot/1.4; +https://openai.com/gptbot)"
74.7.227.164 - - [03/Sep/2026:15:58:08 +0000] "GET /platform/plugins/contact/database/migrations/?C=D;O=A HTTP/1.1" 200 961 "https://immovalet.com/platform/plugins/contact/database/migrations/" "Mozilla/5.0 AppleWebKit/537.36 (KHTML, like Gecko; compatible; GPTBot/1.4; +https://openai.com/gptbot)"
74.7.227.164 - - [03/Sep/2026:15:58:10 +0000] "GET /platform/plugins/contact/database/migrations/?C=S;O=A HTTP/1.1" 200 961 "https://immovalet.com/platform/plugins/contact/database/migrations/" "Mozilla/5.0 AppleWebKit/537.36 (KHTML, like Gecko; compatible; GPTBot/1.4; +https://openai.com/gptbot)"
74.7.227.164 - - [03/Sep/2026:15:58:13 +0000] "GET /platform/plugins/contact/database/migrations/?C=N;O=D HTTP/1.1" 200 961 "https://immovalet.com/platform/plugins/contact/database/migrations/" "Mozilla/5.0 AppleWebKit/537.36 (KHTML, like Gecko; compatible; GPTBot/1.4; +https://openai.com/gptbot)"
74.7.227.164 - - [03/Sep/2026:15:58:13 +0000] "GET /platform/plugins/contact/database/migrations/?C=M;O=A HTTP/1.1" 200 961 "https://immovalet.com/platform/plugins/contact/database/migrations/" "Mozilla/5.0 AppleWebKit/537.36 (KHTML, like Gecko; compatible; GPTBot/1.4; +https://openai.com/gptbot)"
57.141.4.17 - - [03/Sep/2026:15:58:14 +0000] "GET /vendor/symfony/polyfill-intl-grapheme/?C=S;O=A HTTP/1.1" 200 1614 "-" "Mozilla/5.0 (Windows NT 10.0; Win64; x64) AppleWebKit/537.36 (KHTML, like Gecko) Chrome/145.0.0.0 Safari/537.36 (compatible; meta-externalagent/1.1 (+https://developers.facebook.com/docs/sharing/webmasters/crawler))"
74.7.227.164 - - [03/Sep/2026:15:58:15 +0000] "GET /resources/lang/vendor/packages/widget/vi/?C=S;O=A HTTP/1.1" 200 921 "https://immovalet.com/resources/lang/vendor/packages/widget/vi/" "Mozilla/5.0 AppleWebKit/537.36 (KHTML, like Gecko; compatible; GPTBot/1.4; +https://openai.com/gptbot)"
74.7.227.164 - - [03/Sep/2026:15:58:17 +0000] "GET /resources/lang/vendor/packages/theme/vi/?C=M;O=A HTTP/1.1" 200 917 "https://immovalet.com/resources/lang/vendor/packages/theme/vi/" "Mozilla/5.0 AppleWebKit/537.36 (KHTML, like Gecko; compatible; GPTBot/1.4; +https://openai.com/gptbot)"
74.7.227.164 - - [03/Sep/2026:15:58:18 +0000] "GET /vendor/brick/math/src/Internal/Calculator/?C=N;O=D HTTP/1.1" 200 1299 "https://immovalet.com/vendor/brick/math/src/Internal/Calculator/" "Mozilla/5.0 AppleWebKit/537.36 (KHTML, like Gecko; compatible; GPTBot/1.4; +https://openai.com/gptbot)"
74.7.227.164 - - [03/Sep/2026:15:58:21 +0000] "GET /vendor/doctrine/dbal/src/Schema/Visitor/?C=N;O=D HTTP/1.1" 200 2251 "https://immovalet.com/vendor/doctrine/dbal/src/Schema/Visitor/" "Mozilla/5.0 AppleWebKit/537.36 (KHTML, like Gecko; compatible; GPTBot/1.4; +https://openai.com/gptbot)"
74.7.227.164 - - [03/Sep/2026:15:58:21 +0000] "GET /platform/packages/slug/src/Forms/Fields/?C=D;O=A HTTP/1.1" 200 922 "https://immovalet.com/platform/packages/slug/src/Forms/Fields/" "Mozilla/5.0 AppleWebKit/537.36 (KHTML, like Gecko; compatible; GPTBot/1.4; +https://openai.com/gptbot)"
74.7.227.164 - - [03/Sep/2026:15:58:22 +0000] "GET /resources/lang/vendor/packages/theme/vi/?C=S;O=A HTTP/1.1" 200 917 "https://immovalet.com/resources/lang/vendor/packages/theme/vi/" "Mozilla/5.0 AppleWebKit/537.36 (KHTML, like Gecko; compatible; GPTBot/1.4; +https://openai.com/gptbot)"
74.7.227.164 - - [03/Sep/2026:15:58:25 +0000] "GET /vendor/brick/math/src/Internal/Calculator/?C=S;O=A HTTP/1.1" 200 1299 "https://immovalet.com/vendor/brick/math/src/Internal/Calculator/" "Mozilla/5.0 AppleWebKit/537.36 (KHTML, like Gecko; compatible; GPTBot/1.4; +https://openai.com/gptbot)"
74.7.227.164 - - [03/Sep/2026:15:58:27 +0000] "GET /platform/packages/slug/src/Forms/Fields/?C=N;O=D HTTP/1.1" 200 922 "https://immovalet.com/platform/packages/slug/src/Forms/Fields/" "Mozilla/5.0 AppleWebKit/537.36 (KHTML, like Gecko; compatible; GPTBot/1.4; +https://openai.com/gptbot)"
57.141.4.33 - - [03/Sep/2026:15:58:27 +0000] "GET /platform/packages/shortcode/?C=D;O=A HTTP/1.1" 200 1401 "-" "Mozilla/5.0 (X11; Linux x86_64) AppleWebKit/537.36 (KHTML, like Gecko) Chrome/145.0.0.0 Safari/537.36 (compatible; meta-externalagent/1.1 (+https://developers.facebook.com/docs/sharing/webmasters/crawler))"
74.7.227.164 - - [03/Sep/2026:15:58:28 +0000] "GET /vendor/brick/math/src/Internal/Calculator/BcMathCalculator.php HTTP/1.1" 500 - "https://immovalet.com/vendor/brick/math/src/Internal/Calculator/?C=N;O=D" "Mozilla/5.0 AppleWebKit/537.36 (KHTML, like Gecko; compatible; GPTBot/1.4; +https://openai.com/gptbot)"
74.7.227.164 - - [03/Sep/2026:15:58:29 +0000] "GET /vendor/brick/math/src/Internal/Calculator/NativeCalculator.php HTTP/1.1" 500 - "https://immovalet.com/vendor/brick/math/src/Internal/Calculator/?C=N;O=D" "Mozilla/5.0 AppleWebKit/537.36 (KHTML, like Gecko; compatible; GPTBot/1.4; +https://openai.com/gptbot)"
74.7.227.164 - - [03/Sep/2026:15:58:30 +0000] "GET /vendor/brick/math/src/Internal/Calculator/GmpCalculator.php HTTP/1.1" 500 - "https://immovalet.com/vendor/brick/math/src/Internal/Calculator/?C=N;O=D" "Mozilla/5.0 AppleWebKit/537.36 (KHTML, like Gecko; compatible; GPTBot/1.4; +https://openai.com/gptbot)"
74.7.227.164 - - [03/Sep/2026:15:58:31 +0000] "GET /vendor/doctrine/dbal/src/Schema/Visitor/CreateSchemaSqlCollector.php HTTP/1.1" 500 - "https://immovalet.com/vendor/doctrine/dbal/src/Schema/Visitor/?C=N;O=D" "Mozilla/5.0 AppleWebKit/537.36 (KHTML, like Gecko; compatible; GPTBot/1.4; +https://openai.com/gptbot)"
74.7.227.164 - - [03/Sep/2026:15:58:32 +0000] "GET /vendor/doctrine/dbal/src/Schema/Visitor/DropSchemaSqlCollector.php HTTP/1.1" 500 - "https://immovalet.com/vendor/doctrine/dbal/src/Schema/Visitor/?C=N;O=D" "Mozilla/5.0 AppleWebKit/537.36 (KHTML, like Gecko; compatible; GPTBot/1.4; +https://openai.com/gptbot)"
74.7.227.164 - - [03/Sep/2026:15:58:35 +0000] "GET /vendor/doctrine/dbal/src/Schema/Visitor/RemoveNamespacedAssets.php HTTP/1.1" 500 - "https://immovalet.com/vendor/doctrine/dbal/src/Schema/Visitor/?C=N;O=D" "Mozilla/5.0 AppleWebKit/537.36 (KHTML, like Gecko; compatible; GPTBot/1.4; +https://openai.com/gptbot)"
74.7.227.164 - - [03/Sep/2026:15:58:39 +0000] "GET /vendor/doctrine/dbal/src/Schema/Visitor/Graphviz.php HTTP/1.1" 500 - "https://immovalet.com/vendor/doctrine/dbal/src/Schema/Visitor/?C=N;O=D" "Mozilla/5.0 AppleWebKit/537.36 (KHTML, like Gecko; compatible; GPTBot/1.4; +https://openai.com/gptbot)"
57.141.4.51 - - [03/Sep/2026:15:58:42 +0000] "GET /vendor/opis/closure/composer.json HTTP/1.1" 200 1176 "-" "Mozilla/5.0 (Windows NT 10.0; Win64; x64) AppleWebKit/537.36 (KHTML, like Gecko) Chrome/145.0.0.0 Safari/537.36 (compatible; meta-externalagent/1.1 (+https://developers.facebook.com/docs/sharing/webmasters/crawler))"
74.7.227.164 - - [03/Sep/2026:15:58:44 +0000] "GET /vendor/doctrine/dbal/src/Schema/Visitor/AbstractVisitor.php HTTP/1.1" 500 - "https://immovalet.com/vendor/doctrine/dbal/src/Schema/Visitor/?C=N;O=D" "Mozilla/5.0 AppleWebKit/537.36 (KHTML, like Gecko; compatible; GPTBot/1.4; +https://openai.com/gptbot)"
57.141.4.4 - - [03/Sep/2026:15:58:48 +0000] "GET /vendor/ramsey/uuid/src/Codec/TimestampFirstCombCodec.php HTTP/1.1" 500 - "-" "Mozilla/5.0 (Windows NT 10.0; Win64; x64) AppleWebKit/537.36 (KHTML, like Gecko) Chrome/145.0.0.0 Safari/537.36 (compatible; meta-externalagent/1.1 (+https://developers.facebook.com/docs/sharing/webmasters/crawler))"
57.141.4.40 - - [03/Sep/2026:15:58:50 +0000] "GET /platform/packages/theme/src/Providers/?C=M;O=D HTTP/1.1" 200 1513 "-" "Mozilla/5.0 (Windows NT 10.0; Win64; x64) AppleWebKit/537.36 (KHTML, like Gecko) Chrome/145.0.0.0 Safari/537.36 (compatible; meta-externalagent/1.1 (+https://developers.facebook.com/docs/sharing/webmasters/crawler))"
74.7.227.164 - - [03/Sep/2026:15:58:53 +0000] "GET /vendor/brick/math/src/Internal/Calculator/?C=N;O=A HTTP/1.1" 200 1299 "https://immovalet.com/vendor/brick/math/src/Internal/Calculator/?C=N;O=D" "Mozilla/5.0 AppleWebKit/537.36 (KHTML, like Gecko; compatible; GPTBot/1.4; +https://openai.com/gptbot)"
57.141.4.44 - - [03/Sep/2026:15:58:57 +0000] "GET /vendor/symfony/polyfill-ctype/?C=M;O=D HTTP/1.1" 200 1595 "-" "Mozilla/5.0 (Windows NT 10.0; Win64; x64) AppleWebKit/537.36 (KHTML, like Gecko) Chrome/145.0.0.0 Safari/537.36 (compatible; meta-externalagent/1.1 (+https://developers.facebook.com/docs/sharing/webmasters/crawler))"
74.7.227.164 - - [03/Sep/2026:15:59:06 +0000] "GET /vendor/doctrine/dbal/src/Schema/Visitor/?C=D;O=A HTTP/1.1" 200 2251 "https://immovalet.com/vendor/doctrine/dbal/src/Schema/Visitor/" "Mozilla/5.0 AppleWebKit/537.36 (KHTML, like Gecko; compatible; GPTBot/1.4; +https://openai.com/gptbot)"
57.141.4.60 - - [03/Sep/2026:15:59:34 +0000] "GET /platform/plugins/blog/src/Supports/FilterPost.php HTTP/1.1" 200 - "-" "Mozilla/5.0 (Windows NT 10.0; Win64; x64) AppleWebKit/537.36 (KHTML, like Gecko) Chrome/145.0.0.0 Safari/537.36 (compatible; meta-externalagent/1.1 (+https://developers.facebook.com/docs/sharing/webmasters/crawler))"
74.7.227.164 - - [03/Sep/2026:15:59:36 +0000] "GET /vendor/brick/math/src/Internal/Calculator/?C=M;O=A HTTP/1.1" 200 1299 "https://immovalet.com/vendor/brick/math/src/Internal/Calculator/" "Mozilla/5.0 AppleWebKit/537.36 (KHTML, like Gecko; compatible; GPTBot/1.4; +https://openai.com/gptbot)"
57.141.4.48 - - [03/Sep/2026:15:59:36 +0000] "GET /platform/packages/revision/config/?C=N;O=A HTTP/1.1" 200 897 "-" "Mozilla/5.0 (Windows NT 10.0; Win64; x64) AppleWebKit/537.36 (KHTML, like Gecko) Chrome/145.0.0.0 Safari/537.36 (compatible; meta-externalagent/1.1 (+https://developers.facebook.com/docs/sharing/webmasters/crawler))"
57.141.4.52 - - [03/Sep/2026:15:59:37 +0000] "GET /storage/?C=D;O=A HTTP/1.1" 200 1339 "-" "Mozilla/5.0 (Macintosh; Intel Mac OS X 10_15_7) AppleWebKit/537.36 (KHTML, like Gecko) Chrome/145.0.0.0 Safari/537.36 (compatible; meta-externalagent/1.1 (+https://developers.facebook.com/docs/sharing/webmasters/crawler))"
57.141.4.47 - - [03/Sep/2026:15:59:38 +0000] "GET /vendor/symfony/translation/Exception/?C=D;O=D HTTP/1.1" 200 2879 "-" "Mozilla/5.0 (Macintosh; Intel Mac OS X 10_15_7) AppleWebKit/537.36 (KHTML, like Gecko) Chrome/145.0.0.0 Safari/537.36 (compatible; meta-externalagent/1.1 (+https://developers.facebook.com/docs/sharing/webmasters/crawler))"
74.7.227.164 - - [03/Sep/2026:15:59:44 +0000] "GET /platform/packages/slug/src/Forms/Fields/?C=S;O=A HTTP/1.1" 200 922 "https://immovalet.com/platform/packages/slug/src/Forms/Fields/" "Mozilla/5.0 AppleWebKit/537.36 (KHTML, like Gecko; compatible; GPTBot/1.4; +https://openai.com/gptbot)"
74.7.227.164 - - [03/Sep/2026:15:59:46 +0000] "GET /vendor/brick/math/src/Internal/Calculator/?C=D;O=A HTTP/1.1" 200 1299 "https://immovalet.com/vendor/brick/math/src/Internal/Calculator/" "Mozilla/5.0 AppleWebKit/537.36 (KHTML, like Gecko; compatible; GPTBot/1.4; +https://openai.com/gptbot)"
74.7.227.164 - - [03/Sep/2026:15:59:48 +0000] "GET /resources/lang/vendor/packages/theme/vi/?C=N;O=D HTTP/1.1" 200 917 "https://immovalet.com/resources/lang/vendor/packages/theme/vi/" "Mozilla/5.0 AppleWebKit/537.36 (KHTML, like Gecko; compatible; GPTBot/1.4; +https://openai.com/gptbot)"
74.7.227.164 - - [03/Sep/2026:15:59:53 +0000] "GET /platform/packages/slug/src/Forms/Fields/?C=M;O=A HTTP/1.1" 200 922 "https://immovalet.com/platform/packages/slug/src/Forms/Fields/" "Mozilla/5.0 AppleWebKit/537.36 (KHTML, like Gecko; compatible; GPTBot/1.4; +https://openai.com/gptbot)"
74.7.227.164 - - [03/Sep/2026:15:59:55 +0000] "GET /resources/lang/vendor/packages/widget/vi/?C=D;O=A HTTP/1.1" 200 921 "https://immovalet.com/resources/lang/vendor/packages/widget/vi/" "Mozilla/5.0 AppleWebKit/537.36 (KHTML, like Gecko; compatible; GPTBot/1.4; +https://openai.com/gptbot)"
57.141.4.8 - - [03/Sep/2026:15:59:56 +0000] "GET /vendor/aws/aws-sdk-php/src/CodeGuruProfiler/Exception/ HTTP/1.1" 200 975 "-" "Mozilla/5.0 (Windows NT 10.0; Win64; x64) AppleWebKit/537.36 (KHTML, like Gecko) Chrome/145.0.0.0 Safari/537.36 (compatible; meta-externalagent/1.1 (+https://developers.facebook.com/docs/sharing/webmasters/crawler))"
74.7.227.164 - - [03/Sep/2026:15:59:57 +0000] "GET /vendor/doctrine/dbal/src/Schema/Visitor/?C=N;O=A HTTP/1.1" 200 2251 "https://immovalet.com/vendor/doctrine/dbal/src/Schema/Visitor/?C=N;O=D" "Mozilla/5.0 AppleWebKit/537.36 (KHTML, like Gecko; compatible; GPTBot/1.4; +https://openai.com/gptbot)"
57.141.4.37 - - [03/Sep/2026:16:00:07 +0000] "GET /vendor/botble/sitemap/public/styles/mobile.xsl HTTP/1.1" 200 2513 "-" "Mozilla/5.0 (Windows NT 10.0; Win64; x64) AppleWebKit/537.36 (KHTML, like Gecko) Chrome/145.0.0.0 Safari/537.36 (compatible; meta-externalagent/1.1 (+https://developers.facebook.com/docs/sharing/webmasters/crawler))"
57.141.4.29 - - [03/Sep/2026:16:00:25 +0000] "GET /vendor/sendgrid/sendgrid/scripts/?C=N;O=A HTTP/1.1" 200 892 "-" "Mozilla/5.0 (Macintosh; Intel Mac OS X 10_15_7) AppleWebKit/537.36 (KHTML, like Gecko) Chrome/145.0.0.0 Safari/537.36 (compatible; meta-externalagent/1.1 (+https://developers.facebook.com/docs/sharing/webmasters/crawler))"
74.7.227.164 - - [03/Sep/2026:16:00:27 +0000] "GET /resources/lang/vendor/packages/widget/vi/?C=N;O=D HTTP/1.1" 200 921 "https://immovalet.com/resources/lang/vendor/packages/widget/vi/" "Mozilla/5.0 AppleWebKit/537.36 (KHTML, like Gecko; compatible; GPTBot/1.4; +https://openai.com/gptbot)"
57.141.4.20 - - [03/Sep/2026:16:00:27 +0000] "GET /vendor/botble/platform/?C=N;O=A HTTP/1.1" 200 2795 "-" "Mozilla/5.0 (Windows NT 10.0; Win64; x64) AppleWebKit/537.36 (KHTML, like Gecko) Chrome/145.0.0.0 Safari/537.36 (compatible; meta-externalagent/1.1 (+https://developers.facebook.com/docs/sharing/webmasters/crawler))"
74.7.227.164 - - [03/Sep/2026:16:00:34 +0000] "GET /resources/lang/vendor/packages/widget/vi/?C=M;O=A HTTP/1.1" 200 921 "https://immovalet.com/resources/lang/vendor/packages/widget/vi/" "Mozilla/5.0 AppleWebKit/537.36 (KHTML, like Gecko; compatible; GPTBot/1.4; +https://openai.com/gptbot)"
57.141.4.53 - - [03/Sep/2026:16:00:36 +0000] "GET /vendor/maatwebsite/excel/CHANGELOG.md HTTP/1.1" 200 5064 "-" "Mozilla/5.0 (Windows NT 10.0; Win64; x64) AppleWebKit/537.36 (KHTML, like Gecko) Chrome/145.0.0.0 Safari/537.36 (compatible; meta-externalagent/1.1 (+https://developers.facebook.com/docs/sharing/webmasters/crawler))"
57.141.4.19 - - [03/Sep/2026:16:00:37 +0000] "GET /resources/lang/vendor/plugins/ecommerce/en/prices.php HTTP/1.1" 200 - "-" "Mozilla/5.0 (Windows NT 10.0; Win64; x64) AppleWebKit/537.36 (KHTML, like Gecko) Chrome/144.0.0.0 Safari/537.36 Edg/144.0.0.0 (compatible; meta-externalagent/1.1 (+https://developers.facebook.com/docs/sharing/webmasters/crawler))"
74.7.227.164 - - [03/Sep/2026:16:00:39 +0000] "GET /resources/lang/vendor/packages/theme/vi/?C=D;O=A HTTP/1.1" 200 917 "https://immovalet.com/resources/lang/vendor/packages/theme/vi/" "Mozilla/5.0 AppleWebKit/537.36 (KHTML, like Gecko; compatible; GPTBot/1.4; +https://openai.com/gptbot)"
74.7.227.164 - - [03/Sep/2026:16:00:43 +0000] "GET /vendor/doctrine/dbal/src/Schema/Visitor/?C=M;O=A HTTP/1.1" 200 2251 "https://immovalet.com/vendor/doctrine/dbal/src/Schema/Visitor/" "Mozilla/5.0 AppleWebKit/537.36 (KHTML, like Gecko; compatible; GPTBot/1.4; +https://openai.com/gptbot)"
74.7.227.164 - - [03/Sep/2026:16:00:54 +0000] "GET /vendor/aws/aws-sdk-php/src/AutoScaling/?C=N;O=A HTTP/1.1" 200 1095 "https://immovalet.com/vendor/aws/aws-sdk-php/src/AutoScaling/?C=N;O=D" "Mozilla/5.0 AppleWebKit/537.36 (KHTML, like Gecko; compatible; GPTBot/1.4; +https://openai.com/gptbot)"
74.7.227.164 - - [03/Sep/2026:16:00:55 +0000] "GET /vendor/aws/aws-sdk-php/src/AutoScaling/?C=M;O=A HTTP/1.1" 200 1095 "https://immovalet.com/vendor/aws/aws-sdk-php/src/AutoScaling/" "Mozilla/5.0 AppleWebKit/537.36 (KHTML, like Gecko; compatible; GPTBot/1.4; +https://openai.com/gptbot)"
74.7.227.164 - - [03/Sep/2026:16:00:56 +0000] "GET /vendor/aws/aws-sdk-php/src/SecurityHub/?C=S;O=A HTTP/1.1" 200 1095 "https://immovalet.com/vendor/aws/aws-sdk-php/src/SecurityHub/" "Mozilla/5.0 AppleWebKit/537.36 (KHTML, like Gecko; compatible; GPTBot/1.4; +https://openai.com/gptbot)"
74.7.227.164 - - [03/Sep/2026:16:00:58 +0000] "GET /vendor/aws/aws-sdk-php/src/MigrationHub/?C=M;O=A HTTP/1.1" 200 1098 "https://immovalet.com/vendor/aws/aws-sdk-php/src/MigrationHub/" "Mozilla/5.0 AppleWebKit/537.36 (KHTML, like Gecko; compatible; GPTBot/1.4; +https://openai.com/gptbot)"
74.7.227.164 - - [03/Sep/2026:16:00:59 +0000] "GET /vendor/aws/aws-sdk-php/src/AutoScaling/?C=D;O=A HTTP/1.1" 200 1095 "https://immovalet.com/vendor/aws/aws-sdk-php/src/AutoScaling/" "Mozilla/5.0 AppleWebKit/537.36 (KHTML, like Gecko; compatible; GPTBot/1.4; +https://openai.com/gptbot)"
74.7.227.164 - - [03/Sep/2026:16:01:06 +0000] "GET /vendor/phpoffice/phpspreadsheet/src/PhpSpreadsheet/Shared/Escher/DgContainer/SpgrContainer/?C=M;O=A HTTP/1.1" 200 1065 "https://immovalet.com/vendor/phpoffice/phpspreadsheet/src/PhpSpreadsheet/Shared/Escher/DgContainer/SpgrContainer/" "Mozilla/5.0 AppleWebKit/537.36 (KHTML, like Gecko; compatible; GPTBot/1.4; +https://openai.com/gptbot)"
74.7.227.164 - - [03/Sep/2026:16:01:08 +0000] "GET /vendor/phpoffice/phpspreadsheet/src/PhpSpreadsheet/Shared/Escher/DgContainer/SpgrContainer/?C=N;O=D HTTP/1.1" 200 1065 "https://immovalet.com/vendor/phpoffice/phpspreadsheet/src/PhpSpreadsheet/Shared/Escher/DgContainer/SpgrContainer/" "Mozilla/5.0 AppleWebKit/537.36 (KHTML, like Gecko; compatible; GPTBot/1.4; +https://openai.com/gptbot)"
74.7.227.164 - - [03/Sep/2026:16:01:09 +0000] "GET /vendor/phpoffice/phpspreadsheet/src/PhpSpreadsheet/Shared/Escher/DgContainer/SpgrContainer/?C=S;O=A HTTP/1.1" 200 1065 "https://immovalet.com/vendor/phpoffice/phpspreadsheet/src/PhpSpreadsheet/Shared/Escher/DgContainer/SpgrContainer/" "Mozilla/5.0 AppleWebKit/537.36 (KHTML, like Gecko; compatible; GPTBot/1.4; +https://openai.com/gptbot)"
74.7.227.164 - - [03/Sep/2026:16:01:11 +0000] "GET /vendor/phpoffice/phpspreadsheet/src/PhpSpreadsheet/Shared/Escher/DgContainer/SpgrContainer/?C=D;O=A HTTP/1.1" 200 1065 "https://immovalet.com/vendor/phpoffice/phpspreadsheet/src/PhpSpreadsheet/Shared/Escher/DgContainer/SpgrContainer/" "Mozilla/5.0 AppleWebKit/537.36 (KHTML, like Gecko; compatible; GPTBot/1.4; +https://openai.com/gptbot)"
74.7.227.164 - - [03/Sep/2026:16:01:12 +0000] "GET /vendor/botble/theme/src/Http/Requests/CustomJsRequest.php HTTP/1.1" 500 - "https://immovalet.com/vendor/botble/theme/src/Http/Requests/" "Mozilla/5.0 AppleWebKit/537.36 (KHTML, like Gecko; compatible; GPTBot/1.4; +https://openai.com/gptbot)"
74.7.227.164 - - [03/Sep/2026:16:01:15 +0000] "GET /platform/core/acl/src/Http/Requests/AvatarRequest.php HTTP/1.1" 500 - "https://immovalet.com/platform/core/acl/src/Http/Requests/" "Mozilla/5.0 AppleWebKit/537.36 (KHTML, like Gecko; compatible; GPTBot/1.4; +https://openai.com/gptbot)"
74.7.227.164 - - [03/Sep/2026:16:01:17 +0000] "GET /vendor/botble/widget/src/Repositories/Interfaces/?C=S;O=A HTTP/1.1" 200 946 "https://immovalet.com/vendor/botble/widget/src/Repositories/Interfaces/" "Mozilla/5.0 AppleWebKit/537.36 (KHTML, like Gecko; compatible; GPTBot/1.4; +https://openai.com/gptbot)"
74.7.227.164 - - [03/Sep/2026:16:01:19 +0000] "GET /vendor/botble/widget/src/Repositories/Interfaces/?C=M;O=A HTTP/1.1" 200 946 "https://immovalet.com/vendor/botble/widget/src/Repositories/Interfaces/" "Mozilla/5.0 AppleWebKit/537.36 (KHTML, like Gecko; compatible; GPTBot/1.4; +https://openai.com/gptbot)"
74.7.227.164 - - [03/Sep/2026:16:01:21 +0000] "GET /platform/packages/widget/src/Repositories/Caches/?C=D;O=A HTTP/1.1" 200 958 "https://immovalet.com/platform/packages/widget/src/Repositories/Caches/" "Mozilla/5.0 AppleWebKit/537.36 (KHTML, like Gecko; compatible; GPTBot/1.4; +https://openai.com/gptbot)"
74.7.227.164 - - [03/Sep/2026:16:01:23 +0000] "GET /platform/packages/widget/src/Repositories/Caches/?C=S;O=A HTTP/1.1" 200 958 "https://immovalet.com/platform/packages/widget/src/Repositories/Caches/" "Mozilla/5.0 AppleWebKit/537.36 (KHTML, like Gecko; compatible; GPTBot/1.4; +https://openai.com/gptbot)"
57.141.4.49 - - [03/Sep/2026:16:01:23 +0000] "GET /vendor/botble/widget-generator/stubs/ HTTP/1.1" 200 1276 "-" "Mozilla/5.0 (Macintosh; Intel Mac OS X 10_15_7) AppleWebKit/537.36 (KHTML, like Gecko) Chrome/145.0.0.0 Safari/537.36 (compatible; meta-externalagent/1.1 (+https://developers.facebook.com/docs/sharing/webmasters/crawler))"
74.7.227.164 - - [03/Sep/2026:16:01:24 +0000] "GET /platform/packages/menu/resources/views/partials/?C=N;O=D HTTP/1.1" 200 1309 "https://immovalet.com/platform/packages/menu/resources/views/partials/" "Mozilla/5.0 AppleWebKit/537.36 (KHTML, like Gecko; compatible; GPTBot/1.4; +https://openai.com/gptbot)"
74.7.227.164 - - [03/Sep/2026:16:01:31 +0000] "GET /vendor/botble/widget/src/Repositories/Interfaces/?C=D;O=A HTTP/1.1" 200 946 "https://immovalet.com/vendor/botble/widget/src/Repositories/Interfaces/" "Mozilla/5.0 AppleWebKit/537.36 (KHTML, like Gecko; compatible; GPTBot/1.4; +https://openai.com/gptbot)"
74.7.227.164 - - [03/Sep/2026:16:01:32 +0000] "GET /platform/packages/widget/src/Repositories/Caches/?C=M;O=A HTTP/1.1" 200 958 "https://immovalet.com/platform/packages/widget/src/Repositories/Caches/" "Mozilla/5.0 AppleWebKit/537.36 (KHTML, like Gecko; compatible; GPTBot/1.4; +https://openai.com/gptbot)"
74.7.227.164 - - [03/Sep/2026:16:01:33 +0000] "GET /platform/plugins/payment/resources/views/stripe/?C=M;O=A HTTP/1.1" 200 1127 "https://immovalet.com/platform/plugins/payment/resources/views/stripe/" "Mozilla/5.0 AppleWebKit/537.36 (KHTML, like Gecko; compatible; GPTBot/1.4; +https://openai.com/gptbot)"
74.7.227.164 - - [03/Sep/2026:16:01:37 +0000] "GET /platform/plugins/payment/resources/views/stripe/?C=N;O=D HTTP/1.1" 200 1127 "https://immovalet.com/platform/plugins/payment/resources/views/stripe/" "Mozilla/5.0 AppleWebKit/537.36 (KHTML, like Gecko; compatible; GPTBot/1.4; +https://openai.com/gptbot)"
74.7.227.164 - - [03/Sep/2026:16:01:39 +0000] "GET /platform/packages/menu/resources/views/partials/?C=N;O=A HTTP/1.1" 200 1309 "https://immovalet.com/platform/packages/menu/resources/views/partials/?C=N;O=D" "Mozilla/5.0 AppleWebKit/537.36 (KHTML, like Gecko; compatible; GPTBot/1.4; +https://openai.com/gptbot)"
74.7.227.164 - - [03/Sep/2026:16:01:43 +0000] "GET /platform/packages/menu/resources/views/partials/?C=S;O=A HTTP/1.1" 200 1309 "https://immovalet.com/platform/packages/menu/resources/views/partials/" "Mozilla/5.0 AppleWebKit/537.36 (KHTML, like Gecko; compatible; GPTBot/1.4; +https://openai.com/gptbot)"
74.7.227.164 - - [03/Sep/2026:16:01:44 +0000] "GET /platform/packages/menu/resources/views/partials/?C=M;O=A HTTP/1.1" 200 1309 "https://immovalet.com/platform/packages/menu/resources/views/partials/" "Mozilla/5.0 AppleWebKit/537.36 (KHTML, like Gecko; compatible; GPTBot/1.4; +https://openai.com/gptbot)"
74.7.227.164 - - [03/Sep/2026:16:01:45 +0000] "GET /platform/plugins/payment/resources/views/stripe/?C=S;O=A HTTP/1.1" 200 1127 "https://immovalet.com/platform/plugins/payment/resources/views/stripe/" "Mozilla/5.0 AppleWebKit/537.36 (KHTML, like Gecko; compatible; GPTBot/1.4; +https://openai.com/gptbot)"
74.7.227.164 - - [03/Sep/2026:16:01:49 +0000] "GET /platform/plugins/payment/resources/views/stripe/?C=N;O=A HTTP/1.1" 200 1127 "https://immovalet.com/platform/plugins/payment/resources/views/stripe/?C=N;O=D" "Mozilla/5.0 AppleWebKit/537.36 (KHTML, like Gecko; compatible; GPTBot/1.4; +https://openai.com/gptbot)"
74.7.227.164 - - [03/Sep/2026:16:01:51 +0000] "GET /vendor/botble/widget/src/Repositories/Interfaces/?C=N;O=D HTTP/1.1" 200 946 "https://immovalet.com/vendor/botble/widget/src/Repositories/Interfaces/" "Mozilla/5.0 AppleWebKit/537.36 (KHTML, like Gecko; compatible; GPTBot/1.4; +https://openai.com/gptbot)"
74.7.227.164 - - [03/Sep/2026:16:01:55 +0000] "GET /platform/packages/widget/src/Repositories/Caches/?C=N;O=D HTTP/1.1" 200 958 "https://immovalet.com/platform/packages/widget/src/Repositories/Caches/" "Mozilla/5.0 AppleWebKit/537.36 (KHTML, like Gecko; compatible; GPTBot/1.4; +https://openai.com/gptbot)"
74.7.227.164 - - [03/Sep/2026:16:01:56 +0000] "GET /platform/plugins/payment/resources/views/stripe/?C=S;O=D HTTP/1.1" 200 1127 "https://immovalet.com/platform/plugins/payment/resources/views/stripe/?C=S;O=A" "Mozilla/5.0 AppleWebKit/537.36 (KHTML, like Gecko; compatible; GPTBot/1.4; +https://openai.com/gptbot)"
74.7.227.164 - - [03/Sep/2026:16:01:57 +0000] "GET /platform/packages/menu/resources/views/partials/?C=D;O=A HTTP/1.1" 200 1309 "https://immovalet.com/platform/packages/menu/resources/views/partials/" "Mozilla/5.0 AppleWebKit/537.36 (KHTML, like Gecko; compatible; GPTBot/1.4; +https://openai.com/gptbot)"
74.7.227.164 - - [03/Sep/2026:16:01:58 +0000] "GET /platform/packages/menu/resources/views/partials/?C=S;O=D HTTP/1.1" 200 1309 "https://immovalet.com/platform/packages/menu/resources/views/partials/?C=S;O=A" "Mozilla/5.0 AppleWebKit/537.36 (KHTML, like Gecko; compatible; GPTBot/1.4; +https://openai.com/gptbot)"
74.7.227.164 - - [03/Sep/2026:16:01:59 +0000] "GET /platform/plugins/payment/resources/views/stripe/?C=D;O=A HTTP/1.1" 200 1127 "https://immovalet.com/platform/plugins/payment/resources/views/stripe/" "Mozilla/5.0 AppleWebKit/537.36 (KHTML, like Gecko; compatible; GPTBot/1.4; +https://openai.com/gptbot)"
74.7.227.164 - - [03/Sep/2026:16:02:01 +0000] "GET /platform/plugins/ecommerce/src/Services/Products/?C=S;O=A HTTP/1.1" 200 1754 "https://immovalet.com/platform/plugins/ecommerce/src/Services/Products/" "Mozilla/5.0 AppleWebKit/537.36 (KHTML, like Gecko; compatible; GPTBot/1.4; +https://openai.com/gptbot)"
74.7.227.164 - - [03/Sep/2026:16:02:05 +0000] "GET /vendor/aws/aws-sdk-php/src/MTurk/MTurkClient.php HTTP/1.1" 500 - "https://immovalet.com/vendor/aws/aws-sdk-php/src/MTurk/" "Mozilla/5.0 AppleWebKit/537.36 (KHTML, like Gecko; compatible; GPTBot/1.4; +https://openai.com/gptbot)"
74.7.227.164 - - [03/Sep/2026:16:02:06 +0000] "GET /vendor/intervention/image/src/Intervention/Image/Exception/?C=M;O=A HTTP/1.1" 200 2339 "https://immovalet.com/vendor/intervention/image/src/Intervention/Image/Exception/" "Mozilla/5.0 AppleWebKit/537.36 (KHTML, like Gecko; compatible; GPTBot/1.4; +https://openai.com/gptbot)"
74.7.227.164 - - [03/Sep/2026:16:02:10 +0000] "GET /vendor/intervention/image/src/Intervention/Image/Exception/?C=D;O=A HTTP/1.1" 200 2339 "https://immovalet.com/vendor/intervention/image/src/Intervention/Image/Exception/" "Mozilla/5.0 AppleWebKit/537.36 (KHTML, like Gecko; compatible; GPTBot/1.4; +https://openai.com/gptbot)"
74.7.227.164 - - [03/Sep/2026:16:02:10 +0000] "GET /vendor/intervention/image/src/Intervention/Image/Exception/?C=N;O=D HTTP/1.1" 200 2339 "https://immovalet.com/vendor/intervention/image/src/Intervention/Image/Exception/" "Mozilla/5.0 AppleWebKit/537.36 (KHTML, like Gecko; compatible; GPTBot/1.4; +https://openai.com/gptbot)"
74.7.227.164 - - [03/Sep/2026:16:02:13 +0000] "GET /platform/plugins/ecommerce/src/Services/Products/?C=S;O=D HTTP/1.1" 200 1754 "https://immovalet.com/platform/plugins/ecommerce/src/Services/Products/?C=S;O=A" "Mozilla/5.0 AppleWebKit/537.36 (KHTML, like Gecko; compatible; GPTBot/1.4; +https://openai.com/gptbot)"
74.7.227.164 - - [03/Sep/2026:16:02:15 +0000] "GET /vendor/intervention/image/src/Intervention/Image/Exception/?C=S;O=A HTTP/1.1" 200 2339 "https://immovalet.com/vendor/intervention/image/src/Intervention/Image/Exception/" "Mozilla/5.0 AppleWebKit/537.36 (KHTML, like Gecko; compatible; GPTBot/1.4; +https://openai.com/gptbot)"
74.7.227.164 - - [03/Sep/2026:16:02:16 +0000] "GET /vendor/phpoffice/phpspreadsheet/src/PhpSpreadsheet/Writer/Xlsx/?C=N;O=D HTTP/1.1" 200 3684 "https://immovalet.com/vendor/phpoffice/phpspreadsheet/src/PhpSpreadsheet/Writer/Xlsx/" "Mozilla/5.0 AppleWebKit/537.36 (KHTML, like Gecko; compatible; GPTBot/1.4; +https://openai.com/gptbot)"
74.7.227.164 - - [03/Sep/2026:16:02:22 +0000] "GET /vendor/intervention/image/src/Intervention/Image/Exception/NotFoundException.php HTTP/1.1" 500 - "https://immovalet.com/vendor/intervention/image/src/Intervention/Image/Exception/?C=N;O=D" "Mozilla/5.0 AppleWebKit/537.36 (KHTML, like Gecko; compatible; GPTBot/1.4; +https://openai.com/gptbot)"
74.7.227.164 - - [03/Sep/2026:16:02:24 +0000] "GET /vendor/intervention/image/src/Intervention/Image/Exception/NotSupportedException.php HTTP/1.1" 500 - "https://immovalet.com/vendor/intervention/image/src/Intervention/Image/Exception/?C=N;O=D" "Mozilla/5.0 AppleWebKit/537.36 (KHTML, like Gecko; compatible; GPTBot/1.4; +https://openai.com/gptbot)"
74.7.227.164 - - [03/Sep/2026:16:02:26 +0000] "GET /vendor/intervention/image/src/Intervention/Image/Exception/MissingDependencyException.php HTTP/1.1" 500 - "https://immovalet.com/vendor/intervention/image/src/Intervention/Image/Exception/?C=N;O=D" "Mozilla/5.0 AppleWebKit/537.36 (KHTML, like Gecko; compatible; GPTBot/1.4; +https://openai.com/gptbot)"
