74.7.227.164 - - [03/Sep/2026:12:28:01 +0000] "GET /vendor/laravel/framework/src/Illuminate/Testing/ParallelRunner.php HTTP/1.1" 500 - "https://immovalet.com/vendor/laravel/framework/src/Illuminate/Testing/?C=N;O=D" "Mozilla/5.0 AppleWebKit/537.36 (KHTML, like Gecko; compatible; GPTBot/1.4; +https://openai.com/gptbot)"
57.141.4.41 - - [03/Sep/2026:12:28:13 +0000] "GET /vendor/botble/platform/chart/ HTTP/1.1" 200 1054 "-" "Mozilla/5.0 (Windows NT 10.0; Win64; x64) AppleWebKit/537.36 (KHTML, like Gecko) Chrome/145.0.0.0 Safari/537.36 Edg/145.0.0.0 (compatible; meta-externalagent/1.1 (+https://developers.facebook.com/docs/sharing/webmasters/crawler))"
74.7.227.164 - - [03/Sep/2026:12:28:21 +0000] "GET /vendor/laravel/framework/src/Illuminate/Testing/Assert.php HTTP/1.1" 500 - "https://immovalet.com/vendor/laravel/framework/src/Illuminate/Testing/?C=N;O=D" "Mozilla/5.0 AppleWebKit/537.36 (KHTML, like Gecko; compatible; GPTBot/1.4; +https://openai.com/gptbot)"
57.141.4.35 - - [03/Sep/2026:12:28:24 +0000] "GET /vhfsmdz/?C=N;O=D HTTP/1.1" 200 815 "-" "Mozilla/5.0 (Windows NT 10.0; Win64; x64) AppleWebKit/537.36 (KHTML, like Gecko) Chrome/145.0.0.0 Safari/537.36 (compatible; meta-externalagent/1.1 (+https://developers.facebook.com/docs/sharing/webmasters/crawler))"
57.141.4.71 - - [03/Sep/2026:12:28:30 +0000] "GET /vendor/sendgrid/sendgrid/lib/helper/ HTTP/1.1" 200 902 "-" "Mozilla/5.0 (Macintosh; Intel Mac OS X 10_15_7) AppleWebKit/537.36 (KHTML, like Gecko) Chrome/145.0.0.0 Safari/537.36 (compatible; meta-externalagent/1.1 (+https://developers.facebook.com/docs/sharing/webmasters/crawler))"
57.141.4.68 - - [03/Sep/2026:12:28:40 +0000] "GET /vendor/symfony/cache/Marshaller/?C=D;O=D HTTP/1.1" 200 1655 "-" "Mozilla/5.0 (Macintosh; Intel Mac OS X 10_15_7) AppleWebKit/537.36 (KHTML, like Gecko) Chrome/145.0.0.0 Safari/537.36 (compatible; meta-externalagent/1.1 (+https://developers.facebook.com/docs/sharing/webmasters/crawler))"
74.7.227.164 - - [03/Sep/2026:12:28:41 +0000] "GET /vendor/laravel/framework/src/Illuminate/Session/Store.php HTTP/1.1" 500 - "https://immovalet.com/vendor/laravel/framework/src/Illuminate/Session/?C=N;O=D" "Mozilla/5.0 AppleWebKit/537.36 (KHTML, like Gecko; compatible; GPTBot/1.4; +https://openai.com/gptbot)"
57.141.4.6 - - [03/Sep/2026:12:28:48 +0000] "GET /platform/packages/page/database/migrations/ HTTP/1.1" 200 952 "-" "Mozilla/5.0 (Windows NT 10.0; Win64; x64) AppleWebKit/537.36 (KHTML, like Gecko) Chrome/145.0.0.0 Safari/537.36 (compatible; meta-externalagent/1.1 (+https://developers.facebook.com/docs/sharing/webmasters/crawler))"
57.141.4.6 - - [03/Sep/2026:12:28:54 +0000] "GET /platform/packages/revision/?C=N;O=A HTTP/1.1" 200 1935 "-" "Mozilla/5.0 (Windows NT 10.0; Win64; x64) AppleWebKit/537.36 (KHTML, like Gecko) Chrome/145.0.0.0 Safari/537.36 (compatible; meta-externalagent/1.1 (+https://developers.facebook.com/docs/sharing/webmasters/crawler))"
74.7.227.164 - - [03/Sep/2026:12:29:02 +0000] "GET /vendor/laravel/framework/src/Illuminate/Testing/LoggedExceptionCollection.php HTTP/1.1" 500 - "https://immovalet.com/vendor/laravel/framework/src/Illuminate/Testing/?C=N;O=D" "Mozilla/5.0 AppleWebKit/537.36 (KHTML, like Gecko; compatible; GPTBot/1.4; +https://openai.com/gptbot)"
57.141.4.16 - - [03/Sep/2026:12:29:13 +0000] "GET /vendor/league/?C=S;O=A HTTP/1.1" 200 1573 "-" "Mozilla/5.0 (Macintosh; Intel Mac OS X 10_15_7) AppleWebKit/537.36 (KHTML, like Gecko) Chrome/145.0.0.0 Safari/537.36 (compatible; meta-externalagent/1.1 (+https://developers.facebook.com/docs/sharing/webmasters/crawler))"
74.7.227.164 - - [03/Sep/2026:12:29:22 +0000] "GET /vendor/laravel/framework/src/Illuminate/Testing/TestView.php HTTP/1.1" 500 - "https://immovalet.com/vendor/laravel/framework/src/Illuminate/Testing/?C=N;O=D" "Mozilla/5.0 AppleWebKit/537.36 (KHTML, like Gecko; compatible; GPTBot/1.4; +https://openai.com/gptbot)"
57.141.4.9 - - [03/Sep/2026:12:29:23 +0000] "GET /vendor/guzzlehttp/psr7/src/PumpStream.php HTTP/1.1" 500 - "-" "Mozilla/5.0 (Windows NT 10.0; Win64; x64) AppleWebKit/537.36 (KHTML, like Gecko) Chrome/145.0.0.0 Safari/537.36 (compatible; meta-externalagent/1.1 (+https://developers.facebook.com/docs/sharing/webmasters/crawler))"
57.141.4.63 - - [03/Sep/2026:12:29:24 +0000] "GET /vendor/yajra/laravel-datatables-oracle/?C=S;O=D HTTP/1.1" 200 1965 "-" "Mozilla/5.0 (Windows NT 10.0; Win64; x64) AppleWebKit/537.36 (KHTML, like Gecko) Chrome/145.0.0.0 Safari/537.36 (compatible; meta-externalagent/1.1 (+https://developers.facebook.com/docs/sharing/webmasters/crawler))"
74.7.227.164 - - [03/Sep/2026:12:29:42 +0000] "GET /vendor/laravel/framework/src/Illuminate/Testing/?C=S;O=D HTTP/1.1" 200 3547 "https://immovalet.com/vendor/laravel/framework/src/Illuminate/Testing/?C=S;O=A" "Mozilla/5.0 AppleWebKit/537.36 (KHTML, like Gecko; compatible; GPTBot/1.4; +https://openai.com/gptbot)"
57.141.4.73 - - [03/Sep/2026:12:29:52 +0000] "GET /vendor/symfony/polyfill-mbstring/?C=M;O=A HTTP/1.1" 200 1782 "-" "Mozilla/5.0 (Windows NT 10.0; Win64; x64) AppleWebKit/537.36 (KHTML, like Gecko) Chrome/145.0.0.0 Safari/537.36 (compatible; meta-externalagent/1.1 (+https://developers.facebook.com/docs/sharing/webmasters/crawler))"
74.7.227.164 - - [03/Sep/2026:12:30:17 +0000] "GET /vendor/laravel/framework/src/Illuminate/Session/?C=N;O=A HTTP/1.1" 200 3776 "https://immovalet.com/vendor/laravel/framework/src/Illuminate/Session/?C=N;O=D" "Mozilla/5.0 AppleWebKit/537.36 (KHTML, like Gecko; compatible; GPTBot/1.4; +https://openai.com/gptbot)"
173.252.82.87 - - [03/Sep/2026:12:30:29 +0000] "GET /robots.txt HTTP/1.1" 404 16 "-" "facebookexternalhit/1.1 (+http://www.facebook.com/externalhit_uatext.php)"
74.7.227.164 - - [03/Sep/2026:12:30:30 +0000] "GET /vendor/laravel/framework/src/Illuminate/Testing/?C=N;O=A HTTP/1.1" 200 3547 "https://immovalet.com/vendor/laravel/framework/src/Illuminate/Testing/?C=N;O=D" "Mozilla/5.0 AppleWebKit/537.36 (KHTML, like Gecko; compatible; GPTBot/1.4; +https://openai.com/gptbot)"
57.141.4.35 - - [03/Sep/2026:12:30:33 +0000] "GET /vendor/symfony/mime/MimeTypeGuesserInterface.php HTTP/1.1" 200 - "-" "Mozilla/5.0 (Windows NT 10.0; Win64; x64) AppleWebKit/537.36 (KHTML, like Gecko) Chrome/145.0.0.0 Safari/537.36 (compatible; meta-externalagent/1.1 (+https://developers.facebook.com/docs/sharing/webmasters/crawler))"
74.7.227.164 - - [03/Sep/2026:12:30:41 +0000] "GET /vendor/laravel/framework/src/Illuminate/Pipeline/?C=M;O=A HTTP/1.1" 200 1673 "https://immovalet.com/vendor/laravel/framework/src/Illuminate/Pipeline/" "Mozilla/5.0 AppleWebKit/537.36 (KHTML, like Gecko; compatible; GPTBot/1.4; +https://openai.com/gptbot)"
57.141.4.62 - - [03/Sep/2026:12:30:41 +0000] "GET /vendor/ezyang/?C=D;O=A HTTP/1.1" 200 839 "-" "Mozilla/5.0 (Macintosh; Intel Mac OS X 10_15_7) AppleWebKit/537.36 (KHTML, like Gecko) Chrome/145.0.0.0 Safari/537.36 (compatible; meta-externalagent/1.1 (+https://developers.facebook.com/docs/sharing/webmasters/crawler))"
57.141.4.17 - - [03/Sep/2026:12:30:42 +0000] "GET /platform/core/composer.json HTTP/1.1" 200 3168 "-" "Mozilla/5.0 (Macintosh; Intel Mac OS X 10_15_7) AppleWebKit/537.36 (KHTML, like Gecko) Chrome/145.0.0.0 Safari/537.36 (compatible; meta-externalagent/1.1 (+https://developers.facebook.com/docs/sharing/webmasters/crawler))"
57.141.4.4 - - [03/Sep/2026:12:30:55 +0000] "GET /vendor/dompdf/dompdf/src/FrameDecorator/Page.php HTTP/1.1" 500 - "-" "Mozilla/5.0 (Macintosh; Intel Mac OS X 10_15_7) AppleWebKit/537.36 (KHTML, like Gecko) Chrome/145.0.0.0 Safari/537.36 (compatible; meta-externalagent/1.1 (+https://developers.facebook.com/docs/sharing/webmasters/crawler))"
74.7.227.164 - - [03/Sep/2026:12:30:55 +0000] "GET /vendor/laravel/framework/src/Illuminate/Support/?C=S;O=D HTTP/1.1" 200 5689 "https://immovalet.com/vendor/laravel/framework/src/Illuminate/Support/?C=S;O=A" "Mozilla/5.0 AppleWebKit/537.36 (KHTML, like Gecko; compatible; GPTBot/1.4; +https://openai.com/gptbot)"
57.141.4.35 - - [03/Sep/2026:12:31:07 +0000] "GET /cgzqxul/?C=S;O=D HTTP/1.1" 200 815 "-" "Mozilla/5.0 (Windows NT 10.0; Win64; x64) AppleWebKit/537.36 (KHTML, like Gecko) Chrome/145.0.0.0 Safari/537.36 (compatible; meta-externalagent/1.1 (+https://developers.facebook.com/docs/sharing/webmasters/crawler))"
74.7.227.164 - - [03/Sep/2026:12:31:09 +0000] "GET /platform/plugins/backup/src/Http/Requests/?C=M;O=A HTTP/1.1" 200 925 "https://immovalet.com/platform/plugins/backup/src/Http/Requests/" "Mozilla/5.0 AppleWebKit/537.36 (KHTML, like Gecko; compatible; GPTBot/1.4; +https://openai.com/gptbot)"
57.141.4.73 - - [03/Sep/2026:12:31:09 +0000] "GET /platform/core/js-validation/public/?C=M;O=A HTTP/1.1" 200 892 "-" "Mozilla/5.0 (Windows NT 10.0; Win64; x64) AppleWebKit/537.36 (KHTML, like Gecko) Chrome/145.0.0.0 Safari/537.36 (compatible; meta-externalagent/1.1 (+https://developers.facebook.com/docs/sharing/webmasters/crawler))"
74.7.227.164 - - [03/Sep/2026:12:31:12 +0000] "GET /platform/plugins/backup/src/Http/Requests/?C=N;O=D HTTP/1.1" 200 925 "https://immovalet.com/platform/plugins/backup/src/Http/Requests/" "Mozilla/5.0 AppleWebKit/537.36 (KHTML, like Gecko; compatible; GPTBot/1.4; +https://openai.com/gptbot)"
57.141.4.18 - - [03/Sep/2026:12:31:14 +0000] "GET /vendor/botble/assets/CONTRIBUTING.md HTTP/1.1" 200 2969 "-" "Mozilla/5.0 (Windows NT 10.0; Win64; x64) AppleWebKit/537.36 (KHTML, like Gecko) Chrome/145.0.0.0 Safari/537.36 (compatible; meta-externalagent/1.1 (+https://developers.facebook.com/docs/sharing/webmasters/crawler))"
57.141.4.42 - - [03/Sep/2026:12:31:24 +0000] "GET /vendor/stripe/stripe-php/LICENSE HTTP/1.1" 200 1099 "-" "Mozilla/5.0 (Windows NT 10.0; Win64; x64) AppleWebKit/537.36 (KHTML, like Gecko) Chrome/145.0.0.0 Safari/537.36 (compatible; meta-externalagent/1.1 (+https://developers.facebook.com/docs/sharing/webmasters/crawler))"
57.141.4.1 - - [03/Sep/2026:12:31:47 +0000] "GET /resources/lang/vi/auth.php HTTP/1.1" 200 - "-" "Mozilla/5.0 (Windows NT 10.0; Win64; x64) AppleWebKit/537.36 (KHTML, like Gecko) Chrome/145.0.0.0 Safari/537.36 (compatible; meta-externalagent/1.1 (+https://developers.facebook.com/docs/sharing/webmasters/crawler))"
74.7.227.164 - - [03/Sep/2026:12:31:48 +0000] "GET /platform/plugins/backup/src/Http/Requests/?C=S;O=A HTTP/1.1" 200 925 "https://immovalet.com/platform/plugins/backup/src/Http/Requests/" "Mozilla/5.0 AppleWebKit/537.36 (KHTML, like Gecko; compatible; GPTBot/1.4; +https://openai.com/gptbot)"
57.141.4.25 - - [03/Sep/2026:12:31:53 +0000] "GET /vendor/myclabs/php-enum/src/?C=S;O=A HTTP/1.1" 200 1055 "-" "Mozilla/5.0 (Macintosh; Intel Mac OS X 10_15_7) AppleWebKit/537.36 (KHTML, like Gecko) Chrome/145.0.0.0 Safari/537.36 (compatible; meta-externalagent/1.1 (+https://developers.facebook.com/docs/sharing/webmasters/crawler))"
74.7.227.164 - - [03/Sep/2026:12:31:56 +0000] "GET /platform/plugins/backup/src/Http/Requests/?C=D;O=A HTTP/1.1" 200 925 "https://immovalet.com/platform/plugins/backup/src/Http/Requests/" "Mozilla/5.0 AppleWebKit/537.36 (KHTML, like Gecko; compatible; GPTBot/1.4; +https://openai.com/gptbot)"
74.7.227.164 - - [03/Sep/2026:12:31:59 +0000] "GET /platform/packages/seo-helper/public/js/?C=S;O=A HTTP/1.1" 200 918 "https://immovalet.com/platform/packages/seo-helper/public/js/" "Mozilla/5.0 AppleWebKit/537.36 (KHTML, like Gecko; compatible; GPTBot/1.4; +https://openai.com/gptbot)"
74.7.227.164 - - [03/Sep/2026:12:31:59 +0000] "GET /platform/packages/seo-helper/public/js/?C=M;O=A HTTP/1.1" 200 918 "https://immovalet.com/platform/packages/seo-helper/public/js/" "Mozilla/5.0 AppleWebKit/537.36 (KHTML, like Gecko; compatible; GPTBot/1.4; +https://openai.com/gptbot)"
74.7.227.164 - - [03/Sep/2026:12:32:00 +0000] "GET /platform/packages/seo-helper/public/js/?C=D;O=A HTTP/1.1" 200 918 "https://immovalet.com/platform/packages/seo-helper/public/js/" "Mozilla/5.0 AppleWebKit/537.36 (KHTML, like Gecko; compatible; GPTBot/1.4; +https://openai.com/gptbot)"
74.7.227.164 - - [03/Sep/2026:12:32:01 +0000] "GET /platform/packages/seo-helper/public/js/?C=N;O=D HTTP/1.1" 200 918 "https://immovalet.com/platform/packages/seo-helper/public/js/" "Mozilla/5.0 AppleWebKit/537.36 (KHTML, like Gecko; compatible; GPTBot/1.4; +https://openai.com/gptbot)"
74.7.227.164 - - [03/Sep/2026:12:32:03 +0000] "GET /vendor/brick/math/src/Exception/?C=S;O=A HTTP/1.1" 200 1886 "https://immovalet.com/vendor/brick/math/src/Exception/" "Mozilla/5.0 AppleWebKit/537.36 (KHTML, like Gecko; compatible; GPTBot/1.4; +https://openai.com/gptbot)"
57.141.4.72 - - [03/Sep/2026:12:32:03 +0000] "GET /vendor/sendgrid/?C=S;O=A HTTP/1.1" 200 1023 "-" "Mozilla/5.0 (Windows NT 10.0; Win64; x64) AppleWebKit/537.36 (KHTML, like Gecko) Chrome/145.0.0.0 Safari/537.36 Edg/145.0.0.0 (compatible; meta-externalagent/1.1 (+https://developers.facebook.com/docs/sharing/webmasters/crawler))"
74.7.227.164 - - [03/Sep/2026:12:32:05 +0000] "GET /vendor/brick/math/src/Exception/?C=D;O=A HTTP/1.1" 200 1886 "https://immovalet.com/vendor/brick/math/src/Exception/" "Mozilla/5.0 AppleWebKit/537.36 (KHTML, like Gecko; compatible; GPTBot/1.4; +https://openai.com/gptbot)"
74.7.227.164 - - [03/Sep/2026:12:32:05 +0000] "GET /vendor/brick/math/src/Exception/?C=N;O=D HTTP/1.1" 200 1886 "https://immovalet.com/vendor/brick/math/src/Exception/" "Mozilla/5.0 AppleWebKit/537.36 (KHTML, like Gecko; compatible; GPTBot/1.4; +https://openai.com/gptbot)"
74.7.227.164 - - [03/Sep/2026:12:32:06 +0000] "GET /vendor/brick/math/src/Exception/?C=M;O=A HTTP/1.1" 200 1886 "https://immovalet.com/vendor/brick/math/src/Exception/" "Mozilla/5.0 AppleWebKit/537.36 (KHTML, like Gecko; compatible; GPTBot/1.4; +https://openai.com/gptbot)"
74.7.227.164 - - [03/Sep/2026:12:32:06 +0000] "GET /vendor/botble/platform/base/public/libraries/tinymce/plugins/emoticons/js/emojiimages.min.js HTTP/1.1" 200 424468 "https://immovalet.com/vendor/botble/platform/base/public/libraries/tinymce/plugins/emoticons/js/" "Mozilla/5.0 AppleWebKit/537.36 (KHTML, like Gecko; compatible; GPTBot/1.4; +https://openai.com/gptbot)"
74.7.227.164 - - [03/Sep/2026:12:32:08 +0000] "GET /vendor/aws/aws-sdk-php/src/EndpointDiscovery/Exception/ConfigurationException.php HTTP/1.1" 500 - "https://immovalet.com/vendor/aws/aws-sdk-php/src/EndpointDiscovery/Exception/" "Mozilla/5.0 AppleWebKit/537.36 (KHTML, like Gecko; compatible; GPTBot/1.4; +https://openai.com/gptbot)"
74.7.227.164 - - [03/Sep/2026:12:32:10 +0000] "GET /vendor/brick/math/src/Exception/NegativeNumberException.php HTTP/1.1" 500 - "https://immovalet.com/vendor/brick/math/src/Exception/?C=S;O=A" "Mozilla/5.0 AppleWebKit/537.36 (KHTML, like Gecko; compatible; GPTBot/1.4; +https://openai.com/gptbot)"
74.7.227.164 - - [03/Sep/2026:12:32:15 +0000] "GET /vendor/brick/math/src/Exception/IntegerOverflowException.php HTTP/1.1" 500 - "https://immovalet.com/vendor/brick/math/src/Exception/?C=S;O=A" "Mozilla/5.0 AppleWebKit/537.36 (KHTML, like Gecko; compatible; GPTBot/1.4; +https://openai.com/gptbot)"
74.7.227.164 - - [03/Sep/2026:12:32:19 +0000] "GET /vendor/brick/math/src/Exception/RoundingNecessaryException.php HTTP/1.1" 500 - "https://immovalet.com/vendor/brick/math/src/Exception/?C=S;O=A" "Mozilla/5.0 AppleWebKit/537.36 (KHTML, like Gecko; compatible; GPTBot/1.4; +https://openai.com/gptbot)"
57.141.4.7 - - [03/Sep/2026:12:32:21 +0000] "GET /vendor/mollie/laravel-mollie/src/MollieConnectProvider.php HTTP/1.1" 500 - "-" "Mozilla/5.0 (Macintosh; Intel Mac OS X 10_15_7) AppleWebKit/537.36 (KHTML, like Gecko) Chrome/145.0.0.0 Safari/537.36 (compatible; meta-externalagent/1.1 (+https://developers.facebook.com/docs/sharing/webmasters/crawler))"
74.7.227.164 - - [03/Sep/2026:12:32:24 +0000] "GET /vendor/brick/math/src/Exception/DivisionByZeroException.php HTTP/1.1" 500 - "https://immovalet.com/vendor/brick/math/src/Exception/?C=S;O=A" "Mozilla/5.0 AppleWebKit/537.36 (KHTML, like Gecko; compatible; GPTBot/1.4; +https://openai.com/gptbot)"
57.141.4.71 - - [03/Sep/2026:12:32:31 +0000] "GET /vendor/stripe/stripe-php/lib/Service/FileLinkService.php HTTP/1.1" 500 - "-" "Mozilla/5.0 (Windows NT 10.0; Win64; x64) AppleWebKit/537.36 (KHTML, like Gecko) Chrome/145.0.0.0 Safari/537.36 (compatible; meta-externalagent/1.1 (+https://developers.facebook.com/docs/sharing/webmasters/crawler))"
57.141.4.28 - - [03/Sep/2026:12:32:44 +0000] "GET /vendor/symfony/polyfill-iconv/?C=S;O=D HTTP/1.1" 200 1773 "-" "Mozilla/5.0 (Macintosh; Intel Mac OS X 10_15_7) AppleWebKit/537.36 (KHTML, like Gecko) Chrome/145.0.0.0 Safari/537.36 (compatible; meta-externalagent/1.1 (+https://developers.facebook.com/docs/sharing/webmasters/crawler))"
74.7.227.164 - - [03/Sep/2026:12:32:46 +0000] "GET /vendor/brick/math/src/Exception/NumberFormatException.php HTTP/1.1" 500 - "https://immovalet.com/vendor/brick/math/src/Exception/?C=S;O=A" "Mozilla/5.0 AppleWebKit/537.36 (KHTML, like Gecko; compatible; GPTBot/1.4; +https://openai.com/gptbot)"
57.141.4.31 - - [03/Sep/2026:12:32:57 +0000] "GET /vendor/psr/simple-cache/src/?C=M;O=A HTTP/1.1" 200 1274 "-" "Mozilla/5.0 (Macintosh; Intel Mac OS X 10_15_7) AppleWebKit/537.36 (KHTML, like Gecko) Chrome/145.0.0.0 Safari/537.36 (compatible; meta-externalagent/1.1 (+https://developers.facebook.com/docs/sharing/webmasters/crawler))"
57.141.4.45 - - [03/Sep/2026:12:33:17 +0000] "GET /platform/plugins/testimonial/config/?C=S;O=A HTTP/1.1" 200 907 "-" "Mozilla/5.0 (Macintosh; Intel Mac OS X 10_15_7) AppleWebKit/537.36 (KHTML, like Gecko) Chrome/145.0.0.0 Safari/537.36 (compatible; meta-externalagent/1.1 (+https://developers.facebook.com/docs/sharing/webmasters/crawler))"
74.7.227.164 - - [03/Sep/2026:12:33:25 +0000] "GET /vendor/brick/math/src/Exception/?C=N;O=A HTTP/1.1" 200 1886 "https://immovalet.com/vendor/brick/math/src/Exception/?C=S;O=A" "Mozilla/5.0 AppleWebKit/537.36 (KHTML, like Gecko; compatible; GPTBot/1.4; +https://openai.com/gptbot)"
57.141.4.48 - - [03/Sep/2026:12:33:26 +0000] "GET /vendor/symfony/translation/DataCollector/TranslationDataCollector.php HTTP/1.1" 500 - "-" "Mozilla/5.0 (Macintosh; Intel Mac OS X 10_15_7) AppleWebKit/537.36 (KHTML, like Gecko) Chrome/145.0.0.0 Safari/537.36 (compatible; meta-externalagent/1.1 (+https://developers.facebook.com/docs/sharing/webmasters/crawler))"
74.7.242.43 - - [03/Sep/2026:12:33:29 +0000] "GET /resources/lang/vendor/core/base/?C=S;O=D HTTP/1.1" 200 1056 "https://www.immovalet.techbala.com/resources/lang/vendor/core/base/?C=S;O=A" "Mozilla/5.0 AppleWebKit/537.36 (KHTML, like Gecko; compatible; GPTBot/1.4; +https://openai.com/gptbot)"
57.141.4.68 - - [03/Sep/2026:12:33:37 +0000] "GET /platform/plugins/testimonial/src/Repositories/ HTTP/1.1" 200 1279 "-" "Mozilla/5.0 (Windows NT 10.0; Win64; x64) AppleWebKit/537.36 (KHTML, like Gecko) Chrome/145.0.0.0 Safari/537.36 (compatible; meta-externalagent/1.1 (+https://developers.facebook.com/docs/sharing/webmasters/crawler))"
74.7.227.164 - - [03/Sep/2026:12:33:45 +0000] "GET /vendor/brick/math/src/Exception/?C=S;O=D HTTP/1.1" 200 1886 "https://immovalet.com/vendor/brick/math/src/Exception/?C=S;O=A" "Mozilla/5.0 AppleWebKit/537.36 (KHTML, like Gecko; compatible; GPTBot/1.4; +https://openai.com/gptbot)"
57.141.4.40 - - [03/Sep/2026:12:33:51 +0000] "GET /vendor/aws/aws-sdk-php/src/PI/?C=M;O=A HTTP/1.1" 200 1068 "-" "Mozilla/5.0 (X11; Linux x86_64) AppleWebKit/537.36 (KHTML, like Gecko) Chrome/145.0.0.0 Safari/537.36 (compatible; meta-externalagent/1.1 (+https://developers.facebook.com/docs/sharing/webmasters/crawler))"
57.141.4.60 - - [03/Sep/2026:12:33:53 +0000] "GET /platform/plugins/payment/?C=D;O=A HTTP/1.1" 200 2642 "-" "Mozilla/5.0 (Windows NT 10.0; Win64; x64) AppleWebKit/537.36 (KHTML, like Gecko) Chrome/145.0.0.0 Safari/537.36 (compatible; meta-externalagent/1.1 (+https://developers.facebook.com/docs/sharing/webmasters/crawler))"
57.141.4.45 - - [03/Sep/2026:12:34:17 +0000] "GET /vendor/botble/platform/core.json HTTP/1.1" 200 56 "-" "Mozilla/5.0 (Windows NT 10.0; Win64; x64) AppleWebKit/537.36 (KHTML, like Gecko) Chrome/145.0.0.0 Safari/537.36 (compatible; meta-externalagent/1.1 (+https://developers.facebook.com/docs/sharing/webmasters/crawler))"
74.7.227.164 - - [03/Sep/2026:12:34:32 +0000] "GET /vendor/laravel/framework/src/Illuminate/Database/Eloquent/Factories/HasFactory.php HTTP/1.1" 200 - "https://immovalet.com/vendor/laravel/framework/src/Illuminate/Database/Eloquent/Factories/" "Mozilla/5.0 AppleWebKit/537.36 (KHTML, like Gecko; compatible; GPTBot/1.4; +https://openai.com/gptbot)"
74.7.227.164 - - [03/Sep/2026:12:34:54 +0000] "GET /vendor/aws/aws-sdk-php/src/WAFV2/Exception/?C=M;O=A HTTP/1.1" 200 928 "https://immovalet.com/vendor/aws/aws-sdk-php/src/WAFV2/Exception/" "Mozilla/5.0 AppleWebKit/537.36 (KHTML, like Gecko; compatible; GPTBot/1.4; +https://openai.com/gptbot)"
57.141.4.7 - - [03/Sep/2026:12:34:57 +0000] "GET /vendor/botble/dev-tool/?C=N;O=A HTTP/1.1" 200 1564 "-" "Mozilla/5.0 (Windows NT 10.0; Win64; x64) AppleWebKit/537.36 (KHTML, like Gecko) Chrome/145.0.0.0 Safari/537.36 (compatible; meta-externalagent/1.1 (+https://developers.facebook.com/docs/sharing/webmasters/crawler))"
74.7.227.164 - - [03/Sep/2026:12:35:02 +0000] "GET /vendor/aws/aws-sdk-php/src/WAFV2/Exception/?C=S;O=A HTTP/1.1" 200 928 "https://immovalet.com/vendor/aws/aws-sdk-php/src/WAFV2/Exception/" "Mozilla/5.0 AppleWebKit/537.36 (KHTML, like Gecko; compatible; GPTBot/1.4; +https://openai.com/gptbot)"
74.7.227.164 - - [03/Sep/2026:12:35:17 +0000] "GET /vendor/aws/aws-sdk-php/src/WAFV2/Exception/?C=N;O=D HTTP/1.1" 200 928 "https://immovalet.com/vendor/aws/aws-sdk-php/src/WAFV2/Exception/" "Mozilla/5.0 AppleWebKit/537.36 (KHTML, like Gecko; compatible; GPTBot/1.4; +https://openai.com/gptbot)"
57.141.4.35 - - [03/Sep/2026:12:35:18 +0000] "GET /platform/plugins/blog/src/Forms/ HTTP/1.1" 200 1431 "-" "Mozilla/5.0 (Windows NT 10.0; Win64; x64) AppleWebKit/537.36 (KHTML, like Gecko) Chrome/145.0.0.0 Safari/537.36 (compatible; meta-externalagent/1.1 (+https://developers.facebook.com/docs/sharing/webmasters/crawler))"
74.7.227.164 - - [03/Sep/2026:12:35:21 +0000] "GET /vendor/aws/aws-sdk-php/src/WAFV2/Exception/?C=D;O=A HTTP/1.1" 200 928 "https://immovalet.com/vendor/aws/aws-sdk-php/src/WAFV2/Exception/" "Mozilla/5.0 AppleWebKit/537.36 (KHTML, like Gecko; compatible; GPTBot/1.4; +https://openai.com/gptbot)"
74.7.227.164 - - [03/Sep/2026:12:35:31 +0000] "GET /vendor/phpoffice/phpspreadsheet/src/PhpSpreadsheet/Calculation/Financial/CashFlow/Constant/Periodic/Interest.php HTTP/1.1" 200 - "https://immovalet.com/vendor/phpoffice/phpspreadsheet/src/PhpSpreadsheet/Calculation/Financial/CashFlow/Constant/Periodic/" "Mozilla/5.0 AppleWebKit/537.36 (KHTML, like Gecko; compatible; GPTBot/1.4; +https://openai.com/gptbot)"
74.7.227.164 - - [03/Sep/2026:12:35:33 +0000] "GET /vendor/aws/aws-sdk-php/src/S3/UseArnRegion/Exception/?C=M;O=A HTTP/1.1" 200 969 "https://immovalet.com/vendor/aws/aws-sdk-php/src/S3/UseArnRegion/Exception/" "Mozilla/5.0 AppleWebKit/537.36 (KHTML, like Gecko; compatible; GPTBot/1.4; +https://openai.com/gptbot)"
74.7.227.164 - - [03/Sep/2026:12:35:35 +0000] "GET /vendor/aws/aws-sdk-php/src/S3/UseArnRegion/Exception/?C=N;O=D HTTP/1.1" 200 969 "https://immovalet.com/vendor/aws/aws-sdk-php/src/S3/UseArnRegion/Exception/" "Mozilla/5.0 AppleWebKit/537.36 (KHTML, like Gecko; compatible; GPTBot/1.4; +https://openai.com/gptbot)"
74.7.227.164 - - [03/Sep/2026:12:35:36 +0000] "GET /vendor/aws/aws-sdk-php/src/S3/UseArnRegion/Exception/?C=D;O=A HTTP/1.1" 200 969 "https://immovalet.com/vendor/aws/aws-sdk-php/src/S3/UseArnRegion/Exception/" "Mozilla/5.0 AppleWebKit/537.36 (KHTML, like Gecko; compatible; GPTBot/1.4; +https://openai.com/gptbot)"
74.7.227.164 - - [03/Sep/2026:12:35:37 +0000] "GET /vendor/aws/aws-sdk-php/src/data/route53-recovery-readiness/2019-12-02/?C=N;O=D HTTP/1.1" 200 1193 "https://immovalet.com/vendor/aws/aws-sdk-php/src/data/route53-recovery-readiness/2019-12-02/" "Mozilla/5.0 AppleWebKit/537.36 (KHTML, like Gecko; compatible; GPTBot/1.4; +https://openai.com/gptbot)"
74.7.227.164 - - [03/Sep/2026:12:35:38 +0000] "GET /vendor/aws/aws-sdk-php/src/data/route53-recovery-readiness/2019-12-02/?C=D;O=A HTTP/1.1" 200 1193 "https://immovalet.com/vendor/aws/aws-sdk-php/src/data/route53-recovery-readiness/2019-12-02/" "Mozilla/5.0 AppleWebKit/537.36 (KHTML, like Gecko; compatible; GPTBot/1.4; +https://openai.com/gptbot)"
57.141.4.18 - - [03/Sep/2026:12:35:38 +0000] "GET /platform/plugins/cookie-consent/public/ HTTP/1.1" 200 1076 "-" "Mozilla/5.0 (Windows NT 10.0; Win64; x64) AppleWebKit/537.36 (KHTML, like Gecko) Chrome/145.0.0.0 Safari/537.36 (compatible; meta-externalagent/1.1 (+https://developers.facebook.com/docs/sharing/webmasters/crawler))"
74.7.227.164 - - [03/Sep/2026:12:35:39 +0000] "GET /vendor/aws/aws-sdk-php/src/data/route53-recovery-readiness/2019-12-02/?C=M;O=A HTTP/1.1" 200 1193 "https://immovalet.com/vendor/aws/aws-sdk-php/src/data/route53-recovery-readiness/2019-12-02/" "Mozilla/5.0 AppleWebKit/537.36 (KHTML, like Gecko; compatible; GPTBot/1.4; +https://openai.com/gptbot)"
74.7.227.164 - - [03/Sep/2026:12:35:40 +0000] "GET /vendor/aws/aws-sdk-php/src/data/route53-recovery-readiness/2019-12-02/?C=S;O=A HTTP/1.1" 200 1193 "https://immovalet.com/vendor/aws/aws-sdk-php/src/data/route53-recovery-readiness/2019-12-02/" "Mozilla/5.0 AppleWebKit/537.36 (KHTML, like Gecko; compatible; GPTBot/1.4; +https://openai.com/gptbot)"
57.141.4.2 - - [03/Sep/2026:12:35:42 +0000] "GET /vendor/botble/slug/?C=S;O=A HTTP/1.1" 200 2266 "-" "Mozilla/5.0 (Windows NT 10.0; Win64; x64) AppleWebKit/537.36 (KHTML, like Gecko) Chrome/144.0.0.0 Safari/537.36 Edg/144.0.0.0 (compatible; meta-externalagent/1.1 (+https://developers.facebook.com/docs/sharing/webmasters/crawler))"
74.7.227.164 - - [03/Sep/2026:12:35:42 +0000] "GET /vendor/botble/platform/base/public/images/?C=N;O=D HTTP/1.1" 200 12437 "https://immovalet.com/vendor/botble/platform/base/public/images/" "Mozilla/5.0 AppleWebKit/537.36 (KHTML, like Gecko; compatible; GPTBot/1.4; +https://openai.com/gptbot)"
74.7.227.164 - - [03/Sep/2026:12:35:42 +0000] "GET /vendor/aws/aws-sdk-php/src/data/route53-recovery-readiness/2019-12-02/?C=N;O=A HTTP/1.1" 200 1193 "https://immovalet.com/vendor/aws/aws-sdk-php/src/data/route53-recovery-readiness/2019-12-02/?C=N;O=D" "Mozilla/5.0 AppleWebKit/537.36 (KHTML, like Gecko; compatible; GPTBot/1.4; +https://openai.com/gptbot)"
74.7.227.164 - - [03/Sep/2026:12:35:44 +0000] "GET /vendor/botble/platform/base/public/images/?C=D;O=A HTTP/1.1" 200 12437 "https://immovalet.com/vendor/botble/platform/base/public/images/" "Mozilla/5.0 AppleWebKit/537.36 (KHTML, like Gecko; compatible; GPTBot/1.4; +https://openai.com/gptbot)"
74.7.227.164 - - [03/Sep/2026:12:35:45 +0000] "GET /vendor/botble/platform/base/public/images/?C=S;O=A HTTP/1.1" 200 12437 "https://immovalet.com/vendor/botble/platform/base/public/images/" "Mozilla/5.0 AppleWebKit/537.36 (KHTML, like Gecko; compatible; GPTBot/1.4; +https://openai.com/gptbot)"
74.7.227.164 - - [03/Sep/2026:12:35:46 +0000] "GET /vendor/aws/aws-sdk-php/src/data/route53-recovery-readiness/2019-12-02/?C=S;O=D HTTP/1.1" 200 1193 "https://immovalet.com/vendor/aws/aws-sdk-php/src/data/route53-recovery-readiness/2019-12-02/?C=S;O=A" "Mozilla/5.0 AppleWebKit/537.36 (KHTML, like Gecko; compatible; GPTBot/1.4; +https://openai.com/gptbot)"
74.7.227.164 - - [03/Sep/2026:12:35:46 +0000] "GET /vendor/botble/platform/base/public/images/?C=M;O=A HTTP/1.1" 200 12437 "https://immovalet.com/vendor/botble/platform/base/public/images/" "Mozilla/5.0 AppleWebKit/537.36 (KHTML, like Gecko; compatible; GPTBot/1.4; +https://openai.com/gptbot)"
74.7.227.164 - - [03/Sep/2026:12:35:48 +0000] "GET /vendor/botble/platform/base/public/images/?C=N;O=A HTTP/1.1" 200 12437 "https://immovalet.com/vendor/botble/platform/base/public/images/?C=N;O=D" "Mozilla/5.0 AppleWebKit/537.36 (KHTML, like Gecko; compatible; GPTBot/1.4; +https://openai.com/gptbot)"
74.7.227.164 - - [03/Sep/2026:12:35:48 +0000] "GET /platform/packages/slug/resources/views/forms/?C=S;O=A HTTP/1.1" 200 927 "https://immovalet.com/platform/packages/slug/resources/views/forms/" "Mozilla/5.0 AppleWebKit/537.36 (KHTML, like Gecko; compatible; GPTBot/1.4; +https://openai.com/gptbot)"
74.7.227.164 - - [03/Sep/2026:12:35:50 +0000] "GET /platform/packages/slug/resources/views/forms/?C=D;O=A HTTP/1.1" 200 927 "https://immovalet.com/platform/packages/slug/resources/views/forms/" "Mozilla/5.0 AppleWebKit/537.36 (KHTML, like Gecko; compatible; GPTBot/1.4; +https://openai.com/gptbot)"
74.7.227.164 - - [03/Sep/2026:12:35:51 +0000] "GET /vendor/botble/platform/base/public/images/?C=S;O=D HTTP/1.1" 200 12437 "https://immovalet.com/vendor/botble/platform/base/public/images/?C=S;O=A" "Mozilla/5.0 AppleWebKit/537.36 (KHTML, like Gecko; compatible; GPTBot/1.4; +https://openai.com/gptbot)"
74.7.227.164 - - [03/Sep/2026:12:35:51 +0000] "GET /vendor/botble/platform/table/resources/views/?C=N;O=D HTTP/1.1" 200 2235 "https://immovalet.com/vendor/botble/platform/table/resources/views/" "Mozilla/5.0 AppleWebKit/537.36 (KHTML, like Gecko; compatible; GPTBot/1.4; +https://openai.com/gptbot)"
74.7.227.164 - - [03/Sep/2026:12:35:52 +0000] "GET /platform/packages/slug/resources/views/forms/?C=M;O=A HTTP/1.1" 200 927 "https://immovalet.com/platform/packages/slug/resources/views/forms/" "Mozilla/5.0 AppleWebKit/537.36 (KHTML, like Gecko; compatible; GPTBot/1.4; +https://openai.com/gptbot)"
74.7.227.164 - - [03/Sep/2026:12:35:52 +0000] "GET /vendor/botble/platform/table/resources/views/?C=D;O=A HTTP/1.1" 200 2235 "https://immovalet.com/vendor/botble/platform/table/resources/views/" "Mozilla/5.0 AppleWebKit/537.36 (KHTML, like Gecko; compatible; GPTBot/1.4; +https://openai.com/gptbot)"
74.7.227.164 - - [03/Sep/2026:12:35:53 +0000] "GET /vendor/botble/platform/table/resources/views/?C=M;O=A HTTP/1.1" 200 2235 "https://immovalet.com/vendor/botble/platform/table/resources/views/" "Mozilla/5.0 AppleWebKit/537.36 (KHTML, like Gecko; compatible; GPTBot/1.4; +https://openai.com/gptbot)"
74.7.227.164 - - [03/Sep/2026:12:35:53 +0000] "GET /platform/packages/slug/resources/views/forms/?C=N;O=D HTTP/1.1" 200 927 "https://immovalet.com/platform/packages/slug/resources/views/forms/" "Mozilla/5.0 AppleWebKit/537.36 (KHTML, like Gecko; compatible; GPTBot/1.4; +https://openai.com/gptbot)"
74.7.227.164 - - [03/Sep/2026:12:35:55 +0000] "GET /vendor/botble/platform/table/resources/views/?C=S;O=A HTTP/1.1" 200 2235 "https://immovalet.com/vendor/botble/platform/table/resources/views/" "Mozilla/5.0 AppleWebKit/537.36 (KHTML, like Gecko; compatible; GPTBot/1.4; +https://openai.com/gptbot)"
57.141.4.60 - - [03/Sep/2026:12:35:56 +0000] "GET /vendor/botble/platform/setting/ HTTP/1.1" 200 2118 "-" "Mozilla/5.0 (Windows NT 10.0; Win64; x64) AppleWebKit/537.36 (KHTML, like Gecko) Chrome/145.0.0.0 Safari/537.36 (compatible; meta-externalagent/1.1 (+https://developers.facebook.com/docs/sharing/webmasters/crawler))"
74.7.227.164 - - [03/Sep/2026:12:35:57 +0000] "GET /vendor/botble/platform/table/resources/views/?C=N;O=A HTTP/1.1" 200 2235 "https://immovalet.com/vendor/botble/platform/table/resources/views/?C=N;O=D" "Mozilla/5.0 AppleWebKit/537.36 (KHTML, like Gecko; compatible; GPTBot/1.4; +https://openai.com/gptbot)"
74.7.227.164 - - [03/Sep/2026:12:35:57 +0000] "GET /vendor/intervention/image/src/Intervention/?C=M;O=A HTTP/1.1" 200 913 "https://immovalet.com/vendor/intervention/image/src/Intervention/" "Mozilla/5.0 AppleWebKit/537.36 (KHTML, like Gecko; compatible; GPTBot/1.4; +https://openai.com/gptbot)"
74.7.227.164 - - [03/Sep/2026:12:35:58 +0000] "GET /vendor/intervention/image/src/Intervention/?C=S;O=A HTTP/1.1" 200 913 "https://immovalet.com/vendor/intervention/image/src/Intervention/" "Mozilla/5.0 AppleWebKit/537.36 (KHTML, like Gecko; compatible; GPTBot/1.4; +https://openai.com/gptbot)"
74.7.227.164 - - [03/Sep/2026:12:36:00 +0000] "GET /vendor/intervention/image/src/Intervention/?C=D;O=A HTTP/1.1" 200 913 "https://immovalet.com/vendor/intervention/image/src/Intervention/" "Mozilla/5.0 AppleWebKit/537.36 (KHTML, like Gecko; compatible; GPTBot/1.4; +https://openai.com/gptbot)"
74.7.227.164 - - [03/Sep/2026:12:36:01 +0000] "GET /vendor/botble/platform/table/resources/views/?C=S;O=D HTTP/1.1" 200 2235 "https://immovalet.com/vendor/botble/platform/table/resources/views/?C=S;O=A" "Mozilla/5.0 AppleWebKit/537.36 (KHTML, like Gecko; compatible; GPTBot/1.4; +https://openai.com/gptbot)"
74.7.227.164 - - [03/Sep/2026:12:36:01 +0000] "GET /vendor/intervention/image/src/Intervention/?C=N;O=D HTTP/1.1" 200 913 "https://immovalet.com/vendor/intervention/image/src/Intervention/" "Mozilla/5.0 AppleWebKit/537.36 (KHTML, like Gecko; compatible; GPTBot/1.4; +https://openai.com/gptbot)"
74.7.227.164 - - [03/Sep/2026:12:36:03 +0000] "GET /vendor/botble/platform/base/public/libraries/tinymce/plugins/emoticons/js/1f468-200d-1f469-200d-1f466-200d-1f466.png HTTP/1.1" 404 16 "https://immovalet.com/vendor/botble/platform/base/public/libraries/tinymce/plugins/emoticons/js/emojiimages.js" "Mozilla/5.0 AppleWebKit/537.36 (KHTML, like Gecko; compatible; GPTBot/1.4; +https://openai.com/gptbot)"
74.7.227.164 - - [03/Sep/2026:12:36:04 +0000] "GET /vendor/botble/platform/base/public/libraries/tinymce/plugins/emoticons/js/1f468-200d-1f469-200d-1f467-200d-1f467.png HTTP/1.1" 404 16 "https://immovalet.com/vendor/botble/platform/base/public/libraries/tinymce/plugins/emoticons/js/emojiimages.js" "Mozilla/5.0 AppleWebKit/537.36 (KHTML, like Gecko; compatible; GPTBot/1.4; +https://openai.com/gptbot)"
74.7.227.164 - - [03/Sep/2026:12:36:05 +0000] "GET /vendor/botble/platform/base/public/libraries/tinymce/plugins/emoticons/js/1f468-200d-1f469-200d-1f467-200d-1f466.png HTTP/1.1" 404 16 "https://immovalet.com/vendor/botble/platform/base/public/libraries/tinymce/plugins/emoticons/js/emojiimages.js" "Mozilla/5.0 AppleWebKit/537.36 (KHTML, like Gecko; compatible; GPTBot/1.4; +https://openai.com/gptbot)"
74.7.227.164 - - [03/Sep/2026:12:36:06 +0000] "GET /vendor/aws/aws-sdk-php/src/MarketplaceCommerceAnalytics/MarketplaceCommerceAnalyticsClient.php HTTP/1.1" 500 - "https://immovalet.com/vendor/aws/aws-sdk-php/src/MarketplaceCommerceAnalytics/" "Mozilla/5.0 AppleWebKit/537.36 (KHTML, like Gecko; compatible; GPTBot/1.4; +https://openai.com/gptbot)"
74.7.227.164 - - [03/Sep/2026:12:36:08 +0000] "GET /vendor/doctrine/dbal/src/Driver/IBMDB2/?C=S;O=A HTTP/1.1" 200 1816 "https://immovalet.com/vendor/doctrine/dbal/src/Driver/IBMDB2/" "Mozilla/5.0 AppleWebKit/537.36 (KHTML, like Gecko; compatible; GPTBot/1.4; +https://openai.com/gptbot)"
74.7.227.164 - - [03/Sep/2026:12:36:09 +0000] "GET /platform/plugins/contact/resources/email-templates/?C=D;O=A HTTP/1.1" 200 938 "https://immovalet.com/platform/plugins/contact/resources/email-templates/" "Mozilla/5.0 AppleWebKit/537.36 (KHTML, like Gecko; compatible; GPTBot/1.4; +https://openai.com/gptbot)"
74.7.227.164 - - [03/Sep/2026:12:36:10 +0000] "GET /platform/plugins/contact/resources/email-templates/?C=S;O=A HTTP/1.1" 200 938 "https://immovalet.com/platform/plugins/contact/resources/email-templates/" "Mozilla/5.0 AppleWebKit/537.36 (KHTML, like Gecko; compatible; GPTBot/1.4; +https://openai.com/gptbot)"
74.7.227.164 - - [03/Sep/2026:12:36:11 +0000] "GET /platform/plugins/contact/resources/email-templates/?C=N;O=D HTTP/1.1" 200 938 "https://immovalet.com/platform/plugins/contact/resources/email-templates/" "Mozilla/5.0 AppleWebKit/537.36 (KHTML, like Gecko; compatible; GPTBot/1.4; +https://openai.com/gptbot)"
74.7.227.164 - - [03/Sep/2026:12:36:13 +0000] "GET /platform/plugins/contact/resources/email-templates/?C=M;O=A HTTP/1.1" 200 938 "https://immovalet.com/platform/plugins/contact/resources/email-templates/" "Mozilla/5.0 AppleWebKit/537.36 (KHTML, like Gecko; compatible; GPTBot/1.4; +https://openai.com/gptbot)"
74.7.227.164 - - [03/Sep/2026:12:36:15 +0000] "GET /vendor/doctrine/dbal/src/Driver/IBMDB2/Result.php HTTP/1.1" 500 - "https://immovalet.com/vendor/doctrine/dbal/src/Driver/IBMDB2/?C=S;O=A" "Mozilla/5.0 AppleWebKit/537.36 (KHTML, like Gecko; compatible; GPTBot/1.4; +https://openai.com/gptbot)"
74.7.227.164 - - [03/Sep/2026:12:36:16 +0000] "GET /vendor/doctrine/dbal/src/Driver/IBMDB2/Statement.php HTTP/1.1" 500 - "https://immovalet.com/vendor/doctrine/dbal/src/Driver/IBMDB2/?C=S;O=A" "Mozilla/5.0 AppleWebKit/537.36 (KHTML, like Gecko; compatible; GPTBot/1.4; +https://openai.com/gptbot)"
74.7.227.164 - - [03/Sep/2026:12:36:24 +0000] "GET /vendor/doctrine/dbal/src/Driver/IBMDB2/Connection.php HTTP/1.1" 500 - "https://immovalet.com/vendor/doctrine/dbal/src/Driver/IBMDB2/?C=S;O=A" "Mozilla/5.0 AppleWebKit/537.36 (KHTML, like Gecko; compatible; GPTBot/1.4; +https://openai.com/gptbot)"
74.7.227.164 - - [03/Sep/2026:12:36:29 +0000] "GET /vendor/doctrine/dbal/src/Driver/IBMDB2/Driver.php HTTP/1.1" 500 - "https://immovalet.com/vendor/doctrine/dbal/src/Driver/IBMDB2/?C=S;O=A" "Mozilla/5.0 AppleWebKit/537.36 (KHTML, like Gecko; compatible; GPTBot/1.4; +https://openai.com/gptbot)"
57.141.4.37 - - [03/Sep/2026:12:36:47 +0000] "GET /vendor/myclabs/php-enum/src/?C=N;O=D HTTP/1.1" 200 1055 "-" "Mozilla/5.0 (Windows NT 10.0; Win64; x64) AppleWebKit/537.36 (KHTML, like Gecko) Chrome/145.0.0.0 Safari/537.36 (compatible; meta-externalagent/1.1 (+https://developers.facebook.com/docs/sharing/webmasters/crawler))"
57.141.4.35 - - [03/Sep/2026:12:36:49 +0000] "GET /platform/core/support/helpers/?C=S;O=A HTTP/1.1" 200 883 "-" "Mozilla/5.0 (Windows NT 10.0; Win64; x64) AppleWebKit/537.36 (KHTML, like Gecko) Chrome/145.0.0.0 Safari/537.36 (compatible; meta-externalagent/1.1 (+https://developers.facebook.com/docs/sharing/webmasters/crawler))"
74.7.227.164 - - [03/Sep/2026:12:36:51 +0000] "GET /vendor/doctrine/dbal/src/Driver/IBMDB2/?C=N;O=A HTTP/1.1" 200 1816 "https://immovalet.com/vendor/doctrine/dbal/src/Driver/IBMDB2/?C=S;O=A" "Mozilla/5.0 AppleWebKit/537.36 (KHTML, like Gecko; compatible; GPTBot/1.4; +https://openai.com/gptbot)"
57.141.4.35 - - [03/Sep/2026:12:37:22 +0000] "GET /vendor/dragonmantank/cron-expression/src/?C=S;O=A HTTP/1.1" 200 915 "-" "Mozilla/5.0 (Windows NT 10.0; Win64; x64) AppleWebKit/537.36 (KHTML, like Gecko) Chrome/145.0.0.0 Safari/537.36 (compatible; meta-externalagent/1.1 (+https://developers.facebook.com/docs/sharing/webmasters/crawler))"
74.7.227.164 - - [03/Sep/2026:12:37:25 +0000] "GET /vendor/aws/aws-sdk-php/src/LicenseManager/LicenseManagerClient.php HTTP/1.1" 500 - "https://immovalet.com/vendor/aws/aws-sdk-php/src/LicenseManager/" "Mozilla/5.0 AppleWebKit/537.36 (KHTML, like Gecko; compatible; GPTBot/1.4; +https://openai.com/gptbot)"
57.141.4.57 - - [03/Sep/2026:12:37:30 +0000] "GET /platform/plugins/sslcommerz/routes/web.php HTTP/1.1" 500 - "-" "Mozilla/5.0 (Macintosh; Intel Mac OS X 10_15_7) AppleWebKit/537.36 (KHTML, like Gecko) Chrome/145.0.0.0 Safari/537.36 (compatible; meta-externalagent/1.1 (+https://developers.facebook.com/docs/sharing/webmasters/crawler))"
57.141.4.32 - - [03/Sep/2026:12:37:40 +0000] "GET /vendor/symfony/translation/Exception/?C=N;O=A HTTP/1.1" 200 2879 "-" "Mozilla/5.0 (Windows NT 10.0; Win64; x64) AppleWebKit/537.36 (KHTML, like Gecko) Chrome/145.0.0.0 Safari/537.36 (compatible; meta-externalagent/1.1 (+https://developers.facebook.com/docs/sharing/webmasters/crawler))"
57.141.4.36 - - [03/Sep/2026:12:37:59 +0000] "GET /vendor/maatwebsite/excel/src/Transactions/?C=M;O=A HTTP/1.1" 200 1508 "-" "Mozilla/5.0 (X11; Linux x86_64) AppleWebKit/537.36 (KHTML, like Gecko) Chrome/145.0.0.0 Safari/537.36 (compatible; meta-externalagent/1.1 (+https://developers.facebook.com/docs/sharing/webmasters/crawler))"
57.141.4.35 - - [03/Sep/2026:12:38:04 +0000] "GET /platform/plugins/contact/resources/ HTTP/1.1" 200 1424 "-" "Mozilla/5.0 (Windows NT 10.0; Win64; x64) AppleWebKit/537.36 (KHTML, like Gecko) Chrome/145.0.0.0 Safari/537.36 (compatible; meta-externalagent/1.1 (+https://developers.facebook.com/docs/sharing/webmasters/crawler))"
57.141.4.35 - - [03/Sep/2026:12:38:19 +0000] "GET /vendor/aws/aws-sdk-php/src/Pricing/ HTTP/1.1" 200 1083 "-" "Mozilla/5.0 (Windows NT 10.0; Win64; x64) AppleWebKit/537.36 (KHTML, like Gecko) Chrome/145.0.0.0 Safari/537.36 (compatible; meta-externalagent/1.1 (+https://developers.facebook.com/docs/sharing/webmasters/crawler))"
57.141.4.22 - - [03/Sep/2026:12:38:28 +0000] "GET /vendor/tijsverkoyen/css-to-inline-styles/ HTTP/1.1" 200 1256 "-" "Mozilla/5.0 (Macintosh; Intel Mac OS X 10_15_7) AppleWebKit/537.36 (KHTML, like Gecko) Chrome/145.0.0.0 Safari/537.36 (compatible; meta-externalagent/1.1 (+https://developers.facebook.com/docs/sharing/webmasters/crawler))"
74.7.227.164 - - [03/Sep/2026:12:38:36 +0000] "GET /vendor/aws/aws-sdk-php/src/SecretsManager/SecretsManagerClient.php HTTP/1.1" 500 - "https://immovalet.com/vendor/aws/aws-sdk-php/src/SecretsManager/" "Mozilla/5.0 AppleWebKit/537.36 (KHTML, like Gecko; compatible; GPTBot/1.4; +https://openai.com/gptbot)"
57.141.4.36 - - [03/Sep/2026:12:38:55 +0000] "GET /platform/plugins/razorpay/plugin.json HTTP/1.1" 200 324 "-" "Mozilla/5.0 (Windows NT 10.0; Win64; x64) AppleWebKit/537.36 (KHTML, like Gecko) Chrome/145.0.0.0 Safari/537.36 (compatible; meta-externalagent/1.1 (+https://developers.facebook.com/docs/sharing/webmasters/crawler))"
74.7.227.164 - - [03/Sep/2026:12:38:57 +0000] "GET /vendor/aws/aws-sdk-php/src/ResourceGroups/ResourceGroupsClient.php HTTP/1.1" 500 - "https://immovalet.com/vendor/aws/aws-sdk-php/src/ResourceGroups/" "Mozilla/5.0 AppleWebKit/537.36 (KHTML, like Gecko; compatible; GPTBot/1.4; +https://openai.com/gptbot)"
57.141.4.40 - - [03/Sep/2026:12:39:15 +0000] "GET /platform/plugins/testimonial/resources/lang/ HTTP/1.1" 200 1092 "-" "Mozilla/5.0 (Windows NT 10.0; Win64; x64) AppleWebKit/537.36 (KHTML, like Gecko) Chrome/145.0.0.0 Safari/537.36 (compatible; meta-externalagent/1.1 (+https://developers.facebook.com/docs/sharing/webmasters/crawler))"
74.7.227.164 - - [03/Sep/2026:12:39:16 +0000] "GET /vendor/aws/aws-sdk-php/src/AccessAnalyzer/AccessAnalyzerClient.php HTTP/1.1" 500 - "https://immovalet.com/vendor/aws/aws-sdk-php/src/AccessAnalyzer/" "Mozilla/5.0 AppleWebKit/537.36 (KHTML, like Gecko; compatible; GPTBot/1.4; +https://openai.com/gptbot)"
57.141.4.25 - - [03/Sep/2026:12:39:18 +0000] "GET /vendor/monolog/ HTTP/1.1" 200 836 "-" "Mozilla/5.0 (Macintosh; Intel Mac OS X 10_15_7) AppleWebKit/537.36 (KHTML, like Gecko) Chrome/145.0.0.0 Safari/537.36 (compatible; meta-externalagent/1.1 (+https://developers.facebook.com/docs/sharing/webmasters/crawler))"
57.141.4.73 - - [03/Sep/2026:12:39:20 +0000] "GET /platform/plugins/simple-slider/composer.json HTTP/1.1" 200 161 "-" "Mozilla/5.0 (Windows NT 10.0; Win64; x64) AppleWebKit/537.36 (KHTML, like Gecko) Chrome/145.0.0.0 Safari/537.36 (compatible; meta-externalagent/1.1 (+https://developers.facebook.com/docs/sharing/webmasters/crawler))"
57.141.4.48 - - [03/Sep/2026:12:39:22 +0000] "GET /platform/plugins/razorpay/resources/ HTTP/1.1" 200 895 "-" "Mozilla/5.0 (Macintosh; Intel Mac OS X 10_15_7) AppleWebKit/537.36 (KHTML, like Gecko) Chrome/145.0.0.0 Safari/537.36 (compatible; meta-externalagent/1.1 (+https://developers.facebook.com/docs/sharing/webmasters/crawler))"
57.141.4.14 - - [03/Sep/2026:12:39:30 +0000] "GET /vendor/botble/dev-tool/phpmd.xml HTTP/1.1" 200 1090 "-" "Mozilla/5.0 (Windows NT 10.0; Win64; x64) AppleWebKit/537.36 (KHTML, like Gecko) Chrome/145.0.0.0 Safari/537.36 (compatible; meta-externalagent/1.1 (+https://developers.facebook.com/docs/sharing/webmasters/crawler))"
57.141.4.3 - - [03/Sep/2026:12:39:36 +0000] "GET /platform/core/table/helpers/ HTTP/1.1" 200 1058 "-" "Mozilla/5.0 (Windows NT 10.0; Win64; x64) AppleWebKit/537.36 (KHTML, like Gecko) Chrome/145.0.0.0 Safari/537.36 (compatible; meta-externalagent/1.1 (+https://developers.facebook.com/docs/sharing/webmasters/crawler))"
57.141.4.41 - - [03/Sep/2026:12:39:38 +0000] "GET /platform/plugins/payment/src/ HTTP/1.1" 200 2468 "-" "Mozilla/5.0 (Windows NT 10.0; Win64; x64) AppleWebKit/537.36 (KHTML, like Gecko) Chrome/145.0.0.0 Safari/537.36 (compatible; meta-externalagent/1.1 (+https://developers.facebook.com/docs/sharing/webmasters/crawler))"
57.141.4.27 - - [03/Sep/2026:12:39:52 +0000] "GET /vendor/doctrine/cache/?C=N;O=A HTTP/1.1" 200 1576 "-" "Mozilla/5.0 (Windows NT 10.0; Win64; x64) AppleWebKit/537.36 (KHTML, like Gecko) Chrome/145.0.0.0 Safari/537.36 (compatible; meta-externalagent/1.1 (+https://developers.facebook.com/docs/sharing/webmasters/crawler))"
57.141.4.68 - - [03/Sep/2026:12:39:53 +0000] "GET /vendor/myclabs/php-enum/src/PHPUnit/ HTTP/1.1" 200 905 "-" "Mozilla/5.0 (Windows NT 10.0; Win64; x64) AppleWebKit/537.36 (KHTML, like Gecko) Chrome/145.0.0.0 Safari/537.36 (compatible; meta-externalagent/1.1 (+https://developers.facebook.com/docs/sharing/webmasters/crawler))"
216.73.216.58 - - [03/Sep/2026:12:39:56 +0000] "GET /sitemap.xml HTTP/1.1" 404 3421 "-" "Mozilla/5.0 AppleWebKit/537.36 (KHTML, like Gecko; compatible; ClaudeBot/1.0; +claudebot@anthropic.com)"
216.73.216.58 - - [03/Sep/2026:12:39:56 +0000] "GET /robots.txt HTTP/1.1" 200 26 "-" "Mozilla/5.0 AppleWebKit/537.36 (KHTML, like Gecko; compatible; ClaudeBot/1.0; +claudebot@anthropic.com)"
74.7.227.164 - - [03/Sep/2026:12:39:56 +0000] "GET /platform/plugins/ecommerce/resources/views/product-collections/intro.blade.php HTTP/1.1" 200 57387 "https://immovalet.com/platform/plugins/ecommerce/resources/views/product-collections/" "Mozilla/5.0 AppleWebKit/537.36 (KHTML, like Gecko; compatible; GPTBot/1.4; +https://openai.com/gptbot)"
57.141.4.34 - - [03/Sep/2026:12:40:05 +0000] "GET /vendor/symfony/deprecation-contracts/?C=D;O=D HTTP/1.1" 200 1428 "-" "Mozilla/5.0 (Windows NT 10.0; Win64; x64) AppleWebKit/537.36 (KHTML, like Gecko) Chrome/145.0.0.0 Safari/537.36 (compatible; meta-externalagent/1.1 (+https://developers.facebook.com/docs/sharing/webmasters/crawler))"
74.7.227.164 - - [03/Sep/2026:12:40:12 +0000] "GET /vendor/aws/aws-sdk-php/src/data/clouddirectory/2017-01-11/?C=S;O=A HTTP/1.1" 200 1157 "https://immovalet.com/vendor/aws/aws-sdk-php/src/data/clouddirectory/2017-01-11/" "Mozilla/5.0 AppleWebKit/537.36 (KHTML, like Gecko; compatible; GPTBot/1.4; +https://openai.com/gptbot)"
74.7.227.164 - - [03/Sep/2026:12:40:35 +0000] "GET /vendor/aws/aws-sdk-php/src/data/organizations/2016-11-28/?C=N;O=D HTTP/1.1" 200 1154 "https://immovalet.com/vendor/aws/aws-sdk-php/src/data/organizations/2016-11-28/" "Mozilla/5.0 AppleWebKit/537.36 (KHTML, like Gecko; compatible; GPTBot/1.4; +https://openai.com/gptbot)"
57.141.4.2 - - [03/Sep/2026:12:40:39 +0000] "GET /vendor/doctrine/cache/UPGRADE-1.11.md HTTP/1.1" 200 863 "-" "Mozilla/5.0 (Macintosh; Intel Mac OS X 10_15_7) AppleWebKit/537.36 (KHTML, like Gecko) Chrome/145.0.0.0 Safari/537.36 (compatible; meta-externalagent/1.1 (+https://developers.facebook.com/docs/sharing/webmasters/crawler))"
74.7.227.164 - - [03/Sep/2026:12:40:43 +0000] "GET /vendor/aws/aws-sdk-php/src/data/codeartifact/2018-09-22/?C=D;O=A HTTP/1.1" 200 1151 "https://immovalet.com/vendor/aws/aws-sdk-php/src/data/codeartifact/2018-09-22/" "Mozilla/5.0 AppleWebKit/537.36 (KHTML, like Gecko; compatible; GPTBot/1.4; +https://openai.com/gptbot)"
74.7.227.164 - - [03/Sep/2026:12:40:50 +0000] "GET /vendor/aws/aws-sdk-php/src/data/importexport/2010-06-01/?C=N;O=D HTTP/1.1" 200 1151 "https://immovalet.com/vendor/aws/aws-sdk-php/src/data/importexport/2010-06-01/" "Mozilla/5.0 AppleWebKit/537.36 (KHTML, like Gecko; compatible; GPTBot/1.4; +https://openai.com/gptbot)"
74.7.227.164 - - [03/Sep/2026:12:40:55 +0000] "GET /vendor/aws/aws-sdk-php/src/data/personalize/2018-05-22/?C=S;O=A HTTP/1.1" 200 1148 "https://immovalet.com/vendor/aws/aws-sdk-php/src/data/personalize/2018-05-22/" "Mozilla/5.0 AppleWebKit/537.36 (KHTML, like Gecko; compatible; GPTBot/1.4; +https://openai.com/gptbot)"
74.7.227.164 - - [03/Sep/2026:12:40:59 +0000] "GET /vendor/aws/aws-sdk-php/src/data/networkmanager/2019-07-05/?C=N;O=D HTTP/1.1" 200 1157 "https://immovalet.com/vendor/aws/aws-sdk-php/src/data/networkmanager/2019-07-05/" "Mozilla/5.0 AppleWebKit/537.36 (KHTML, like Gecko; compatible; GPTBot/1.4; +https://openai.com/gptbot)"
57.141.4.31 - - [03/Sep/2026:12:41:00 +0000] "GET /vendor/paypal/paypalhttp/Rakefile HTTP/1.1" 200 105 "-" "Mozilla/5.0 (Windows NT 10.0; Win64; x64) AppleWebKit/537.36 (KHTML, like Gecko) Chrome/145.0.0.0 Safari/537.36 (compatible; meta-externalagent/1.1 (+https://developers.facebook.com/docs/sharing/webmasters/crawler))"
74.7.227.164 - - [03/Sep/2026:12:41:03 +0000] "GET /vendor/aws/aws-sdk-php/src/data/servicecatalog/2015-12-10/?C=S;O=A HTTP/1.1" 200 1339 "https://immovalet.com/vendor/aws/aws-sdk-php/src/data/servicecatalog/2015-12-10/" "Mozilla/5.0 AppleWebKit/537.36 (KHTML, like Gecko; compatible; GPTBot/1.4; +https://openai.com/gptbot)"
57.141.4.35 - - [03/Sep/2026:12:41:04 +0000] "GET /resources/lang/vendor/plugins/ecommerce/?C=D;O=A HTTP/1.1" 200 1075 "-" "Mozilla/5.0 (Windows NT 10.0; Win64; x64) AppleWebKit/537.36 (KHTML, like Gecko) Chrome/145.0.0.0 Safari/537.36 (compatible; meta-externalagent/1.1 (+https://developers.facebook.com/docs/sharing/webmasters/crawler))"
74.7.227.164 - - [03/Sep/2026:12:41:05 +0000] "GET /vendor/aws/aws-sdk-php/src/data/identitystore/2020-06-15/?C=D;O=A HTTP/1.1" 200 1154 "https://immovalet.com/vendor/aws/aws-sdk-php/src/data/identitystore/2020-06-15/" "Mozilla/5.0 AppleWebKit/537.36 (KHTML, like Gecko; compatible; GPTBot/1.4; +https://openai.com/gptbot)"
74.7.227.164 - - [03/Sep/2026:12:41:14 +0000] "GET /vendor/aws/aws-sdk-php/src/data/mturk-requester/2017-01-17/?C=N;O=D HTTP/1.1" 200 1342 "https://immovalet.com/vendor/aws/aws-sdk-php/src/data/mturk-requester/2017-01-17/" "Mozilla/5.0 AppleWebKit/537.36 (KHTML, like Gecko; compatible; GPTBot/1.4; +https://openai.com/gptbot)"
