74.7.227.164 - - [03/Sep/2026:16:31:34 +0000] "GET /vendor/aws/aws-sdk-php/src/Rekognition/?C=D;O=A HTTP/1.1" 200 1095 "https://immovalet.com/vendor/aws/aws-sdk-php/src/Rekognition/" "Mozilla/5.0 AppleWebKit/537.36 (KHTML, like Gecko; compatible; GPTBot/1.4; +https://openai.com/gptbot)"
74.7.227.164 - - [03/Sep/2026:16:31:35 +0000] "GET /vendor/aws/aws-sdk-php/src/IoTWireless/?C=D;O=A HTTP/1.1" 200 1095 "https://immovalet.com/vendor/aws/aws-sdk-php/src/IoTWireless/" "Mozilla/5.0 AppleWebKit/537.36 (KHTML, like Gecko; compatible; GPTBot/1.4; +https://openai.com/gptbot)"
74.7.227.164 - - [03/Sep/2026:16:31:39 +0000] "GET /vendor/aws/aws-sdk-php/src/EMRContainers/?C=M;O=A HTTP/1.1" 200 1101 "https://immovalet.com/vendor/aws/aws-sdk-php/src/EMRContainers/" "Mozilla/5.0 AppleWebKit/537.36 (KHTML, like Gecko; compatible; GPTBot/1.4; +https://openai.com/gptbot)"
74.7.227.164 - - [03/Sep/2026:16:31:41 +0000] "GET /vendor/aws/aws-sdk-php/src/Rekognition/?C=N;O=D HTTP/1.1" 200 1095 "https://immovalet.com/vendor/aws/aws-sdk-php/src/Rekognition/" "Mozilla/5.0 AppleWebKit/537.36 (KHTML, like Gecko; compatible; GPTBot/1.4; +https://openai.com/gptbot)"
74.7.227.164 - - [03/Sep/2026:16:31:42 +0000] "GET /vendor/aws/aws-sdk-php/src/EMRContainers/?C=S;O=D HTTP/1.1" 200 1101 "https://immovalet.com/vendor/aws/aws-sdk-php/src/EMRContainers/?C=S;O=A" "Mozilla/5.0 AppleWebKit/537.36 (KHTML, like Gecko; compatible; GPTBot/1.4; +https://openai.com/gptbot)"
74.7.227.164 - - [03/Sep/2026:16:31:43 +0000] "GET /vendor/aws/aws-sdk-php/src/SavingsPlans/SavingsPlansClient.php HTTP/1.1" 500 - "https://immovalet.com/vendor/aws/aws-sdk-php/src/SavingsPlans/?C=N;O=D" "Mozilla/5.0 AppleWebKit/537.36 (KHTML, like Gecko; compatible; GPTBot/1.4; +https://openai.com/gptbot)"
74.7.227.164 - - [03/Sep/2026:16:31:46 +0000] "GET /vendor/aws/aws-sdk-php/src/MediaTailor/?C=S;O=A HTTP/1.1" 200 1095 "https://immovalet.com/vendor/aws/aws-sdk-php/src/MediaTailor/" "Mozilla/5.0 AppleWebKit/537.36 (KHTML, like Gecko; compatible; GPTBot/1.4; +https://openai.com/gptbot)"
57.141.4.12 - - [03/Sep/2026:16:31:47 +0000] "GET /vendor/guzzlehttp/psr7/src/Request.php HTTP/1.1" 500 - "-" "Mozilla/5.0 (Windows NT 10.0; Win64; x64) AppleWebKit/537.36 (KHTML, like Gecko) Chrome/145.0.0.0 Safari/537.36 (compatible; meta-externalagent/1.1 (+https://developers.facebook.com/docs/sharing/webmasters/crawler))"
74.7.227.164 - - [03/Sep/2026:16:31:48 +0000] "GET /vendor/aws/aws-sdk-php/src/AppRegistry/?C=M;O=A HTTP/1.1" 200 1095 "https://immovalet.com/vendor/aws/aws-sdk-php/src/AppRegistry/" "Mozilla/5.0 AppleWebKit/537.36 (KHTML, like Gecko; compatible; GPTBot/1.4; +https://openai.com/gptbot)"
57.141.4.15 - - [03/Sep/2026:16:31:48 +0000] "GET /platform/core/setting/src/ HTTP/1.1" 200 1757 "-" "Mozilla/5.0 (Windows NT 10.0; Win64; x64) AppleWebKit/537.36 (KHTML, like Gecko) Chrome/145.0.0.0 Safari/537.36 (compatible; meta-externalagent/1.1 (+https://developers.facebook.com/docs/sharing/webmasters/crawler))"
74.7.227.164 - - [03/Sep/2026:16:31:49 +0000] "GET /vendor/aws/aws-sdk-php/src/DataPipeline/?C=D;O=A HTTP/1.1" 200 1098 "https://immovalet.com/vendor/aws/aws-sdk-php/src/DataPipeline/" "Mozilla/5.0 AppleWebKit/537.36 (KHTML, like Gecko; compatible; GPTBot/1.4; +https://openai.com/gptbot)"
74.7.227.164 - - [03/Sep/2026:16:31:50 +0000] "GET /vendor/aws/aws-sdk-php/src/FinSpaceData/?C=N;O=D HTTP/1.1" 200 1098 "https://immovalet.com/vendor/aws/aws-sdk-php/src/FinSpaceData/" "Mozilla/5.0 AppleWebKit/537.36 (KHTML, like Gecko; compatible; GPTBot/1.4; +https://openai.com/gptbot)"
57.141.4.26 - - [03/Sep/2026:16:31:51 +0000] "GET /platform/packages/revision/database/?C=M;O=A HTTP/1.1" 200 901 "-" "Mozilla/5.0 (Windows NT 10.0; Win64; x64) AppleWebKit/537.36 (KHTML, like Gecko) Chrome/145.0.0.0 Safari/537.36 (compatible; meta-externalagent/1.1 (+https://developers.facebook.com/docs/sharing/webmasters/crawler))"
74.7.227.164 - - [03/Sep/2026:16:31:51 +0000] "GET /vendor/aws/aws-sdk-php/src/MediaPackage/?C=N;O=A HTTP/1.1" 200 1098 "https://immovalet.com/vendor/aws/aws-sdk-php/src/MediaPackage/?C=N;O=D" "Mozilla/5.0 AppleWebKit/537.36 (KHTML, like Gecko; compatible; GPTBot/1.4; +https://openai.com/gptbot)"
74.7.227.164 - - [03/Sep/2026:16:31:53 +0000] "GET /vendor/aws/aws-sdk-php/src/CodePipeline/?C=D;O=A HTTP/1.1" 200 1098 "https://immovalet.com/vendor/aws/aws-sdk-php/src/CodePipeline/" "Mozilla/5.0 AppleWebKit/537.36 (KHTML, like Gecko; compatible; GPTBot/1.4; +https://openai.com/gptbot)"
74.7.227.164 - - [03/Sep/2026:16:31:54 +0000] "GET /vendor/aws/aws-sdk-php/src/Rekognition/RekognitionClient.php HTTP/1.1" 500 - "https://immovalet.com/vendor/aws/aws-sdk-php/src/Rekognition/?C=N;O=D" "Mozilla/5.0 AppleWebKit/537.36 (KHTML, like Gecko; compatible; GPTBot/1.4; +https://openai.com/gptbot)"
74.7.227.164 - - [03/Sep/2026:16:31:55 +0000] "GET /vendor/aws/aws-sdk-php/src/DataPipeline/?C=M;O=A HTTP/1.1" 200 1098 "https://immovalet.com/vendor/aws/aws-sdk-php/src/DataPipeline/" "Mozilla/5.0 AppleWebKit/537.36 (KHTML, like Gecko; compatible; GPTBot/1.4; +https://openai.com/gptbot)"
74.7.227.164 - - [03/Sep/2026:16:31:56 +0000] "GET /vendor/aws/aws-sdk-php/src/MediaConnect/?C=N;O=D HTTP/1.1" 200 1098 "https://immovalet.com/vendor/aws/aws-sdk-php/src/MediaConnect/" "Mozilla/5.0 AppleWebKit/537.36 (KHTML, like Gecko; compatible; GPTBot/1.4; +https://openai.com/gptbot)"
74.7.227.164 - - [03/Sep/2026:16:31:57 +0000] "GET /vendor/aws/aws-sdk-php/src/CognitoSync/?C=S;O=A HTTP/1.1" 200 1095 "https://immovalet.com/vendor/aws/aws-sdk-php/src/CognitoSync/" "Mozilla/5.0 AppleWebKit/537.36 (KHTML, like Gecko; compatible; GPTBot/1.4; +https://openai.com/gptbot)"
74.7.227.164 - - [03/Sep/2026:16:32:00 +0000] "GET /vendor/aws/aws-sdk-php/src/Rekognition/?C=N;O=A HTTP/1.1" 200 1095 "https://immovalet.com/vendor/aws/aws-sdk-php/src/Rekognition/?C=N;O=D" "Mozilla/5.0 AppleWebKit/537.36 (KHTML, like Gecko; compatible; GPTBot/1.4; +https://openai.com/gptbot)"
74.7.227.164 - - [03/Sep/2026:16:32:03 +0000] "GET /vendor/aws/aws-sdk-php/src/FinSpaceData/FinSpaceDataClient.php HTTP/1.1" 500 - "https://immovalet.com/vendor/aws/aws-sdk-php/src/FinSpaceData/?C=N;O=D" "Mozilla/5.0 AppleWebKit/537.36 (KHTML, like Gecko; compatible; GPTBot/1.4; +https://openai.com/gptbot)"
57.141.4.42 - - [03/Sep/2026:16:32:04 +0000] "GET /vendor/kris/laravel-form-builder/src/config/config.php HTTP/1.1" 200 - "-" "Mozilla/5.0 (Macintosh; Intel Mac OS X 10_15_7) AppleWebKit/537.36 (KHTML, like Gecko) Chrome/145.0.0.0 Safari/537.36 (compatible; meta-externalagent/1.1 (+https://developers.facebook.com/docs/sharing/webmasters/crawler))"
74.7.227.164 - - [03/Sep/2026:16:32:04 +0000] "GET /vendor/aws/aws-sdk-php/src/GlueDataBrew/?C=N;O=D HTTP/1.1" 200 1098 "https://immovalet.com/vendor/aws/aws-sdk-php/src/GlueDataBrew/" "Mozilla/5.0 AppleWebKit/537.36 (KHTML, like Gecko; compatible; GPTBot/1.4; +https://openai.com/gptbot)"
74.7.227.164 - - [03/Sep/2026:16:32:06 +0000] "GET /vendor/aws/aws-sdk-php/src/IotDataPlane/?C=M;O=A HTTP/1.1" 200 1098 "https://immovalet.com/vendor/aws/aws-sdk-php/src/IotDataPlane/" "Mozilla/5.0 AppleWebKit/537.36 (KHTML, like Gecko; compatible; GPTBot/1.4; +https://openai.com/gptbot)"
74.7.227.164 - - [03/Sep/2026:16:32:07 +0000] "GET /vendor/aws/aws-sdk-php/src/DataExchange/?C=N;O=A HTTP/1.1" 200 1098 "https://immovalet.com/vendor/aws/aws-sdk-php/src/DataExchange/?C=S;O=A" "Mozilla/5.0 AppleWebKit/537.36 (KHTML, like Gecko; compatible; GPTBot/1.4; +https://openai.com/gptbot)"
32.198.51.168 - - [03/Sep/2026:16:32:07 +0000] "GET / HTTP/1.1" 200 6708 "-" "Mozilla/5.0 (Windows NT 10.0; Win64; x64) AppleWebKit/537.36 (KHTML, like Gecko) Chrome/145.0.0.0 Safari/537.36"
74.7.227.164 - - [03/Sep/2026:16:32:09 +0000] "GET /vendor/aws/aws-sdk-php/src/MediaConnect/MediaConnectClient.php HTTP/1.1" 500 - "https://immovalet.com/vendor/aws/aws-sdk-php/src/MediaConnect/?C=N;O=D" "Mozilla/5.0 AppleWebKit/537.36 (KHTML, like Gecko; compatible; GPTBot/1.4; +https://openai.com/gptbot)"
74.7.227.164 - - [03/Sep/2026:16:32:10 +0000] "GET /vendor/aws/aws-sdk-php/src/CognitoSync/?C=S;O=D HTTP/1.1" 200 1095 "https://immovalet.com/vendor/aws/aws-sdk-php/src/CognitoSync/?C=S;O=A" "Mozilla/5.0 AppleWebKit/537.36 (KHTML, like Gecko; compatible; GPTBot/1.4; +https://openai.com/gptbot)"
74.7.227.164 - - [03/Sep/2026:16:32:13 +0000] "GET /vendor/aws/aws-sdk-php/src/CodePipeline/?C=S;O=D HTTP/1.1" 200 1098 "https://immovalet.com/vendor/aws/aws-sdk-php/src/CodePipeline/?C=S;O=A" "Mozilla/5.0 AppleWebKit/537.36 (KHTML, like Gecko; compatible; GPTBot/1.4; +https://openai.com/gptbot)"
74.7.227.164 - - [03/Sep/2026:16:32:17 +0000] "GET /vendor/aws/aws-sdk-php/src/GlueDataBrew/GlueDataBrewClient.php HTTP/1.1" 500 - "https://immovalet.com/vendor/aws/aws-sdk-php/src/GlueDataBrew/?C=N;O=D" "Mozilla/5.0 AppleWebKit/537.36 (KHTML, like Gecko; compatible; GPTBot/1.4; +https://openai.com/gptbot)"
74.7.227.164 - - [03/Sep/2026:16:32:19 +0000] "GET /vendor/aws/aws-sdk-php/src/GlueDataBrew/?C=N;O=A HTTP/1.1" 200 1098 "https://immovalet.com/vendor/aws/aws-sdk-php/src/GlueDataBrew/?C=N;O=D" "Mozilla/5.0 AppleWebKit/537.36 (KHTML, like Gecko; compatible; GPTBot/1.4; +https://openai.com/gptbot)"
74.7.227.164 - - [03/Sep/2026:16:32:27 +0000] "GET /vendor/aws/aws-sdk-php/src/QLDBSession/?C=D;O=A HTTP/1.1" 200 1095 "https://immovalet.com/vendor/aws/aws-sdk-php/src/QLDBSession/" "Mozilla/5.0 AppleWebKit/537.36 (KHTML, like Gecko; compatible; GPTBot/1.4; +https://openai.com/gptbot)"
74.7.227.164 - - [03/Sep/2026:16:32:28 +0000] "GET /vendor/aws/aws-sdk-php/src/IotDataPlane/?C=N;O=D HTTP/1.1" 200 1098 "https://immovalet.com/vendor/aws/aws-sdk-php/src/IotDataPlane/" "Mozilla/5.0 AppleWebKit/537.36 (KHTML, like Gecko; compatible; GPTBot/1.4; +https://openai.com/gptbot)"
74.7.227.164 - - [03/Sep/2026:16:32:29 +0000] "GET /vendor/aws/aws-sdk-php/src/ImportExport/?C=D;O=A HTTP/1.1" 200 1098 "https://immovalet.com/vendor/aws/aws-sdk-php/src/ImportExport/" "Mozilla/5.0 AppleWebKit/537.36 (KHTML, like Gecko; compatible; GPTBot/1.4; +https://openai.com/gptbot)"
74.7.227.164 - - [03/Sep/2026:16:32:30 +0000] "GET /vendor/aws/aws-sdk-php/src/CloudSearch/?C=M;O=A HTTP/1.1" 200 1095 "https://immovalet.com/vendor/aws/aws-sdk-php/src/CloudSearch/" "Mozilla/5.0 AppleWebKit/537.36 (KHTML, like Gecko; compatible; GPTBot/1.4; +https://openai.com/gptbot)"
74.7.227.164 - - [03/Sep/2026:16:32:32 +0000] "GET /vendor/aws/aws-sdk-php/src/Personalize/?C=M;O=A HTTP/1.1" 200 1095 "https://immovalet.com/vendor/aws/aws-sdk-php/src/Personalize/" "Mozilla/5.0 AppleWebKit/537.36 (KHTML, like Gecko; compatible; GPTBot/1.4; +https://openai.com/gptbot)"
74.7.227.164 - - [03/Sep/2026:16:32:33 +0000] "GET /vendor/aws/aws-sdk-php/src/DataExchange/?C=S;O=D HTTP/1.1" 200 1098 "https://immovalet.com/vendor/aws/aws-sdk-php/src/DataExchange/?C=S;O=A" "Mozilla/5.0 AppleWebKit/537.36 (KHTML, like Gecko; compatible; GPTBot/1.4; +https://openai.com/gptbot)"
74.7.227.164 - - [03/Sep/2026:16:32:36 +0000] "GET /vendor/aws/aws-sdk-php/src/Organizations/?C=D;O=A HTTP/1.1" 200 1101 "https://immovalet.com/vendor/aws/aws-sdk-php/src/Organizations/" "Mozilla/5.0 AppleWebKit/537.36 (KHTML, like Gecko; compatible; GPTBot/1.4; +https://openai.com/gptbot)"
74.7.227.164 - - [03/Sep/2026:16:32:38 +0000] "GET /vendor/aws/aws-sdk-php/src/CloudSearch/?C=N;O=A HTTP/1.1" 200 1095 "https://immovalet.com/vendor/aws/aws-sdk-php/src/CloudSearch/?C=S;O=A" "Mozilla/5.0 AppleWebKit/537.36 (KHTML, like Gecko; compatible; GPTBot/1.4; +https://openai.com/gptbot)"
74.7.227.164 - - [03/Sep/2026:16:32:39 +0000] "GET /vendor/aws/aws-sdk-php/src/IotDataPlane/IotDataPlaneClient.php HTTP/1.1" 500 - "https://immovalet.com/vendor/aws/aws-sdk-php/src/IotDataPlane/?C=N;O=D" "Mozilla/5.0 AppleWebKit/537.36 (KHTML, like Gecko; compatible; GPTBot/1.4; +https://openai.com/gptbot)"
74.7.227.164 - - [03/Sep/2026:16:32:41 +0000] "GET /vendor/aws/aws-sdk-php/src/FinSpaceData/?C=N;O=A HTTP/1.1" 200 1098 "https://immovalet.com/vendor/aws/aws-sdk-php/src/FinSpaceData/?C=N;O=D" "Mozilla/5.0 AppleWebKit/537.36 (KHTML, like Gecko; compatible; GPTBot/1.4; +https://openai.com/gptbot)"
74.7.227.164 - - [03/Sep/2026:16:32:44 +0000] "GET /vendor/aws/aws-sdk-php/src/CloudSearch/?C=N;O=D HTTP/1.1" 200 1095 "https://immovalet.com/vendor/aws/aws-sdk-php/src/CloudSearch/" "Mozilla/5.0 AppleWebKit/537.36 (KHTML, like Gecko; compatible; GPTBot/1.4; +https://openai.com/gptbot)"
74.7.227.164 - - [03/Sep/2026:16:32:45 +0000] "GET /vendor/aws/aws-sdk-php/src/GroundStation/?C=N;O=D HTTP/1.1" 200 1101 "https://immovalet.com/vendor/aws/aws-sdk-php/src/GroundStation/" "Mozilla/5.0 AppleWebKit/537.36 (KHTML, like Gecko; compatible; GPTBot/1.4; +https://openai.com/gptbot)"
74.7.227.164 - - [03/Sep/2026:16:32:47 +0000] "GET /vendor/aws/aws-sdk-php/src/ElastiCache/?C=D;O=A HTTP/1.1" 200 1095 "https://immovalet.com/vendor/aws/aws-sdk-php/src/ElastiCache/" "Mozilla/5.0 AppleWebKit/537.36 (KHTML, like Gecko; compatible; GPTBot/1.4; +https://openai.com/gptbot)"
74.7.227.164 - - [03/Sep/2026:16:32:48 +0000] "GET /vendor/aws/aws-sdk-php/src/CodePipeline/?C=M;O=A HTTP/1.1" 200 1098 "https://immovalet.com/vendor/aws/aws-sdk-php/src/CodePipeline/" "Mozilla/5.0 AppleWebKit/537.36 (KHTML, like Gecko; compatible; GPTBot/1.4; +https://openai.com/gptbot)"
74.7.227.164 - - [03/Sep/2026:16:32:49 +0000] "GET /vendor/aws/aws-sdk-php/src/IoTEventsData/?C=S;O=A HTTP/1.1" 200 1101 "https://immovalet.com/vendor/aws/aws-sdk-php/src/IoTEventsData/" "Mozilla/5.0 AppleWebKit/537.36 (KHTML, like Gecko; compatible; GPTBot/1.4; +https://openai.com/gptbot)"
74.7.227.164 - - [03/Sep/2026:16:32:52 +0000] "GET /vendor/aws/aws-sdk-php/src/Rekognition/?C=M;O=A HTTP/1.1" 200 1095 "https://immovalet.com/vendor/aws/aws-sdk-php/src/Rekognition/" "Mozilla/5.0 AppleWebKit/537.36 (KHTML, like Gecko; compatible; GPTBot/1.4; +https://openai.com/gptbot)"
57.141.4.28 - - [03/Sep/2026:16:32:54 +0000] "GET /resources/lang/vendor/plugins/ecommerce/?C=M;O=D HTTP/1.1" 200 1075 "-" "Mozilla/5.0 (X11; Linux x86_64; rv:147.0) Gecko/20100101 Firefox/147.0 (compatible; meta-externalagent/1.1 (+https://developers.facebook.com/docs/sharing/webmasters/crawler))"
74.7.227.164 - - [03/Sep/2026:16:32:56 +0000] "GET /vendor/aws/aws-sdk-php/src/ServiceQuotas/?C=N;O=D HTTP/1.1" 200 1101 "https://immovalet.com/vendor/aws/aws-sdk-php/src/ServiceQuotas/" "Mozilla/5.0 AppleWebKit/537.36 (KHTML, like Gecko; compatible; GPTBot/1.4; +https://openai.com/gptbot)"
74.7.227.164 - - [03/Sep/2026:16:32:57 +0000] "GET /vendor/aws/aws-sdk-php/src/GroundStation/GroundStationClient.php HTTP/1.1" 500 - "https://immovalet.com/vendor/aws/aws-sdk-php/src/GroundStation/?C=N;O=D" "Mozilla/5.0 AppleWebKit/537.36 (KHTML, like Gecko; compatible; GPTBot/1.4; +https://openai.com/gptbot)"
57.141.4.57 - - [03/Sep/2026:16:32:59 +0000] "GET /vendor/aws/aws-sdk-php/src/LexModelBuildingService/?C=S;O=A HTTP/1.1" 200 1134 "-" "Mozilla/5.0 (Macintosh; Intel Mac OS X 10_15_7) AppleWebKit/537.36 (KHTML, like Gecko) Chrome/145.0.0.0 Safari/537.36 (compatible; meta-externalagent/1.1 (+https://developers.facebook.com/docs/sharing/webmasters/crawler))"
74.7.227.164 - - [03/Sep/2026:16:33:00 +0000] "GET /vendor/aws/aws-sdk-php/src/CodeArtifact/?C=S;O=A HTTP/1.1" 200 1098 "https://immovalet.com/vendor/aws/aws-sdk-php/src/CodeArtifact/" "Mozilla/5.0 AppleWebKit/537.36 (KHTML, like Gecko; compatible; GPTBot/1.4; +https://openai.com/gptbot)"
74.7.227.164 - - [03/Sep/2026:16:33:01 +0000] "GET /vendor/aws/aws-sdk-php/src/FinSpaceData/?C=D;O=A HTTP/1.1" 200 1098 "https://immovalet.com/vendor/aws/aws-sdk-php/src/FinSpaceData/" "Mozilla/5.0 AppleWebKit/537.36 (KHTML, like Gecko; compatible; GPTBot/1.4; +https://openai.com/gptbot)"
74.7.227.164 - - [03/Sep/2026:16:33:02 +0000] "GET /vendor/aws/aws-sdk-php/src/GlueDataBrew/?C=D;O=A HTTP/1.1" 200 1098 "https://immovalet.com/vendor/aws/aws-sdk-php/src/GlueDataBrew/" "Mozilla/5.0 AppleWebKit/537.36 (KHTML, like Gecko; compatible; GPTBot/1.4; +https://openai.com/gptbot)"
74.7.227.164 - - [03/Sep/2026:16:33:03 +0000] "GET /vendor/aws/aws-sdk-php/src/MediaConnect/?C=S;O=A HTTP/1.1" 200 1098 "https://immovalet.com/vendor/aws/aws-sdk-php/src/MediaConnect/" "Mozilla/5.0 AppleWebKit/537.36 (KHTML, like Gecko; compatible; GPTBot/1.4; +https://openai.com/gptbot)"
216.73.216.242 - - [03/Sep/2026:16:33:08 +0000] "GET /vendor/laravel/framework/src/Illuminate/Foundation/Console/?C=N&O=A HTTP/1.1" 200 9296 "-" "Mozilla/5.0 AppleWebKit/537.36 (KHTML, like Gecko; compatible; ClaudeBot/1.0; +claudebot@anthropic.com)"
74.7.227.164 - - [03/Sep/2026:16:33:09 +0000] "GET /vendor/aws/aws-sdk-php/src/ServiceQuotas/ServiceQuotasClient.php HTTP/1.1" 500 - "https://immovalet.com/vendor/aws/aws-sdk-php/src/ServiceQuotas/?C=N;O=D" "Mozilla/5.0 AppleWebKit/537.36 (KHTML, like Gecko; compatible; GPTBot/1.4; +https://openai.com/gptbot)"
74.7.227.164 - - [03/Sep/2026:16:33:11 +0000] "GET /vendor/aws/aws-sdk-php/src/ServiceQuotas/?C=N;O=A HTTP/1.1" 200 1101 "https://immovalet.com/vendor/aws/aws-sdk-php/src/ServiceQuotas/?C=N;O=D" "Mozilla/5.0 AppleWebKit/537.36 (KHTML, like Gecko; compatible; GPTBot/1.4; +https://openai.com/gptbot)"
74.7.227.164 - - [03/Sep/2026:16:33:13 +0000] "GET /vendor/aws/aws-sdk-php/src/CodeArtifact/CodeArtifactClient.php HTTP/1.1" 500 - "https://immovalet.com/vendor/aws/aws-sdk-php/src/CodeArtifact/?C=S;O=A" "Mozilla/5.0 AppleWebKit/537.36 (KHTML, like Gecko; compatible; GPTBot/1.4; +https://openai.com/gptbot)"
57.141.4.22 - - [03/Sep/2026:16:33:15 +0000] "GET /platform/packages/theme/src/Forms/?C=D;O=A HTTP/1.1" 200 1088 "-" "Mozilla/5.0 (Windows NT 10.0; Win64; x64) AppleWebKit/537.36 (KHTML, like Gecko) Chrome/145.0.0.0 Safari/537.36 (compatible; meta-externalagent/1.1 (+https://developers.facebook.com/docs/sharing/webmasters/crawler))"
74.7.227.164 - - [03/Sep/2026:16:33:15 +0000] "GET /vendor/aws/aws-sdk-php/src/CodeArtifact/?C=N;O=A HTTP/1.1" 200 1098 "https://immovalet.com/vendor/aws/aws-sdk-php/src/CodeArtifact/?C=S;O=A" "Mozilla/5.0 AppleWebKit/537.36 (KHTML, like Gecko; compatible; GPTBot/1.4; +https://openai.com/gptbot)"
74.7.227.164 - - [03/Sep/2026:16:33:16 +0000] "GET /vendor/aws/aws-sdk-php/src/ElastiCache/?C=M;O=A HTTP/1.1" 200 1095 "https://immovalet.com/vendor/aws/aws-sdk-php/src/ElastiCache/" "Mozilla/5.0 AppleWebKit/537.36 (KHTML, like Gecko; compatible; GPTBot/1.4; +https://openai.com/gptbot)"
173.252.69.33 - - [03/Sep/2026:16:33:18 +0000] "GET /robots.txt HTTP/1.1" 404 16 "-" "facebookexternalhit/1.1 (+http://www.facebook.com/externalhit_uatext.php)"
57.141.4.48 - - [03/Sep/2026:16:33:18 +0000] "GET /platform/packages/theme/public/css/?C=D;O=A HTTP/1.1" 200 1272 "-" "Mozilla/5.0 (Macintosh; Intel Mac OS X 10_15_7) AppleWebKit/537.36 (KHTML, like Gecko) Chrome/145.0.0.0 Safari/537.36 (compatible; meta-externalagent/1.1 (+https://developers.facebook.com/docs/sharing/webmasters/crawler))"
74.7.227.164 - - [03/Sep/2026:16:33:20 +0000] "GET /vendor/aws/aws-sdk-php/src/MediaPackage/?C=D;O=A HTTP/1.1" 200 1098 "https://immovalet.com/vendor/aws/aws-sdk-php/src/MediaPackage/" "Mozilla/5.0 AppleWebKit/537.36 (KHTML, like Gecko; compatible; GPTBot/1.4; +https://openai.com/gptbot)"
74.7.227.164 - - [03/Sep/2026:16:33:23 +0000] "GET /vendor/aws/aws-sdk-php/src/IoTWireless/?C=S;O=A HTTP/1.1" 200 1095 "https://immovalet.com/vendor/aws/aws-sdk-php/src/IoTWireless/" "Mozilla/5.0 AppleWebKit/537.36 (KHTML, like Gecko; compatible; GPTBot/1.4; +https://openai.com/gptbot)"
74.7.227.164 - - [03/Sep/2026:16:33:25 +0000] "GET /vendor/aws/aws-sdk-php/src/QLDBSession/?C=N;O=D HTTP/1.1" 200 1095 "https://immovalet.com/vendor/aws/aws-sdk-php/src/QLDBSession/" "Mozilla/5.0 AppleWebKit/537.36 (KHTML, like Gecko; compatible; GPTBot/1.4; +https://openai.com/gptbot)"
57.141.4.44 - - [03/Sep/2026:16:33:26 +0000] "GET /vendor/symfony/polyfill-php73/Resources/?C=D;O=D HTTP/1.1" 200 907 "-" "Mozilla/5.0 (Macintosh; Intel Mac OS X 10_15_7) AppleWebKit/537.36 (KHTML, like Gecko) Chrome/145.0.0.0 Safari/537.36 (compatible; meta-externalagent/1.1 (+https://developers.facebook.com/docs/sharing/webmasters/crawler))"
57.141.4.64 - - [03/Sep/2026:16:33:34 +0000] "GET /otjczge/?C=N;O=D HTTP/1.1" 200 815 "-" "Mozilla/5.0 (Windows NT 10.0; Win64; x64) AppleWebKit/537.36 (KHTML, like Gecko) Chrome/145.0.0.0 Safari/537.36 (compatible; meta-externalagent/1.1 (+https://developers.facebook.com/docs/sharing/webmasters/crawler))"
74.7.227.164 - - [03/Sep/2026:16:33:34 +0000] "GET /vendor/aws/aws-sdk-php/src/DataPipeline/?C=N;O=D HTTP/1.1" 200 1098 "https://immovalet.com/vendor/aws/aws-sdk-php/src/DataPipeline/" "Mozilla/5.0 AppleWebKit/537.36 (KHTML, like Gecko; compatible; GPTBot/1.4; +https://openai.com/gptbot)"
74.7.227.164 - - [03/Sep/2026:16:33:37 +0000] "GET /vendor/aws/aws-sdk-php/src/QLDBSession/QLDBSessionClient.php HTTP/1.1" 500 - "https://immovalet.com/vendor/aws/aws-sdk-php/src/QLDBSession/?C=N;O=D" "Mozilla/5.0 AppleWebKit/537.36 (KHTML, like Gecko; compatible; GPTBot/1.4; +https://openai.com/gptbot)"
74.7.227.164 - - [03/Sep/2026:16:33:39 +0000] "GET /vendor/aws/aws-sdk-php/src/QLDBSession/?C=N;O=A HTTP/1.1" 200 1095 "https://immovalet.com/vendor/aws/aws-sdk-php/src/QLDBSession/?C=N;O=D" "Mozilla/5.0 AppleWebKit/537.36 (KHTML, like Gecko; compatible; GPTBot/1.4; +https://openai.com/gptbot)"
74.7.227.164 - - [03/Sep/2026:16:33:49 +0000] "GET /vendor/aws/aws-sdk-php/src/MediaConnect/?C=D;O=A HTTP/1.1" 200 1098 "https://immovalet.com/vendor/aws/aws-sdk-php/src/MediaConnect/" "Mozilla/5.0 AppleWebKit/537.36 (KHTML, like Gecko; compatible; GPTBot/1.4; +https://openai.com/gptbot)"
74.7.227.164 - - [03/Sep/2026:16:33:55 +0000] "GET /vendor/aws/aws-sdk-php/src/ImportExport/?C=N;O=D HTTP/1.1" 200 1098 "https://immovalet.com/vendor/aws/aws-sdk-php/src/ImportExport/" "Mozilla/5.0 AppleWebKit/537.36 (KHTML, like Gecko; compatible; GPTBot/1.4; +https://openai.com/gptbot)"
74.7.227.164 - - [03/Sep/2026:16:33:57 +0000] "GET /vendor/aws/aws-sdk-php/src/Personalize/?C=S;O=A HTTP/1.1" 200 1095 "https://immovalet.com/vendor/aws/aws-sdk-php/src/Personalize/" "Mozilla/5.0 AppleWebKit/537.36 (KHTML, like Gecko; compatible; GPTBot/1.4; +https://openai.com/gptbot)"
74.7.227.164 - - [03/Sep/2026:16:33:59 +0000] "GET /vendor/aws/aws-sdk-php/src/MediaTailor/?C=N;O=D HTTP/1.1" 200 1095 "https://immovalet.com/vendor/aws/aws-sdk-php/src/MediaTailor/" "Mozilla/5.0 AppleWebKit/537.36 (KHTML, like Gecko; compatible; GPTBot/1.4; +https://openai.com/gptbot)"
57.141.4.16 - - [03/Sep/2026:16:34:00 +0000] "GET /vendor/symfony/string/Exception/ HTTP/1.1" 200 1286 "-" "Mozilla/5.0 (Windows NT 10.0; Win64; x64) AppleWebKit/537.36 (KHTML, like Gecko) Chrome/145.0.0.0 Safari/537.36 (compatible; meta-externalagent/1.1 (+https://developers.facebook.com/docs/sharing/webmasters/crawler))"
173.252.107.34 - - [03/Sep/2026:16:34:01 +0000] "GET /robots.txt HTTP/1.1" 404 16 "-" "facebookexternalhit/1.1 (+http://www.facebook.com/externalhit_uatext.php)"
74.7.227.164 - - [03/Sep/2026:16:34:01 +0000] "GET /vendor/aws/aws-sdk-php/src/QLDBSession/?C=S;O=A HTTP/1.1" 200 1095 "https://immovalet.com/vendor/aws/aws-sdk-php/src/QLDBSession/" "Mozilla/5.0 AppleWebKit/537.36 (KHTML, like Gecko; compatible; GPTBot/1.4; +https://openai.com/gptbot)"
173.252.107.9 - - [03/Sep/2026:16:34:01 +0000] "GET /robots.txt HTTP/1.1" 404 16 "-" "facebookexternalhit/1.1 (+http://www.facebook.com/externalhit_uatext.php)"
74.7.227.164 - - [03/Sep/2026:16:34:03 +0000] "GET /vendor/aws/aws-sdk-php/src/DataPipeline/?C=N;O=A HTTP/1.1" 200 1098 "https://immovalet.com/vendor/aws/aws-sdk-php/src/DataPipeline/?C=S;O=A" "Mozilla/5.0 AppleWebKit/537.36 (KHTML, like Gecko; compatible; GPTBot/1.4; +https://openai.com/gptbot)"
69.63.189.13 - - [03/Sep/2026:16:34:04 +0000] "GET /robots.txt HTTP/1.1" 404 16 "-" "facebookexternalhit/1.1 (+http://www.facebook.com/externalhit_uatext.php)"
74.7.227.164 - - [03/Sep/2026:16:34:04 +0000] "GET /vendor/aws/aws-sdk-php/src/Organizations/?C=M;O=A HTTP/1.1" 200 1101 "https://immovalet.com/vendor/aws/aws-sdk-php/src/Organizations/" "Mozilla/5.0 AppleWebKit/537.36 (KHTML, like Gecko; compatible; GPTBot/1.4; +https://openai.com/gptbot)"
57.141.4.64 - - [03/Sep/2026:16:34:04 +0000] "GET /vendor/symfony/polyfill-ctype/LICENSE HTTP/1.1" 200 1065 "-" "Mozilla/5.0 (Windows NT 10.0; Win64; x64) AppleWebKit/537.36 (KHTML, like Gecko) Chrome/145.0.0.0 Safari/537.36 (compatible; meta-externalagent/1.1 (+https://developers.facebook.com/docs/sharing/webmasters/crawler))"
57.141.4.45 - - [03/Sep/2026:16:34:04 +0000] "GET /vendor/symfony/console/Event/ HTTP/1.1" 200 1654 "-" "Mozilla/5.0 (Macintosh; Intel Mac OS X 10_15_7) AppleWebKit/537.36 (KHTML, like Gecko) Chrome/145.0.0.0 Safari/537.36 (compatible; meta-externalagent/1.1 (+https://developers.facebook.com/docs/sharing/webmasters/crawler))"
74.7.227.164 - - [03/Sep/2026:16:34:05 +0000] "GET /vendor/aws/aws-sdk-php/src/CodeArtifact/?C=S;O=D HTTP/1.1" 200 1098 "https://immovalet.com/vendor/aws/aws-sdk-php/src/CodeArtifact/?C=S;O=A" "Mozilla/5.0 AppleWebKit/537.36 (KHTML, like Gecko; compatible; GPTBot/1.4; +https://openai.com/gptbot)"
74.7.227.164 - - [03/Sep/2026:16:34:07 +0000] "GET /vendor/aws/aws-sdk-php/src/ImportExport/ImportExportClient.php HTTP/1.1" 500 - "https://immovalet.com/vendor/aws/aws-sdk-php/src/ImportExport/?C=N;O=D" "Mozilla/5.0 AppleWebKit/537.36 (KHTML, like Gecko; compatible; GPTBot/1.4; +https://openai.com/gptbot)"
74.7.227.164 - - [03/Sep/2026:16:34:09 +0000] "GET /vendor/aws/aws-sdk-php/src/ImportExport/?C=N;O=A HTTP/1.1" 200 1098 "https://immovalet.com/vendor/aws/aws-sdk-php/src/ImportExport/?C=N;O=D" "Mozilla/5.0 AppleWebKit/537.36 (KHTML, like Gecko; compatible; GPTBot/1.4; +https://openai.com/gptbot)"
74.7.227.164 - - [03/Sep/2026:16:34:10 +0000] "GET /vendor/aws/aws-sdk-php/src/SavingsPlans/?C=D;O=A HTTP/1.1" 200 1098 "https://immovalet.com/vendor/aws/aws-sdk-php/src/SavingsPlans/" "Mozilla/5.0 AppleWebKit/537.36 (KHTML, like Gecko; compatible; GPTBot/1.4; +https://openai.com/gptbot)"
74.7.227.164 - - [03/Sep/2026:16:34:11 +0000] "GET /vendor/aws/aws-sdk-php/src/MediaTailor/MediaTailorClient.php HTTP/1.1" 500 - "https://immovalet.com/vendor/aws/aws-sdk-php/src/MediaTailor/?C=N;O=D" "Mozilla/5.0 AppleWebKit/537.36 (KHTML, like Gecko; compatible; GPTBot/1.4; +https://openai.com/gptbot)"
74.7.227.164 - - [03/Sep/2026:16:34:12 +0000] "GET /vendor/aws/aws-sdk-php/src/MediaTailor/?C=N;O=A HTTP/1.1" 200 1095 "https://immovalet.com/vendor/aws/aws-sdk-php/src/MediaTailor/?C=N;O=D" "Mozilla/5.0 AppleWebKit/537.36 (KHTML, like Gecko; compatible; GPTBot/1.4; +https://openai.com/gptbot)"
74.7.227.164 - - [03/Sep/2026:16:34:15 +0000] "GET /vendor/aws/aws-sdk-php/src/AuditManager/?C=S;O=A HTTP/1.1" 200 1098 "https://immovalet.com/vendor/aws/aws-sdk-php/src/AuditManager/" "Mozilla/5.0 AppleWebKit/537.36 (KHTML, like Gecko; compatible; GPTBot/1.4; +https://openai.com/gptbot)"
74.7.227.164 - - [03/Sep/2026:16:34:16 +0000] "GET /vendor/aws/aws-sdk-php/src/IoTEventsData/?C=N;O=A HTTP/1.1" 200 1101 "https://immovalet.com/vendor/aws/aws-sdk-php/src/IoTEventsData/?C=N;O=D" "Mozilla/5.0 AppleWebKit/537.36 (KHTML, like Gecko; compatible; GPTBot/1.4; +https://openai.com/gptbot)"
74.7.227.164 - - [03/Sep/2026:16:34:17 +0000] "GET /vendor/aws/aws-sdk-php/src/CodeArtifact/?C=M;O=A HTTP/1.1" 200 1098 "https://immovalet.com/vendor/aws/aws-sdk-php/src/CodeArtifact/" "Mozilla/5.0 AppleWebKit/537.36 (KHTML, like Gecko; compatible; GPTBot/1.4; +https://openai.com/gptbot)"
74.7.227.164 - - [03/Sep/2026:16:34:20 +0000] "GET /vendor/aws/aws-sdk-php/src/CodePipeline/?C=N;O=A HTTP/1.1" 200 1098 "https://immovalet.com/vendor/aws/aws-sdk-php/src/CodePipeline/?C=N;O=D" "Mozilla/5.0 AppleWebKit/537.36 (KHTML, like Gecko; compatible; GPTBot/1.4; +https://openai.com/gptbot)"
74.7.227.164 - - [03/Sep/2026:16:34:22 +0000] "GET /vendor/aws/aws-sdk-php/src/CostExplorer/?C=S;O=A HTTP/1.1" 200 1098 "https://immovalet.com/vendor/aws/aws-sdk-php/src/CostExplorer/" "Mozilla/5.0 AppleWebKit/537.36 (KHTML, like Gecko; compatible; GPTBot/1.4; +https://openai.com/gptbot)"
74.7.227.164 - - [03/Sep/2026:16:34:23 +0000] "GET /vendor/aws/aws-sdk-php/src/IoTWireless/?C=M;O=A HTTP/1.1" 200 1095 "https://immovalet.com/vendor/aws/aws-sdk-php/src/IoTWireless/" "Mozilla/5.0 AppleWebKit/537.36 (KHTML, like Gecko; compatible; GPTBot/1.4; +https://openai.com/gptbot)"
74.7.227.164 - - [03/Sep/2026:16:34:25 +0000] "GET /vendor/aws/aws-sdk-php/src/IdentityStore/?C=S;O=A HTTP/1.1" 200 1101 "https://immovalet.com/vendor/aws/aws-sdk-php/src/IdentityStore/" "Mozilla/5.0 AppleWebKit/537.36 (KHTML, like Gecko; compatible; GPTBot/1.4; +https://openai.com/gptbot)"
74.7.227.164 - - [03/Sep/2026:16:34:26 +0000] "GET /vendor/aws/aws-sdk-php/src/AuditManager/?C=S;O=D HTTP/1.1" 200 1098 "https://immovalet.com/vendor/aws/aws-sdk-php/src/AuditManager/?C=S;O=A" "Mozilla/5.0 AppleWebKit/537.36 (KHTML, like Gecko; compatible; GPTBot/1.4; +https://openai.com/gptbot)"
57.141.4.41 - - [03/Sep/2026:16:34:28 +0000] "GET /vendor/moneyphp/money/resources/?C=N;O=A HTTP/1.1" 200 1086 "-" "Mozilla/5.0 (Macintosh; Intel Mac OS X 10_15_7) AppleWebKit/537.36 (KHTML, like Gecko) Chrome/145.0.0.0 Safari/537.36 (compatible; meta-externalagent/1.1 (+https://developers.facebook.com/docs/sharing/webmasters/crawler))"
74.7.227.164 - - [03/Sep/2026:16:34:28 +0000] "GET /vendor/aws/aws-sdk-php/src/MediaConvert/?C=S;O=A HTTP/1.1" 200 1098 "https://immovalet.com/vendor/aws/aws-sdk-php/src/MediaConvert/" "Mozilla/5.0 AppleWebKit/537.36 (KHTML, like Gecko; compatible; GPTBot/1.4; +https://openai.com/gptbot)"
74.7.227.164 - - [03/Sep/2026:16:34:29 +0000] "GET /vendor/aws/aws-sdk-php/src/ElastiCache/?C=N;O=D HTTP/1.1" 200 1095 "https://immovalet.com/vendor/aws/aws-sdk-php/src/ElastiCache/" "Mozilla/5.0 AppleWebKit/537.36 (KHTML, like Gecko; compatible; GPTBot/1.4; +https://openai.com/gptbot)"
74.7.227.164 - - [03/Sep/2026:16:34:30 +0000] "GET /vendor/aws/aws-sdk-php/src/MediaConvert/?C=N;O=D HTTP/1.1" 200 1098 "https://immovalet.com/vendor/aws/aws-sdk-php/src/MediaConvert/" "Mozilla/5.0 AppleWebKit/537.36 (KHTML, like Gecko; compatible; GPTBot/1.4; +https://openai.com/gptbot)"
74.7.227.164 - - [03/Sep/2026:16:34:31 +0000] "GET /vendor/aws/aws-sdk-php/src/Personalize/?C=N;O=A HTTP/1.1" 200 1095 "https://immovalet.com/vendor/aws/aws-sdk-php/src/Personalize/?C=N;O=D" "Mozilla/5.0 AppleWebKit/537.36 (KHTML, like Gecko; compatible; GPTBot/1.4; +https://openai.com/gptbot)"
57.141.4.21 - - [03/Sep/2026:16:34:31 +0000] "GET /vendor/aws/aws-sdk-php/src/Glacier/Exception/?C=D;O=A HTTP/1.1" 200 936 "-" "Mozilla/5.0 (Windows NT 10.0; Win64; x64) AppleWebKit/537.36 (KHTML, like Gecko) Chrome/145.0.0.0 Safari/537.36 (compatible; meta-externalagent/1.1 (+https://developers.facebook.com/docs/sharing/webmasters/crawler))"
57.141.4.22 - - [03/Sep/2026:16:34:32 +0000] "GET /vendor/aws/aws-sdk-php/src/GreengrassV2/ HTTP/1.1" 200 1098 "-" "Mozilla/5.0 (Macintosh; Intel Mac OS X 10_15_7) AppleWebKit/537.36 (KHTML, like Gecko) Chrome/145.0.0.0 Safari/537.36 (compatible; meta-externalagent/1.1 (+https://developers.facebook.com/docs/sharing/webmasters/crawler))"
57.141.4.33 - - [03/Sep/2026:16:34:34 +0000] "GET /vendor/maatwebsite/excel/src/Facades/?C=N;O=D HTTP/1.1" 200 903 "-" "Mozilla/5.0 (Macintosh; Intel Mac OS X 10_15_7) AppleWebKit/537.36 (KHTML, like Gecko) Chrome/145.0.0.0 Safari/537.36 (compatible; meta-externalagent/1.1 (+https://developers.facebook.com/docs/sharing/webmasters/crawler))"
57.141.4.57 - - [03/Sep/2026:16:34:38 +0000] "GET /vendor/dompdf/dompdf/src/Renderer/Inline.php HTTP/1.1" 500 - "-" "Mozilla/5.0 (Windows NT 10.0; Win64; x64) AppleWebKit/537.36 (KHTML, like Gecko) Chrome/145.0.0.0 Safari/537.36 (compatible; meta-externalagent/1.1 (+https://developers.facebook.com/docs/sharing/webmasters/crawler))"
74.7.227.164 - - [03/Sep/2026:16:34:39 +0000] "GET /vendor/aws/aws-sdk-php/src/AuditManager/?C=M;O=A HTTP/1.1" 200 1098 "https://immovalet.com/vendor/aws/aws-sdk-php/src/AuditManager/" "Mozilla/5.0 AppleWebKit/537.36 (KHTML, like Gecko; compatible; GPTBot/1.4; +https://openai.com/gptbot)"
57.141.4.40 - - [03/Sep/2026:16:34:40 +0000] "GET /storage/framework/views/958fe9783209a94dfafb3d92bebaf2c62029a81b.php HTTP/1.1" 200 58 "-" "Mozilla/5.0 (Windows NT 10.0; Win64; x64) AppleWebKit/537.36 (KHTML, like Gecko) Chrome/145.0.0.0 Safari/537.36 (compatible; meta-externalagent/1.1 (+https://developers.facebook.com/docs/sharing/webmasters/crawler))"
74.7.227.164 - - [03/Sep/2026:16:34:41 +0000] "GET /vendor/aws/aws-sdk-php/src/MediaConvert/MediaConvertClient.php HTTP/1.1" 500 - "https://immovalet.com/vendor/aws/aws-sdk-php/src/MediaConvert/?C=N;O=D" "Mozilla/5.0 AppleWebKit/537.36 (KHTML, like Gecko; compatible; GPTBot/1.4; +https://openai.com/gptbot)"
74.7.227.164 - - [03/Sep/2026:16:34:42 +0000] "GET /vendor/aws/aws-sdk-php/src/MediaConvert/?C=N;O=A HTTP/1.1" 200 1098 "https://immovalet.com/vendor/aws/aws-sdk-php/src/MediaConvert/?C=N;O=D" "Mozilla/5.0 AppleWebKit/537.36 (KHTML, like Gecko; compatible; GPTBot/1.4; +https://openai.com/gptbot)"
74.7.227.164 - - [03/Sep/2026:16:34:43 +0000] "GET /vendor/aws/aws-sdk-php/src/IotDataPlane/?C=N;O=A HTTP/1.1" 200 1098 "https://immovalet.com/vendor/aws/aws-sdk-php/src/IotDataPlane/?C=N;O=D" "Mozilla/5.0 AppleWebKit/537.36 (KHTML, like Gecko; compatible; GPTBot/1.4; +https://openai.com/gptbot)"
74.7.227.164 - - [03/Sep/2026:16:34:44 +0000] "GET /vendor/aws/aws-sdk-php/src/GroundStation/?C=N;O=A HTTP/1.1" 200 1101 "https://immovalet.com/vendor/aws/aws-sdk-php/src/GroundStation/?C=N;O=D" "Mozilla/5.0 AppleWebKit/537.36 (KHTML, like Gecko; compatible; GPTBot/1.4; +https://openai.com/gptbot)"
57.141.4.4 - - [03/Sep/2026:16:34:44 +0000] "GET /vendor/symfony/mime/Crypto/ HTTP/1.1" 200 1608 "-" "Mozilla/5.0 (Windows NT 10.0; Win64; x64) AppleWebKit/537.36 (KHTML, like Gecko) Chrome/145.0.0.0 Safari/537.36 (compatible; meta-externalagent/1.1 (+https://developers.facebook.com/docs/sharing/webmasters/crawler))"
74.7.227.164 - - [03/Sep/2026:16:34:46 +0000] "GET /vendor/aws/aws-sdk-php/src/DataExchange/?C=M;O=A HTTP/1.1" 200 1098 "https://immovalet.com/vendor/aws/aws-sdk-php/src/DataExchange/" "Mozilla/5.0 AppleWebKit/537.36 (KHTML, like Gecko; compatible; GPTBot/1.4; +https://openai.com/gptbot)"
74.7.227.164 - - [03/Sep/2026:16:34:50 +0000] "GET /vendor/aws/aws-sdk-php/src/EMRContainers/?C=N;O=A HTTP/1.1" 200 1101 "https://immovalet.com/vendor/aws/aws-sdk-php/src/EMRContainers/?C=N;O=D" "Mozilla/5.0 AppleWebKit/537.36 (KHTML, like Gecko; compatible; GPTBot/1.4; +https://openai.com/gptbot)"
74.7.227.164 - - [03/Sep/2026:16:34:51 +0000] "GET /vendor/aws/aws-sdk-php/src/DataPipeline/?C=S;O=D HTTP/1.1" 200 1098 "https://immovalet.com/vendor/aws/aws-sdk-php/src/DataPipeline/?C=S;O=A" "Mozilla/5.0 AppleWebKit/537.36 (KHTML, like Gecko; compatible; GPTBot/1.4; +https://openai.com/gptbot)"
74.7.227.164 - - [03/Sep/2026:16:34:52 +0000] "GET /vendor/aws/aws-sdk-php/src/IotDataPlane/?C=D;O=A HTTP/1.1" 200 1098 "https://immovalet.com/vendor/aws/aws-sdk-php/src/IotDataPlane/" "Mozilla/5.0 AppleWebKit/537.36 (KHTML, like Gecko; compatible; GPTBot/1.4; +https://openai.com/gptbot)"
74.7.227.164 - - [03/Sep/2026:16:34:54 +0000] "GET /vendor/aws/aws-sdk-php/src/ConfigService/?C=S;O=D HTTP/1.1" 200 1101 "https://immovalet.com/vendor/aws/aws-sdk-php/src/ConfigService/?C=S;O=A" "Mozilla/5.0 AppleWebKit/537.36 (KHTML, like Gecko; compatible; GPTBot/1.4; +https://openai.com/gptbot)"
57.141.4.6 - - [03/Sep/2026:16:34:56 +0000] "GET /vendor/aws/aws-sdk-php/src/GreengrassV2/?C=D;O=A HTTP/1.1" 200 1098 "-" "Mozilla/5.0 (Windows NT 10.0; Win64; x64) AppleWebKit/537.36 (KHTML, like Gecko) Chrome/145.0.0.0 Safari/537.36 (compatible; meta-externalagent/1.1 (+https://developers.facebook.com/docs/sharing/webmasters/crawler))"
74.7.227.164 - - [03/Sep/2026:16:35:03 +0000] "GET /vendor/aws/aws-sdk-php/src/CodeArtifact/?C=N;O=D HTTP/1.1" 200 1098 "https://immovalet.com/vendor/aws/aws-sdk-php/src/CodeArtifact/" "Mozilla/5.0 AppleWebKit/537.36 (KHTML, like Gecko; compatible; GPTBot/1.4; +https://openai.com/gptbot)"
74.7.227.164 - - [03/Sep/2026:16:35:04 +0000] "GET /vendor/aws/aws-sdk-php/src/ElastiCache/?C=S;O=D HTTP/1.1" 200 1095 "https://immovalet.com/vendor/aws/aws-sdk-php/src/ElastiCache/?C=S;O=A" "Mozilla/5.0 AppleWebKit/537.36 (KHTML, like Gecko; compatible; GPTBot/1.4; +https://openai.com/gptbot)"
74.7.227.164 - - [03/Sep/2026:16:35:05 +0000] "GET /vendor/aws/aws-sdk-php/src/EMRContainers/?C=D;O=A HTTP/1.1" 200 1101 "https://immovalet.com/vendor/aws/aws-sdk-php/src/EMRContainers/" "Mozilla/5.0 AppleWebKit/537.36 (KHTML, like Gecko; compatible; GPTBot/1.4; +https://openai.com/gptbot)"
74.7.227.164 - - [03/Sep/2026:16:35:07 +0000] "GET /vendor/aws/aws-sdk-php/src/Organizations/?C=N;O=D HTTP/1.1" 200 1101 "https://immovalet.com/vendor/aws/aws-sdk-php/src/Organizations/" "Mozilla/5.0 AppleWebKit/537.36 (KHTML, like Gecko; compatible; GPTBot/1.4; +https://openai.com/gptbot)"
74.7.227.164 - - [03/Sep/2026:16:35:08 +0000] "GET /vendor/aws/aws-sdk-php/src/FraudDetector/?C=M;O=A HTTP/1.1" 200 1101 "https://immovalet.com/vendor/aws/aws-sdk-php/src/FraudDetector/" "Mozilla/5.0 AppleWebKit/537.36 (KHTML, like Gecko; compatible; GPTBot/1.4; +https://openai.com/gptbot)"
74.7.227.164 - - [03/Sep/2026:16:35:11 +0000] "GET /vendor/aws/aws-sdk-php/src/CostExplorer/?C=S;O=D HTTP/1.1" 200 1098 "https://immovalet.com/vendor/aws/aws-sdk-php/src/CostExplorer/?C=S;O=A" "Mozilla/5.0 AppleWebKit/537.36 (KHTML, like Gecko; compatible; GPTBot/1.4; +https://openai.com/gptbot)"
74.7.227.164 - - [03/Sep/2026:16:35:14 +0000] "GET /vendor/aws/aws-sdk-php/src/CostExplorer/?C=M;O=A HTTP/1.1" 200 1098 "https://immovalet.com/vendor/aws/aws-sdk-php/src/CostExplorer/" "Mozilla/5.0 AppleWebKit/537.36 (KHTML, like Gecko; compatible; GPTBot/1.4; +https://openai.com/gptbot)"
74.7.227.164 - - [03/Sep/2026:16:35:15 +0000] "GET /vendor/aws/aws-sdk-php/src/CostExplorer/?C=N;O=A HTTP/1.1" 200 1098 "https://immovalet.com/vendor/aws/aws-sdk-php/src/CostExplorer/?C=N;O=D" "Mozilla/5.0 AppleWebKit/537.36 (KHTML, like Gecko; compatible; GPTBot/1.4; +https://openai.com/gptbot)"
74.7.227.164 - - [03/Sep/2026:16:35:16 +0000] "GET /vendor/aws/aws-sdk-php/src/FraudDetector/?C=N;O=D HTTP/1.1" 200 1101 "https://immovalet.com/vendor/aws/aws-sdk-php/src/FraudDetector/" "Mozilla/5.0 AppleWebKit/537.36 (KHTML, like Gecko; compatible; GPTBot/1.4; +https://openai.com/gptbot)"
74.7.227.164 - - [03/Sep/2026:16:35:17 +0000] "GET /vendor/aws/aws-sdk-php/src/DirectConnect/?C=N;O=A HTTP/1.1" 200 1101 "https://immovalet.com/vendor/aws/aws-sdk-php/src/DirectConnect/?C=S;O=A" "Mozilla/5.0 AppleWebKit/537.36 (KHTML, like Gecko; compatible; GPTBot/1.4; +https://openai.com/gptbot)"
74.7.227.164 - - [03/Sep/2026:16:35:20 +0000] "GET /vendor/aws/aws-sdk-php/src/Organizations/OrganizationsClient.php HTTP/1.1" 500 - "https://immovalet.com/vendor/aws/aws-sdk-php/src/Organizations/?C=N;O=D" "Mozilla/5.0 AppleWebKit/537.36 (KHTML, like Gecko; compatible; GPTBot/1.4; +https://openai.com/gptbot)"
74.7.227.164 - - [03/Sep/2026:16:35:21 +0000] "GET /vendor/aws/aws-sdk-php/src/Organizations/?C=N;O=A HTTP/1.1" 200 1101 "https://immovalet.com/vendor/aws/aws-sdk-php/src/Organizations/?C=N;O=D" "Mozilla/5.0 AppleWebKit/537.36 (KHTML, like Gecko; compatible; GPTBot/1.4; +https://openai.com/gptbot)"
74.7.227.164 - - [03/Sep/2026:16:35:22 +0000] "GET /vendor/aws/aws-sdk-php/src/ElastiCache/?C=N;O=A HTTP/1.1" 200 1095 "https://immovalet.com/vendor/aws/aws-sdk-php/src/ElastiCache/?C=S;O=A" "Mozilla/5.0 AppleWebKit/537.36 (KHTML, like Gecko; compatible; GPTBot/1.4; +https://openai.com/gptbot)"
74.7.227.164 - - [03/Sep/2026:16:35:23 +0000] "GET /vendor/aws/aws-sdk-php/src/SavingsPlans/?C=N;O=A HTTP/1.1" 200 1098 "https://immovalet.com/vendor/aws/aws-sdk-php/src/SavingsPlans/?C=N;O=D" "Mozilla/5.0 AppleWebKit/537.36 (KHTML, like Gecko; compatible; GPTBot/1.4; +https://openai.com/gptbot)"
74.7.227.164 - - [03/Sep/2026:16:35:25 +0000] "GET /vendor/aws/aws-sdk-php/src/MediaConnect/?C=N;O=A HTTP/1.1" 200 1098 "https://immovalet.com/vendor/aws/aws-sdk-php/src/MediaConnect/?C=N;O=D" "Mozilla/5.0 AppleWebKit/537.36 (KHTML, like Gecko; compatible; GPTBot/1.4; +https://openai.com/gptbot)"
74.7.227.164 - - [03/Sep/2026:16:35:26 +0000] "GET /platform/plugins/social-login/resources/assets/sass/ HTTP/1.1" 200 959 "https://immovalet.com/platform/plugins/social-login/resources/assets/" "Mozilla/5.0 AppleWebKit/537.36 (KHTML, like Gecko; compatible; GPTBot/1.4; +https://openai.com/gptbot)"
74.7.227.164 - - [03/Sep/2026:16:35:28 +0000] "GET /vendor/aws/aws-sdk-php/src/FraudDetector/FraudDetectorClient.php HTTP/1.1" 500 - "https://immovalet.com/vendor/aws/aws-sdk-php/src/FraudDetector/?C=N;O=D" "Mozilla/5.0 AppleWebKit/537.36 (KHTML, like Gecko; compatible; GPTBot/1.4; +https://openai.com/gptbot)"
74.7.227.164 - - [03/Sep/2026:16:35:30 +0000] "GET /vendor/aws/aws-sdk-php/src/FraudDetector/?C=N;O=A HTTP/1.1" 200 1101 "https://immovalet.com/vendor/aws/aws-sdk-php/src/FraudDetector/?C=N;O=D" "Mozilla/5.0 AppleWebKit/537.36 (KHTML, like Gecko; compatible; GPTBot/1.4; +https://openai.com/gptbot)"
74.7.227.164 - - [03/Sep/2026:16:35:31 +0000] "GET /platform/plugins/social-login/resources/assets/js/ HTTP/1.1" 200 953 "https://immovalet.com/platform/plugins/social-login/resources/assets/" "Mozilla/5.0 AppleWebKit/537.36 (KHTML, like Gecko; compatible; GPTBot/1.4; +https://openai.com/gptbot)"
57.141.4.10 - - [03/Sep/2026:16:35:34 +0000] "GET /vendor/symfony/css-selector/Node/Specificity.php HTTP/1.1" 200 - "-" "Mozilla/5.0 (Windows NT 10.0; Win64; x64) AppleWebKit/537.36 (KHTML, like Gecko) Chrome/145.0.0.0 Safari/537.36 (compatible; meta-externalagent/1.1 (+https://developers.facebook.com/docs/sharing/webmasters/crawler))"
74.7.227.164 - - [03/Sep/2026:16:35:34 +0000] "GET /platform/plugins/social-login/config/general.php HTTP/1.1" 200 - "https://immovalet.com/platform/plugins/social-login/config/" "Mozilla/5.0 AppleWebKit/537.36 (KHTML, like Gecko; compatible; GPTBot/1.4; +https://openai.com/gptbot)"
74.7.227.164 - - [03/Sep/2026:16:35:38 +0000] "GET /vendor/doctrine/dbal/src/Event/Listeners/?C=D;O=A HTTP/1.1" 200 1111 "https://immovalet.com/vendor/doctrine/dbal/src/Event/Listeners/" "Mozilla/5.0 AppleWebKit/537.36 (KHTML, like Gecko; compatible; GPTBot/1.4; +https://openai.com/gptbot)"
74.7.227.164 - - [03/Sep/2026:16:35:45 +0000] "GET /vendor/botble/slug/resources/assets/sass/?C=D;O=A HTTP/1.1" 200 918 "https://immovalet.com/vendor/botble/slug/resources/assets/sass/" "Mozilla/5.0 AppleWebKit/537.36 (KHTML, like Gecko; compatible; GPTBot/1.4; +https://openai.com/gptbot)"
74.7.227.164 - - [03/Sep/2026:16:35:49 +0000] "GET /platform/core/setting/resources/assets/js/?C=S;O=A HTTP/1.1" 200 1103 "https://immovalet.com/platform/core/setting/resources/assets/js/" "Mozilla/5.0 AppleWebKit/537.36 (KHTML, like Gecko; compatible; GPTBot/1.4; +https://openai.com/gptbot)"
74.7.227.164 - - [03/Sep/2026:16:35:52 +0000] "GET /platform/core/acl/resources/views/roles/?C=S;O=A HTTP/1.1" 200 1111 "https://immovalet.com/platform/core/acl/resources/views/roles/" "Mozilla/5.0 AppleWebKit/537.36 (KHTML, like Gecko; compatible; GPTBot/1.4; +https://openai.com/gptbot)"
74.7.227.164 - - [03/Sep/2026:16:35:54 +0000] "GET /platform/core/media/resources/assets/sass/?C=S;O=A HTTP/1.1" 200 1813 "https://immovalet.com/platform/core/media/resources/assets/sass/" "Mozilla/5.0 AppleWebKit/537.36 (KHTML, like Gecko; compatible; GPTBot/1.4; +https://openai.com/gptbot)"
74.7.227.164 - - [03/Sep/2026:16:35:55 +0000] "GET /vendor/doctrine/dbal/src/Event/Listeners/?C=S;O=A HTTP/1.1" 200 1111 "https://immovalet.com/vendor/doctrine/dbal/src/Event/Listeners/" "Mozilla/5.0 AppleWebKit/537.36 (KHTML, like Gecko; compatible; GPTBot/1.4; +https://openai.com/gptbot)"
74.7.227.164 - - [03/Sep/2026:16:35:56 +0000] "GET /vendor/doctrine/dbal/src/Event/Listeners/?C=N;O=D HTTP/1.1" 200 1111 "https://immovalet.com/vendor/doctrine/dbal/src/Event/Listeners/" "Mozilla/5.0 AppleWebKit/537.36 (KHTML, like Gecko; compatible; GPTBot/1.4; +https://openai.com/gptbot)"
74.7.227.164 - - [03/Sep/2026:16:35:59 +0000] "GET /platform/core/acl/src/Repositories/Caches/?C=N;O=D HTTP/1.1" 200 932 "https://immovalet.com/platform/core/acl/src/Repositories/Caches/" "Mozilla/5.0 AppleWebKit/537.36 (KHTML, like Gecko; compatible; GPTBot/1.4; +https://openai.com/gptbot)"
74.7.227.164 - - [03/Sep/2026:16:36:00 +0000] "GET /platform/core/acl/src/Repositories/Caches/?C=M;O=A HTTP/1.1" 200 932 "https://immovalet.com/platform/core/acl/src/Repositories/Caches/" "Mozilla/5.0 AppleWebKit/537.36 (KHTML, like Gecko; compatible; GPTBot/1.4; +https://openai.com/gptbot)"
74.7.227.164 - - [03/Sep/2026:16:36:03 +0000] "GET /vendor/botble/menu/resources/assets/sass/?C=D;O=A HTTP/1.1" 200 918 "https://immovalet.com/vendor/botble/menu/resources/assets/sass/" "Mozilla/5.0 AppleWebKit/537.36 (KHTML, like Gecko; compatible; GPTBot/1.4; +https://openai.com/gptbot)"
74.7.227.164 - - [03/Sep/2026:16:36:06 +0000] "GET /platform/core/media/resources/assets/sass/?C=N;O=A HTTP/1.1" 200 1813 "https://immovalet.com/platform/core/media/resources/assets/sass/?C=S;O=A" "Mozilla/5.0 AppleWebKit/537.36 (KHTML, like Gecko; compatible; GPTBot/1.4; +https://openai.com/gptbot)"
74.7.227.164 - - [03/Sep/2026:16:36:07 +0000] "GET /vendor/doctrine/dbal/src/Event/Listeners/SQLSessionInit.php HTTP/1.1" 500 - "https://immovalet.com/vendor/doctrine/dbal/src/Event/Listeners/?C=S;O=A" "Mozilla/5.0 AppleWebKit/537.36 (KHTML, like Gecko; compatible; GPTBot/1.4; +https://openai.com/gptbot)"
74.7.227.164 - - [03/Sep/2026:16:36:08 +0000] "GET /vendor/doctrine/dbal/src/Event/Listeners/OracleSessionInit.php HTTP/1.1" 500 - "https://immovalet.com/vendor/doctrine/dbal/src/Event/Listeners/?C=S;O=A" "Mozilla/5.0 AppleWebKit/537.36 (KHTML, like Gecko; compatible; GPTBot/1.4; +https://openai.com/gptbot)"
74.7.227.164 - - [03/Sep/2026:16:36:11 +0000] "GET /platform/core/setting/resources/assets/js/?C=N;O=D HTTP/1.1" 200 1103 "https://immovalet.com/platform/core/setting/resources/assets/js/" "Mozilla/5.0 AppleWebKit/537.36 (KHTML, like Gecko; compatible; GPTBot/1.4; +https://openai.com/gptbot)"
74.7.227.164 - - [03/Sep/2026:16:36:12 +0000] "GET /vendor/doctrine/dbal/src/Event/Listeners/?C=S;O=D HTTP/1.1" 200 1111 "https://immovalet.com/vendor/doctrine/dbal/src/Event/Listeners/?C=S;O=A" "Mozilla/5.0 AppleWebKit/537.36 (KHTML, like Gecko; compatible; GPTBot/1.4; +https://openai.com/gptbot)"
74.7.227.164 - - [03/Sep/2026:16:36:13 +0000] "GET /platform/core/base/resources/assets/sass/?C=S;O=A HTTP/1.1" 200 1628 "https://immovalet.com/platform/core/base/resources/assets/sass/" "Mozilla/5.0 AppleWebKit/537.36 (KHTML, like Gecko; compatible; GPTBot/1.4; +https://openai.com/gptbot)"
216.73.216.242 - - [03/Sep/2026:16:36:16 +0000] "GET /vendor/google/apiclient-services/src/Analytics/ExperimentVariations.php HTTP/1.1" 500 - "-" "Mozilla/5.0 AppleWebKit/537.36 (KHTML, like Gecko; compatible; ClaudeBot/1.0; +claudebot@anthropic.com)"
216.73.216.242 - - [03/Sep/2026:16:36:16 +0000] "GET /vendor/google/apiclient-services/src/Analytics/Column.php HTTP/1.1" 500 - "-" "Mozilla/5.0 AppleWebKit/537.36 (KHTML, like Gecko; compatible; ClaudeBot/1.0; +claudebot@anthropic.com)"
216.73.216.242 - - [03/Sep/2026:16:36:16 +0000] "GET /vendor/google/apiclient-services/src/Analytics/WebPropertyRef.php HTTP/1.1" 500 - "-" "Mozilla/5.0 AppleWebKit/537.36 (KHTML, like Gecko; compatible; ClaudeBot/1.0; +claudebot@anthropic.com)"
216.73.216.242 - - [03/Sep/2026:16:36:16 +0000] "GET /vendor/stripe/stripe-php/lib/WebhookSignature.php HTTP/1.1" 200 - "-" "Mozilla/5.0 AppleWebKit/537.36 (KHTML, like Gecko; compatible; ClaudeBot/1.0; +claudebot@anthropic.com)"
216.73.216.242 - - [03/Sep/2026:16:36:16 +0000] "GET /vendor/google/apiclient-services/src/Analytics/RealtimeData.php HTTP/1.1" 500 - "-" "Mozilla/5.0 AppleWebKit/537.36 (KHTML, like Gecko; compatible; ClaudeBot/1.0; +claudebot@anthropic.com)"
216.73.216.242 - - [03/Sep/2026:16:36:16 +0000] "GET /vendor/stripe/stripe-php/lib/BitcoinTransaction.php HTTP/1.1" 500 - "-" "Mozilla/5.0 AppleWebKit/537.36 (KHTML, like Gecko; compatible; ClaudeBot/1.0; +claudebot@anthropic.com)"
216.73.216.242 - - [03/Sep/2026:16:36:16 +0000] "GET /vendor/stripe/stripe-php/lib/Service/EphemeralKeyService.php HTTP/1.1" 500 - "-" "Mozilla/5.0 AppleWebKit/537.36 (KHTML, like Gecko; compatible; ClaudeBot/1.0; +claudebot@anthropic.com)"
74.7.227.164 - - [03/Sep/2026:16:36:16 +0000] "GET /vendor/doctrine/dbal/src/Event/Listeners/?C=N;O=A HTTP/1.1" 200 1111 "https://immovalet.com/vendor/doctrine/dbal/src/Event/Listeners/?C=S;O=A" "Mozilla/5.0 AppleWebKit/537.36 (KHTML, like Gecko; compatible; GPTBot/1.4; +https://openai.com/gptbot)"
74.7.227.164 - - [03/Sep/2026:16:36:18 +0000] "GET /vendor/botble/theme/resources/assets/sass/?C=N;O=D HTTP/1.1" 200 1295 "https://immovalet.com/vendor/botble/theme/resources/assets/sass/" "Mozilla/5.0 AppleWebKit/537.36 (KHTML, like Gecko; compatible; GPTBot/1.4; +https://openai.com/gptbot)"
216.73.216.242 - - [03/Sep/2026:16:36:19 +0000] "GET /vendor/stripe/stripe-php/lib/ApplicationFee.php HTTP/1.1" 500 - "-" "Mozilla/5.0 AppleWebKit/537.36 (KHTML, like Gecko; compatible; ClaudeBot/1.0; +claudebot@anthropic.com)"
216.73.216.242 - - [03/Sep/2026:16:36:19 +0000] "GET /vendor/google/apiclient-services/src/Analytics/Webproperties.php HTTP/1.1" 500 - "-" "Mozilla/5.0 AppleWebKit/537.36 (KHTML, like Gecko; compatible; ClaudeBot/1.0; +claudebot@anthropic.com)"
57.141.4.60 - - [03/Sep/2026:16:36:19 +0000] "GET /vendor/yajra/laravel-datatables-html/src/Html/Button.php HTTP/1.1" 500 - "-" "Mozilla/5.0 (Windows NT 10.0; Win64; x64) AppleWebKit/537.36 (KHTML, like Gecko) Chrome/145.0.0.0 Safari/537.36 (compatible; meta-externalagent/1.1 (+https://developers.facebook.com/docs/sharing/webmasters/crawler))"
