/var/log/apache2/domlogs/techb158
Edit: /var/log/apache2/domlogs/techb158/immovalet.techbala.com-ssl_log (1503154B)
74.7.227.164 - - [03/Sep/2026:12:13:51 +0000] "GET /vendor/laravel/framework/src/Illuminate/Testing/?C=D;O=A HTTP/1.1" 200 3547 "https://immovalet.com/vendor/laravel/framework/src/Illuminate/Testing/" "Mozilla/5.0 AppleWebKit/537.36 (KHTML, like Gecko; compatible; GPTBot/1.4; +https://openai.com/gptbot)"
74.7.242.43 - - [03/Sep/2026:12:13:55 +0000] "GET /vendor/intervention/image/src/Intervention/Image/Gd/Commands/GreyscaleCommand.php HTTP/1.1" 500 - "https://www.immovalet.techbala.com/vendor/intervention/image/src/Intervention/Image/Gd/Commands/?C=D;O=A" "Mozilla/5.0 AppleWebKit/537.36 (KHTML, like Gecko; compatible; GPTBot/1.4; +https://openai.com/gptbot)"
57.141.4.26 - - [03/Sep/2026:12:13:57 +0000] "GET /platform/packages/revision/resources/assets/?C=D;O=A HTTP/1.1" 200 1092 "-" "Mozilla/5.0 (Windows NT 10.0; Win64; x64) AppleWebKit/537.36 (KHTML, like Gecko) Chrome/145.0.0.0 Safari/537.36 (compatible; meta-externalagent/1.1 (+https://developers.facebook.com/docs/sharing/webmasters/crawler))"
57.141.4.71 - - [03/Sep/2026:12:14:03 +0000] "GET /platform/plugins/paystack/resources/?C=M;O=A HTTP/1.1" 200 895 "-" "Mozilla/5.0 (Windows NT 10.0; Win64; x64) AppleWebKit/537.36 (KHTML, like Gecko) Chrome/145.0.0.0 Safari/537.36 (compatible; meta-externalagent/1.1 (+https://developers.facebook.com/docs/sharing/webmasters/crawler))"
74.7.242.43 - - [03/Sep/2026:12:14:07 +0000] "GET /vendor/intervention/image/src/Intervention/Image/Gd/Commands/GetSizeCommand.php HTTP/1.1" 500 - "https://www.immovalet.techbala.com/vendor/intervention/image/src/Intervention/Image/Gd/Commands/?C=D;O=A" "Mozilla/5.0 AppleWebKit/537.36 (KHTML, like Gecko; compatible; GPTBot/1.4; +https://openai.com/gptbot)"
57.141.4.43 - - [03/Sep/2026:12:14:10 +0000] "GET /platform/plugins/testimonial/config/?C=M;O=A HTTP/1.1" 200 907 "-" "Mozilla/5.0 (X11; Linux x86_64) AppleWebKit/537.36 (KHTML, like Gecko) Chrome/145.0.0.0 Safari/537.36 (compatible; meta-externalagent/1.1 (+https://developers.facebook.com/docs/sharing/webmasters/crawler))"
74.7.227.164 - - [03/Sep/2026:12:14:14 +0000] "GET /vendor/laravel/framework/src/Illuminate/Support/?C=M;O=A HTTP/1.1" 200 5689 "https://immovalet.com/vendor/laravel/framework/src/Illuminate/Support/" "Mozilla/5.0 AppleWebKit/537.36 (KHTML, like Gecko; compatible; GPTBot/1.4; +https://openai.com/gptbot)"
74.7.227.164 - - [03/Sep/2026:12:14:18 +0000] "GET /vendor/league/commonmark/src/Extension/Autolink/?C=D;O=A HTTP/1.1" 200 1530 "https://immovalet.com/vendor/league/commonmark/src/Extension/Autolink/" "Mozilla/5.0 AppleWebKit/537.36 (KHTML, like Gecko; compatible; GPTBot/1.4; +https://openai.com/gptbot)"
57.141.4.5 - - [03/Sep/2026:12:14:21 +0000] "GET /vendor/mollie/ HTTP/1.1" 200 1024 "-" "Mozilla/5.0 (Windows NT 10.0; Win64; x64) AppleWebKit/537.36 (KHTML, like Gecko) Chrome/145.0.0.0 Safari/537.36 (compatible; meta-externalagent/1.1 (+https://developers.facebook.com/docs/sharing/webmasters/crawler))"
74.7.242.43 - - [03/Sep/2026:12:14:23 +0000] "GET /vendor/intervention/image/src/Intervention/Image/Gd/Commands/PickColorCommand.php HTTP/1.1" 500 - "https://www.immovalet.techbala.com/vendor/intervention/image/src/Intervention/Image/Gd/Commands/?C=D;O=A" "Mozilla/5.0 AppleWebKit/537.36 (KHTML, like Gecko; compatible; GPTBot/1.4; +https://openai.com/gptbot)"
57.141.4.12 - - [03/Sep/2026:12:14:25 +0000] "GET /platform/plugins/payment/database/migrations/?C=N;O=D HTTP/1.1" 200 1413 "-" "Mozilla/5.0 (Windows NT 10.0; Win64; x64) AppleWebKit/537.36 (KHTML, like Gecko) Chrome/145.0.0.0 Safari/537.36 (compatible; meta-externalagent/1.1 (+https://developers.facebook.com/docs/sharing/webmasters/crawler))"
74.7.227.164 - - [03/Sep/2026:12:14:25 +0000] "GET /vendor/laravel/framework/src/Illuminate/Routing/?C=M;O=A HTTP/1.1" 200 8281 "https://immovalet.com/vendor/laravel/framework/src/Illuminate/Routing/" "Mozilla/5.0 AppleWebKit/537.36 (KHTML, like Gecko; compatible; GPTBot/1.4; +https://openai.com/gptbot)"
74.7.227.164 - - [03/Sep/2026:12:14:31 +0000] "GET /vendor/league/commonmark/src/Extension/TaskList/?C=N;O=D HTTP/1.1" 200 1537 "https://immovalet.com/vendor/league/commonmark/src/Extension/TaskList/" "Mozilla/5.0 AppleWebKit/537.36 (KHTML, like Gecko; compatible; GPTBot/1.4; +https://openai.com/gptbot)"
57.141.4.35 - - [03/Sep/2026:12:14:31 +0000] "GET /vendor/moneyphp/money/?C=S;O=A HTTP/1.1" 200 1569 "-" "Mozilla/5.0 (Macintosh; Intel Mac OS X 10_15_7) AppleWebKit/537.36 (KHTML, like Gecko) Chrome/145.0.0.0 Safari/537.36 (compatible; meta-externalagent/1.1 (+https://developers.facebook.com/docs/sharing/webmasters/crawler))"
74.7.227.164 - - [03/Sep/2026:12:14:33 +0000] "GET /vendor/laravel/framework/src/Illuminate/Routing/?C=S;O=A HTTP/1.1" 200 8281 "https://immovalet.com/vendor/laravel/framework/src/Illuminate/Routing/" "Mozilla/5.0 AppleWebKit/537.36 (KHTML, like Gecko; compatible; GPTBot/1.4; +https://openai.com/gptbot)"
74.7.227.164 - - [03/Sep/2026:12:14:34 +0000] "GET /vendor/laravel/framework/src/Illuminate/Session/?C=M;O=A HTTP/1.1" 200 3776 "https://immovalet.com/vendor/laravel/framework/src/Illuminate/Session/" "Mozilla/5.0 AppleWebKit/537.36 (KHTML, like Gecko; compatible; GPTBot/1.4; +https://openai.com/gptbot)"
74.7.242.43 - - [03/Sep/2026:12:14:44 +0000] "GET /vendor/intervention/image/src/Intervention/Image/Gd/Commands/FillCommand.php HTTP/1.1" 500 - "https://www.immovalet.techbala.com/vendor/intervention/image/src/Intervention/Image/Gd/Commands/?C=D;O=A" "Mozilla/5.0 AppleWebKit/537.36 (KHTML, like Gecko; compatible; GPTBot/1.4; +https://openai.com/gptbot)"
74.7.227.164 - - [03/Sep/2026:12:14:45 +0000] "GET /vendor/league/commonmark/src/Extension/TaskList/TaskListExtension.php HTTP/1.1" 500 - "https://immovalet.com/vendor/league/commonmark/src/Extension/TaskList/?C=N;O=D" "Mozilla/5.0 AppleWebKit/537.36 (KHTML, like Gecko; compatible; GPTBot/1.4; +https://openai.com/gptbot)"
74.7.227.164 - - [03/Sep/2026:12:14:48 +0000] "GET /vendor/laravel/framework/src/Illuminate/Routing/SortedMiddleware.php HTTP/1.1" 500 - "https://immovalet.com/vendor/laravel/framework/src/Illuminate/Routing/?C=S;O=A" "Mozilla/5.0 AppleWebKit/537.36 (KHTML, like Gecko; compatible; GPTBot/1.4; +https://openai.com/gptbot)"
74.7.227.164 - - [03/Sep/2026:12:14:51 +0000] "GET /vendor/laravel/framework/src/Illuminate/Routing/ControllerDispatcher.php HTTP/1.1" 500 - "https://immovalet.com/vendor/laravel/framework/src/Illuminate/Routing/?C=S;O=A" "Mozilla/5.0 AppleWebKit/537.36 (KHTML, like Gecko; compatible; GPTBot/1.4; +https://openai.com/gptbot)"
74.7.227.164 - - [03/Sep/2026:12:14:56 +0000] "GET /vendor/laravel/framework/src/Illuminate/Routing/RedirectController.php HTTP/1.1" 500 - "https://immovalet.com/vendor/laravel/framework/src/Illuminate/Routing/?C=S;O=A" "Mozilla/5.0 AppleWebKit/537.36 (KHTML, like Gecko; compatible; GPTBot/1.4; +https://openai.com/gptbot)"
74.7.227.164 - - [03/Sep/2026:12:15:03 +0000] "GET /vendor/laravel/framework/src/Illuminate/Routing/RoutingServiceProvider.php HTTP/1.1" 500 - "https://immovalet.com/vendor/laravel/framework/src/Illuminate/Routing/?C=S;O=A" "Mozilla/5.0 AppleWebKit/537.36 (KHTML, like Gecko; compatible; GPTBot/1.4; +https://openai.com/gptbot)"
74.7.242.43 - - [03/Sep/2026:12:15:04 +0000] "GET /vendor/intervention/image/src/Intervention/Image/Gd/Commands/?C=D;O=D HTTP/1.1" 200 6364 "https://www.immovalet.techbala.com/vendor/intervention/image/src/Intervention/Image/Gd/Commands/?C=D;O=A" "Mozilla/5.0 AppleWebKit/537.36 (KHTML, like Gecko; compatible; GPTBot/1.4; +https://openai.com/gptbot)"
57.141.4.73 - - [03/Sep/2026:12:15:05 +0000] "GET /vendor/botble/sitemap/public/styles/?C=M;O=A HTTP/1.1" 200 1444 "-" "Mozilla/5.0 (Windows NT 10.0; Win64; x64) AppleWebKit/537.36 (KHTML, like Gecko) Chrome/145.0.0.0 Safari/537.36 (compatible; meta-externalagent/1.1 (+https://developers.facebook.com/docs/sharing/webmasters/crawler))"
57.141.4.37 - - [03/Sep/2026:12:15:12 +0000] "GET /platform/plugins/blog/src/Services/ HTTP/1.1" 200 1462 "-" "Mozilla/5.0 (Windows NT 10.0; Win64; x64) AppleWebKit/537.36 (KHTML, like Gecko) Chrome/145.0.0.0 Safari/537.36 (compatible; meta-externalagent/1.1 (+https://developers.facebook.com/docs/sharing/webmasters/crawler))"
74.7.227.164 - - [03/Sep/2026:12:15:13 +0000] "GET /vendor/laravel/framework/src/Illuminate/Routing/ResponseFactory.php HTTP/1.1" 500 - "https://immovalet.com/vendor/laravel/framework/src/Illuminate/Routing/?C=S;O=A" "Mozilla/5.0 AppleWebKit/537.36 (KHTML, like Gecko; compatible; GPTBot/1.4; +https://openai.com/gptbot)"
57.141.4.45 - - [03/Sep/2026:12:15:17 +0000] "GET /vendor/myclabs/php-enum/src/Enum.php HTTP/1.1" 200 - "-" "Mozilla/5.0 (Windows NT 10.0; Win64; x64) AppleWebKit/537.36 (KHTML, like Gecko) Chrome/145.0.0.0 Safari/537.36 (compatible; meta-externalagent/1.1 (+https://developers.facebook.com/docs/sharing/webmasters/crawler))"
57.141.4.55 - - [03/Sep/2026:12:15:18 +0000] "GET /vendor/symfony/polyfill-intl-icu/Exception/MethodArgumentValueNotImplementedException.php HTTP/1.1" 500 - "-" "Mozilla/5.0 (X11; Linux x86_64) AppleWebKit/537.36 (KHTML, like Gecko) Chrome/145.0.0.0 Safari/537.36 (compatible; meta-externalagent/1.1 (+https://developers.facebook.com/docs/sharing/webmasters/crawler))"
74.7.242.43 - - [03/Sep/2026:12:15:23 +0000] "GET /vendor/intervention/image/src/Intervention/Image/Gd/Commands/InterlaceCommand.php HTTP/1.1" 500 - "https://www.immovalet.techbala.com/vendor/intervention/image/src/Intervention/Image/Gd/Commands/?C=D;O=A" "Mozilla/5.0 AppleWebKit/537.36 (KHTML, like Gecko; compatible; GPTBot/1.4; +https://openai.com/gptbot)"
74.7.227.164 - - [03/Sep/2026:12:15:28 +0000] "GET /vendor/laravel/framework/src/Illuminate/Routing/PendingResourceRegistration.php HTTP/1.1" 500 - "https://immovalet.com/vendor/laravel/framework/src/Illuminate/Routing/?C=S;O=A" "Mozilla/5.0 AppleWebKit/537.36 (KHTML, like Gecko; compatible; GPTBot/1.4; +https://openai.com/gptbot)"
74.7.242.43 - - [03/Sep/2026:12:15:39 +0000] "GET /vendor/intervention/image/src/Intervention/Image/Gd/Commands/PixelateCommand.php HTTP/1.1" 500 - "https://www.immovalet.techbala.com/vendor/intervention/image/src/Intervention/Image/Gd/Commands/?C=D;O=A" "Mozilla/5.0 AppleWebKit/537.36 (KHTML, like Gecko; compatible; GPTBot/1.4; +https://openai.com/gptbot)"
57.141.4.39 - - [03/Sep/2026:12:15:42 +0000] "GET /vendor/stripe/stripe-php/phpstan-baseline.neon HTTP/1.1" 200 315 "-" "Mozilla/5.0 (Windows NT 10.0; Win64; x64) AppleWebKit/537.36 (KHTML, like Gecko) Chrome/145.0.0.0 Safari/537.36 (compatible; meta-externalagent/1.1 (+https://developers.facebook.com/docs/sharing/webmasters/crawler))"
74.7.242.43 - - [03/Sep/2026:12:16:00 +0000] "GET /vendor/intervention/image/src/Intervention/Image/Gd/Commands/FlipCommand.php HTTP/1.1" 500 - "https://www.immovalet.techbala.com/vendor/intervention/image/src/Intervention/Image/Gd/Commands/?C=D;O=A" "Mozilla/5.0 AppleWebKit/537.36 (KHTML, like Gecko; compatible; GPTBot/1.4; +https://openai.com/gptbot)"
216.73.216.242 - - [03/Sep/2026:12:16:02 +0000] "GET /vendor/google/apiclient-services/src/Analytics/Resource/?C=N&O=D HTTP/1.1" 200 6566 "-" "Mozilla/5.0 AppleWebKit/537.36 (KHTML, like Gecko; compatible; ClaudeBot/1.0; +claudebot@anthropic.com)"
57.141.4.57 - - [03/Sep/2026:12:16:03 +0000] "GET /vendor/phpseclib/phpseclib/appveyor.yml HTTP/1.1" 200 791 "-" "Mozilla/5.0 (X11; Linux x86_64) AppleWebKit/537.36 (KHTML, like Gecko) Chrome/145.0.0.0 Safari/537.36 (compatible; meta-externalagent/1.1 (+https://developers.facebook.com/docs/sharing/webmasters/crawler))"
74.7.227.164 - - [03/Sep/2026:12:16:08 +0000] "GET /vendor/laravel/framework/src/Illuminate/Routing/UrlGenerator.php HTTP/1.1" 500 - "https://immovalet.com/vendor/laravel/framework/src/Illuminate/Routing/?C=S;O=A" "Mozilla/5.0 AppleWebKit/537.36 (KHTML, like Gecko; compatible; GPTBot/1.4; +https://openai.com/gptbot)"
57.141.4.35 - - [03/Sep/2026:12:16:08 +0000] "GET /vendor/myclabs/php-enum/?C=D;O=A HTTP/1.1" 200 1570 "-" "Mozilla/5.0 (Macintosh; Intel Mac OS X 10_15_7) AppleWebKit/537.36 (KHTML, like Gecko) Chrome/145.0.0.0 Safari/537.36 (compatible; meta-externalagent/1.1 (+https://developers.facebook.com/docs/sharing/webmasters/crawler))"
57.141.4.53 - - [03/Sep/2026:12:16:08 +0000] "GET /platform/plugins/sslcommerz/helpers/?C=N;O=A HTTP/1.1" 200 904 "-" "Mozilla/5.0 (X11; Linux x86_64) AppleWebKit/537.36 (KHTML, like Gecko) Chrome/145.0.0.0 Safari/537.36 (compatible; meta-externalagent/1.1 (+https://developers.facebook.com/docs/sharing/webmasters/crawler))"
74.7.242.43 - - [03/Sep/2026:12:16:19 +0000] "GET /vendor/intervention/image/src/Intervention/Image/Gd/Commands/BlurCommand.php HTTP/1.1" 500 - "https://www.immovalet.techbala.com/vendor/intervention/image/src/Intervention/Image/Gd/Commands/?C=D;O=A" "Mozilla/5.0 AppleWebKit/537.36 (KHTML, like Gecko; compatible; GPTBot/1.4; +https://openai.com/gptbot)"
216.73.216.242 - - [03/Sep/2026:12:16:21 +0000] "GET /vendor/rmccue/requests/library/Requests/Exception/HTTP/?C=N&O=D HTTP/1.1" 200 6562 "-" "Mozilla/5.0 AppleWebKit/537.36 (KHTML, like Gecko; compatible; ClaudeBot/1.0; +claudebot@anthropic.com)"
57.141.4.35 - - [03/Sep/2026:12:16:26 +0000] "GET /platform/plugins/simple-slider/?C=N;O=D HTTP/1.1" 200 2654 "-" "Mozilla/5.0 (X11; Linux x86_64) AppleWebKit/537.36 (KHTML, like Gecko) Chrome/145.0.0.0 Safari/537.36 (compatible; meta-externalagent/1.1 (+https://developers.facebook.com/docs/sharing/webmasters/crawler))"
57.141.4.62 - - [03/Sep/2026:12:16:29 +0000] "GET /vendor/monolog/?C=D;O=D HTTP/1.1" 200 836 "-" "Mozilla/5.0 (Windows NT 10.0; Win64; x64) AppleWebKit/537.36 (KHTML, like Gecko) Chrome/145.0.0.0 Safari/537.36 (compatible; meta-externalagent/1.1 (+https://developers.facebook.com/docs/sharing/webmasters/crawler))"
57.141.4.72 - - [03/Sep/2026:12:16:31 +0000] "GET /vendor/aws/aws-sdk-php/src/AlexaForBusiness/AlexaForBusinessClient.php HTTP/1.1" 500 - "-" "Mozilla/5.0 (Windows NT 10.0; Win64; x64) AppleWebKit/537.36 (KHTML, like Gecko) Chrome/145.0.0.0 Safari/537.36 (compatible; meta-externalagent/1.1 (+https://developers.facebook.com/docs/sharing/webmasters/crawler))"
74.7.242.43 - - [03/Sep/2026:12:16:39 +0000] "GET /vendor/intervention/image/src/Intervention/Image/Gd/Commands/BackupCommand.php HTTP/1.1" 500 - "https://www.immovalet.techbala.com/vendor/intervention/image/src/Intervention/Image/Gd/Commands/?C=D;O=A" "Mozilla/5.0 AppleWebKit/537.36 (KHTML, like Gecko; compatible; GPTBot/1.4; +https://openai.com/gptbot)"
74.7.227.164 - - [03/Sep/2026:12:16:48 +0000] "GET /vendor/laravel/framework/src/Illuminate/Routing/Redirector.php HTTP/1.1" 500 - "https://immovalet.com/vendor/laravel/framework/src/Illuminate/Routing/?C=S;O=A" "Mozilla/5.0 AppleWebKit/537.36 (KHTML, like Gecko; compatible; GPTBot/1.4; +https://openai.com/gptbot)"
74.7.242.43 - - [03/Sep/2026:12:17:00 +0000] "GET /vendor/intervention/image/src/Intervention/Image/Gd/Commands/MaskCommand.php HTTP/1.1" 500 - "https://www.immovalet.techbala.com/vendor/intervention/image/src/Intervention/Image/Gd/Commands/?C=D;O=A" "Mozilla/5.0 AppleWebKit/537.36 (KHTML, like Gecko; compatible; GPTBot/1.4; +https://openai.com/gptbot)"
216.73.216.242 - - [03/Sep/2026:12:17:07 +0000] "GET /vendor/google/apiclient-services/src/Analytics/Resource/?C=M&O=A HTTP/1.1" 200 6566 "-" "Mozilla/5.0 AppleWebKit/537.36 (KHTML, like Gecko; compatible; ClaudeBot/1.0; +claudebot@anthropic.com)"
57.141.4.33 - - [03/Sep/2026:12:17:16 +0000] "GET /vendor/stripe/stripe-php/lib/Service/PromotionCodeService.php HTTP/1.1" 500 - "-" "Mozilla/5.0 (Windows NT 10.0; Win64; x64) AppleWebKit/537.36 (KHTML, like Gecko) Chrome/144.0.0.0 Safari/537.36 Edg/144.0.0.0 (compatible; meta-externalagent/1.1 (+https://developers.facebook.com/docs/sharing/webmasters/crawler))"
74.7.242.43 - - [03/Sep/2026:12:17:19 +0000] "GET /vendor/intervention/image/src/Intervention/Image/Gd/Commands/ResizeCommand.php HTTP/1.1" 500 - "https://www.immovalet.techbala.com/vendor/intervention/image/src/Intervention/Image/Gd/Commands/?C=D;O=A" "Mozilla/5.0 AppleWebKit/537.36 (KHTML, like Gecko; compatible; GPTBot/1.4; +https://openai.com/gptbot)"
57.141.4.27 - - [03/Sep/2026:12:17:20 +0000] "GET /vendor/laravel/?C=N;O=A HTTP/1.1" 200 1192 "-" "Mozilla/5.0 (Windows NT 10.0; Win64; x64) AppleWebKit/537.36 (KHTML, like Gecko) Chrome/145.0.0.0 Safari/537.36 (compatible; meta-externalagent/1.1 (+https://developers.facebook.com/docs/sharing/webmasters/crawler))"
74.7.227.164 - - [03/Sep/2026:12:17:28 +0000] "GET /vendor/laravel/framework/src/Illuminate/Routing/ViewController.php HTTP/1.1" 500 - "https://immovalet.com/vendor/laravel/framework/src/Illuminate/Routing/?C=S;O=A" "Mozilla/5.0 AppleWebKit/537.36 (KHTML, like Gecko; compatible; GPTBot/1.4; +https://openai.com/gptbot)"
57.141.4.61 - - [03/Sep/2026:12:17:32 +0000] "GET /vendor/botble/dev-tool/stubs/ HTTP/1.1" 200 1058 "-" "Mozilla/5.0 (Windows NT 10.0; Win64; x64) AppleWebKit/537.36 (KHTML, like Gecko) Chrome/145.0.0.0 Safari/537.36 (compatible; meta-externalagent/1.1 (+https://developers.facebook.com/docs/sharing/webmasters/crawler))"
74.7.242.43 - - [03/Sep/2026:12:17:40 +0000] "GET /vendor/intervention/image/src/Intervention/Image/Gd/Commands/SharpenCommand.php HTTP/1.1" 500 - "https://www.immovalet.techbala.com/vendor/intervention/image/src/Intervention/Image/Gd/Commands/?C=D;O=A" "Mozilla/5.0 AppleWebKit/537.36 (KHTML, like Gecko; compatible; GPTBot/1.4; +https://openai.com/gptbot)"
74.7.227.164 - - [03/Sep/2026:12:17:48 +0000] "GET /vendor/league/commonmark/src/Extension/TaskList/TaskListItemMarker.php HTTP/1.1" 500 - "https://immovalet.com/vendor/league/commonmark/src/Extension/TaskList/?C=N;O=D" "Mozilla/5.0 AppleWebKit/537.36 (KHTML, like Gecko; compatible; GPTBot/1.4; +https://openai.com/gptbot)"
57.141.4.72 - - [03/Sep/2026:12:17:48 +0000] "GET /vendor/fideloper/proxy/?C=N;O=A HTTP/1.1" 200 1392 "-" "Mozilla/5.0 (Windows NT 10.0; Win64; x64) AppleWebKit/537.36 (KHTML, like Gecko) Chrome/145.0.0.0 Safari/537.36 (compatible; meta-externalagent/1.1 (+https://developers.facebook.com/docs/sharing/webmasters/crawler))"
57.141.4.10 - - [03/Sep/2026:12:17:54 +0000] "GET /vendor/opis/?C=S;O=D HTTP/1.1" 200 830 "-" "Mozilla/5.0 (Windows NT 10.0; Win64; x64) AppleWebKit/537.36 (KHTML, like Gecko) Chrome/145.0.0.0 Safari/537.36 (compatible; meta-externalagent/1.1 (+https://developers.facebook.com/docs/sharing/webmasters/crawler))"
74.7.242.43 - - [03/Sep/2026:12:18:00 +0000] "GET /vendor/intervention/image/src/Intervention/Image/Gd/Commands/DestroyCommand.php HTTP/1.1" 500 - "https://www.immovalet.techbala.com/vendor/intervention/image/src/Intervention/Image/Gd/Commands/?C=D;O=A" "Mozilla/5.0 AppleWebKit/537.36 (KHTML, like Gecko; compatible; GPTBot/1.4; +https://openai.com/gptbot)"
57.141.4.35 - - [03/Sep/2026:12:18:01 +0000] "GET /vendor/sendgrid/ HTTP/1.1" 200 1023 "-" "Mozilla/5.0 (Windows NT 10.0; Win64; x64) AppleWebKit/537.36 (KHTML, like Gecko) Chrome/145.0.0.0 Safari/537.36 (compatible; meta-externalagent/1.1 (+https://developers.facebook.com/docs/sharing/webmasters/crawler))"
57.141.4.28 - - [03/Sep/2026:12:18:04 +0000] "GET /vendor/botble/shortcode/composer.json HTTP/1.1" 200 419 "-" "Mozilla/5.0 (Windows NT 10.0; Win64; x64) AppleWebKit/537.36 (KHTML, like Gecko) Chrome/145.0.0.0 Safari/537.36 (compatible; meta-externalagent/1.1 (+https://developers.facebook.com/docs/sharing/webmasters/crawler))"
74.7.227.164 - - [03/Sep/2026:12:18:08 +0000] "GET /vendor/league/commonmark/src/Extension/TaskList/TaskListItemMarkerParser.php HTTP/1.1" 500 - "https://immovalet.com/vendor/league/commonmark/src/Extension/TaskList/?C=N;O=D" "Mozilla/5.0 AppleWebKit/537.36 (KHTML, like Gecko; compatible; GPTBot/1.4; +https://openai.com/gptbot)"
57.141.4.35 - - [03/Sep/2026:12:18:09 +0000] "GET /vendor/botble/platform/js-validation/ HTTP/1.1" 200 1602 "-" "Mozilla/5.0 (Macintosh; Intel Mac OS X 10_15_7) AppleWebKit/537.36 (KHTML, like Gecko) Chrome/145.0.0.0 Safari/537.36 (compatible; meta-externalagent/1.1 (+https://developers.facebook.com/docs/sharing/webmasters/crawler))"
57.141.4.60 - - [03/Sep/2026:12:18:12 +0000] "GET /platform/plugins/ecommerce/?C=N;O=D HTTP/1.1" 200 2640 "-" "Mozilla/5.0 (Windows NT 10.0; Win64; x64) AppleWebKit/537.36 (KHTML, like Gecko) Chrome/145.0.0.0 Safari/537.36 (compatible; meta-externalagent/1.1 (+https://developers.facebook.com/docs/sharing/webmasters/crawler))"
57.141.4.16 - - [03/Sep/2026:12:18:14 +0000] "GET /platform/packages/?C=D;O=A HTTP/1.1" 200 2794 "-" "Mozilla/5.0 (Windows NT 10.0; Win64; x64) AppleWebKit/537.36 (KHTML, like Gecko) Chrome/145.0.0.0 Safari/537.36 (compatible; meta-externalagent/1.1 (+https://developers.facebook.com/docs/sharing/webmasters/crawler))"
57.141.4.67 - - [03/Sep/2026:12:18:15 +0000] "GET /platform/packages/sitemap/?C=D;O=A HTTP/1.1" 200 1574 "-" "Mozilla/5.0 (Windows NT 10.0; Win64; x64) AppleWebKit/537.36 (KHTML, like Gecko) Chrome/145.0.0.0 Safari/537.36 (compatible; meta-externalagent/1.1 (+https://developers.facebook.com/docs/sharing/webmasters/crawler))"
74.7.242.43 - - [03/Sep/2026:12:18:20 +0000] "GET /vendor/intervention/image/src/Intervention/Image/Gd/Commands/ResizeCanvasCommand.php HTTP/1.1" 500 - "https://www.immovalet.techbala.com/vendor/intervention/image/src/Intervention/Image/Gd/Commands/?C=D;O=A" "Mozilla/5.0 AppleWebKit/537.36 (KHTML, like Gecko; compatible; GPTBot/1.4; +https://openai.com/gptbot)"
74.7.227.164 - - [03/Sep/2026:12:18:28 +0000] "GET /vendor/league/commonmark/src/Extension/TaskList/TaskListItemMarkerRenderer.php HTTP/1.1" 500 - "https://immovalet.com/vendor/league/commonmark/src/Extension/TaskList/?C=N;O=D" "Mozilla/5.0 AppleWebKit/537.36 (KHTML, like Gecko; compatible; GPTBot/1.4; +https://openai.com/gptbot)"
74.7.242.43 - - [03/Sep/2026:12:18:40 +0000] "GET /vendor/intervention/image/src/Intervention/Image/Gd/Commands/PixelCommand.php HTTP/1.1" 500 - "https://www.immovalet.techbala.com/vendor/intervention/image/src/Intervention/Image/Gd/Commands/?C=D;O=A" "Mozilla/5.0 AppleWebKit/537.36 (KHTML, like Gecko; compatible; GPTBot/1.4; +https://openai.com/gptbot)"
74.7.227.164 - - [03/Sep/2026:12:18:48 +0000] "GET /vendor/laravel/framework/src/Illuminate/Routing/Pipeline.php HTTP/1.1" 500 - "https://immovalet.com/vendor/laravel/framework/src/Illuminate/Routing/?C=S;O=A" "Mozilla/5.0 AppleWebKit/537.36 (KHTML, like Gecko; compatible; GPTBot/1.4; +https://openai.com/gptbot)"
57.141.4.18 - - [03/Sep/2026:12:18:51 +0000] "GET /platform/plugins/testimonial/routes/?C=N;O=D HTTP/1.1" 200 899 "-" "Mozilla/5.0 (Macintosh; Intel Mac OS X 10_15_7) AppleWebKit/537.36 (KHTML, like Gecko) Chrome/145.0.0.0 Safari/537.36 (compatible; meta-externalagent/1.1 (+https://developers.facebook.com/docs/sharing/webmasters/crawler))"
57.141.4.49 - - [03/Sep/2026:12:18:52 +0000] "GET /vendor/rmccue/requests/CHANGELOG.md HTTP/1.1" 200 26319 "-" "Mozilla/5.0 (Macintosh; Intel Mac OS X 10_15_7) AppleWebKit/537.36 (KHTML, like Gecko) Chrome/145.0.0.0 Safari/537.36 (compatible; meta-externalagent/1.1 (+https://developers.facebook.com/docs/sharing/webmasters/crawler))"
57.141.4.1 - - [03/Sep/2026:12:18:58 +0000] "GET /vendor/egulias/?C=D;O=D HTTP/1.1" 200 844 "-" "Mozilla/5.0 (Windows NT 10.0; Win64; x64) AppleWebKit/537.36 (KHTML, like Gecko) Chrome/145.0.0.0 Safari/537.36 (compatible; meta-externalagent/1.1 (+https://developers.facebook.com/docs/sharing/webmasters/crawler))"
74.7.242.43 - - [03/Sep/2026:12:19:00 +0000] "GET /vendor/intervention/image/src/Intervention/Image/Gd/Commands/LimitColorsCommand.php HTTP/1.1" 500 - "https://www.immovalet.techbala.com/vendor/intervention/image/src/Intervention/Image/Gd/Commands/?C=D;O=A" "Mozilla/5.0 AppleWebKit/537.36 (KHTML, like Gecko; compatible; GPTBot/1.4; +https://openai.com/gptbot)"
57.141.4.35 - - [03/Sep/2026:12:19:09 +0000] "GET /platform/packages/page/database/?C=N;O=D HTTP/1.1" 200 889 "-" "Mozilla/5.0 (Windows NT 10.0; Win64; x64) AppleWebKit/537.36 (KHTML, like Gecko) Chrome/145.0.0.0 Safari/537.36 (compatible; meta-externalagent/1.1 (+https://developers.facebook.com/docs/sharing/webmasters/crawler))"
74.7.242.43 - - [03/Sep/2026:12:19:20 +0000] "GET /vendor/intervention/image/src/Intervention/Image/Gd/Commands/BrightnessCommand.php HTTP/1.1" 500 - "https://www.immovalet.techbala.com/vendor/intervention/image/src/Intervention/Image/Gd/Commands/?C=D;O=A" "Mozilla/5.0 AppleWebKit/537.36 (KHTML, like Gecko; compatible; GPTBot/1.4; +https://openai.com/gptbot)"
57.141.4.44 - - [03/Sep/2026:12:19:27 +0000] "GET /vendor/dragonmantank/cron-expression/?C=M;O=D HTTP/1.1" 200 1606 "-" "Mozilla/5.0 (Macintosh; Intel Mac OS X 10_15_7) AppleWebKit/537.36 (KHTML, like Gecko) Chrome/145.0.0.0 Safari/537.36 (compatible; meta-externalagent/1.1 (+https://developers.facebook.com/docs/sharing/webmasters/crawler))"
57.141.4.27 - - [03/Sep/2026:12:19:29 +0000] "GET /vendor/botble/platform/?C=N;O=D HTTP/1.1" 200 2795 "-" "Mozilla/5.0 (Windows NT 10.0; Win64; x64) AppleWebKit/537.36 (KHTML, like Gecko) Chrome/145.0.0.0 Safari/537.36 (compatible; meta-externalagent/1.1 (+https://developers.facebook.com/docs/sharing/webmasters/crawler))"
57.141.4.36 - - [03/Sep/2026:12:19:30 +0000] "GET /platform/core/acl/routes/?C=D;O=A HTTP/1.1" 200 866 "-" "Mozilla/5.0 (Windows NT 10.0; Win64; x64) AppleWebKit/537.36 (KHTML, like Gecko) Chrome/145.0.0.0 Safari/537.36 Edg/145.0.0.0 (compatible; meta-externalagent/1.1 (+https://developers.facebook.com/docs/sharing/webmasters/crawler))"
57.141.4.6 - - [03/Sep/2026:12:19:35 +0000] "GET /platform/plugins/blog/helpers/?C=D;O=A HTTP/1.1" 200 1065 "-" "Mozilla/5.0 (Macintosh; Intel Mac OS X 10_15_7) AppleWebKit/537.36 (KHTML, like Gecko) Chrome/145.0.0.0 Safari/537.36 (compatible; meta-externalagent/1.1 (+https://developers.facebook.com/docs/sharing/webmasters/crawler))"
74.7.242.43 - - [03/Sep/2026:12:19:40 +0000] "GET /vendor/intervention/image/src/Intervention/Image/Gd/Commands/HeightenCommand.php HTTP/1.1" 500 - "https://www.immovalet.techbala.com/vendor/intervention/image/src/Intervention/Image/Gd/Commands/?C=D;O=A" "Mozilla/5.0 AppleWebKit/537.36 (KHTML, like Gecko; compatible; GPTBot/1.4; +https://openai.com/gptbot)"
57.141.4.64 - - [03/Sep/2026:12:19:56 +0000] "GET /platform/plugins/mollie/routes/?C=N;O=D HTTP/1.1" 200 884 "-" "Mozilla/5.0 (Macintosh; Intel Mac OS X 10_15_7) AppleWebKit/537.36 (KHTML, like Gecko) Chrome/145.0.0.0 Safari/537.36 (compatible; meta-externalagent/1.1 (+https://developers.facebook.com/docs/sharing/webmasters/crawler))"
74.7.242.43 - - [03/Sep/2026:12:19:59 +0000] "GET /vendor/intervention/image/src/Intervention/Image/Gd/Commands/ContrastCommand.php HTTP/1.1" 500 - "https://www.immovalet.techbala.com/vendor/intervention/image/src/Intervention/Image/Gd/Commands/?C=D;O=A" "Mozilla/5.0 AppleWebKit/537.36 (KHTML, like Gecko; compatible; GPTBot/1.4; +https://openai.com/gptbot)"
74.7.227.164 - - [03/Sep/2026:12:20:08 +0000] "GET /vendor/laravel/framework/src/Illuminate/Routing/CompiledRouteCollection.php HTTP/1.1" 500 - "https://immovalet.com/vendor/laravel/framework/src/Illuminate/Routing/?C=S;O=A" "Mozilla/5.0 AppleWebKit/537.36 (KHTML, like Gecko; compatible; GPTBot/1.4; +https://openai.com/gptbot)"
57.141.4.3 - - [03/Sep/2026:12:20:09 +0000] "GET /vendor/myclabs/php-enum/SECURITY.md HTTP/1.1" 200 279 "-" "Mozilla/5.0 (Macintosh; Intel Mac OS X 10_15_7) AppleWebKit/537.36 (KHTML, like Gecko) Chrome/145.0.0.0 Safari/537.36 (compatible; meta-externalagent/1.1 (+https://developers.facebook.com/docs/sharing/webmasters/crawler))"
57.141.4.1 - - [03/Sep/2026:12:20:10 +0000] "GET /platform/plugins/analytics/resources/lang/en/ HTTP/1.1" 200 936 "-" "Mozilla/5.0 (Windows NT 10.0; Win64; x64) AppleWebKit/537.36 (KHTML, like Gecko) Chrome/145.0.0.0 Safari/537.36 (compatible; meta-externalagent/1.1 (+https://developers.facebook.com/docs/sharing/webmasters/crawler))"
74.7.242.43 - - [03/Sep/2026:12:20:20 +0000] "GET /vendor/intervention/image/src/Intervention/Image/Gd/Commands/InvertCommand.php HTTP/1.1" 500 - "https://www.immovalet.techbala.com/vendor/intervention/image/src/Intervention/Image/Gd/Commands/?C=D;O=A" "Mozilla/5.0 AppleWebKit/537.36 (KHTML, like Gecko; compatible; GPTBot/1.4; +https://openai.com/gptbot)"
74.7.227.164 - - [03/Sep/2026:12:20:28 +0000] "GET /vendor/laravel/framework/src/Illuminate/Routing/AbstractRouteCollection.php HTTP/1.1" 500 - "https://immovalet.com/vendor/laravel/framework/src/Illuminate/Routing/?C=S;O=A" "Mozilla/5.0 AppleWebKit/537.36 (KHTML, like Gecko; compatible; GPTBot/1.4; +https://openai.com/gptbot)"
74.7.242.43 - - [03/Sep/2026:12:20:39 +0000] "GET /vendor/intervention/image/src/Intervention/Image/Gd/Commands/GammaCommand.php HTTP/1.1" 500 - "https://www.immovalet.techbala.com/vendor/intervention/image/src/Intervention/Image/Gd/Commands/?C=D;O=A" "Mozilla/5.0 AppleWebKit/537.36 (KHTML, like Gecko; compatible; GPTBot/1.4; +https://openai.com/gptbot)"
74.7.242.43 - - [03/Sep/2026:12:21:00 +0000] "GET /vendor/intervention/image/src/Intervention/Image/Gd/Commands/InsertCommand.php HTTP/1.1" 500 - "https://www.immovalet.techbala.com/vendor/intervention/image/src/Intervention/Image/Gd/Commands/?C=D;O=A" "Mozilla/5.0 AppleWebKit/537.36 (KHTML, like Gecko; compatible; GPTBot/1.4; +https://openai.com/gptbot)"
74.7.227.164 - - [03/Sep/2026:12:21:08 +0000] "GET /vendor/laravel/framework/src/Illuminate/Routing/RouteCollection.php HTTP/1.1" 500 - "https://immovalet.com/vendor/laravel/framework/src/Illuminate/Routing/?C=S;O=A" "Mozilla/5.0 AppleWebKit/537.36 (KHTML, like Gecko; compatible; GPTBot/1.4; +https://openai.com/gptbot)"
57.141.4.35 - - [03/Sep/2026:12:21:11 +0000] "GET /platform/packages/revision/resources/assets/?C=M;O=A HTTP/1.1" 200 1092 "-" "Mozilla/5.0 (Macintosh; Intel Mac OS X 10_15_7) AppleWebKit/537.36 (KHTML, like Gecko) Chrome/145.0.0.0 Safari/537.36 (compatible; meta-externalagent/1.1 (+https://developers.facebook.com/docs/sharing/webmasters/crawler))"
57.141.4.63 - - [03/Sep/2026:12:21:13 +0000] "GET /vendor/aws/aws-sdk-php/src/MediaStoreData/ HTTP/1.1" 200 1107 "-" "Mozilla/5.0 (Macintosh; Intel Mac OS X 10_15_7) AppleWebKit/537.36 (KHTML, like Gecko) Chrome/145.0.0.0 Safari/537.36 (compatible; meta-externalagent/1.1 (+https://developers.facebook.com/docs/sharing/webmasters/crawler))"
74.7.242.43 - - [03/Sep/2026:12:21:19 +0000] "GET /vendor/intervention/image/src/Intervention/Image/Gd/Commands/WidenCommand.php HTTP/1.1" 500 - "https://www.immovalet.techbala.com/vendor/intervention/image/src/Intervention/Image/Gd/Commands/?C=D;O=A" "Mozilla/5.0 AppleWebKit/537.36 (KHTML, like Gecko; compatible; GPTBot/1.4; +https://openai.com/gptbot)"
74.7.227.164 - - [03/Sep/2026:12:21:28 +0000] "GET /vendor/laravel/framework/src/Illuminate/Routing/Router.php HTTP/1.1" 500 - "https://immovalet.com/vendor/laravel/framework/src/Illuminate/Routing/?C=S;O=A" "Mozilla/5.0 AppleWebKit/537.36 (KHTML, like Gecko; compatible; GPTBot/1.4; +https://openai.com/gptbot)"
74.7.242.43 - - [03/Sep/2026:12:21:40 +0000] "GET /vendor/intervention/image/src/Intervention/Image/Gd/Commands/CropCommand.php HTTP/1.1" 500 - "https://www.immovalet.techbala.com/vendor/intervention/image/src/Intervention/Image/Gd/Commands/?C=D;O=A" "Mozilla/5.0 AppleWebKit/537.36 (KHTML, like Gecko; compatible; GPTBot/1.4; +https://openai.com/gptbot)"
74.7.227.164 - - [03/Sep/2026:12:21:48 +0000] "GET /vendor/laravel/framework/src/Illuminate/Routing/Route.php HTTP/1.1" 500 - "https://immovalet.com/vendor/laravel/framework/src/Illuminate/Routing/?C=S;O=A" "Mozilla/5.0 AppleWebKit/537.36 (KHTML, like Gecko; compatible; GPTBot/1.4; +https://openai.com/gptbot)"
74.7.227.164 - - [03/Sep/2026:12:22:08 +0000] "GET /vendor/laravel/framework/src/Illuminate/Routing/?C=S;O=D HTTP/1.1" 200 8281 "https://immovalet.com/vendor/laravel/framework/src/Illuminate/Routing/?C=S;O=A" "Mozilla/5.0 AppleWebKit/537.36 (KHTML, like Gecko; compatible; GPTBot/1.4; +https://openai.com/gptbot)"
57.141.4.28 - - [03/Sep/2026:12:22:08 +0000] "GET /platform/plugins/paystack/?C=D;O=A HTTP/1.1" 200 2110 "-" "Mozilla/5.0 (Windows NT 10.0; Win64; x64) AppleWebKit/537.36 (KHTML, like Gecko) Chrome/145.0.0.0 Safari/537.36 (compatible; meta-externalagent/1.1 (+https://developers.facebook.com/docs/sharing/webmasters/crawler))"
57.141.4.10 - - [03/Sep/2026:12:22:26 +0000] "GET /vendor/vlucas/phpdotenv/src/Loader/?C=S;O=A HTTP/1.1" 200 1266 "-" "Mozilla/5.0 (Macintosh; Intel Mac OS X 10_15_7) AppleWebKit/537.36 (KHTML, like Gecko) Chrome/145.0.0.0 Safari/537.36 (compatible; meta-externalagent/1.1 (+https://developers.facebook.com/docs/sharing/webmasters/crawler))"
57.141.4.47 - - [03/Sep/2026:12:22:30 +0000] "GET /vendor/symfony/routing/?C=M;O=D HTTP/1.1" 200 4176 "-" "Mozilla/5.0 (Windows NT 10.0; Win64; x64) AppleWebKit/537.36 (KHTML, like Gecko) Chrome/145.0.0.0 Safari/537.36 (compatible; meta-externalagent/1.1 (+https://developers.facebook.com/docs/sharing/webmasters/crawler))"
57.141.4.7 - - [03/Sep/2026:12:22:44 +0000] "GET /vendor/aws/aws-sdk-php/src/SSMIncidents/?C=D;O=A HTTP/1.1" 200 1098 "-" "Mozilla/5.0 (X11; Linux x86_64) AppleWebKit/537.36 (KHTML, like Gecko) Chrome/145.0.0.0 Safari/537.36 (compatible; meta-externalagent/1.1 (+https://developers.facebook.com/docs/sharing/webmasters/crawler))"
74.7.227.164 - - [03/Sep/2026:12:22:44 +0000] "GET /vendor/laravel/framework/src/Illuminate/Routing/?C=N;O=A HTTP/1.1" 200 8281 "https://immovalet.com/vendor/laravel/framework/src/Illuminate/Routing/?C=S;O=A" "Mozilla/5.0 AppleWebKit/537.36 (KHTML, like Gecko; compatible; GPTBot/1.4; +https://openai.com/gptbot)"
74.7.227.164 - - [03/Sep/2026:12:22:57 +0000] "GET /vendor/league/commonmark/src/Extension/Autolink/?C=S;O=A HTTP/1.1" 200 1530 "https://immovalet.com/vendor/league/commonmark/src/Extension/Autolink/" "Mozilla/5.0 AppleWebKit/537.36 (KHTML, like Gecko; compatible; GPTBot/1.4; +https://openai.com/gptbot)"
34.101.250.235 - - [03/Sep/2026:12:22:59 +0000] "GET / HTTP/1.1" 200 6708 "-" "Mozilla/5.0 (X11; Linux x86_64) AppleWebKit/537.36 (KHTML, like Gecko) Chrome/124.0 Safari/537.36"
74.7.227.164 - - [03/Sep/2026:12:23:07 +0000] "GET /vendor/laravel/framework/src/Illuminate/Routing/?C=D;O=A HTTP/1.1" 200 8281 "https://immovalet.com/vendor/laravel/framework/src/Illuminate/Routing/" "Mozilla/5.0 AppleWebKit/537.36 (KHTML, like Gecko; compatible; GPTBot/1.4; +https://openai.com/gptbot)"
57.141.4.19 - - [03/Sep/2026:12:23:10 +0000] "GET /platform/plugins/contact/config/ HTTP/1.1" 200 1072 "-" "Mozilla/5.0 (Macintosh; Intel Mac OS X 10_15_7) AppleWebKit/537.36 (KHTML, like Gecko) Chrome/145.0.0.0 Safari/537.36 (compatible; meta-externalagent/1.1 (+https://developers.facebook.com/docs/sharing/webmasters/crawler))"
57.141.4.72 - - [03/Sep/2026:12:23:12 +0000] "GET /vendor/ralouphie/?C=N;O=D HTTP/1.1" 200 846 "-" "Mozilla/5.0 (Windows NT 10.0; Win64; x64) AppleWebKit/537.36 (KHTML, like Gecko) Chrome/145.0.0.0 Safari/537.36 (compatible; meta-externalagent/1.1 (+https://developers.facebook.com/docs/sharing/webmasters/crawler))"
57.141.4.50 - - [03/Sep/2026:12:23:14 +0000] "GET /vendor/yajra/laravel-datatables-html/src/Html/ HTTP/1.1" 200 3291 "-" "Mozilla/5.0 (Windows NT 10.0; Win64; x64) AppleWebKit/537.36 (KHTML, like Gecko) Chrome/145.0.0.0 Safari/537.36 (compatible; meta-externalagent/1.1 (+https://developers.facebook.com/docs/sharing/webmasters/crawler))"
74.7.227.164 - - [03/Sep/2026:12:23:21 +0000] "GET /vendor/laravel/framework/src/Illuminate/Pipeline/?C=N;O=D HTTP/1.1" 200 1673 "https://immovalet.com/vendor/laravel/framework/src/Illuminate/Pipeline/" "Mozilla/5.0 AppleWebKit/537.36 (KHTML, like Gecko; compatible; GPTBot/1.4; +https://openai.com/gptbot)"
57.141.4.5 - - [03/Sep/2026:12:23:23 +0000] "GET /vendor/webmozart/assert/LICENSE HTTP/1.1" 200 1084 "-" "Mozilla/5.0 (Windows NT 10.0; Win64; x64) AppleWebKit/537.36 (KHTML, like Gecko) Chrome/145.0.0.0 Safari/537.36 (compatible; meta-externalagent/1.1 (+https://developers.facebook.com/docs/sharing/webmasters/crawler))"
74.7.227.164 - - [03/Sep/2026:12:23:34 +0000] "GET /vendor/league/commonmark/src/Extension/Autolink/?C=N;O=D HTTP/1.1" 200 1530 "https://immovalet.com/vendor/league/commonmark/src/Extension/Autolink/" "Mozilla/5.0 AppleWebKit/537.36 (KHTML, like Gecko; compatible; GPTBot/1.4; +https://openai.com/gptbot)"
74.7.227.164 - - [03/Sep/2026:12:23:39 +0000] "GET /vendor/league/commonmark/src/Extension/Autolink/?C=M;O=A HTTP/1.1" 200 1530 "https://immovalet.com/vendor/league/commonmark/src/Extension/Autolink/" "Mozilla/5.0 AppleWebKit/537.36 (KHTML, like Gecko; compatible; GPTBot/1.4; +https://openai.com/gptbot)"
74.7.227.164 - - [03/Sep/2026:12:23:41 +0000] "GET /vendor/laravel/framework/src/Illuminate/Pipeline/?C=S;O=D HTTP/1.1" 200 1673 "https://immovalet.com/vendor/laravel/framework/src/Illuminate/Pipeline/?C=S;O=A" "Mozilla/5.0 AppleWebKit/537.36 (KHTML, like Gecko; compatible; GPTBot/1.4; +https://openai.com/gptbot)"
74.7.227.164 - - [03/Sep/2026:12:23:48 +0000] "GET /vendor/laravel/framework/src/Illuminate/Pipeline/PipelineServiceProvider.php HTTP/1.1" 500 - "https://immovalet.com/vendor/laravel/framework/src/Illuminate/Pipeline/?C=N;O=D" "Mozilla/5.0 AppleWebKit/537.36 (KHTML, like Gecko; compatible; GPTBot/1.4; +https://openai.com/gptbot)"
74.7.227.164 - - [03/Sep/2026:12:23:49 +0000] "GET /vendor/league/commonmark/src/Extension/Autolink/AutolinkExtension.php HTTP/1.1" 500 - "https://immovalet.com/vendor/league/commonmark/src/Extension/Autolink/?C=N;O=D" "Mozilla/5.0 AppleWebKit/537.36 (KHTML, like Gecko; compatible; GPTBot/1.4; +https://openai.com/gptbot)"
74.7.227.164 - - [03/Sep/2026:12:23:52 +0000] "GET /vendor/league/commonmark/src/Extension/Autolink/InlineMentionParser.php HTTP/1.1" 500 - "https://immovalet.com/vendor/league/commonmark/src/Extension/Autolink/?C=N;O=D" "Mozilla/5.0 AppleWebKit/537.36 (KHTML, like Gecko; compatible; GPTBot/1.4; +https://openai.com/gptbot)"
57.141.4.26 - - [03/Sep/2026:12:24:13 +0000] "GET /vendor/botble/theme/?C=N;O=D HTTP/1.1" 200 2268 "-" "Mozilla/5.0 (Macintosh; Intel Mac OS X 10_15_7) AppleWebKit/537.36 (KHTML, like Gecko) Chrome/145.0.0.0 Safari/537.36 (compatible; meta-externalagent/1.1 (+https://developers.facebook.com/docs/sharing/webmasters/crawler))"
57.141.4.70 - - [03/Sep/2026:12:24:14 +0000] "GET /platform/packages/?C=S;O=A HTTP/1.1" 200 2794 "-" "Mozilla/5.0 (Windows NT 10.0; Win64; x64) AppleWebKit/537.36 (KHTML, like Gecko) Chrome/145.0.0.0 Safari/537.36 (compatible; meta-externalagent/1.1 (+https://developers.facebook.com/docs/sharing/webmasters/crawler))"
57.141.4.55 - - [03/Sep/2026:12:24:24 +0000] "GET /vendor/starkbank/ecdsa/tests/ HTTP/1.1" 200 1606 "-" "Mozilla/5.0 (Windows NT 10.0; Win64; x64) AppleWebKit/537.36 (KHTML, like Gecko) Chrome/145.0.0.0 Safari/537.36 (compatible; meta-externalagent/1.1 (+https://developers.facebook.com/docs/sharing/webmasters/crawler))"
74.7.227.164 - - [03/Sep/2026:12:24:27 +0000] "GET /vendor/laravel/framework/src/Illuminate/Pipeline/Hub.php HTTP/1.1" 500 - "https://immovalet.com/vendor/laravel/framework/src/Illuminate/Pipeline/?C=N;O=D" "Mozilla/5.0 AppleWebKit/537.36 (KHTML, like Gecko; compatible; GPTBot/1.4; +https://openai.com/gptbot)"
57.141.4.73 - - [03/Sep/2026:12:24:51 +0000] "GET /vendor/aws/aws-sdk-php/src/Rds/?C=N;O=D HTTP/1.1" 200 1261 "-" "Mozilla/5.0 (Macintosh; Intel Mac OS X 10_15_7) AppleWebKit/537.36 (KHTML, like Gecko) Chrome/145.0.0.0 Safari/537.36 (compatible; meta-externalagent/1.1 (+https://developers.facebook.com/docs/sharing/webmasters/crawler))"
74.7.227.164 - - [03/Sep/2026:12:25:07 +0000] "GET /vendor/league/commonmark/src/Extension/Autolink/?C=N;O=A HTTP/1.1" 200 1530 "https://immovalet.com/vendor/league/commonmark/src/Extension/Autolink/?C=N;O=D" "Mozilla/5.0 AppleWebKit/537.36 (KHTML, like Gecko; compatible; GPTBot/1.4; +https://openai.com/gptbot)"
57.141.4.35 - - [03/Sep/2026:12:25:35 +0000] "GET /vendor/rmccue/requests/?C=M;O=A HTTP/1.1" 200 1579 "-" "Mozilla/5.0 (Macintosh; Intel Mac OS X 10_15_7) AppleWebKit/537.36 (KHTML, like Gecko) Chrome/145.0.0.0 Safari/537.36 (compatible; meta-externalagent/1.1 (+https://developers.facebook.com/docs/sharing/webmasters/crawler))"
74.7.227.164 - - [03/Sep/2026:12:25:43 +0000] "GET /vendor/league/commonmark/src/Extension/TaskList/?C=S;O=A HTTP/1.1" 200 1537 "https://immovalet.com/vendor/league/commonmark/src/Extension/TaskList/" "Mozilla/5.0 AppleWebKit/537.36 (KHTML, like Gecko; compatible; GPTBot/1.4; +https://openai.com/gptbot)"
57.141.4.66 - - [03/Sep/2026:12:25:48 +0000] "GET /resources/lang/en/?C=M;O=D HTTP/1.1" 200 1395 "-" "Mozilla/5.0 (Macintosh; Intel Mac OS X 10_15_7) AppleWebKit/537.36 (KHTML, like Gecko) Chrome/145.0.0.0 Safari/537.36 (compatible; meta-externalagent/1.1 (+https://developers.facebook.com/docs/sharing/webmasters/crawler))"
74.7.227.164 - - [03/Sep/2026:12:26:06 +0000] "GET /vendor/league/commonmark/src/Extension/TaskList/?C=N;O=A HTTP/1.1" 200 1537 "https://immovalet.com/vendor/league/commonmark/src/Extension/TaskList/?C=N;O=D" "Mozilla/5.0 AppleWebKit/537.36 (KHTML, like Gecko; compatible; GPTBot/1.4; +https://openai.com/gptbot)"
57.141.4.7 - - [03/Sep/2026:12:26:08 +0000] "GET /vendor/opis/?C=N;O=A HTTP/1.1" 200 830 "-" "Mozilla/5.0 (Windows NT 10.0; Win64; x64) AppleWebKit/537.36 (KHTML, like Gecko) Chrome/145.0.0.0 Safari/537.36 (compatible; meta-externalagent/1.1 (+https://developers.facebook.com/docs/sharing/webmasters/crawler))"
74.7.227.164 - - [03/Sep/2026:12:26:21 +0000] "GET /vendor/laravel/framework/src/Illuminate/Support/?C=S;O=A HTTP/1.1" 200 5689 "https://immovalet.com/vendor/laravel/framework/src/Illuminate/Support/" "Mozilla/5.0 AppleWebKit/537.36 (KHTML, like Gecko; compatible; GPTBot/1.4; +https://openai.com/gptbot)"
74.7.227.164 - - [03/Sep/2026:12:26:26 +0000] "GET /vendor/laravel/framework/src/Illuminate/Session/?C=N;O=D HTTP/1.1" 200 3776 "https://immovalet.com/vendor/laravel/framework/src/Illuminate/Session/" "Mozilla/5.0 AppleWebKit/537.36 (KHTML, like Gecko; compatible; GPTBot/1.4; +https://openai.com/gptbot)"
57.141.4.8 - - [03/Sep/2026:12:26:26 +0000] "GET /storage/framework/views/93c47fb1e52ea868a36f731b5f8140acf69109b2.php HTTP/1.1" 200 121 "-" "Mozilla/5.0 (Windows NT 10.0; Win64; x64) AppleWebKit/537.36 (KHTML, like Gecko) Chrome/145.0.0.0 Safari/537.36 (compatible; meta-externalagent/1.1 (+https://developers.facebook.com/docs/sharing/webmasters/crawler))"
74.7.227.164 - - [03/Sep/2026:12:26:38 +0000] "GET /vendor/laravel/framework/src/Illuminate/Testing/?C=N;O=D HTTP/1.1" 200 3547 "https://immovalet.com/vendor/laravel/framework/src/Illuminate/Testing/" "Mozilla/5.0 AppleWebKit/537.36 (KHTML, like Gecko; compatible; GPTBot/1.4; +https://openai.com/gptbot)"
57.141.4.35 - - [03/Sep/2026:12:26:40 +0000] "GET /platform/plugins/simple-slider/src/ HTTP/1.1" 200 1958 "-" "Mozilla/5.0 (Windows NT 10.0; Win64; x64) AppleWebKit/537.36 (KHTML, like Gecko) Chrome/145.0.0.0 Safari/537.36 (compatible; meta-externalagent/1.1 (+https://developers.facebook.com/docs/sharing/webmasters/crawler))"
74.7.227.164 - - [03/Sep/2026:12:26:41 +0000] "GET /vendor/league/commonmark/src/Extension/TaskList/?C=S;O=D HTTP/1.1" 200 1537 "https://immovalet.com/vendor/league/commonmark/src/Extension/TaskList/?C=S;O=A" "Mozilla/5.0 AppleWebKit/537.36 (KHTML, like Gecko; compatible; GPTBot/1.4; +https://openai.com/gptbot)"
74.7.227.164 - - [03/Sep/2026:12:26:42 +0000] "GET /vendor/laravel/framework/src/Illuminate/Testing/?C=S;O=A HTTP/1.1" 200 3547 "https://immovalet.com/vendor/laravel/framework/src/Illuminate/Testing/" "Mozilla/5.0 AppleWebKit/537.36 (KHTML, like Gecko; compatible; GPTBot/1.4; +https://openai.com/gptbot)"
74.7.227.164 - - [03/Sep/2026:12:26:43 +0000] "GET /vendor/laravel/framework/src/Illuminate/Routing/?C=N;O=D HTTP/1.1" 200 8281 "https://immovalet.com/vendor/laravel/framework/src/Illuminate/Routing/" "Mozilla/5.0 AppleWebKit/537.36 (KHTML, like Gecko; compatible; GPTBot/1.4; +https://openai.com/gptbot)"
74.7.227.164 - - [03/Sep/2026:12:26:44 +0000] "GET /vendor/league/commonmark/src/Extension/TaskList/?C=M;O=A HTTP/1.1" 200 1537 "https://immovalet.com/vendor/league/commonmark/src/Extension/TaskList/" "Mozilla/5.0 AppleWebKit/537.36 (KHTML, like Gecko; compatible; GPTBot/1.4; +https://openai.com/gptbot)"
74.7.227.164 - - [03/Sep/2026:12:26:45 +0000] "GET /vendor/laravel/framework/src/Illuminate/Session/SessionServiceProvider.php HTTP/1.1" 500 - "https://immovalet.com/vendor/laravel/framework/src/Illuminate/Session/?C=N;O=D" "Mozilla/5.0 AppleWebKit/537.36 (KHTML, like Gecko; compatible; GPTBot/1.4; +https://openai.com/gptbot)"
74.7.227.164 - - [03/Sep/2026:12:26:45 +0000] "GET /vendor/laravel/framework/src/Illuminate/Session/SessionManager.php HTTP/1.1" 500 - "https://immovalet.com/vendor/laravel/framework/src/Illuminate/Session/?C=N;O=D" "Mozilla/5.0 AppleWebKit/537.36 (KHTML, like Gecko; compatible; GPTBot/1.4; +https://openai.com/gptbot)"
74.7.227.164 - - [03/Sep/2026:12:26:47 +0000] "GET /vendor/laravel/framework/src/Illuminate/Session/DatabaseSessionHandler.php HTTP/1.1" 500 - "https://immovalet.com/vendor/laravel/framework/src/Illuminate/Session/?C=N;O=D" "Mozilla/5.0 AppleWebKit/537.36 (KHTML, like Gecko; compatible; GPTBot/1.4; +https://openai.com/gptbot)"
74.7.227.164 - - [03/Sep/2026:12:26:49 +0000] "GET /vendor/laravel/framework/src/Illuminate/Session/CookieSessionHandler.php HTTP/1.1" 500 - "https://immovalet.com/vendor/laravel/framework/src/Illuminate/Session/?C=N;O=D" "Mozilla/5.0 AppleWebKit/537.36 (KHTML, like Gecko; compatible; GPTBot/1.4; +https://openai.com/gptbot)"
74.7.227.164 - - [03/Sep/2026:12:26:51 +0000] "GET /vendor/laravel/framework/src/Illuminate/Session/ArraySessionHandler.php HTTP/1.1" 500 - "https://immovalet.com/vendor/laravel/framework/src/Illuminate/Session/?C=N;O=D" "Mozilla/5.0 AppleWebKit/537.36 (KHTML, like Gecko; compatible; GPTBot/1.4; +https://openai.com/gptbot)"
74.7.227.164 - - [03/Sep/2026:12:26:55 +0000] "GET /vendor/laravel/framework/src/Illuminate/Testing/TestResponse.php HTTP/1.1" 500 - "https://immovalet.com/vendor/laravel/framework/src/Illuminate/Testing/?C=N;O=D" "Mozilla/5.0 AppleWebKit/537.36 (KHTML, like Gecko; compatible; GPTBot/1.4; +https://openai.com/gptbot)"
74.7.227.164 - - [03/Sep/2026:12:27:01 +0000] "GET /vendor/laravel/framework/src/Illuminate/Testing/ParallelTestingServiceProvider.php HTTP/1.1" 500 - "https://immovalet.com/vendor/laravel/framework/src/Illuminate/Testing/?C=N;O=D" "Mozilla/5.0 AppleWebKit/537.36 (KHTML, like Gecko; compatible; GPTBot/1.4; +https://openai.com/gptbot)"
57.141.4.21 - - [03/Sep/2026:12:27:06 +0000] "GET /resources/lang/vendor/core/ HTTP/1.1" 200 1746 "-" "Mozilla/5.0 (Windows NT 10.0; Win64; x64) AppleWebKit/537.36 (KHTML, like Gecko) Chrome/145.0.0.0 Safari/537.36 (compatible; meta-externalagent/1.1 (+https://developers.facebook.com/docs/sharing/webmasters/crawler))"
74.7.227.164 - - [03/Sep/2026:12:27:09 +0000] "GET /vendor/laravel/framework/src/Illuminate/Testing/ParallelConsoleOutput.php HTTP/1.1" 500 - "https://immovalet.com/vendor/laravel/framework/src/Illuminate/Testing/?C=N;O=D" "Mozilla/5.0 AppleWebKit/537.36 (KHTML, like Gecko; compatible; GPTBot/1.4; +https://openai.com/gptbot)"
57.141.4.48 - - [03/Sep/2026:12:27:11 +0000] "GET /vendor/wikimedia/composer-merge-plugin/?C=N;O=A HTTP/1.1" 200 1246 "-" "Mozilla/5.0 (X11; Linux x86_64) AppleWebKit/537.36 (KHTML, like Gecko) Chrome/145.0.0.0 Safari/537.36 (compatible; meta-externalagent/1.1 (+https://developers.facebook.com/docs/sharing/webmasters/crawler))"
57.141.4.30 - - [03/Sep/2026:12:27:14 +0000] "GET /platform/core/acl/public/?C=M;O=D HTTP/1.1" 200 1209 "-" "Mozilla/5.0 (Macintosh; Intel Mac OS X 10_15_7) AppleWebKit/537.36 (KHTML, like Gecko) Chrome/145.0.0.0 Safari/537.36 (compatible; meta-externalagent/1.1 (+https://developers.facebook.com/docs/sharing/webmasters/crawler))"
57.141.4.63 - - [03/Sep/2026:12:27:25 +0000] "GET /vendor/vlucas/phpdotenv/src/Util/?C=S;O=A HTTP/1.1" 200 1069 "-" "Mozilla/5.0 (Windows NT 10.0; Win64; x64) AppleWebKit/537.36 (KHTML, like Gecko) Chrome/145.0.0.0 Safari/537.36 (compatible; meta-externalagent/1.1 (+https://developers.facebook.com/docs/sharing/webmasters/crawler))"
57.141.4.4 - - [03/Sep/2026:12:27:39 +0000] "GET /vendor/aws/aws-sdk-php/src/CodePipeline/CodePipelineClient.php HTTP/1.1" 500 - "-" "Mozilla/5.0 (Macintosh; Intel Mac OS X 10_15_7) AppleWebKit/537.36 (KHTML, like Gecko) Chrome/145.0.0.0 Safari/537.36 (compatible; meta-externalagent/1.1 (+https://developers.facebook.com/docs/sharing/webmasters/crawler))"
74.7.227.164 - - [03/Sep/2026:12:27:41 +0000] "GET /vendor/laravel/framework/src/Illuminate/Session/EncryptedStore.php HTTP/1.1" 500 - "https://immovalet.com/vendor/laravel/framework/src/Illuminate/Session/?C=N;O=D" "Mozilla/5.0 AppleWebKit/537.36 (KHTML, like Gecko; compatible; GPTBot/1.4; +https://openai.com/gptbot)"
57.141.4.51 - - [03/Sep/2026:12:27:49 +0000] "GET /resources/lang/vi/passwords.php HTTP/1.1" 200 - "-" "Mozilla/5.0 (Windows NT 10.0; Win64; x64) AppleWebKit/537.36 (KHTML, like Gecko) Chrome/145.0.0.0 Safari/537.36 Edg/145.0.0.0 (compatible; meta-externalagent/1.1 (+https://developers.facebook.com/docs/sharing/webmasters/crawler))"
57.141.4.35 - - [03/Sep/2026:12:27:50 +0000] "GET /resources/lang/vi/pagination.php HTTP/1.1" 200 - "-" "Mozilla/5.0 (Windows NT 10.0; Win64; x64) AppleWebKit/537.36 (KHTML, like Gecko) Chrome/145.0.0.0 Safari/537.36 (compatible; meta-externalagent/1.1 (+https://developers.facebook.com/docs/sharing/webmasters/crawler))"
57.141.4.35 - - [03/Sep/2026:12:27:59 +0000] "GET /platform/plugins/analytics/config/?C=M;O=A HTTP/1.1" 200 1080 "-" "Mozilla/5.0 (X11; Linux x86_64) AppleWebKit/537.36 (KHTML, like Gecko) Chrome/145.0.0.0 Safari/537.36 (compatible; meta-externalagent/1.1 (+https://developers.facebook.com/docs/sharing/webmasters/crawler))"
