57.141.4.17 - - [03/Sep/2026:14:19:48 +0000] "GET /vendor/dompdf/dompdf/src/Css/?C=M;O=A HTTP/1.1" 200 1433 "-" "Mozilla/5.0 (Windows NT 10.0; Win64; x64) AppleWebKit/537.36 (KHTML, like Gecko) Chrome/145.0.0.0 Safari/537.36 (compatible; meta-externalagent/1.1 (+https://developers.facebook.com/docs/sharing/webmasters/crawler))"
57.141.4.46 - - [03/Sep/2026:14:19:51 +0000] "GET /vendor/starkbank/ecdsa/composer.json HTTP/1.1" 200 603 "-" "Mozilla/5.0 (Macintosh; Intel Mac OS X 10_15_7) AppleWebKit/537.36 (KHTML, like Gecko) Chrome/145.0.0.0 Safari/537.36 (compatible; meta-externalagent/1.1 (+https://developers.facebook.com/docs/sharing/webmasters/crawler))"
57.141.4.59 - - [03/Sep/2026:14:19:52 +0000] "GET /vendor/doctrine/lexer/LICENSE HTTP/1.1" 200 1065 "-" "Mozilla/5.0 (Macintosh; Intel Mac OS X 10_15_7) AppleWebKit/537.36 (KHTML, like Gecko) Chrome/145.0.0.0 Safari/537.36 (compatible; meta-externalagent/1.1 (+https://developers.facebook.com/docs/sharing/webmasters/crawler))"
57.141.4.44 - - [03/Sep/2026:14:20:03 +0000] "GET /vendor/symfony/polyfill-mbstring/?C=S;O=A HTTP/1.1" 200 1782 "-" "Mozilla/5.0 (Windows NT 10.0; Win64; x64) AppleWebKit/537.36 (KHTML, like Gecko) Chrome/145.0.0.0 Safari/537.36 (compatible; meta-externalagent/1.1 (+https://developers.facebook.com/docs/sharing/webmasters/crawler))"
74.7.227.164 - - [03/Sep/2026:14:20:44 +0000] "GET /platform/core/base/src/Events/?C=D;O=A HTTP/1.1" 200 1838 "https://immovalet.com/platform/core/base/src/Events/" "Mozilla/5.0 AppleWebKit/537.36 (KHTML, like Gecko; compatible; GPTBot/1.4; +https://openai.com/gptbot)"
74.7.227.164 - - [03/Sep/2026:14:21:09 +0000] "GET /platform/core/base/src/Events/?C=N;O=D HTTP/1.1" 200 1838 "https://immovalet.com/platform/core/base/src/Events/" "Mozilla/5.0 AppleWebKit/537.36 (KHTML, like Gecko; compatible; GPTBot/1.4; +https://openai.com/gptbot)"
57.141.4.63 - - [03/Sep/2026:14:21:14 +0000] "GET /platform/packages/seo-helper/src/?C=M;O=A HTTP/1.1" 200 2860 "-" "Mozilla/5.0 (Macintosh; Intel Mac OS X 10_15_7) AppleWebKit/537.36 (KHTML, like Gecko) Chrome/145.0.0.0 Safari/537.36 (compatible; meta-externalagent/1.1 (+https://developers.facebook.com/docs/sharing/webmasters/crawler))"
57.141.4.5 - - [03/Sep/2026:14:21:14 +0000] "GET /vendor/botble/shortcode/helpers/ HTTP/1.1" 200 1070 "-" "Mozilla/5.0 (Windows NT 10.0; Win64; x64) AppleWebKit/537.36 (KHTML, like Gecko) Chrome/145.0.0.0 Safari/537.36 (compatible; meta-externalagent/1.1 (+https://developers.facebook.com/docs/sharing/webmasters/crawler))"
74.7.227.164 - - [03/Sep/2026:14:21:18 +0000] "GET /platform/core/base/src/Events/?C=N;O=A HTTP/1.1" 200 1838 "https://immovalet.com/platform/core/base/src/Events/?C=S;O=A" "Mozilla/5.0 AppleWebKit/537.36 (KHTML, like Gecko; compatible; GPTBot/1.4; +https://openai.com/gptbot)"
74.7.227.164 - - [03/Sep/2026:14:21:22 +0000] "GET /vendor/doctrine/dbal/src/Query/?C=N;O=D HTTP/1.1" 200 1259 "https://immovalet.com/vendor/doctrine/dbal/src/Query/" "Mozilla/5.0 AppleWebKit/537.36 (KHTML, like Gecko; compatible; GPTBot/1.4; +https://openai.com/gptbot)"
57.141.4.36 - - [03/Sep/2026:14:21:25 +0000] "GET /vendor/stripe/stripe-php/lib/StripeClient.php HTTP/1.1" 500 - "-" "Mozilla/5.0 (Windows NT 10.0; Win64; x64) AppleWebKit/537.36 (KHTML, like Gecko) Chrome/145.0.0.0 Safari/537.36 (compatible; meta-externalagent/1.1 (+https://developers.facebook.com/docs/sharing/webmasters/crawler))"
74.7.227.164 - - [03/Sep/2026:14:21:28 +0000] "GET /vendor/botble/platform/acl/src/?C=D;O=A HTTP/1.1" 200 3006 "https://immovalet.com/vendor/botble/platform/acl/src/" "Mozilla/5.0 AppleWebKit/537.36 (KHTML, like Gecko; compatible; GPTBot/1.4; +https://openai.com/gptbot)"
57.141.4.28 - - [03/Sep/2026:14:21:34 +0000] "GET /vendor/aws/aws-sdk-php/src/SSOAdmin/?C=M;O=A HTTP/1.1" 200 1086 "-" "Mozilla/5.0 (Windows NT 10.0; Win64; x64) AppleWebKit/537.36 (KHTML, like Gecko) Chrome/145.0.0.0 Safari/537.36 (compatible; meta-externalagent/1.1 (+https://developers.facebook.com/docs/sharing/webmasters/crawler))"
57.141.4.53 - - [03/Sep/2026:14:21:36 +0000] "GET /vendor/doctrine/cache/?C=N;O=D HTTP/1.1" 200 1576 "-" "Mozilla/5.0 (Windows NT 10.0; Win64; x64) AppleWebKit/537.36 (KHTML, like Gecko) Chrome/145.0.0.0 Safari/537.36 (compatible; meta-externalagent/1.1 (+https://developers.facebook.com/docs/sharing/webmasters/crawler))"
57.141.4.57 - - [03/Sep/2026:14:21:59 +0000] "GET /vendor/barryvdh/laravel-dompdf/?C=N;O=D HTTP/1.1" 200 1406 "-" "Mozilla/5.0 (Windows NT 10.0; Win64; x64) AppleWebKit/537.36 (KHTML, like Gecko) Chrome/145.0.0.0 Safari/537.36 (compatible; meta-externalagent/1.1 (+https://developers.facebook.com/docs/sharing/webmasters/crawler))"
74.7.227.164 - - [03/Sep/2026:14:21:59 +0000] "GET /vendor/botble/widget/src/Misc/?C=S;O=D HTTP/1.1" 200 1301 "https://immovalet.com/vendor/botble/widget/src/Misc/?C=S;O=A" "Mozilla/5.0 AppleWebKit/537.36 (KHTML, like Gecko; compatible; GPTBot/1.4; +https://openai.com/gptbot)"
57.141.4.27 - - [03/Sep/2026:14:22:01 +0000] "GET /vendor/vlucas/phpdotenv/src/Util/?C=M;O=A HTTP/1.1" 200 1069 "-" "Mozilla/5.0 (Windows NT 10.0; Win64; x64) AppleWebKit/537.36 (KHTML, like Gecko) Chrome/145.0.0.0 Safari/537.36 Edg/145.0.0.0 (compatible; meta-externalagent/1.1 (+https://developers.facebook.com/docs/sharing/webmasters/crawler))"
57.141.4.36 - - [03/Sep/2026:14:22:07 +0000] "GET /vendor/stripe/stripe-php/lib/StripeStreamingClientInterface.php HTTP/1.1" 500 - "-" "Mozilla/5.0 (Windows NT 10.0; Win64; x64) AppleWebKit/537.36 (KHTML, like Gecko) Chrome/145.0.0.0 Safari/537.36 (compatible; meta-externalagent/1.1 (+https://developers.facebook.com/docs/sharing/webmasters/crawler))"
74.7.227.164 - - [03/Sep/2026:14:22:15 +0000] "GET /vendor/botble/widget/src/Http/?C=S;O=A HTTP/1.1" 200 1065 "https://immovalet.com/vendor/botble/widget/src/Http/" "Mozilla/5.0 AppleWebKit/537.36 (KHTML, like Gecko; compatible; GPTBot/1.4; +https://openai.com/gptbot)"
74.7.227.164 - - [03/Sep/2026:14:22:17 +0000] "GET /vendor/botble/widget/src/Http/?C=M;O=A HTTP/1.1" 200 1065 "https://immovalet.com/vendor/botble/widget/src/Http/" "Mozilla/5.0 AppleWebKit/537.36 (KHTML, like Gecko; compatible; GPTBot/1.4; +https://openai.com/gptbot)"
74.7.227.164 - - [03/Sep/2026:14:22:19 +0000] "GET /vendor/doctrine/dbal/src/SQL/?C=S;O=A HTTP/1.1" 200 1059 "https://immovalet.com/vendor/doctrine/dbal/src/SQL/" "Mozilla/5.0 AppleWebKit/537.36 (KHTML, like Gecko; compatible; GPTBot/1.4; +https://openai.com/gptbot)"
74.7.227.164 - - [03/Sep/2026:14:22:20 +0000] "GET /platform/packages/slug/src/Repositories/Interfaces/?C=N;O=D HTTP/1.1" 200 950 "https://immovalet.com/platform/packages/slug/src/Repositories/Interfaces/" "Mozilla/5.0 AppleWebKit/537.36 (KHTML, like Gecko; compatible; GPTBot/1.4; +https://openai.com/gptbot)"
74.7.227.164 - - [03/Sep/2026:14:22:21 +0000] "GET /platform/plugins/payment/resources/views/settings/?C=S;O=A HTTP/1.1" 200 947 "https://immovalet.com/platform/plugins/payment/resources/views/settings/" "Mozilla/5.0 AppleWebKit/537.36 (KHTML, like Gecko; compatible; GPTBot/1.4; +https://openai.com/gptbot)"
74.7.227.164 - - [03/Sep/2026:14:22:22 +0000] "GET /platform/packages/menu/src/Repositories/Interfaces/?C=S;O=A HTTP/1.1" 200 1335 "https://immovalet.com/platform/packages/menu/src/Repositories/Interfaces/" "Mozilla/5.0 AppleWebKit/537.36 (KHTML, like Gecko; compatible; GPTBot/1.4; +https://openai.com/gptbot)"
74.7.227.164 - - [03/Sep/2026:14:22:24 +0000] "GET /platform/packages/menu/src/Repositories/Interfaces/?C=N;O=D HTTP/1.1" 200 1335 "https://immovalet.com/platform/packages/menu/src/Repositories/Interfaces/" "Mozilla/5.0 AppleWebKit/537.36 (KHTML, like Gecko; compatible; GPTBot/1.4; +https://openai.com/gptbot)"
74.7.227.164 - - [03/Sep/2026:14:22:27 +0000] "GET /vendor/doctrine/dbal/src/SQL/?C=S;O=D HTTP/1.1" 200 1059 "https://immovalet.com/vendor/doctrine/dbal/src/SQL/?C=S;O=A" "Mozilla/5.0 AppleWebKit/537.36 (KHTML, like Gecko; compatible; GPTBot/1.4; +https://openai.com/gptbot)"
74.7.227.164 - - [03/Sep/2026:14:22:27 +0000] "GET /platform/packages/seo-helper/src/Contracts/Entities/?C=D;O=A HTTP/1.1" 200 2290 "https://immovalet.com/platform/packages/seo-helper/src/Contracts/Entities/" "Mozilla/5.0 AppleWebKit/537.36 (KHTML, like Gecko; compatible; GPTBot/1.4; +https://openai.com/gptbot)"
74.7.227.164 - - [03/Sep/2026:14:22:28 +0000] "GET /platform/packages/menu/src/Repositories/Interfaces/MenuNodeInterface.php HTTP/1.1" 500 - "https://immovalet.com/platform/packages/menu/src/Repositories/Interfaces/?C=S;O=A" "Mozilla/5.0 AppleWebKit/537.36 (KHTML, like Gecko; compatible; GPTBot/1.4; +https://openai.com/gptbot)"
74.7.227.164 - - [03/Sep/2026:14:22:29 +0000] "GET /platform/packages/menu/src/Repositories/Interfaces/MenuInterface.php HTTP/1.1" 500 - "https://immovalet.com/platform/packages/menu/src/Repositories/Interfaces/?C=S;O=A" "Mozilla/5.0 AppleWebKit/537.36 (KHTML, like Gecko; compatible; GPTBot/1.4; +https://openai.com/gptbot)"
74.7.227.164 - - [03/Sep/2026:14:22:30 +0000] "GET /platform/packages/menu/src/Repositories/Interfaces/MenuLocationInterface.php HTTP/1.1" 500 - "https://immovalet.com/platform/packages/menu/src/Repositories/Interfaces/?C=S;O=A" "Mozilla/5.0 AppleWebKit/537.36 (KHTML, like Gecko; compatible; GPTBot/1.4; +https://openai.com/gptbot)"
74.7.227.164 - - [03/Sep/2026:14:22:31 +0000] "GET /resources/lang/vendor/packages/plugin-management/vi/?C=S;O=A HTTP/1.1" 200 954 "https://immovalet.com/resources/lang/vendor/packages/plugin-management/vi/" "Mozilla/5.0 AppleWebKit/537.36 (KHTML, like Gecko; compatible; GPTBot/1.4; +https://openai.com/gptbot)"
74.7.227.164 - - [03/Sep/2026:14:22:32 +0000] "GET /platform/plugins/sslcommerz/src/Services/Abstracts/?C=S;O=A HTTP/1.1" 200 966 "https://immovalet.com/platform/plugins/sslcommerz/src/Services/Abstracts/" "Mozilla/5.0 AppleWebKit/537.36 (KHTML, like Gecko; compatible; GPTBot/1.4; +https://openai.com/gptbot)"
74.7.227.164 - - [03/Sep/2026:14:22:34 +0000] "GET /platform/packages/seo-helper/src/Contracts/Entities/?C=M;O=A HTTP/1.1" 200 2290 "https://immovalet.com/platform/packages/seo-helper/src/Contracts/Entities/" "Mozilla/5.0 AppleWebKit/537.36 (KHTML, like Gecko; compatible; GPTBot/1.4; +https://openai.com/gptbot)"
74.7.227.164 - - [03/Sep/2026:14:22:37 +0000] "GET /platform/packages/menu/src/Repositories/Interfaces/?C=M;O=A HTTP/1.1" 200 1335 "https://immovalet.com/platform/packages/menu/src/Repositories/Interfaces/" "Mozilla/5.0 AppleWebKit/537.36 (KHTML, like Gecko; compatible; GPTBot/1.4; +https://openai.com/gptbot)"
74.7.227.164 - - [03/Sep/2026:14:22:38 +0000] "GET /platform/packages/menu/src/Repositories/Interfaces/?C=N;O=A HTTP/1.1" 200 1335 "https://immovalet.com/platform/packages/menu/src/Repositories/Interfaces/?C=S;O=A" "Mozilla/5.0 AppleWebKit/537.36 (KHTML, like Gecko; compatible; GPTBot/1.4; +https://openai.com/gptbot)"
74.7.227.164 - - [03/Sep/2026:14:22:39 +0000] "GET /platform/plugins/payment/resources/views/settings/?C=M;O=A HTTP/1.1" 200 947 "https://immovalet.com/platform/plugins/payment/resources/views/settings/" "Mozilla/5.0 AppleWebKit/537.36 (KHTML, like Gecko; compatible; GPTBot/1.4; +https://openai.com/gptbot)"
74.7.227.164 - - [03/Sep/2026:14:22:40 +0000] "GET /platform/plugins/payment/resources/views/settings/?C=N;O=D HTTP/1.1" 200 947 "https://immovalet.com/platform/plugins/payment/resources/views/settings/" "Mozilla/5.0 AppleWebKit/537.36 (KHTML, like Gecko; compatible; GPTBot/1.4; +https://openai.com/gptbot)"
57.141.4.49 - - [03/Sep/2026:14:22:40 +0000] "GET /vendor/stripe/stripe-php/lib/Service/BillingPortal/ HTTP/1.1" 200 1345 "-" "Mozilla/5.0 (Windows NT 10.0; Win64; x64) AppleWebKit/537.36 (KHTML, like Gecko) Chrome/145.0.0.0 Safari/537.36 (compatible; meta-externalagent/1.1 (+https://developers.facebook.com/docs/sharing/webmasters/crawler))"
74.7.227.164 - - [03/Sep/2026:14:22:41 +0000] "GET /platform/packages/menu/src/Repositories/Interfaces/?C=S;O=D HTTP/1.1" 200 1335 "https://immovalet.com/platform/packages/menu/src/Repositories/Interfaces/?C=S;O=A" "Mozilla/5.0 AppleWebKit/537.36 (KHTML, like Gecko; compatible; GPTBot/1.4; +https://openai.com/gptbot)"
74.7.227.164 - - [03/Sep/2026:14:22:42 +0000] "GET /resources/lang/vendor/packages/plugin-management/vi/?C=D;O=A HTTP/1.1" 200 954 "https://immovalet.com/resources/lang/vendor/packages/plugin-management/vi/" "Mozilla/5.0 AppleWebKit/537.36 (KHTML, like Gecko; compatible; GPTBot/1.4; +https://openai.com/gptbot)"
57.141.4.1 - - [03/Sep/2026:14:22:46 +0000] "GET /platform/packages/page/src/?C=N;O=D HTTP/1.1" 200 2288 "-" "Mozilla/5.0 (Macintosh; Intel Mac OS X 10_15_7) AppleWebKit/537.36 (KHTML, like Gecko) Chrome/145.0.0.0 Safari/537.36 (compatible; meta-externalagent/1.1 (+https://developers.facebook.com/docs/sharing/webmasters/crawler))"
74.7.227.164 - - [03/Sep/2026:14:22:49 +0000] "GET /resources/lang/vendor/packages/plugin-management/vi/?C=M;O=A HTTP/1.1" 200 954 "https://immovalet.com/resources/lang/vendor/packages/plugin-management/vi/" "Mozilla/5.0 AppleWebKit/537.36 (KHTML, like Gecko; compatible; GPTBot/1.4; +https://openai.com/gptbot)"
74.7.227.164 - - [03/Sep/2026:14:22:50 +0000] "GET /platform/packages/seo-helper/src/Contracts/Entities/?C=S;O=A HTTP/1.1" 200 2290 "https://immovalet.com/platform/packages/seo-helper/src/Contracts/Entities/" "Mozilla/5.0 AppleWebKit/537.36 (KHTML, like Gecko; compatible; GPTBot/1.4; +https://openai.com/gptbot)"
74.7.227.164 - - [03/Sep/2026:14:22:51 +0000] "GET /resources/lang/vendor/packages/plugin-management/vi/?C=N;O=D HTTP/1.1" 200 954 "https://immovalet.com/resources/lang/vendor/packages/plugin-management/vi/" "Mozilla/5.0 AppleWebKit/537.36 (KHTML, like Gecko; compatible; GPTBot/1.4; +https://openai.com/gptbot)"
74.7.227.164 - - [03/Sep/2026:14:22:51 +0000] "GET /platform/packages/slug/src/Repositories/Interfaces/?C=D;O=A HTTP/1.1" 200 950 "https://immovalet.com/platform/packages/slug/src/Repositories/Interfaces/" "Mozilla/5.0 AppleWebKit/537.36 (KHTML, like Gecko; compatible; GPTBot/1.4; +https://openai.com/gptbot)"
74.7.227.164 - - [03/Sep/2026:14:22:52 +0000] "GET /platform/packages/menu/src/Repositories/Interfaces/?C=D;O=A HTTP/1.1" 200 1335 "https://immovalet.com/platform/packages/menu/src/Repositories/Interfaces/" "Mozilla/5.0 AppleWebKit/537.36 (KHTML, like Gecko; compatible; GPTBot/1.4; +https://openai.com/gptbot)"
74.7.227.164 - - [03/Sep/2026:14:22:55 +0000] "GET /platform/packages/seo-helper/src/Contracts/Entities/?C=N;O=D HTTP/1.1" 200 2290 "https://immovalet.com/platform/packages/seo-helper/src/Contracts/Entities/" "Mozilla/5.0 AppleWebKit/537.36 (KHTML, like Gecko; compatible; GPTBot/1.4; +https://openai.com/gptbot)"
74.7.227.164 - - [03/Sep/2026:14:22:56 +0000] "GET /platform/plugins/payment/resources/views/settings/?C=D;O=A HTTP/1.1" 200 947 "https://immovalet.com/platform/plugins/payment/resources/views/settings/" "Mozilla/5.0 AppleWebKit/537.36 (KHTML, like Gecko; compatible; GPTBot/1.4; +https://openai.com/gptbot)"
74.7.227.164 - - [03/Sep/2026:14:22:56 +0000] "GET /platform/packages/seo-helper/src/Contracts/Entities/MetaCollectionContract.php HTTP/1.1" 500 - "https://immovalet.com/platform/packages/seo-helper/src/Contracts/Entities/?C=S;O=A" "Mozilla/5.0 AppleWebKit/537.36 (KHTML, like Gecko; compatible; GPTBot/1.4; +https://openai.com/gptbot)"
74.7.227.164 - - [03/Sep/2026:14:22:57 +0000] "GET /platform/packages/seo-helper/src/Contracts/Entities/MiscTagsContract.php HTTP/1.1" 500 - "https://immovalet.com/platform/packages/seo-helper/src/Contracts/Entities/?C=S;O=A" "Mozilla/5.0 AppleWebKit/537.36 (KHTML, like Gecko; compatible; GPTBot/1.4; +https://openai.com/gptbot)"
74.7.227.164 - - [03/Sep/2026:14:22:57 +0000] "GET /platform/packages/seo-helper/src/Contracts/Entities/OpenGraphContract.php HTTP/1.1" 500 - "https://immovalet.com/platform/packages/seo-helper/src/Contracts/Entities/?C=S;O=A" "Mozilla/5.0 AppleWebKit/537.36 (KHTML, like Gecko; compatible; GPTBot/1.4; +https://openai.com/gptbot)"
74.7.227.164 - - [03/Sep/2026:14:23:06 +0000] "GET /platform/packages/seo-helper/src/Contracts/Entities/DescriptionContract.php HTTP/1.1" 500 - "https://immovalet.com/platform/packages/seo-helper/src/Contracts/Entities/?C=S;O=A" "Mozilla/5.0 AppleWebKit/537.36 (KHTML, like Gecko; compatible; GPTBot/1.4; +https://openai.com/gptbot)"
74.7.227.164 - - [03/Sep/2026:14:23:20 +0000] "GET /platform/packages/seo-helper/src/Contracts/Entities/AnalyticsContract.php HTTP/1.1" 500 - "https://immovalet.com/platform/packages/seo-helper/src/Contracts/Entities/?C=S;O=A" "Mozilla/5.0 AppleWebKit/537.36 (KHTML, like Gecko; compatible; GPTBot/1.4; +https://openai.com/gptbot)"
57.141.4.24 - - [03/Sep/2026:14:23:30 +0000] "GET /vendor/aws/aws-sdk-php/src/WorkMailMessageFlow/?C=S;O=A HTTP/1.1" 200 1122 "-" "Mozilla/5.0 (Windows NT 10.0; Win64; x64) AppleWebKit/537.36 (KHTML, like Gecko) Chrome/145.0.0.0 Safari/537.36 Edg/145.0.0.0 (compatible; meta-externalagent/1.1 (+https://developers.facebook.com/docs/sharing/webmasters/crawler))"
74.7.227.164 - - [03/Sep/2026:14:23:33 +0000] "GET /platform/packages/seo-helper/src/Contracts/Entities/WebmastersContract.php HTTP/1.1" 500 - "https://immovalet.com/platform/packages/seo-helper/src/Contracts/Entities/?C=S;O=A" "Mozilla/5.0 AppleWebKit/537.36 (KHTML, like Gecko; compatible; GPTBot/1.4; +https://openai.com/gptbot)"
57.141.4.27 - - [03/Sep/2026:14:23:47 +0000] "GET /vendor/symfony/console/Input/ HTTP/1.1" 200 2558 "-" "Mozilla/5.0 (Windows NT 10.0; Win64; x64) AppleWebKit/537.36 (KHTML, like Gecko) Chrome/145.0.0.0 Safari/537.36 (compatible; meta-externalagent/1.1 (+https://developers.facebook.com/docs/sharing/webmasters/crawler))"
74.7.227.164 - - [03/Sep/2026:14:24:13 +0000] "GET /platform/packages/seo-helper/src/Contracts/Entities/TwitterCardContract.php HTTP/1.1" 500 - "https://immovalet.com/platform/packages/seo-helper/src/Contracts/Entities/?C=S;O=A" "Mozilla/5.0 AppleWebKit/537.36 (KHTML, like Gecko; compatible; GPTBot/1.4; +https://openai.com/gptbot)"
57.141.4.16 - - [03/Sep/2026:14:24:21 +0000] "GET /platform/core/base/public/libraries/ HTTP/1.1" 200 7852 "-" "Mozilla/5.0 (Windows NT 10.0; Win64; x64) AppleWebKit/537.36 (KHTML, like Gecko) Chrome/145.0.0.0 Safari/537.36 (compatible; meta-externalagent/1.1 (+https://developers.facebook.com/docs/sharing/webmasters/crawler))"
57.141.4.55 - - [03/Sep/2026:14:24:22 +0000] "GET /vendor/aws/aws-sdk-php/src/ACMPCA/ACMPCAClient.php HTTP/1.1" 500 - "-" "Mozilla/5.0 (Windows NT 10.0; Win64; x64) AppleWebKit/537.36 (KHTML, like Gecko) Chrome/145.0.0.0 Safari/537.36 (compatible; meta-externalagent/1.1 (+https://developers.facebook.com/docs/sharing/webmasters/crawler))"
57.141.4.53 - - [03/Sep/2026:14:24:37 +0000] "GET /vendor/symfony/string/Slugger/AsciiSlugger.php HTTP/1.1" 500 - "-" "Mozilla/5.0 (Windows NT 10.0; Win64; x64) AppleWebKit/537.36 (KHTML, like Gecko) Chrome/145.0.0.0 Safari/537.36 (compatible; meta-externalagent/1.1 (+https://developers.facebook.com/docs/sharing/webmasters/crawler))"
74.7.227.164 - - [03/Sep/2026:14:25:12 +0000] "GET /platform/packages/seo-helper/src/Contracts/Entities/TitleContract.php HTTP/1.1" 500 - "https://immovalet.com/platform/packages/seo-helper/src/Contracts/Entities/?C=S;O=A" "Mozilla/5.0 AppleWebKit/537.36 (KHTML, like Gecko; compatible; GPTBot/1.4; +https://openai.com/gptbot)"
57.141.4.59 - - [03/Sep/2026:14:25:13 +0000] "GET /platform/plugins/blog/resources/views/themes/ HTTP/1.1" 200 1660 "-" "Mozilla/5.0 (Windows NT 10.0; Win64; x64) AppleWebKit/537.36 (KHTML, like Gecko) Chrome/145.0.0.0 Safari/537.36 (compatible; meta-externalagent/1.1 (+https://developers.facebook.com/docs/sharing/webmasters/crawler))"
57.141.4.25 - - [03/Sep/2026:14:25:25 +0000] "GET /storage/framework/views/0e2118b35afd6dfa31606d7448ff1a812156b245.php HTTP/1.1" 200 197 "-" "Mozilla/5.0 (Windows NT 10.0; Win64; x64) AppleWebKit/537.36 (KHTML, like Gecko) Chrome/145.0.0.0 Safari/537.36 (compatible; meta-externalagent/1.1 (+https://developers.facebook.com/docs/sharing/webmasters/crawler))"
57.141.4.49 - - [03/Sep/2026:14:25:40 +0000] "GET /vendor/vlucas/phpdotenv/src/Loader/?C=N;O=A HTTP/1.1" 200 1266 "-" "Mozilla/5.0 (Windows NT 10.0; Win64; x64) AppleWebKit/537.36 (KHTML, like Gecko) Chrome/145.0.0.0 Safari/537.36 (compatible; meta-externalagent/1.1 (+https://developers.facebook.com/docs/sharing/webmasters/crawler))"
57.141.4.18 - - [03/Sep/2026:14:25:46 +0000] "GET /platform/plugins/social-login/ HTTP/1.1" 200 2475 "-" "Mozilla/5.0 (X11; Linux x86_64) AppleWebKit/537.36 (KHTML, like Gecko) Chrome/145.0.0.0 Safari/537.36 (compatible; meta-externalagent/1.1 (+https://developers.facebook.com/docs/sharing/webmasters/crawler))"
74.7.227.164 - - [03/Sep/2026:14:25:53 +0000] "GET /platform/packages/seo-helper/src/Contracts/Entities/?C=N;O=A HTTP/1.1" 200 2290 "https://immovalet.com/platform/packages/seo-helper/src/Contracts/Entities/?C=S;O=A" "Mozilla/5.0 AppleWebKit/537.36 (KHTML, like Gecko; compatible; GPTBot/1.4; +https://openai.com/gptbot)"
57.141.4.3 - - [03/Sep/2026:14:26:08 +0000] "GET /vendor/firebase/?C=N;O=D HTTP/1.1" 200 838 "-" "Mozilla/5.0 (Windows NT 10.0; Win64; x64) AppleWebKit/537.36 (KHTML, like Gecko) Chrome/145.0.0.0 Safari/537.36 (compatible; meta-externalagent/1.1 (+https://developers.facebook.com/docs/sharing/webmasters/crawler))"
57.141.4.49 - - [03/Sep/2026:14:26:18 +0000] "GET /platform/plugins/testimonial/resources/?C=S;O=A HTTP/1.1" 200 903 "-" "Mozilla/5.0 (Macintosh; Intel Mac OS X 10_15_7) AppleWebKit/537.36 (KHTML, like Gecko) Chrome/145.0.0.0 Safari/537.36 (compatible; meta-externalagent/1.1 (+https://developers.facebook.com/docs/sharing/webmasters/crawler))"
57.141.4.6 - - [03/Sep/2026:14:26:26 +0000] "GET /platform/packages/shortcode/src/Compilers/ HTTP/1.1" 200 1109 "-" "Mozilla/5.0 (Windows NT 10.0; Win64; x64) AppleWebKit/537.36 (KHTML, like Gecko) Chrome/145.0.0.0 Safari/537.36 (compatible; meta-externalagent/1.1 (+https://developers.facebook.com/docs/sharing/webmasters/crawler))"
57.141.4.13 - - [03/Sep/2026:14:26:29 +0000] "GET /platform/packages/plugin-management/public/js/?C=D;O=A HTTP/1.1" 200 935 "-" "Mozilla/5.0 (Windows NT 10.0; Win64; x64) AppleWebKit/537.36 (KHTML, like Gecko) Chrome/145.0.0.0 Safari/537.36 (compatible; meta-externalagent/1.1 (+https://developers.facebook.com/docs/sharing/webmasters/crawler))"
74.7.242.43 - - [03/Sep/2026:14:26:39 +0000] "GET /platform/packages/menu/src/Http/?C=S;O=D HTTP/1.1" 200 1071 "https://www.immovalet.techbala.com/platform/packages/menu/src/Http/?C=S;O=A" "Mozilla/5.0 AppleWebKit/537.36 (KHTML, like Gecko; compatible; GPTBot/1.4; +https://openai.com/gptbot)"
74.7.227.164 - - [03/Sep/2026:14:26:41 +0000] "GET /platform/packages/seo-helper/src/Contracts/Entities/?C=S;O=D HTTP/1.1" 200 2290 "https://immovalet.com/platform/packages/seo-helper/src/Contracts/Entities/?C=S;O=A" "Mozilla/5.0 AppleWebKit/537.36 (KHTML, like Gecko; compatible; GPTBot/1.4; +https://openai.com/gptbot)"
57.141.4.25 - - [03/Sep/2026:14:26:49 +0000] "GET /platform/packages/shortcode/src/Compilers/Shortcode.php HTTP/1.1" 200 - "-" "Mozilla/5.0 (Windows NT 10.0; Win64; x64) AppleWebKit/537.36 (KHTML, like Gecko) Chrome/145.0.0.0 Safari/537.36 (compatible; meta-externalagent/1.1 (+https://developers.facebook.com/docs/sharing/webmasters/crawler))"
74.7.227.164 - - [03/Sep/2026:14:26:52 +0000] "GET /platform/packages/slug/src/Repositories/Interfaces/?C=S;O=A HTTP/1.1" 200 950 "https://immovalet.com/platform/packages/slug/src/Repositories/Interfaces/" "Mozilla/5.0 AppleWebKit/537.36 (KHTML, like Gecko; compatible; GPTBot/1.4; +https://openai.com/gptbot)"
57.141.4.44 - - [03/Sep/2026:14:26:56 +0000] "GET /vendor/symfony/cache-contracts/TagAwareCacheInterface.php HTTP/1.1" 500 - "-" "Mozilla/5.0 (Windows NT 10.0; Win64; x64) AppleWebKit/537.36 (KHTML, like Gecko) Chrome/145.0.0.0 Safari/537.36 (compatible; meta-externalagent/1.1 (+https://developers.facebook.com/docs/sharing/webmasters/crawler))"
74.7.227.164 - - [03/Sep/2026:14:27:00 +0000] "GET /platform/packages/slug/src/Repositories/Interfaces/?C=M;O=A HTTP/1.1" 200 950 "https://immovalet.com/platform/packages/slug/src/Repositories/Interfaces/" "Mozilla/5.0 AppleWebKit/537.36 (KHTML, like Gecko; compatible; GPTBot/1.4; +https://openai.com/gptbot)"
74.7.227.164 - - [03/Sep/2026:14:27:12 +0000] "GET /vendor/league/commonmark/src/Extension/Mention/Generator/?C=N;O=D HTTP/1.1" 200 1375 "https://immovalet.com/vendor/league/commonmark/src/Extension/Mention/Generator/" "Mozilla/5.0 AppleWebKit/537.36 (KHTML, like Gecko; compatible; GPTBot/1.4; +https://openai.com/gptbot)"
57.141.4.28 - - [03/Sep/2026:14:27:18 +0000] "GET /tests/Unit/?C=S;O=A HTTP/1.1" 200 834 "-" "Mozilla/5.0 (Windows NT 10.0; Win64; x64) AppleWebKit/537.36 (KHTML, like Gecko) Chrome/145.0.0.0 Safari/537.36 (compatible; meta-externalagent/1.1 (+https://developers.facebook.com/docs/sharing/webmasters/crawler))"
74.7.227.164 - - [03/Sep/2026:14:27:19 +0000] "GET /vendor/league/commonmark/src/Extension/Mention/Generator/?C=D;O=A HTTP/1.1" 200 1375 "https://immovalet.com/vendor/league/commonmark/src/Extension/Mention/Generator/" "Mozilla/5.0 AppleWebKit/537.36 (KHTML, like Gecko; compatible; GPTBot/1.4; +https://openai.com/gptbot)"
74.7.227.164 - - [03/Sep/2026:14:27:22 +0000] "GET /vendor/laravel/framework/src/Illuminate/Contracts/Console/?C=M;O=A HTTP/1.1" 200 1150 "https://immovalet.com/vendor/laravel/framework/src/Illuminate/Contracts/Console/" "Mozilla/5.0 AppleWebKit/537.36 (KHTML, like Gecko; compatible; GPTBot/1.4; +https://openai.com/gptbot)"
74.7.227.164 - - [03/Sep/2026:14:27:24 +0000] "GET /vendor/laravel/framework/src/Illuminate/Contracts/Console/?C=N;O=D HTTP/1.1" 200 1150 "https://immovalet.com/vendor/laravel/framework/src/Illuminate/Contracts/Console/" "Mozilla/5.0 AppleWebKit/537.36 (KHTML, like Gecko; compatible; GPTBot/1.4; +https://openai.com/gptbot)"
74.7.227.164 - - [03/Sep/2026:14:27:27 +0000] "GET /vendor/league/commonmark/src/Extension/Mention/Generator/?C=M;O=A HTTP/1.1" 200 1375 "https://immovalet.com/vendor/league/commonmark/src/Extension/Mention/Generator/" "Mozilla/5.0 AppleWebKit/537.36 (KHTML, like Gecko; compatible; GPTBot/1.4; +https://openai.com/gptbot)"
74.7.227.164 - - [03/Sep/2026:14:27:31 +0000] "GET /vendor/league/commonmark/src/Extension/Mention/Generator/CallbackGenerator.php HTTP/1.1" 500 - "https://immovalet.com/vendor/league/commonmark/src/Extension/Mention/Generator/?C=N;O=D" "Mozilla/5.0 AppleWebKit/537.36 (KHTML, like Gecko; compatible; GPTBot/1.4; +https://openai.com/gptbot)"
74.7.227.164 - - [03/Sep/2026:14:27:32 +0000] "GET /vendor/league/commonmark/src/Extension/Mention/Generator/StringTemplateLinkGenerator.php HTTP/1.1" 500 - "https://immovalet.com/vendor/league/commonmark/src/Extension/Mention/Generator/?C=N;O=D" "Mozilla/5.0 AppleWebKit/537.36 (KHTML, like Gecko; compatible; GPTBot/1.4; +https://openai.com/gptbot)"
57.141.4.5 - - [03/Sep/2026:14:27:36 +0000] "GET /storage/logs/ HTTP/1.1" 200 657 "-" "Mozilla/5.0 (Windows NT 10.0; Win64; x64) AppleWebKit/537.36 (KHTML, like Gecko) Chrome/145.0.0.0 Safari/537.36 (compatible; meta-externalagent/1.1 (+https://developers.facebook.com/docs/sharing/webmasters/crawler))"
74.7.227.164 - - [03/Sep/2026:14:27:37 +0000] "GET /vendor/laravel/framework/src/Illuminate/Contracts/Console/?C=S;O=A HTTP/1.1" 200 1150 "https://immovalet.com/vendor/laravel/framework/src/Illuminate/Contracts/Console/" "Mozilla/5.0 AppleWebKit/537.36 (KHTML, like Gecko; compatible; GPTBot/1.4; +https://openai.com/gptbot)"
74.7.227.164 - - [03/Sep/2026:14:27:40 +0000] "GET /vendor/league/commonmark/src/Extension/Mention/Generator/?C=S;O=A HTTP/1.1" 200 1375 "https://immovalet.com/vendor/league/commonmark/src/Extension/Mention/Generator/" "Mozilla/5.0 AppleWebKit/537.36 (KHTML, like Gecko; compatible; GPTBot/1.4; +https://openai.com/gptbot)"
74.7.227.164 - - [03/Sep/2026:14:27:43 +0000] "GET /vendor/laravel/framework/src/Illuminate/Contracts/Console/?C=D;O=A HTTP/1.1" 200 1150 "https://immovalet.com/vendor/laravel/framework/src/Illuminate/Contracts/Console/" "Mozilla/5.0 AppleWebKit/537.36 (KHTML, like Gecko; compatible; GPTBot/1.4; +https://openai.com/gptbot)"
74.7.227.164 - - [03/Sep/2026:14:27:44 +0000] "GET /vendor/league/commonmark/src/Extension/Mention/Generator/?C=N;O=A HTTP/1.1" 200 1375 "https://immovalet.com/vendor/league/commonmark/src/Extension/Mention/Generator/?C=N;O=D" "Mozilla/5.0 AppleWebKit/537.36 (KHTML, like Gecko; compatible; GPTBot/1.4; +https://openai.com/gptbot)"
74.7.227.164 - - [03/Sep/2026:14:27:45 +0000] "GET /vendor/laravel/framework/src/Illuminate/Contracts/Console/?C=N;O=A HTTP/1.1" 200 1150 "https://immovalet.com/vendor/laravel/framework/src/Illuminate/Contracts/Console/?C=N;O=D" "Mozilla/5.0 AppleWebKit/537.36 (KHTML, like Gecko; compatible; GPTBot/1.4; +https://openai.com/gptbot)"
74.7.227.164 - - [03/Sep/2026:14:27:46 +0000] "GET /vendor/aws/aws-sdk-php/src/Lightsail/?C=D;O=A HTTP/1.1" 200 1089 "https://immovalet.com/vendor/aws/aws-sdk-php/src/Lightsail/" "Mozilla/5.0 AppleWebKit/537.36 (KHTML, like Gecko; compatible; GPTBot/1.4; +https://openai.com/gptbot)"
57.141.4.28 - - [03/Sep/2026:14:27:48 +0000] "GET /vendor/botble/page/config/?C=S;O=A HTTP/1.1" 200 1056 "-" "Mozilla/5.0 (Windows NT 10.0; Win64; x64) AppleWebKit/537.36 (KHTML, like Gecko) Chrome/145.0.0.0 Safari/537.36 (compatible; meta-externalagent/1.1 (+https://developers.facebook.com/docs/sharing/webmasters/crawler))"
74.7.227.164 - - [03/Sep/2026:14:27:48 +0000] "GET /vendor/league/commonmark/src/Extension/Mention/Generator/?C=S;O=D HTTP/1.1" 200 1375 "https://immovalet.com/vendor/league/commonmark/src/Extension/Mention/Generator/?C=S;O=A" "Mozilla/5.0 AppleWebKit/537.36 (KHTML, like Gecko; compatible; GPTBot/1.4; +https://openai.com/gptbot)"
74.7.227.164 - - [03/Sep/2026:14:27:49 +0000] "GET /vendor/aws/aws-sdk-php/src/Signature/?C=D;O=A HTTP/1.1" 200 1847 "https://immovalet.com/vendor/aws/aws-sdk-php/src/Signature/" "Mozilla/5.0 AppleWebKit/537.36 (KHTML, like Gecko; compatible; GPTBot/1.4; +https://openai.com/gptbot)"
74.7.227.164 - - [03/Sep/2026:14:27:50 +0000] "GET /vendor/aws/aws-sdk-php/src/Multipart/?C=N;O=D HTTP/1.1" 200 1291 "https://immovalet.com/vendor/aws/aws-sdk-php/src/Multipart/" "Mozilla/5.0 AppleWebKit/537.36 (KHTML, like Gecko; compatible; GPTBot/1.4; +https://openai.com/gptbot)"
74.7.227.164 - - [03/Sep/2026:14:27:51 +0000] "GET /vendor/aws/aws-sdk-php/src/AppConfig/?C=S;O=A HTTP/1.1" 200 1089 "https://immovalet.com/vendor/aws/aws-sdk-php/src/AppConfig/" "Mozilla/5.0 AppleWebKit/537.36 (KHTML, like Gecko; compatible; GPTBot/1.4; +https://openai.com/gptbot)"
74.7.227.164 - - [03/Sep/2026:14:27:53 +0000] "GET /vendor/aws/aws-sdk-php/src/Signature/?C=M;O=A HTTP/1.1" 200 1847 "https://immovalet.com/vendor/aws/aws-sdk-php/src/Signature/" "Mozilla/5.0 AppleWebKit/537.36 (KHTML, like Gecko; compatible; GPTBot/1.4; +https://openai.com/gptbot)"
74.7.227.164 - - [03/Sep/2026:14:27:54 +0000] "GET /vendor/aws/aws-sdk-php/src/Exception/?C=M;O=A HTTP/1.1" 200 3289 "https://immovalet.com/vendor/aws/aws-sdk-php/src/Exception/" "Mozilla/5.0 AppleWebKit/537.36 (KHTML, like Gecko; compatible; GPTBot/1.4; +https://openai.com/gptbot)"
74.7.227.164 - - [03/Sep/2026:14:27:56 +0000] "GET /vendor/aws/aws-sdk-php/src/Multipart/AbstractUploadManager.php HTTP/1.1" 500 - "https://immovalet.com/vendor/aws/aws-sdk-php/src/Multipart/?C=N;O=D" "Mozilla/5.0 AppleWebKit/537.36 (KHTML, like Gecko; compatible; GPTBot/1.4; +https://openai.com/gptbot)"
74.7.227.164 - - [03/Sep/2026:14:27:56 +0000] "GET /vendor/aws/aws-sdk-php/src/Multipart/AbstractUploader.php HTTP/1.1" 500 - "https://immovalet.com/vendor/aws/aws-sdk-php/src/Multipart/?C=N;O=D" "Mozilla/5.0 AppleWebKit/537.36 (KHTML, like Gecko; compatible; GPTBot/1.4; +https://openai.com/gptbot)"
74.7.227.164 - - [03/Sep/2026:14:27:58 +0000] "GET /vendor/aws/aws-sdk-php/src/AppConfig/AppConfigClient.php HTTP/1.1" 500 - "https://immovalet.com/vendor/aws/aws-sdk-php/src/AppConfig/?C=S;O=A" "Mozilla/5.0 AppleWebKit/537.36 (KHTML, like Gecko; compatible; GPTBot/1.4; +https://openai.com/gptbot)"
74.7.227.164 - - [03/Sep/2026:14:27:59 +0000] "GET /vendor/aws/aws-sdk-php/src/AppConfig/?C=D;O=A HTTP/1.1" 200 1089 "https://immovalet.com/vendor/aws/aws-sdk-php/src/AppConfig/" "Mozilla/5.0 AppleWebKit/537.36 (KHTML, like Gecko; compatible; GPTBot/1.4; +https://openai.com/gptbot)"
74.7.227.164 - - [03/Sep/2026:14:28:03 +0000] "GET /vendor/aws/aws-sdk-php/src/CodeBuild/?C=M;O=A HTTP/1.1" 200 1089 "https://immovalet.com/vendor/aws/aws-sdk-php/src/CodeBuild/" "Mozilla/5.0 AppleWebKit/537.36 (KHTML, like Gecko; compatible; GPTBot/1.4; +https://openai.com/gptbot)"
74.7.227.164 - - [03/Sep/2026:14:28:03 +0000] "GET /vendor/aws/aws-sdk-php/src/AppConfig/?C=M;O=A HTTP/1.1" 200 1089 "https://immovalet.com/vendor/aws/aws-sdk-php/src/AppConfig/" "Mozilla/5.0 AppleWebKit/537.36 (KHTML, like Gecko; compatible; GPTBot/1.4; +https://openai.com/gptbot)"
57.141.4.35 - - [03/Sep/2026:14:28:06 +0000] "GET /vendor/symfony/console/Descriptor/?C=N;O=A HTTP/1.1" 200 2031 "-" "Mozilla/5.0 (Windows NT 10.0; Win64; x64) AppleWebKit/537.36 (KHTML, like Gecko) Chrome/145.0.0.0 Safari/537.36 (compatible; meta-externalagent/1.1 (+https://developers.facebook.com/docs/sharing/webmasters/crawler))"
57.141.4.67 - - [03/Sep/2026:14:28:11 +0000] "GET /platform/plugins/newsletter/config/?C=D;O=A HTTP/1.1" 200 1260 "-" "Mozilla/5.0 (Windows NT 10.0; Win64; x64) AppleWebKit/537.36 (KHTML, like Gecko) Chrome/145.0.0.0 Safari/537.36 (compatible; meta-externalagent/1.1 (+https://developers.facebook.com/docs/sharing/webmasters/crawler))"
74.7.242.43 - - [03/Sep/2026:14:28:15 +0000] "GET /vendor/aws/aws-sdk-php/src/Appstream/AppstreamClient.php HTTP/1.1" 500 - "https://www.immovalet.techbala.com/vendor/aws/aws-sdk-php/src/Appstream/?C=S;O=D" "Mozilla/5.0 AppleWebKit/537.36 (KHTML, like Gecko; compatible; GPTBot/1.4; +https://openai.com/gptbot)"
74.7.227.164 - - [03/Sep/2026:14:28:25 +0000] "GET /vendor/aws/aws-sdk-php/src/Multipart/?C=D;O=A HTTP/1.1" 200 1291 "https://immovalet.com/vendor/aws/aws-sdk-php/src/Multipart/" "Mozilla/5.0 AppleWebKit/537.36 (KHTML, like Gecko; compatible; GPTBot/1.4; +https://openai.com/gptbot)"
74.7.227.164 - - [03/Sep/2026:14:28:27 +0000] "GET /vendor/aws/aws-sdk-php/src/Signature/?C=S;O=A HTTP/1.1" 200 1847 "https://immovalet.com/vendor/aws/aws-sdk-php/src/Signature/" "Mozilla/5.0 AppleWebKit/537.36 (KHTML, like Gecko; compatible; GPTBot/1.4; +https://openai.com/gptbot)"
74.7.227.164 - - [03/Sep/2026:14:28:30 +0000] "GET /vendor/aws/aws-sdk-php/src/GuardDuty/?C=S;O=A HTTP/1.1" 200 1089 "https://immovalet.com/vendor/aws/aws-sdk-php/src/GuardDuty/" "Mozilla/5.0 AppleWebKit/537.36 (KHTML, like Gecko; compatible; GPTBot/1.4; +https://openai.com/gptbot)"
57.141.4.49 - - [03/Sep/2026:14:28:31 +0000] "GET /storage/framework/views/92204f38c4d153e7f71b49bb272623fa6fd323d8.php HTTP/1.1" 200 58 "-" "Mozilla/5.0 (Windows NT 10.0; Win64; x64) AppleWebKit/537.36 (KHTML, like Gecko) Chrome/142.0.0.0 Safari/537.36 Edg/142.0.0.0 (compatible; meta-externalagent/1.1 (+https://developers.facebook.com/docs/sharing/webmasters/crawler))"
74.7.227.164 - - [03/Sep/2026:14:28:33 +0000] "GET /vendor/aws/aws-sdk-php/src/IoTEvents/?C=M;O=A HTTP/1.1" 200 1089 "https://immovalet.com/vendor/aws/aws-sdk-php/src/IoTEvents/" "Mozilla/5.0 AppleWebKit/537.36 (KHTML, like Gecko; compatible; GPTBot/1.4; +https://openai.com/gptbot)"
74.7.227.164 - - [03/Sep/2026:14:28:34 +0000] "GET /vendor/aws/aws-sdk-php/src/Detective/?C=M;O=A HTTP/1.1" 200 1089 "https://immovalet.com/vendor/aws/aws-sdk-php/src/Detective/" "Mozilla/5.0 AppleWebKit/537.36 (KHTML, like Gecko; compatible; GPTBot/1.4; +https://openai.com/gptbot)"
57.141.4.53 - - [03/Sep/2026:14:28:45 +0000] "GET /vendor/botble/plugin-management/resources/?C=N;O=A HTTP/1.1" 200 1261 "-" "Mozilla/5.0 (Macintosh; Intel Mac OS X 10_15_7) AppleWebKit/537.36 (KHTML, like Gecko) Chrome/145.0.0.0 Safari/537.36 (compatible; meta-externalagent/1.1 (+https://developers.facebook.com/docs/sharing/webmasters/crawler))"
57.141.4.66 - - [03/Sep/2026:14:29:09 +0000] "GET /vendor/composer/package-versions-deprecated/?C=S;O=A HTTP/1.1" 200 1978 "-" "Mozilla/5.0 (Windows NT 10.0; Win64; x64) AppleWebKit/537.36 (KHTML, like Gecko) Chrome/145.0.0.0 Safari/537.36 (compatible; meta-externalagent/1.1 (+https://developers.facebook.com/docs/sharing/webmasters/crawler))"
57.141.4.43 - - [03/Sep/2026:14:29:10 +0000] "GET /vendor/aws/aws-sdk-php/src/Personalize/?C=N;O=A HTTP/1.1" 200 1095 "-" "Mozilla/5.0 (Macintosh; Intel Mac OS X 10_15_7) AppleWebKit/537.36 (KHTML, like Gecko) Chrome/145.0.0.0 Safari/537.36 (compatible; meta-externalagent/1.1 (+https://developers.facebook.com/docs/sharing/webmasters/crawler))"
57.141.4.47 - - [03/Sep/2026:14:29:19 +0000] "GET /platform/core/acl/public/?C=S;O=A HTTP/1.1" 200 1209 "-" "Mozilla/5.0 (Windows NT 10.0; Win64; x64) AppleWebKit/537.36 (KHTML, like Gecko) Chrome/145.0.0.0 Safari/537.36 (compatible; meta-externalagent/1.1 (+https://developers.facebook.com/docs/sharing/webmasters/crawler))"
57.141.4.55 - - [03/Sep/2026:14:29:29 +0000] "GET /vendor/mollie/mollie-api-php/src/?C=D;O=A HTTP/1.1" 200 1989 "-" "Mozilla/5.0 (Macintosh; Intel Mac OS X 10_15_7) AppleWebKit/537.36 (KHTML, like Gecko) Chrome/145.0.0.0 Safari/537.36 (compatible; meta-externalagent/1.1 (+https://developers.facebook.com/docs/sharing/webmasters/crawler))"
57.141.4.24 - - [03/Sep/2026:14:29:49 +0000] "GET /vendor/maatwebsite/excel/src/Mixins/StoreCollection.php HTTP/1.1" 200 - "-" "Mozilla/5.0 (Macintosh; Intel Mac OS X 10_15_7) AppleWebKit/537.36 (KHTML, like Gecko) Chrome/145.0.0.0 Safari/537.36 (compatible; meta-externalagent/1.1 (+https://developers.facebook.com/docs/sharing/webmasters/crawler))"
57.141.4.6 - - [03/Sep/2026:14:29:50 +0000] "GET /vendor/maatwebsite/excel/src/Mixins/?C=D;O=A HTTP/1.1" 200 1101 "-" "Mozilla/5.0 (Windows NT 10.0; Win64; x64) AppleWebKit/537.36 (KHTML, like Gecko) Chrome/145.0.0.0 Safari/537.36 (compatible; meta-externalagent/1.1 (+https://developers.facebook.com/docs/sharing/webmasters/crawler))"
74.7.227.164 - - [03/Sep/2026:14:29:52 +0000] "GET /vendor/aws/aws-sdk-php/src/Signature/AnonymousSignature.php HTTP/1.1" 500 - "https://immovalet.com/vendor/aws/aws-sdk-php/src/Signature/?C=S;O=A" "Mozilla/5.0 AppleWebKit/537.36 (KHTML, like Gecko; compatible; GPTBot/1.4; +https://openai.com/gptbot)"
74.7.227.164 - - [03/Sep/2026:14:30:12 +0000] "GET /vendor/aws/aws-sdk-php/src/Signature/S3SignatureV4.php HTTP/1.1" 500 - "https://immovalet.com/vendor/aws/aws-sdk-php/src/Signature/?C=S;O=A" "Mozilla/5.0 AppleWebKit/537.36 (KHTML, like Gecko; compatible; GPTBot/1.4; +https://openai.com/gptbot)"
74.7.227.164 - - [03/Sep/2026:14:30:32 +0000] "GET /vendor/aws/aws-sdk-php/src/Signature/SignatureV4.php HTTP/1.1" 500 - "https://immovalet.com/vendor/aws/aws-sdk-php/src/Signature/?C=S;O=A" "Mozilla/5.0 AppleWebKit/537.36 (KHTML, like Gecko; compatible; GPTBot/1.4; +https://openai.com/gptbot)"
57.141.4.63 - - [03/Sep/2026:14:30:32 +0000] "GET /storage/framework/testing/?C=S;O=D HTTP/1.1" 200 867 "-" "Mozilla/5.0 (Macintosh; Intel Mac OS X 10_15_7) AppleWebKit/537.36 (KHTML, like Gecko) Chrome/145.0.0.0 Safari/537.36 (compatible; meta-externalagent/1.1 (+https://developers.facebook.com/docs/sharing/webmasters/crawler))"
104.196.115.188 - - [03/Sep/2026:14:30:40 +0000] "GET / HTTP/1.1" 200 12490 "-" "Mozilla/5.0 (Windows NT 10.0; Win64; x64) AppleWebKit/537.36 (KHTML, like Gecko) Chrome/148.0.0.0 Safari/537.36"
104.196.115.188 - - [03/Sep/2026:14:30:40 +0000] "GET /__/firebase/init.json HTTP/1.1" 404 3425 "-" "Mozilla/5.0 (Windows NT 10.0; Win64; x64) AppleWebKit/537.36 (KHTML, like Gecko) Chrome/148.0.0.0 Safari/537.36"
104.196.115.188 - - [03/Sep/2026:14:30:40 +0000] "GET /z9x8c7v6b5-debug-trigger-webmail.immovalet.com HTTP/1.1" 401 12486 "-" "Mozilla/5.0 (Windows NT 10.0; Win64; x64) AppleWebKit/537.36 (KHTML, like Gecko) Chrome/148.0.0.0 Safari/537.36"
104.196.115.188 - - [03/Sep/2026:14:30:40 +0000] "GET /rclone.conf HTTP/1.1" 401 12517 "-" "Mozilla/5.0 (Windows NT 10.0; Win64; x64) AppleWebKit/537.36 (KHTML, like Gecko) Chrome/148.0.0.0 Safari/537.36"
104.196.115.188 - - [03/Sep/2026:14:30:40 +0000] "GET /static/manifest.json HTTP/1.1" 401 12515 "-" "Mozilla/5.0 (Windows NT 10.0; Win64; x64) AppleWebKit/537.36 (KHTML, like Gecko) Chrome/148.0.0.0 Safari/537.36"
104.196.115.188 - - [03/Sep/2026:14:30:40 +0000] "GET /manifest.json HTTP/1.1" 401 12516 "-" "Mozilla/5.0 (Windows NT 10.0; Win64; x64) AppleWebKit/537.36 (KHTML, like Gecko) Chrome/148.0.0.0 Safari/537.36"
104.196.115.188 - - [03/Sep/2026:14:30:40 +0000] "GET /?locale=ar HTTP/1.1" 401 12924 "-" "Mozilla/5.0 (Windows NT 10.0; Win64; x64) AppleWebKit/537.36 (KHTML, like Gecko) Chrome/148.0.0.0 Safari/537.36"
104.196.115.188 - - [03/Sep/2026:14:30:40 +0000] "GET /.git/config HTTP/1.1" 401 12504 "-" "Mozilla/5.0 (Windows NT 10.0; Win64; x64) AppleWebKit/537.36 (KHTML, like Gecko) Chrome/148.0.0.0 Safari/537.36"
104.196.115.188 - - [03/Sep/2026:14:30:40 +0000] "GET /asset-manifest.json HTTP/1.1" 404 3425 "-" "Mozilla/5.0 (Windows NT 10.0; Win64; x64) AppleWebKit/537.36 (KHTML, like Gecko) Chrome/148.0.0.0 Safari/537.36"
104.196.115.188 - - [03/Sep/2026:14:30:40 +0000] "GET /assets/manifest.json HTTP/1.1" 404 3425 "-" "Mozilla/5.0 (Windows NT 10.0; Win64; x64) AppleWebKit/537.36 (KHTML, like Gecko) Chrome/148.0.0.0 Safari/537.36"
104.196.115.188 - - [03/Sep/2026:14:30:40 +0000] "GET /dist/manifest.json HTTP/1.1" 401 12510 "-" "Mozilla/5.0 (Windows NT 10.0; Win64; x64) AppleWebKit/537.36 (KHTML, like Gecko) Chrome/148.0.0.0 Safari/537.36"
104.196.115.188 - - [03/Sep/2026:14:30:40 +0000] "GET /.aws/config HTTP/1.1" 401 12517 "-" "Mozilla/5.0 (Windows NT 10.0; Win64; x64) AppleWebKit/537.36 (KHTML, like Gecko) Chrome/148.0.0.0 Safari/537.36"
104.196.115.188 - - [03/Sep/2026:14:30:41 +0000] "GET /.git-credentials HTTP/1.1" 404 3425 "-" "Mozilla/5.0 (Windows NT 10.0; Win64; x64) AppleWebKit/537.36 (KHTML, like Gecko) Chrome/148.0.0.0 Safari/537.36"
104.196.115.188 - - [03/Sep/2026:14:30:40 +0000] "GET /.aws/credentials HTTP/1.1" 401 12516 "-" "Mozilla/5.0 (Windows NT 10.0; Win64; x64) AppleWebKit/537.36 (KHTML, like Gecko) Chrome/148.0.0.0 Safari/537.36"
104.196.115.188 - - [03/Sep/2026:14:30:40 +0000] "POST /graphql HTTP/1.1" 401 12514 "https://webmail.immovalet.com" "Mozilla/5.0 (Windows NT 10.0; Win64; x64) AppleWebKit/537.36 (KHTML, like Gecko) Chrome/148.0.0.0 Safari/537.36"
104.196.115.188 - - [03/Sep/2026:14:30:41 +0000] "GET /.gitlab-ci.yml HTTP/1.1" 404 3633 "-" "Mozilla/5.0 (Windows NT 10.0; Win64; x64) AppleWebKit/537.36 (KHTML, like Gecko) Chrome/148.0.0.0 Safari/537.36"
104.196.115.188 - - [03/Sep/2026:14:30:40 +0000] "GET /.git/HEAD HTTP/1.1" 401 12519 "-" "Mozilla/5.0 (Windows NT 10.0; Win64; x64) AppleWebKit/537.36 (KHTML, like Gecko) Chrome/148.0.0.0 Safari/537.36"
104.196.115.188 - - [03/Sep/2026:14:30:40 +0000] "GET /webpack-stats.json HTTP/1.1" 401 12508 "-" "Mozilla/5.0 (Windows NT 10.0; Win64; x64) AppleWebKit/537.36 (KHTML, like Gecko) Chrome/148.0.0.0 Safari/537.36"
104.196.115.188 - - [03/Sep/2026:14:30:41 +0000] "GET /?locale=cs HTTP/1.1" 200 12733 "-" "Mozilla/5.0 (Windows NT 10.0; Win64; x64) AppleWebKit/537.36 (KHTML, like Gecko) Chrome/148.0.0.0 Safari/537.36"
104.196.115.188 - - [03/Sep/2026:14:30:41 +0000] "GET /.gitconfig HTTP/1.1" 404 3633 "-" "Mozilla/5.0 (Windows NT 10.0; Win64; x64) AppleWebKit/537.36 (KHTML, like Gecko) Chrome/148.0.0.0 Safari/537.36"
104.196.115.188 - - [03/Sep/2026:14:30:41 +0000] "GET /.github/workflows/deploy.yml HTTP/1.1" 404 3633 "-" "Mozilla/5.0 (Windows NT 10.0; Win64; x64) AppleWebKit/537.36 (KHTML, like Gecko) Chrome/148.0.0.0 Safari/537.36"
104.196.115.188 - - [03/Sep/2026:14:30:41 +0000] "POST /api/graphql HTTP/1.1" 401 12888 "https://webmail.immovalet.com" "Mozilla/5.0 (Windows NT 10.0; Win64; x64) AppleWebKit/537.36 (KHTML, like Gecko) Chrome/148.0.0.0 Safari/537.36"
104.196.115.188 - - [03/Sep/2026:14:30:41 +0000] "GET /.env HTTP/1.1" 404 3633 "-" "Mozilla/5.0 (Windows NT 10.0; Win64; x64) AppleWebKit/537.36 (KHTML, like Gecko) Chrome/148.0.0.0 Safari/537.36"
104.196.115.188 - - [03/Sep/2026:14:30:41 +0000] "GET /.env.example HTTP/1.1" 401 12885 "-" "Mozilla/5.0 (Windows NT 10.0; Win64; x64) AppleWebKit/537.36 (KHTML, like Gecko) Chrome/148.0.0.0 Safari/537.36"
104.196.115.188 - - [03/Sep/2026:14:30:41 +0000] "GET /.env.local HTTP/1.1" 401 12893 "-" "Mozilla/5.0 (Windows NT 10.0; Win64; x64) AppleWebKit/537.36 (KHTML, like Gecko) Chrome/148.0.0.0 Safari/537.36"
104.196.115.188 - - [03/Sep/2026:14:30:41 +0000] "GET /.env.backup HTTP/1.1" 404 3533 "-" "Mozilla/5.0 (Windows NT 10.0; Win64; x64) AppleWebKit/537.36 (KHTML, like Gecko) Chrome/148.0.0.0 Safari/537.36"
104.196.115.188 - - [03/Sep/2026:14:30:41 +0000] "POST /v1/graphql HTTP/1.1" 404 3533 "https://webmail.immovalet.com" "Mozilla/5.0 (Windows NT 10.0; Win64; x64) AppleWebKit/537.36 (KHTML, like Gecko) Chrome/148.0.0.0 Safari/537.36"
104.196.115.188 - - [03/Sep/2026:14:30:41 +0000] "GET /.env.old HTTP/1.1" 404 3533 "-" "Mozilla/5.0 (Windows NT 10.0; Win64; x64) AppleWebKit/537.36 (KHTML, like Gecko) Chrome/148.0.0.0 Safari/537.36"
104.196.115.188 - - [03/Sep/2026:14:30:41 +0000] "GET /api/.env HTTP/1.1" 401 12734 "-" "Mozilla/5.0 (Windows NT 10.0; Win64; x64) AppleWebKit/537.36 (KHTML, like Gecko) Chrome/148.0.0.0 Safari/537.36"
104.196.115.188 - - [03/Sep/2026:14:30:41 +0000] "GET /?locale=da HTTP/1.1" 200 12576 "-" "Mozilla/5.0 (Windows NT 10.0; Win64; x64) AppleWebKit/537.36 (KHTML, like Gecko) Chrome/148.0.0.0 Safari/537.36"
104.196.115.188 - - [03/Sep/2026:14:30:41 +0000] "GET /.env.bak HTTP/1.1" 401 12735 "-" "Mozilla/5.0 (Windows NT 10.0; Win64; x64) AppleWebKit/537.36 (KHTML, like Gecko) Chrome/148.0.0.0 Safari/537.36"
104.196.115.188 - - [03/Sep/2026:14:30:41 +0000] "GET /.env.production HTTP/1.1" 404 3633 "-" "Mozilla/5.0 (Windows NT 10.0; Win64; x64) AppleWebKit/537.36 (KHTML, like Gecko) Chrome/148.0.0.0 Safari/537.36"
104.196.115.188 - - [03/Sep/2026:14:30:41 +0000] "GET /service-account.json HTTP/1.1" 404 3499 "-" "Mozilla/5.0 (Windows NT 10.0; Win64; x64) AppleWebKit/537.36 (KHTML, like Gecko) Chrome/148.0.0.0 Safari/537.36"
104.196.115.188 - - [03/Sep/2026:14:30:41 +0000] "GET /config/.env HTTP/1.1" 404 3533 "-" "Mozilla/5.0 (Windows NT 10.0; Win64; x64) AppleWebKit/537.36 (KHTML, like Gecko) Chrome/148.0.0.0 Safari/537.36"
104.196.115.188 - - [03/Sep/2026:14:30:41 +0000] "GET /secrets.yml HTTP/1.1" 401 12732 "-" "Mozilla/5.0 (Windows NT 10.0; Win64; x64) AppleWebKit/537.36 (KHTML, like Gecko) Chrome/148.0.0.0 Safari/537.36"
104.196.115.188 - - [03/Sep/2026:14:30:41 +0000] "GET /resetpass?start=1 HTTP/1.1" 200 1097 "-" "Mozilla/5.0 (Windows NT 10.0; Win64; x64) AppleWebKit/537.36 (KHTML, like Gecko) Chrome/148.0.0.0 Safari/537.36"
104.196.115.188 - - [03/Sep/2026:14:30:41 +0000] "GET /secrets.json HTTP/1.1" 401 12606 "-" "Mozilla/5.0 (Windows NT 10.0; Win64; x64) AppleWebKit/537.36 (KHTML, like Gecko) Chrome/148.0.0.0 Safari/537.36"
104.196.115.188 - - [03/Sep/2026:14:30:41 +0000] "GET /admin/.env HTTP/1.1" 404 3533 "-" "Mozilla/5.0 (Windows NT 10.0; Win64; x64) AppleWebKit/537.36 (KHTML, like Gecko) Chrome/148.0.0.0 Safari/537.36"
104.196.115.188 - - [03/Sep/2026:14:30:41 +0000] "GET /credentials.json HTTP/1.1" 401 12606 "-" "Mozilla/5.0 (Windows NT 10.0; Win64; x64) AppleWebKit/537.36 (KHTML, like Gecko) Chrome/148.0.0.0 Safari/537.36"
104.196.115.188 - - [03/Sep/2026:14:30:41 +0000] "GET /backend/.env HTTP/1.1" 401 12763 "-" "Mozilla/5.0 (Windows NT 10.0; Win64; x64) AppleWebKit/537.36 (KHTML, like Gecko) Chrome/148.0.0.0 Safari/537.36"
104.196.115.188 - - [03/Sep/2026:14:30:41 +0000] "GET /key.json HTTP/1.1" 401 12606 "-" "Mozilla/5.0 (Windows NT 10.0; Win64; x64) AppleWebKit/537.36 (KHTML, like Gecko) Chrome/148.0.0.0 Safari/537.36"
104.196.115.188 - - [03/Sep/2026:14:30:42 +0000] "GET /serviceAccountKey.json HTTP/1.1" 404 3499 "-" "Mozilla/5.0 (Windows NT 10.0; Win64; x64) AppleWebKit/537.36 (KHTML, like Gecko) Chrome/148.0.0.0 Safari/537.36"
104.196.115.188 - - [03/Sep/2026:14:30:42 +0000] "GET /signin HTTP/1.1" 404 3499 "-" "Mozilla/5.0 (Windows NT 10.0; Win64; x64) AppleWebKit/537.36 (KHTML, like Gecko) Chrome/148.0.0.0 Safari/537.36"
104.196.115.188 - - [03/Sep/2026:14:30:42 +0000] "GET /sign-in HTTP/1.1" 404 3499 "-" "Mozilla/5.0 (Windows NT 10.0; Win64; x64) AppleWebKit/537.36 (KHTML, like Gecko) Chrome/148.0.0.0 Safari/537.36"
104.196.115.188 - - [03/Sep/2026:14:30:42 +0000] "GET /users/login HTTP/1.1" 401 12576 "-" "Mozilla/5.0 (Windows NT 10.0; Win64; x64) AppleWebKit/537.36 (KHTML, like Gecko) Chrome/148.0.0.0 Safari/537.36"
104.196.115.188 - - [03/Sep/2026:14:30:42 +0000] "GET /account/login HTTP/1.1" 401 12574 "-" "Mozilla/5.0 (Windows NT 10.0; Win64; x64) AppleWebKit/537.36 (KHTML, like Gecko) Chrome/148.0.0.0 Safari/537.36"
104.196.115.188 - - [03/Sep/2026:14:30:42 +0000] "GET /user/login HTTP/1.1" 401 12571 "-" "Mozilla/5.0 (Windows NT 10.0; Win64; x64) AppleWebKit/537.36 (KHTML, like Gecko) Chrome/148.0.0.0 Safari/537.36"
104.196.115.188 - - [03/Sep/2026:14:30:42 +0000] "GET /reset-password HTTP/1.1" 401 12603 "-" "Mozilla/5.0 (Windows NT 10.0; Win64; x64) AppleWebKit/537.36 (KHTML, like Gecko) Chrome/148.0.0.0 Safari/537.36"
104.196.115.188 - - [03/Sep/2026:14:30:42 +0000] "GET /auth HTTP/1.1" 401 12605 "-" "Mozilla/5.0 (Windows NT 10.0; Win64; x64) AppleWebKit/537.36 (KHTML, like Gecko) Chrome/148.0.0.0 Safari/537.36"
104.196.115.188 - - [03/Sep/2026:14:30:42 +0000] "GET /secure HTTP/1.1" 401 12606 "-" "Mozilla/5.0 (Windows NT 10.0; Win64; x64) AppleWebKit/537.36 (KHTML, like Gecko) Chrome/148.0.0.0 Safari/537.36"
104.196.115.188 - - [03/Sep/2026:14:30:42 +0000] "GET /register HTTP/1.1" 401 12602 "-" "Mozilla/5.0 (Windows NT 10.0; Win64; x64) AppleWebKit/537.36 (KHTML, like Gecko) Chrome/148.0.0.0 Safari/537.36"
