74.7.227.164 - - [03/Sep/2026:12:50:29 +0000] "GET /platform/core/media/src/Models/?C=D;O=A HTTP/1.1" 200 1257 "https://immovalet.com/platform/core/media/src/Models/" "Mozilla/5.0 AppleWebKit/537.36 (KHTML, like Gecko; compatible; GPTBot/1.4; +https://openai.com/gptbot)"
57.141.4.5 - - [03/Sep/2026:12:50:38 +0000] "GET /vendor/maennchen/zipstream-php/?C=S;O=D HTTP/1.1" 200 2127 "-" "Mozilla/5.0 (Macintosh; Intel Mac OS X 10_15_7) AppleWebKit/537.36 (KHTML, like Gecko) Chrome/145.0.0.0 Safari/537.36 (compatible; meta-externalagent/1.1 (+https://developers.facebook.com/docs/sharing/webmasters/crawler))"
57.141.4.43 - - [03/Sep/2026:12:50:38 +0000] "GET /vendor/botble/seo-helper/resources/ HTTP/1.1" 200 1240 "-" "Mozilla/5.0 (X11; Linux x86_64) AppleWebKit/537.36 (KHTML, like Gecko) Chrome/145.0.0.0 Safari/537.36 (compatible; meta-externalagent/1.1 (+https://developers.facebook.com/docs/sharing/webmasters/crawler))"
74.7.227.164 - - [03/Sep/2026:12:50:44 +0000] "GET /vendor/ramsey/uuid/src/Codec/?C=D;O=A HTTP/1.1" 200 1843 "https://immovalet.com/vendor/ramsey/uuid/src/Codec/" "Mozilla/5.0 AppleWebKit/537.36 (KHTML, like Gecko; compatible; GPTBot/1.4; +https://openai.com/gptbot)"
57.141.4.35 - - [03/Sep/2026:12:50:46 +0000] "GET /platform/plugins/social-login/routes/?C=S;O=A HTTP/1.1" 200 902 "-" "Mozilla/5.0 (Windows NT 10.0; Win64; x64) AppleWebKit/537.36 (KHTML, like Gecko) Chrome/145.0.0.0 Safari/537.36 (compatible; meta-externalagent/1.1 (+https://developers.facebook.com/docs/sharing/webmasters/crawler))"
74.7.227.164 - - [03/Sep/2026:12:50:54 +0000] "GET /vendor/ramsey/uuid/src/Codec/?C=N;O=D HTTP/1.1" 200 1843 "https://immovalet.com/vendor/ramsey/uuid/src/Codec/" "Mozilla/5.0 AppleWebKit/537.36 (KHTML, like Gecko; compatible; GPTBot/1.4; +https://openai.com/gptbot)"
74.7.227.164 - - [03/Sep/2026:12:51:00 +0000] "GET /vendor/botble/slug/src/Forms/?C=D;O=A HTTP/1.1" 200 879 "https://immovalet.com/vendor/botble/slug/src/Forms/" "Mozilla/5.0 AppleWebKit/537.36 (KHTML, like Gecko; compatible; GPTBot/1.4; +https://openai.com/gptbot)"
74.7.227.164 - - [03/Sep/2026:12:51:04 +0000] "GET /platform/core/acl/src/Tables/?C=M;O=A HTTP/1.1" 200 1065 "https://immovalet.com/platform/core/acl/src/Tables/" "Mozilla/5.0 AppleWebKit/537.36 (KHTML, like Gecko; compatible; GPTBot/1.4; +https://openai.com/gptbot)"
74.7.227.164 - - [03/Sep/2026:12:51:06 +0000] "GET /vendor/botble/slug/src/Forms/?C=M;O=A HTTP/1.1" 200 879 "https://immovalet.com/vendor/botble/slug/src/Forms/" "Mozilla/5.0 AppleWebKit/537.36 (KHTML, like Gecko; compatible; GPTBot/1.4; +https://openai.com/gptbot)"
74.7.227.164 - - [03/Sep/2026:12:51:11 +0000] "GET /platform/core/base/src/Traits/?C=D;O=A HTTP/1.1" 200 1286 "https://immovalet.com/platform/core/base/src/Traits/" "Mozilla/5.0 AppleWebKit/537.36 (KHTML, like Gecko; compatible; GPTBot/1.4; +https://openai.com/gptbot)"
74.7.227.164 - - [03/Sep/2026:12:51:12 +0000] "GET /vendor/ramsey/uuid/src/Codec/TimestampFirstCombCodec.php HTTP/1.1" 500 - "https://immovalet.com/vendor/ramsey/uuid/src/Codec/?C=N;O=D" "Mozilla/5.0 AppleWebKit/537.36 (KHTML, like Gecko; compatible; GPTBot/1.4; +https://openai.com/gptbot)"
74.7.227.164 - - [03/Sep/2026:12:51:12 +0000] "GET /vendor/ramsey/uuid/src/Codec/TimestampLastCombCodec.php HTTP/1.1" 500 - "https://immovalet.com/vendor/ramsey/uuid/src/Codec/?C=N;O=D" "Mozilla/5.0 AppleWebKit/537.36 (KHTML, like Gecko; compatible; GPTBot/1.4; +https://openai.com/gptbot)"
74.7.227.164 - - [03/Sep/2026:12:51:13 +0000] "GET /vendor/ramsey/uuid/src/Codec/OrderedTimeCodec.php HTTP/1.1" 500 - "https://immovalet.com/vendor/ramsey/uuid/src/Codec/?C=N;O=D" "Mozilla/5.0 AppleWebKit/537.36 (KHTML, like Gecko; compatible; GPTBot/1.4; +https://openai.com/gptbot)"
74.7.227.164 - - [03/Sep/2026:12:51:14 +0000] "GET /vendor/ramsey/uuid/src/Codec/GuidStringCodec.php HTTP/1.1" 500 - "https://immovalet.com/vendor/ramsey/uuid/src/Codec/?C=N;O=D" "Mozilla/5.0 AppleWebKit/537.36 (KHTML, like Gecko; compatible; GPTBot/1.4; +https://openai.com/gptbot)"
74.7.227.164 - - [03/Sep/2026:12:51:16 +0000] "GET /vendor/ramsey/uuid/src/Codec/StringCodec.php HTTP/1.1" 500 - "https://immovalet.com/vendor/ramsey/uuid/src/Codec/?C=N;O=D" "Mozilla/5.0 AppleWebKit/537.36 (KHTML, like Gecko; compatible; GPTBot/1.4; +https://openai.com/gptbot)"
57.141.4.59 - - [03/Sep/2026:12:51:47 +0000] "GET /vendor/opis/closure/?C=M;O=D HTTP/1.1" 200 1918 "-" "Mozilla/5.0 (Windows NT 10.0; Win64; x64) AppleWebKit/537.36 (KHTML, like Gecko) Chrome/145.0.0.0 Safari/537.36 (compatible; meta-externalagent/1.1 (+https://developers.facebook.com/docs/sharing/webmasters/crawler))"
57.141.4.40 - - [03/Sep/2026:12:51:50 +0000] "GET /platform/plugins/analytics/resources/views/?C=M;O=A HTTP/1.1" 200 1107 "-" "Mozilla/5.0 (X11; Linux x86_64) AppleWebKit/537.36 (KHTML, like Gecko) Chrome/145.0.0.0 Safari/537.36 (compatible; meta-externalagent/1.1 (+https://developers.facebook.com/docs/sharing/webmasters/crawler))"
57.141.4.35 - - [03/Sep/2026:12:52:22 +0000] "GET /platform/core/media/database/?C=N;O=A HTTP/1.1" 200 880 "-" "Mozilla/5.0 (Windows NT 10.0; Win64; x64) AppleWebKit/537.36 (KHTML, like Gecko) Chrome/145.0.0.0 Safari/537.36 (compatible; meta-externalagent/1.1 (+https://developers.facebook.com/docs/sharing/webmasters/crawler))"
57.141.4.46 - - [03/Sep/2026:12:52:50 +0000] "GET /resources/lang/vendor/plugins/ecommerce/?C=D;O=D HTTP/1.1" 200 1075 "-" "Mozilla/5.0 (Windows NT 10.0; Win64; x64) AppleWebKit/537.36 (KHTML, like Gecko) Chrome/145.0.0.0 Safari/537.36 (compatible; meta-externalagent/1.1 (+https://developers.facebook.com/docs/sharing/webmasters/crawler))"
66.249.65.161 - - [03/Sep/2026:12:52:56 +0000] "GET /robots.txt HTTP/1.1" 404 16 "-" "Mozilla/5.0 (compatible; Googlebot/2.1; +http://www.google.com/bot.html)"
57.141.4.53 - - [03/Sep/2026:12:53:12 +0000] "GET /vendor/symfony/polyfill-php73/Resources/stubs/?C=S;O=A HTTP/1.1" 200 940 "-" "Mozilla/5.0 (X11; Linux x86_64) AppleWebKit/537.36 (KHTML, like Gecko) Chrome/145.0.0.0 Safari/537.36 (compatible; meta-externalagent/1.1 (+https://developers.facebook.com/docs/sharing/webmasters/crawler))"
57.141.4.1 - - [03/Sep/2026:12:53:42 +0000] "GET /platform/packages/menu/src/Forms/ HTTP/1.1" 200 896 "-" "Mozilla/5.0 (Windows NT 10.0; Win64; x64) AppleWebKit/537.36 (KHTML, like Gecko) Chrome/145.0.0.0 Safari/537.36 (compatible; meta-externalagent/1.1 (+https://developers.facebook.com/docs/sharing/webmasters/crawler))"
57.141.4.19 - - [03/Sep/2026:12:53:58 +0000] "GET /vendor/symfony/var-dumper/?C=N;O=A HTTP/1.1" 200 2812 "-" "Mozilla/5.0 (Macintosh; Intel Mac OS X 10_15_7) AppleWebKit/537.36 (KHTML, like Gecko) Chrome/145.0.0.0 Safari/537.36 (compatible; meta-externalagent/1.1 (+https://developers.facebook.com/docs/sharing/webmasters/crawler))"
57.141.4.42 - - [03/Sep/2026:12:54:03 +0000] "GET /vendor/aws/aws-sdk-php/src/ConfigurationProviderInterface.php HTTP/1.1" 200 - "-" "Mozilla/5.0 (Macintosh; Intel Mac OS X 10_15_7) AppleWebKit/537.36 (KHTML, like Gecko) Chrome/145.0.0.0 Safari/537.36 (compatible; meta-externalagent/1.1 (+https://developers.facebook.com/docs/sharing/webmasters/crawler))"
57.141.4.23 - - [03/Sep/2026:12:54:08 +0000] "GET /vendor/aws/aws-sdk-php/src/FraudDetector/ HTTP/1.1" 200 1101 "-" "Mozilla/5.0 (Macintosh; Intel Mac OS X 10_15_7) AppleWebKit/537.36 (KHTML, like Gecko) Chrome/145.0.0.0 Safari/537.36 (compatible; meta-externalagent/1.1 (+https://developers.facebook.com/docs/sharing/webmasters/crawler))"
57.141.4.28 - - [03/Sep/2026:12:54:26 +0000] "GET /platform/packages/theme/ HTTP/1.1" 200 2280 "-" "Mozilla/5.0 (X11; Linux x86_64) AppleWebKit/537.36 (KHTML, like Gecko) Chrome/145.0.0.0 Safari/537.36 (compatible; meta-externalagent/1.1 (+https://developers.facebook.com/docs/sharing/webmasters/crawler))"
57.141.4.61 - - [03/Sep/2026:12:54:35 +0000] "GET /vendor/botble/page/composer.json HTTP/1.1" 200 430 "-" "Mozilla/5.0 (Windows NT 10.0; Win64; x64) AppleWebKit/537.36 (KHTML, like Gecko) Chrome/145.0.0.0 Safari/537.36 (compatible; meta-externalagent/1.1 (+https://developers.facebook.com/docs/sharing/webmasters/crawler))"
57.141.4.21 - - [03/Sep/2026:12:55:11 +0000] "GET /vendor/doctrine/cache/composer.json HTTP/1.1" 200 1745 "-" "Mozilla/5.0 (Windows NT 10.0; Win64; x64) AppleWebKit/537.36 (KHTML, like Gecko) Chrome/145.0.0.0 Safari/537.36 (compatible; meta-externalagent/1.1 (+https://developers.facebook.com/docs/sharing/webmasters/crawler))"
57.141.4.10 - - [03/Sep/2026:12:55:23 +0000] "GET /vendor/laravel/socialite/?C=N;O=D HTTP/1.1" 200 1219 "-" "Mozilla/5.0 (Windows NT 10.0; Win64; x64) AppleWebKit/537.36 (KHTML, like Gecko) Chrome/145.0.0.0 Safari/537.36 (compatible; meta-externalagent/1.1 (+https://developers.facebook.com/docs/sharing/webmasters/crawler))"
57.141.4.62 - - [03/Sep/2026:12:55:31 +0000] "GET /platform/packages/revision/src/?C=M;O=D HTTP/1.1" 200 1445 "-" "Mozilla/5.0 (Macintosh; Intel Mac OS X 10_15_7) AppleWebKit/537.36 (KHTML, like Gecko) Chrome/145.0.0.0 Safari/537.36 (compatible; meta-externalagent/1.1 (+https://developers.facebook.com/docs/sharing/webmasters/crawler))"
57.141.4.48 - - [03/Sep/2026:12:55:41 +0000] "GET /vendor/sendgrid/sendgrid/scripts/?C=D;O=A HTTP/1.1" 200 892 "-" "Mozilla/5.0 (Windows NT 10.0; Win64; x64) AppleWebKit/537.36 (KHTML, like Gecko) Chrome/145.0.0.0 Safari/537.36 Edg/145.0.0.0 (compatible; meta-externalagent/1.1 (+https://developers.facebook.com/docs/sharing/webmasters/crawler))"
57.141.4.2 - - [03/Sep/2026:12:55:48 +0000] "GET /vendor/doctrine/lexer/?C=M;O=A HTTP/1.1" 200 1211 "-" "Mozilla/5.0 (X11; Linux x86_64) AppleWebKit/537.36 (KHTML, like Gecko) Chrome/145.0.0.0 Safari/537.36 (compatible; meta-externalagent/1.1 (+https://developers.facebook.com/docs/sharing/webmasters/crawler))"
57.141.4.34 - - [03/Sep/2026:12:55:53 +0000] "GET /platform/packages/revision/ HTTP/1.1" 200 1935 "-" "Mozilla/5.0 (Macintosh; Intel Mac OS X 10_15_7) AppleWebKit/537.36 (KHTML, like Gecko) Chrome/145.0.0.0 Safari/537.36 (compatible; meta-externalagent/1.1 (+https://developers.facebook.com/docs/sharing/webmasters/crawler))"
74.7.227.164 - - [03/Sep/2026:12:55:58 +0000] "GET /vendor/botble/menu/src/Forms/?C=M;O=A HTTP/1.1" 200 884 "https://immovalet.com/vendor/botble/menu/src/Forms/" "Mozilla/5.0 AppleWebKit/537.36 (KHTML, like Gecko; compatible; GPTBot/1.4; +https://openai.com/gptbot)"
216.73.216.242 - - [03/Sep/2026:12:56:04 +0000] "GET /vendor/google/apiclient-services/src/Analytics/McfData.php HTTP/1.1" 500 - "-" "Mozilla/5.0 AppleWebKit/537.36 (KHTML, like Gecko; compatible; ClaudeBot/1.0; +claudebot@anthropic.com)"
216.73.216.242 - - [03/Sep/2026:12:56:04 +0000] "GET /vendor/stripe/stripe-php/lib/UsageRecordSummary.php HTTP/1.1" 500 - "-" "Mozilla/5.0 AppleWebKit/537.36 (KHTML, like Gecko; compatible; ClaudeBot/1.0; +claudebot@anthropic.com)"
216.73.216.242 - - [03/Sep/2026:12:56:04 +0000] "GET /vendor/google/apiclient-services/src/Analytics/AccountSummary.php HTTP/1.1" 500 - "-" "Mozilla/5.0 AppleWebKit/537.36 (KHTML, like Gecko; compatible; ClaudeBot/1.0; +claudebot@anthropic.com)"
216.73.216.242 - - [03/Sep/2026:12:56:04 +0000] "GET /vendor/stripe/stripe-php/lib/Service/CouponService.php HTTP/1.1" 500 - "-" "Mozilla/5.0 AppleWebKit/537.36 (KHTML, like Gecko; compatible; ClaudeBot/1.0; +claudebot@anthropic.com)"
216.73.216.242 - - [03/Sep/2026:12:56:04 +0000] "GET /vendor/mollie/mollie-api-php/src/Resources/SubscriptionCollection.php HTTP/1.1" 500 - "-" "Mozilla/5.0 AppleWebKit/537.36 (KHTML, like Gecko; compatible; ClaudeBot/1.0; +claudebot@anthropic.com)"
216.73.216.242 - - [03/Sep/2026:12:56:04 +0000] "GET /vendor/google/apiclient-services/src/Analytics/AccountPermissions.php HTTP/1.1" 500 - "-" "Mozilla/5.0 AppleWebKit/537.36 (KHTML, like Gecko; compatible; ClaudeBot/1.0; +claudebot@anthropic.com)"
216.73.216.242 - - [03/Sep/2026:12:56:04 +0000] "GET /vendor/google/apiclient-services/src/Analytics/Resource/ManagementProfileUserLinks.php HTTP/1.1" 500 - "-" "Mozilla/5.0 AppleWebKit/537.36 (KHTML, like Gecko; compatible; ClaudeBot/1.0; +claudebot@anthropic.com)"
216.73.216.242 - - [03/Sep/2026:12:56:04 +0000] "GET /vendor/mollie/mollie-api-php/src/Endpoints/InvoiceEndpoint.php HTTP/1.1" 500 - "-" "Mozilla/5.0 AppleWebKit/537.36 (KHTML, like Gecko; compatible; ClaudeBot/1.0; +claudebot@anthropic.com)"
216.73.216.242 - - [03/Sep/2026:12:56:04 +0000] "GET /vendor/mollie/mollie-api-php/src/Endpoints/SubscriptionEndpoint.php HTTP/1.1" 500 - "-" "Mozilla/5.0 AppleWebKit/537.36 (KHTML, like Gecko; compatible; ClaudeBot/1.0; +claudebot@anthropic.com)"
216.73.216.242 - - [03/Sep/2026:12:56:05 +0000] "GET /vendor/google/apiclient-services/src/Analytics/ProfilePermissions.php HTTP/1.1" 500 - "-" "Mozilla/5.0 AppleWebKit/537.36 (KHTML, like Gecko; compatible; ClaudeBot/1.0; +claudebot@anthropic.com)"
216.73.216.242 - - [03/Sep/2026:12:56:05 +0000] "GET /vendor/google/apiclient-services/src/Analytics/WebpropertyChildLink.php HTTP/1.1" 500 - "-" "Mozilla/5.0 AppleWebKit/537.36 (KHTML, like Gecko; compatible; ClaudeBot/1.0; +claudebot@anthropic.com)"
216.73.216.242 - - [03/Sep/2026:12:56:05 +0000] "GET /vendor/stripe/stripe-php/lib/TaxRate.php HTTP/1.1" 500 - "-" "Mozilla/5.0 AppleWebKit/537.36 (KHTML, like Gecko; compatible; ClaudeBot/1.0; +claudebot@anthropic.com)"
216.73.216.242 - - [03/Sep/2026:12:56:05 +0000] "GET /vendor/stripe/stripe-php/lib/Service/MandateService.php HTTP/1.1" 500 - "-" "Mozilla/5.0 AppleWebKit/537.36 (KHTML, like Gecko; compatible; ClaudeBot/1.0; +claudebot@anthropic.com)"
216.73.216.242 - - [03/Sep/2026:12:56:05 +0000] "GET /vendor/google/apiclient-services/src/Analytics/ProfileSummary.php HTTP/1.1" 500 - "-" "Mozilla/5.0 AppleWebKit/537.36 (KHTML, like Gecko; compatible; ClaudeBot/1.0; +claudebot@anthropic.com)"
216.73.216.242 - - [03/Sep/2026:12:56:10 +0000] "GET /vendor/google/apiclient-services/src/Analytics/UnsampledReports.php HTTP/1.1" 500 - "-" "Mozilla/5.0 AppleWebKit/537.36 (KHTML, like Gecko; compatible; ClaudeBot/1.0; +claudebot@anthropic.com)"
216.73.216.242 - - [03/Sep/2026:12:56:15 +0000] "GET /vendor/google/apiclient-services/src/Analytics/Resource/DataMcf.php HTTP/1.1" 500 - "-" "Mozilla/5.0 AppleWebKit/537.36 (KHTML, like Gecko; compatible; ClaudeBot/1.0; +claudebot@anthropic.com)"
216.73.216.242 - - [03/Sep/2026:12:56:20 +0000] "GET /vendor/mollie/mollie-api-php/src/Resources/OrderCollection.php HTTP/1.1" 500 - "-" "Mozilla/5.0 AppleWebKit/537.36 (KHTML, like Gecko; compatible; ClaudeBot/1.0; +claudebot@anthropic.com)"
74.7.227.164 - - [03/Sep/2026:12:56:21 +0000] "GET /vendor/xantios/mimey/tests/src/?C=D;O=A HTTP/1.1" 200 1293 "https://immovalet.com/vendor/xantios/mimey/tests/src/" "Mozilla/5.0 AppleWebKit/537.36 (KHTML, like Gecko; compatible; GPTBot/1.4; +https://openai.com/gptbot)"
216.73.216.242 - - [03/Sep/2026:12:56:25 +0000] "GET /vendor/stripe/stripe-php/lib/Service/SkuService.php HTTP/1.1" 500 - "-" "Mozilla/5.0 AppleWebKit/537.36 (KHTML, like Gecko; compatible; ClaudeBot/1.0; +claudebot@anthropic.com)"
74.7.227.164 - - [03/Sep/2026:12:56:29 +0000] "GET /vendor/ramsey/uuid/src/Builder/?C=S;O=A HTTP/1.1" 200 1660 "https://immovalet.com/vendor/ramsey/uuid/src/Builder/" "Mozilla/5.0 AppleWebKit/537.36 (KHTML, like Gecko; compatible; GPTBot/1.4; +https://openai.com/gptbot)"
57.141.4.46 - - [03/Sep/2026:12:56:35 +0000] "GET /storage/debugbar/Xab724cd772e95b75f76c1d2a4ed25973.json HTTP/1.1" 200 23673 "-" "Mozilla/5.0 (Windows NT 10.0; Win64; x64) AppleWebKit/537.36 (KHTML, like Gecko) Chrome/145.0.0.0 Safari/537.36 (compatible; meta-externalagent/1.1 (+https://developers.facebook.com/docs/sharing/webmasters/crawler))"
74.7.227.164 - - [03/Sep/2026:12:56:36 +0000] "GET /platform/core/base/src/Facades/?C=D;O=A HTTP/1.1" 200 2586 "https://immovalet.com/platform/core/base/src/Facades/" "Mozilla/5.0 AppleWebKit/537.36 (KHTML, like Gecko; compatible; GPTBot/1.4; +https://openai.com/gptbot)"
74.7.227.164 - - [03/Sep/2026:12:56:41 +0000] "GET /vendor/xantios/mimey/tests/src/?C=S;O=A HTTP/1.1" 200 1293 "https://immovalet.com/vendor/xantios/mimey/tests/src/" "Mozilla/5.0 AppleWebKit/537.36 (KHTML, like Gecko; compatible; GPTBot/1.4; +https://openai.com/gptbot)"
57.141.4.35 - - [03/Sep/2026:12:56:46 +0000] "GET /platform/plugins/testimonial/config/permissions.php HTTP/1.1" 200 - "-" "Mozilla/5.0 (Macintosh; Intel Mac OS X 10_15_7) AppleWebKit/537.36 (KHTML, like Gecko) Chrome/145.0.0.0 Safari/537.36 (compatible; meta-externalagent/1.1 (+https://developers.facebook.com/docs/sharing/webmasters/crawler))"
74.7.227.164 - - [03/Sep/2026:12:56:48 +0000] "GET /platform/core/acl/src/Commands/?C=M;O=A HTTP/1.1" 200 896 "https://immovalet.com/platform/core/acl/src/Commands/" "Mozilla/5.0 AppleWebKit/537.36 (KHTML, like Gecko; compatible; GPTBot/1.4; +https://openai.com/gptbot)"
74.7.227.164 - - [03/Sep/2026:12:56:51 +0000] "GET /platform/core/setting/src/Http/?C=D;O=A HTTP/1.1" 200 1068 "https://immovalet.com/platform/core/setting/src/Http/" "Mozilla/5.0 AppleWebKit/537.36 (KHTML, like Gecko; compatible; GPTBot/1.4; +https://openai.com/gptbot)"
57.141.4.35 - - [03/Sep/2026:12:57:06 +0000] "GET /vendor/myclabs/php-enum/src/?C=D;O=A HTTP/1.1" 200 1055 "-" "Mozilla/5.0 (Windows NT 10.0; Win64; x64) AppleWebKit/537.36 (KHTML, like Gecko) Chrome/145.0.0.0 Safari/537.36 (compatible; meta-externalagent/1.1 (+https://developers.facebook.com/docs/sharing/webmasters/crawler))"
57.141.4.22 - - [03/Sep/2026:12:57:09 +0000] "GET /platform/packages/page/src/Listeners/ HTTP/1.1" 200 923 "-" "Mozilla/5.0 (Windows NT 10.0; Win64; x64) AppleWebKit/537.36 (KHTML, like Gecko) Chrome/145.0.0.0 Safari/537.36 (compatible; meta-externalagent/1.1 (+https://developers.facebook.com/docs/sharing/webmasters/crawler))"
57.141.4.35 - - [03/Sep/2026:12:57:12 +0000] "GET /vendor/voku/portable-ascii/CHANGELOG.md HTTP/1.1" 200 4858 "-" "Mozilla/5.0 (Windows NT 10.0; Win64; x64) AppleWebKit/537.36 (KHTML, like Gecko) Chrome/144.0.0.0 Safari/537.36 Edg/144.0.0.0 (compatible; meta-externalagent/1.1 (+https://developers.facebook.com/docs/sharing/webmasters/crawler))"
74.7.227.164 - - [03/Sep/2026:12:57:16 +0000] "GET /vendor/ramsey/uuid/src/Builder/BuilderCollection.php HTTP/1.1" 500 - "https://immovalet.com/vendor/ramsey/uuid/src/Builder/?C=S;O=A" "Mozilla/5.0 AppleWebKit/537.36 (KHTML, like Gecko; compatible; GPTBot/1.4; +https://openai.com/gptbot)"
57.141.4.3 - - [03/Sep/2026:12:57:25 +0000] "GET /vendor/botble/theme/config/ HTTP/1.1" 200 1059 "-" "Mozilla/5.0 (Windows NT 10.0; Win64; x64) AppleWebKit/537.36 (KHTML, like Gecko) Chrome/145.0.0.0 Safari/537.36 (compatible; meta-externalagent/1.1 (+https://developers.facebook.com/docs/sharing/webmasters/crawler))"
74.7.227.164 - - [03/Sep/2026:12:57:29 +0000] "GET /vendor/ramsey/uuid/src/Builder/FallbackBuilder.php HTTP/1.1" 500 - "https://immovalet.com/vendor/ramsey/uuid/src/Builder/?C=S;O=A" "Mozilla/5.0 AppleWebKit/537.36 (KHTML, like Gecko; compatible; GPTBot/1.4; +https://openai.com/gptbot)"
57.141.4.15 - - [03/Sep/2026:12:57:32 +0000] "GET /vendor/ezyang/htmlpurifier/?C=S;O=A HTTP/1.1" 200 1573 "-" "Mozilla/5.0 (Windows NT 10.0; Win64; x64) AppleWebKit/537.36 (KHTML, like Gecko) Chrome/145.0.0.0 Safari/537.36 (compatible; meta-externalagent/1.1 (+https://developers.facebook.com/docs/sharing/webmasters/crawler))"
57.141.4.28 - - [03/Sep/2026:12:57:38 +0000] "GET /platform/packages/shortcode/?C=S;O=D HTTP/1.1" 200 1401 "-" "Mozilla/5.0 (Windows NT 10.0; Win64; x64) AppleWebKit/537.36 (KHTML, like Gecko) Chrome/145.0.0.0 Safari/537.36 (compatible; meta-externalagent/1.1 (+https://developers.facebook.com/docs/sharing/webmasters/crawler))"
216.73.216.242 - - [03/Sep/2026:12:57:45 +0000] "GET /vendor/mollie/mollie-api-php/src/Resources/PaymentLink.php HTTP/1.1" 500 - "-" "Mozilla/5.0 AppleWebKit/537.36 (KHTML, like Gecko; compatible; ClaudeBot/1.0; +claudebot@anthropic.com)"
57.141.4.66 - - [03/Sep/2026:12:57:46 +0000] "GET /vendor/stripe/stripe-php/lib/ HTTP/1.1" 200 18780 "-" "Mozilla/5.0 (Windows NT 10.0; Win64; x64) AppleWebKit/537.36 (KHTML, like Gecko) Chrome/145.0.0.0 Safari/537.36 (compatible; meta-externalagent/1.1 (+https://developers.facebook.com/docs/sharing/webmasters/crawler))"
74.7.227.164 - - [03/Sep/2026:12:57:48 +0000] "GET /vendor/xantios/mimey/tests/src/MimeMappingGeneratorTest.php HTTP/1.1" 500 - "https://immovalet.com/vendor/xantios/mimey/tests/src/?C=S;O=A" "Mozilla/5.0 AppleWebKit/537.36 (KHTML, like Gecko; compatible; GPTBot/1.4; +https://openai.com/gptbot)"
57.141.4.70 - - [03/Sep/2026:12:57:56 +0000] "GET /platform/plugins/analytics/resources/lang/?C=N;O=D HTTP/1.1" 200 915 "-" "Mozilla/5.0 (X11; Linux x86_64) AppleWebKit/537.36 (KHTML, like Gecko) Chrome/145.0.0.0 Safari/537.36 (compatible; meta-externalagent/1.1 (+https://developers.facebook.com/docs/sharing/webmasters/crawler))"
57.141.4.68 - - [03/Sep/2026:12:58:02 +0000] "GET /vendor/stripe/stripe-php/lib/Review.php HTTP/1.1" 500 - "-" "Mozilla/5.0 (X11; Linux x86_64) AppleWebKit/537.36 (KHTML, like Gecko) Chrome/145.0.0.0 Safari/537.36 (compatible; meta-externalagent/1.1 (+https://developers.facebook.com/docs/sharing/webmasters/crawler))"
57.141.4.9 - - [03/Sep/2026:12:58:07 +0000] "GET /vendor/stripe/stripe-php/lib/Event.php HTTP/1.1" 500 - "-" "Mozilla/5.0 (Windows NT 10.0; Win64; x64) AppleWebKit/537.36 (KHTML, like Gecko) Chrome/145.0.0.0 Safari/537.36 (compatible; meta-externalagent/1.1 (+https://developers.facebook.com/docs/sharing/webmasters/crawler))"
74.7.227.164 - - [03/Sep/2026:12:58:08 +0000] "GET /vendor/xantios/mimey/tests/src/MimeMappingBuilderTest.php HTTP/1.1" 500 - "https://immovalet.com/vendor/xantios/mimey/tests/src/?C=S;O=A" "Mozilla/5.0 AppleWebKit/537.36 (KHTML, like Gecko; compatible; GPTBot/1.4; +https://openai.com/gptbot)"
57.141.4.19 - - [03/Sep/2026:12:58:21 +0000] "GET /storage/framework/views/45c1aa2d5468d0f1cb88b99faf723caa8257964c.php HTTP/1.1" 200 31 "-" "Mozilla/5.0 (Windows NT 10.0; Win64; x64) AppleWebKit/537.36 (KHTML, like Gecko) Chrome/145.0.0.0 Safari/537.36 (compatible; meta-externalagent/1.1 (+https://developers.facebook.com/docs/sharing/webmasters/crawler))"
74.7.227.164 - - [03/Sep/2026:12:58:28 +0000] "GET /vendor/xantios/mimey/tests/src/MimeTypesTest.php HTTP/1.1" 500 - "https://immovalet.com/vendor/xantios/mimey/tests/src/?C=S;O=A" "Mozilla/5.0 AppleWebKit/537.36 (KHTML, like Gecko; compatible; GPTBot/1.4; +https://openai.com/gptbot)"
57.141.4.46 - - [03/Sep/2026:12:58:31 +0000] "GET /vendor/myclabs/php-enum/src/ HTTP/1.1" 200 1055 "-" "Mozilla/5.0 (Windows NT 10.0; Win64; x64; rv:147.0) Gecko/20100101 Firefox/147.0 (compatible; meta-externalagent/1.1 (+https://developers.facebook.com/docs/sharing/webmasters/crawler))"
57.141.4.58 - - [03/Sep/2026:12:58:43 +0000] "GET /vendor/kris/laravel-form-builder/tests/ HTTP/1.1" 200 2569 "-" "Mozilla/5.0 (Windows NT 10.0; Win64; x64) AppleWebKit/537.36 (KHTML, like Gecko) Chrome/145.0.0.0 Safari/537.36 (compatible; meta-externalagent/1.1 (+https://developers.facebook.com/docs/sharing/webmasters/crawler))"
74.7.227.164 - - [03/Sep/2026:12:58:49 +0000] "GET /vendor/ramsey/uuid/src/Builder/DegradedUuidBuilder.php HTTP/1.1" 500 - "https://immovalet.com/vendor/ramsey/uuid/src/Builder/?C=S;O=A" "Mozilla/5.0 AppleWebKit/537.36 (KHTML, like Gecko; compatible; GPTBot/1.4; +https://openai.com/gptbot)"
57.141.4.35 - - [03/Sep/2026:12:58:49 +0000] "GET /vendor/aws/aws-sdk-php/src/LocationService/Exception/?C=S;O=A HTTP/1.1" 200 971 "-" "Mozilla/5.0 (Windows NT 10.0; Win64; x64) AppleWebKit/537.36 (KHTML, like Gecko) Chrome/145.0.0.0 Safari/537.36 (compatible; meta-externalagent/1.1 (+https://developers.facebook.com/docs/sharing/webmasters/crawler))"
57.141.4.71 - - [03/Sep/2026:12:59:08 +0000] "GET /platform/packages/menu/resources/assets/ HTTP/1.1" 200 1080 "-" "Mozilla/5.0 (Windows NT 10.0; Win64; x64) AppleWebKit/537.36 (KHTML, like Gecko) Chrome/145.0.0.0 Safari/537.36 (compatible; meta-externalagent/1.1 (+https://developers.facebook.com/docs/sharing/webmasters/crawler))"
74.7.227.164 - - [03/Sep/2026:12:59:08 +0000] "GET /vendor/ramsey/uuid/src/Builder/DefaultUuidBuilder.php HTTP/1.1" 500 - "https://immovalet.com/vendor/ramsey/uuid/src/Builder/?C=S;O=A" "Mozilla/5.0 AppleWebKit/537.36 (KHTML, like Gecko; compatible; GPTBot/1.4; +https://openai.com/gptbot)"
216.73.216.58 - - [03/Sep/2026:12:59:13 +0000] "GET /sitemap.xml HTTP/1.1" 404 3421 "-" "Mozilla/5.0 AppleWebKit/537.36 (KHTML, like Gecko; compatible; ClaudeBot/1.0; +claudebot@anthropic.com)"
57.141.4.24 - - [03/Sep/2026:12:59:21 +0000] "GET /vendor/symfony/polyfill-php72/Php72.php HTTP/1.1" 200 - "-" "Mozilla/5.0 (Macintosh; Intel Mac OS X 10_15_7) AppleWebKit/537.36 (KHTML, like Gecko) Chrome/145.0.0.0 Safari/537.36 (compatible; meta-externalagent/1.1 (+https://developers.facebook.com/docs/sharing/webmasters/crawler))"
57.141.4.15 - - [03/Sep/2026:12:59:29 +0000] "GET /vendor/botble/platform/VERSION HTTP/1.1" 200 7 "-" "Mozilla/5.0 (Macintosh; Intel Mac OS X 10_15_7) AppleWebKit/537.36 (KHTML, like Gecko) Chrome/145.0.0.0 Safari/537.36 (compatible; meta-externalagent/1.1 (+https://developers.facebook.com/docs/sharing/webmasters/crawler))"
57.141.4.73 - - [03/Sep/2026:12:59:30 +0000] "GET /platform/plugins/cookie-consent/?C=S;O=A HTTP/1.1" 200 1947 "-" "Mozilla/5.0 (Macintosh; Intel Mac OS X 10_15_7) AppleWebKit/537.36 (KHTML, like Gecko) Chrome/145.0.0.0 Safari/537.36 (compatible; meta-externalagent/1.1 (+https://developers.facebook.com/docs/sharing/webmasters/crawler))"
74.7.227.164 - - [03/Sep/2026:12:59:49 +0000] "GET /vendor/ramsey/uuid/src/Builder/?C=N;O=A HTTP/1.1" 200 1660 "https://immovalet.com/vendor/ramsey/uuid/src/Builder/?C=S;O=A" "Mozilla/5.0 AppleWebKit/537.36 (KHTML, like Gecko; compatible; GPTBot/1.4; +https://openai.com/gptbot)"
57.141.4.44 - - [03/Sep/2026:12:59:59 +0000] "GET /vendor/stripe/stripe-php/phpdoc.dist.xml HTTP/1.1" 200 975 "-" "Mozilla/5.0 (Windows NT 10.0; Win64; x64) AppleWebKit/537.36 (KHTML, like Gecko) Chrome/145.0.0.0 Safari/537.36 (compatible; meta-externalagent/1.1 (+https://developers.facebook.com/docs/sharing/webmasters/crawler))"
74.7.227.164 - - [03/Sep/2026:13:00:04 +0000] "GET /vendor/ramsey/uuid/src/Fields/?C=M;O=A HTTP/1.1" 200 1091 "https://immovalet.com/vendor/ramsey/uuid/src/Fields/" "Mozilla/5.0 AppleWebKit/537.36 (KHTML, like Gecko; compatible; GPTBot/1.4; +https://openai.com/gptbot)"
57.141.4.12 - - [03/Sep/2026:13:00:13 +0000] "GET /vendor/maatwebsite/excel/src/Exceptions/NoTypeDetectedException.php HTTP/1.1" 500 - "-" "Mozilla/5.0 (Windows NT 10.0; Win64; x64) AppleWebKit/537.36 (KHTML, like Gecko) Chrome/145.0.0.0 Safari/537.36 (compatible; meta-externalagent/1.1 (+https://developers.facebook.com/docs/sharing/webmasters/crawler))"
57.141.4.7 - - [03/Sep/2026:13:00:16 +0000] "GET /vendor/egulias/?C=N;O=D HTTP/1.1" 200 844 "-" "Mozilla/5.0 (Windows NT 10.0; Win64; x64) AppleWebKit/537.36 (KHTML, like Gecko) Chrome/145.0.0.0 Safari/537.36 (compatible; meta-externalagent/1.1 (+https://developers.facebook.com/docs/sharing/webmasters/crawler))"
74.7.227.164 - - [03/Sep/2026:13:00:17 +0000] "GET /vendor/botble/theme/src/Http/?C=N;O=D HTTP/1.1" 200 1241 "https://immovalet.com/vendor/botble/theme/src/Http/" "Mozilla/5.0 AppleWebKit/537.36 (KHTML, like Gecko; compatible; GPTBot/1.4; +https://openai.com/gptbot)"
57.141.4.31 - - [03/Sep/2026:13:00:33 +0000] "GET /platform/plugins/simple-slider/?C=M;O=A HTTP/1.1" 200 2654 "-" "Mozilla/5.0 (X11; Linux x86_64) AppleWebKit/537.36 (KHTML, like Gecko) Chrome/145.0.0.0 Safari/537.36 (compatible; meta-externalagent/1.1 (+https://developers.facebook.com/docs/sharing/webmasters/crawler))"
74.7.227.164 - - [03/Sep/2026:13:00:36 +0000] "GET /platform/core/base/src/Traits/?C=N;O=A HTTP/1.1" 200 1286 "https://immovalet.com/platform/core/base/src/Traits/?C=N;O=D" "Mozilla/5.0 AppleWebKit/537.36 (KHTML, like Gecko; compatible; GPTBot/1.4; +https://openai.com/gptbot)"
57.141.4.45 - - [03/Sep/2026:13:00:40 +0000] "GET /vendor/razorpay/?C=N;O=D HTTP/1.1" 200 839 "-" "Mozilla/5.0 (Windows NT 10.0; Win64; x64) AppleWebKit/537.36 (KHTML, like Gecko) Chrome/145.0.0.0 Safari/537.36 (compatible; meta-externalagent/1.1 (+https://developers.facebook.com/docs/sharing/webmasters/crawler))"
57.141.4.42 - - [03/Sep/2026:13:00:53 +0000] "GET /resources/lang/vendor/packages/plugin-management/?C=M;O=A HTTP/1.1" 200 1094 "-" "Mozilla/5.0 (Macintosh; Intel Mac OS X 10_15_7) AppleWebKit/537.36 (KHTML, like Gecko) Chrome/145.0.0.0 Safari/537.36 (compatible; meta-externalagent/1.1 (+https://developers.facebook.com/docs/sharing/webmasters/crawler))"
74.7.227.164 - - [03/Sep/2026:13:01:00 +0000] "GET /platform/core/acl/src/Events/?C=M;O=A HTTP/1.1" 200 1081 "https://immovalet.com/platform/core/acl/src/Events/" "Mozilla/5.0 AppleWebKit/537.36 (KHTML, like Gecko; compatible; GPTBot/1.4; +https://openai.com/gptbot)"
57.141.4.28 - - [03/Sep/2026:13:01:01 +0000] "GET /vendor/drewm/?C=S;O=D HTTP/1.1" 200 838 "-" "Mozilla/5.0 (Windows NT 10.0; Win64; x64) AppleWebKit/537.36 (KHTML, like Gecko) Chrome/145.0.0.0 Safari/537.36 (compatible; meta-externalagent/1.1 (+https://developers.facebook.com/docs/sharing/webmasters/crawler))"
57.141.4.22 - - [03/Sep/2026:13:01:03 +0000] "GET /composer.json HTTP/1.1" 200 2958 "-" "Mozilla/5.0 (Windows NT 10.0; Win64; x64) AppleWebKit/537.36 (KHTML, like Gecko) Chrome/145.0.0.0 Safari/537.36 (compatible; meta-externalagent/1.1 (+https://developers.facebook.com/docs/sharing/webmasters/crawler))"
74.7.227.164 - - [03/Sep/2026:13:01:08 +0000] "GET /platform/core/acl/src/Services/?C=M;O=A HTTP/1.1" 200 1283 "https://immovalet.com/platform/core/acl/src/Services/" "Mozilla/5.0 AppleWebKit/537.36 (KHTML, like Gecko; compatible; GPTBot/1.4; +https://openai.com/gptbot)"
74.7.227.164 - - [03/Sep/2026:13:01:12 +0000] "GET /vendor/google/auth/src/Cache/?C=N;O=D HTTP/1.1" 200 1459 "https://immovalet.com/vendor/google/auth/src/Cache/" "Mozilla/5.0 AppleWebKit/537.36 (KHTML, like Gecko; compatible; GPTBot/1.4; +https://openai.com/gptbot)"
74.7.227.164 - - [03/Sep/2026:13:01:13 +0000] "GET /platform/core/base/src/Tables/?C=N;O=D HTTP/1.1" 200 887 "https://immovalet.com/platform/core/base/src/Tables/" "Mozilla/5.0 AppleWebKit/537.36 (KHTML, like Gecko; compatible; GPTBot/1.4; +https://openai.com/gptbot)"
74.7.227.164 - - [03/Sep/2026:13:01:13 +0000] "GET /platform/core/acl/src/Commands/?C=S;O=A HTTP/1.1" 200 896 "https://immovalet.com/platform/core/acl/src/Commands/" "Mozilla/5.0 AppleWebKit/537.36 (KHTML, like Gecko; compatible; GPTBot/1.4; +https://openai.com/gptbot)"
216.73.216.242 - - [03/Sep/2026:13:01:14 +0000] "GET /platform/plugins/ecommerce/src/Repositories/Caches/?C=D&O=A HTTP/1.1" 200 6561 "-" "Mozilla/5.0 AppleWebKit/537.36 (KHTML, like Gecko; compatible; ClaudeBot/1.0; +claudebot@anthropic.com)"
57.141.4.32 - - [03/Sep/2026:13:01:15 +0000] "GET /platform/core/support/helpers/?C=M;O=A HTTP/1.1" 200 883 "-" "Mozilla/5.0 (Macintosh; Intel Mac OS X 10_15_7) AppleWebKit/537.36 (KHTML, like Gecko) Chrome/145.0.0.0 Safari/537.36 (compatible; meta-externalagent/1.1 (+https://developers.facebook.com/docs/sharing/webmasters/crawler))"
74.7.230.50 - - [03/Sep/2026:13:01:23 +0000] "GET /robots.txt HTTP/1.1" 404 16 "-" "Mozilla/5.0 (Macintosh; Intel Mac OS X 10_15_7) AppleWebKit/537.36 (KHTML, like Gecko) Chrome/131.0.0.0 Safari/537.36; compatible; OAI-SearchBot/1.4; robots.txt; +https://openai.com/searchbot"
74.7.227.164 - - [03/Sep/2026:13:01:24 +0000] "GET /vendor/google/auth/src/Cache/InvalidArgumentException.php HTTP/1.1" 500 - "https://immovalet.com/vendor/google/auth/src/Cache/?C=N;O=D" "Mozilla/5.0 AppleWebKit/537.36 (KHTML, like Gecko; compatible; GPTBot/1.4; +https://openai.com/gptbot)"
74.7.227.164 - - [03/Sep/2026:13:01:25 +0000] "GET /vendor/google/auth/src/Cache/MemoryCacheItemPool.php HTTP/1.1" 500 - "https://immovalet.com/vendor/google/auth/src/Cache/?C=N;O=D" "Mozilla/5.0 AppleWebKit/537.36 (KHTML, like Gecko; compatible; GPTBot/1.4; +https://openai.com/gptbot)"
74.7.242.43 - - [03/Sep/2026:13:01:26 +0000] "GET /vendor/aws/aws-sdk-php/src/data/metering.marketplace/?C=N;O=A HTTP/1.1" 200 940 "https://www.immovalet.techbala.com/vendor/aws/aws-sdk-php/src/data/metering.marketplace/?C=N;O=D" "Mozilla/5.0 AppleWebKit/537.36 (KHTML, like Gecko; compatible; GPTBot/1.4; +https://openai.com/gptbot)"
74.7.227.164 - - [03/Sep/2026:13:01:27 +0000] "GET /vendor/google/auth/src/Cache/SysVCacheItemPool.php HTTP/1.1" 500 - "https://immovalet.com/vendor/google/auth/src/Cache/?C=N;O=D" "Mozilla/5.0 AppleWebKit/537.36 (KHTML, like Gecko; compatible; GPTBot/1.4; +https://openai.com/gptbot)"
74.7.227.164 - - [03/Sep/2026:13:01:30 +0000] "GET /vendor/google/auth/src/Cache/Item.php HTTP/1.1" 500 - "https://immovalet.com/vendor/google/auth/src/Cache/?C=N;O=D" "Mozilla/5.0 AppleWebKit/537.36 (KHTML, like Gecko; compatible; GPTBot/1.4; +https://openai.com/gptbot)"
57.141.4.29 - - [03/Sep/2026:13:01:39 +0000] "GET /platform/core/support/helpers/?C=M;O=D HTTP/1.1" 200 883 "-" "Mozilla/5.0 (Macintosh; Intel Mac OS X 10_15_7) AppleWebKit/537.36 (KHTML, like Gecko) Chrome/145.0.0.0 Safari/537.36 (compatible; meta-externalagent/1.1 (+https://developers.facebook.com/docs/sharing/webmasters/crawler))"
216.73.216.242 - - [03/Sep/2026:13:01:41 +0000] "GET /platform/plugins/ecommerce/src/Repositories/Eloquent/?C=S&O=A HTTP/1.1" 200 6419 "-" "Mozilla/5.0 AppleWebKit/537.36 (KHTML, like Gecko; compatible; ClaudeBot/1.0; +claudebot@anthropic.com)"
74.7.227.164 - - [03/Sep/2026:13:01:46 +0000] "GET /platform/core/acl/src/Services/?C=D;O=A HTTP/1.1" 200 1283 "https://immovalet.com/platform/core/acl/src/Services/" "Mozilla/5.0 AppleWebKit/537.36 (KHTML, like Gecko; compatible; GPTBot/1.4; +https://openai.com/gptbot)"
74.7.227.164 - - [03/Sep/2026:13:01:54 +0000] "GET /platform/core/acl/src/Tables/?C=N;O=D HTTP/1.1" 200 1065 "https://immovalet.com/platform/core/acl/src/Tables/" "Mozilla/5.0 AppleWebKit/537.36 (KHTML, like Gecko; compatible; GPTBot/1.4; +https://openai.com/gptbot)"
74.7.227.164 - - [03/Sep/2026:13:01:56 +0000] "GET /vendor/doctrine/dbal/src/Cache/?C=M;O=A HTTP/1.1" 200 1453 "https://immovalet.com/vendor/doctrine/dbal/src/Cache/" "Mozilla/5.0 AppleWebKit/537.36 (KHTML, like Gecko; compatible; GPTBot/1.4; +https://openai.com/gptbot)"
74.7.227.164 - - [03/Sep/2026:13:02:00 +0000] "GET /vendor/google/auth/src/Cache/?C=S;O=A HTTP/1.1" 200 1459 "https://immovalet.com/vendor/google/auth/src/Cache/" "Mozilla/5.0 AppleWebKit/537.36 (KHTML, like Gecko; compatible; GPTBot/1.4; +https://openai.com/gptbot)"
74.7.227.164 - - [03/Sep/2026:13:02:06 +0000] "GET /vendor/botble/theme/src/Http/?C=S;O=A HTTP/1.1" 200 1241 "https://immovalet.com/vendor/botble/theme/src/Http/" "Mozilla/5.0 AppleWebKit/537.36 (KHTML, like Gecko; compatible; GPTBot/1.4; +https://openai.com/gptbot)"
74.7.227.164 - - [03/Sep/2026:13:02:07 +0000] "GET /platform/core/acl/src/Tables/RoleTable.php HTTP/1.1" 500 - "https://immovalet.com/platform/core/acl/src/Tables/?C=N;O=D" "Mozilla/5.0 AppleWebKit/537.36 (KHTML, like Gecko; compatible; GPTBot/1.4; +https://openai.com/gptbot)"
74.7.227.164 - - [03/Sep/2026:13:02:07 +0000] "GET /platform/core/acl/src/Tables/UserTable.php HTTP/1.1" 500 - "https://immovalet.com/platform/core/acl/src/Tables/?C=N;O=D" "Mozilla/5.0 AppleWebKit/537.36 (KHTML, like Gecko; compatible; GPTBot/1.4; +https://openai.com/gptbot)"
74.7.227.164 - - [03/Sep/2026:13:02:09 +0000] "GET /vendor/google/auth/src/Cache/?C=S;O=D HTTP/1.1" 200 1459 "https://immovalet.com/vendor/google/auth/src/Cache/?C=S;O=A" "Mozilla/5.0 AppleWebKit/537.36 (KHTML, like Gecko; compatible; GPTBot/1.4; +https://openai.com/gptbot)"
74.7.227.164 - - [03/Sep/2026:13:02:15 +0000] "GET /vendor/ramsey/uuid/src/Fields/?C=S;O=A HTTP/1.1" 200 1091 "https://immovalet.com/vendor/ramsey/uuid/src/Fields/" "Mozilla/5.0 AppleWebKit/537.36 (KHTML, like Gecko; compatible; GPTBot/1.4; +https://openai.com/gptbot)"
57.141.4.46 - - [03/Sep/2026:13:02:18 +0000] "GET /?C=S;O=D HTTP/1.1" 200 6708 "-" "Mozilla/5.0 (Windows NT 10.0; Win64; x64) AppleWebKit/537.36 (KHTML, like Gecko) Chrome/145.0.0.0 Safari/537.36 (compatible; meta-externalagent/1.1 (+https://developers.facebook.com/docs/sharing/webmasters/crawler))"
74.7.227.164 - - [03/Sep/2026:13:02:24 +0000] "GET /vendor/doctrine/dbal/src/Cache/?C=S;O=A HTTP/1.1" 200 1453 "https://immovalet.com/vendor/doctrine/dbal/src/Cache/" "Mozilla/5.0 AppleWebKit/537.36 (KHTML, like Gecko; compatible; GPTBot/1.4; +https://openai.com/gptbot)"
74.7.227.164 - - [03/Sep/2026:13:02:26 +0000] "GET /platform/core/base/src/Models/?C=N;O=D HTTP/1.1" 200 1066 "https://immovalet.com/platform/core/base/src/Models/" "Mozilla/5.0 AppleWebKit/537.36 (KHTML, like Gecko; compatible; GPTBot/1.4; +https://openai.com/gptbot)"
74.7.227.164 - - [03/Sep/2026:13:02:27 +0000] "GET /platform/core/acl/src/Events/?C=D;O=A HTTP/1.1" 200 1081 "https://immovalet.com/platform/core/acl/src/Events/" "Mozilla/5.0 AppleWebKit/537.36 (KHTML, like Gecko; compatible; GPTBot/1.4; +https://openai.com/gptbot)"
74.7.227.164 - - [03/Sep/2026:13:02:27 +0000] "GET /vendor/botble/slug/src/Models/?C=N;O=D HTTP/1.1" 200 882 "https://immovalet.com/vendor/botble/slug/src/Models/" "Mozilla/5.0 AppleWebKit/537.36 (KHTML, like Gecko; compatible; GPTBot/1.4; +https://openai.com/gptbot)"
74.7.227.164 - - [03/Sep/2026:13:02:28 +0000] "GET /vendor/doctrine/dbal/src/Tools/?C=D;O=A HTTP/1.1" 200 1064 "https://immovalet.com/vendor/doctrine/dbal/src/Tools/" "Mozilla/5.0 AppleWebKit/537.36 (KHTML, like Gecko; compatible; GPTBot/1.4; +https://openai.com/gptbot)"
74.7.227.164 - - [03/Sep/2026:13:02:28 +0000] "GET /platform/core/base/src/Models/?C=S;O=A HTTP/1.1" 200 1066 "https://immovalet.com/platform/core/base/src/Models/" "Mozilla/5.0 AppleWebKit/537.36 (KHTML, like Gecko; compatible; GPTBot/1.4; +https://openai.com/gptbot)"
74.7.227.164 - - [03/Sep/2026:13:02:29 +0000] "GET /vendor/ramsey/uuid/src/Codec/?C=M;O=A HTTP/1.1" 200 1843 "https://immovalet.com/vendor/ramsey/uuid/src/Codec/" "Mozilla/5.0 AppleWebKit/537.36 (KHTML, like Gecko; compatible; GPTBot/1.4; +https://openai.com/gptbot)"
74.7.227.164 - - [03/Sep/2026:13:02:29 +0000] "GET /vendor/botble/menu/src/Models/?C=D;O=A HTTP/1.1" 200 1246 "https://immovalet.com/vendor/botble/menu/src/Models/" "Mozilla/5.0 AppleWebKit/537.36 (KHTML, like Gecko; compatible; GPTBot/1.4; +https://openai.com/gptbot)"
57.141.4.63 - - [03/Sep/2026:13:02:31 +0000] "GET /vendor/botble/assets/resources/ HTTP/1.1" 200 880 "-" "Mozilla/5.0 (Windows NT 10.0; Win64; x64) AppleWebKit/537.36 (KHTML, like Gecko) Chrome/145.0.0.0 Safari/537.36 (compatible; meta-externalagent/1.1 (+https://developers.facebook.com/docs/sharing/webmasters/crawler))"
74.7.227.164 - - [03/Sep/2026:13:02:31 +0000] "GET /vendor/doctrine/dbal/src/Cache/CacheException.php HTTP/1.1" 500 - "https://immovalet.com/vendor/doctrine/dbal/src/Cache/?C=S;O=A" "Mozilla/5.0 AppleWebKit/537.36 (KHTML, like Gecko; compatible; GPTBot/1.4; +https://openai.com/gptbot)"
57.141.4.71 - - [03/Sep/2026:13:02:31 +0000] "GET /ujtvgfi/ HTTP/1.1" 200 815 "-" "Mozilla/5.0 (Windows NT 10.0; Win64; x64) AppleWebKit/537.36 (KHTML, like Gecko) Chrome/145.0.0.0 Safari/537.36 (compatible; meta-externalagent/1.1 (+https://developers.facebook.com/docs/sharing/webmasters/crawler))"
74.7.227.164 - - [03/Sep/2026:13:02:32 +0000] "GET /vendor/doctrine/dbal/src/Cache/CachingResult.php HTTP/1.1" 500 - "https://immovalet.com/vendor/doctrine/dbal/src/Cache/?C=S;O=A" "Mozilla/5.0 AppleWebKit/537.36 (KHTML, like Gecko; compatible; GPTBot/1.4; +https://openai.com/gptbot)"
74.7.227.164 - - [03/Sep/2026:13:02:34 +0000] "GET /platform/core/base/src/Models/MetaBox.php HTTP/1.1" 500 - "https://immovalet.com/platform/core/base/src/Models/?C=N;O=D" "Mozilla/5.0 AppleWebKit/537.36 (KHTML, like Gecko; compatible; GPTBot/1.4; +https://openai.com/gptbot)"
74.7.227.164 - - [03/Sep/2026:13:02:37 +0000] "GET /vendor/doctrine/dbal/src/Cache/ArrayResult.php HTTP/1.1" 500 - "https://immovalet.com/vendor/doctrine/dbal/src/Cache/?C=S;O=A" "Mozilla/5.0 AppleWebKit/537.36 (KHTML, like Gecko; compatible; GPTBot/1.4; +https://openai.com/gptbot)"
74.7.227.164 - - [03/Sep/2026:13:02:46 +0000] "GET /platform/core/base/src/Models/BaseModel.php HTTP/1.1" 500 - "https://immovalet.com/platform/core/base/src/Models/?C=N;O=D" "Mozilla/5.0 AppleWebKit/537.36 (KHTML, like Gecko; compatible; GPTBot/1.4; +https://openai.com/gptbot)"
74.7.227.164 - - [03/Sep/2026:13:03:07 +0000] "GET /vendor/doctrine/dbal/src/Cache/?C=N;O=A HTTP/1.1" 200 1453 "https://immovalet.com/vendor/doctrine/dbal/src/Cache/?C=S;O=A" "Mozilla/5.0 AppleWebKit/537.36 (KHTML, like Gecko; compatible; GPTBot/1.4; +https://openai.com/gptbot)"
74.7.227.164 - - [03/Sep/2026:13:03:26 +0000] "GET /vendor/botble/slug/src/Forms/?C=N;O=D HTTP/1.1" 200 879 "https://immovalet.com/vendor/botble/slug/src/Forms/" "Mozilla/5.0 AppleWebKit/537.36 (KHTML, like Gecko; compatible; GPTBot/1.4; +https://openai.com/gptbot)"
74.7.227.164 - - [03/Sep/2026:13:03:32 +0000] "GET /vendor/ramsey/uuid/src/Builder/?C=D;O=A HTTP/1.1" 200 1660 "https://immovalet.com/vendor/ramsey/uuid/src/Builder/" "Mozilla/5.0 AppleWebKit/537.36 (KHTML, like Gecko; compatible; GPTBot/1.4; +https://openai.com/gptbot)"
74.7.227.164 - - [03/Sep/2026:13:03:37 +0000] "GET /platform/core/base/src/Models/?C=M;O=A HTTP/1.1" 200 1066 "https://immovalet.com/platform/core/base/src/Models/" "Mozilla/5.0 AppleWebKit/537.36 (KHTML, like Gecko; compatible; GPTBot/1.4; +https://openai.com/gptbot)"
74.7.227.164 - - [03/Sep/2026:13:03:45 +0000] "GET /vendor/ramsey/uuid/src/Codec/?C=N;O=A HTTP/1.1" 200 1843 "https://immovalet.com/vendor/ramsey/uuid/src/Codec/?C=N;O=D" "Mozilla/5.0 AppleWebKit/537.36 (KHTML, like Gecko; compatible; GPTBot/1.4; +https://openai.com/gptbot)"
74.7.227.164 - - [03/Sep/2026:13:03:48 +0000] "GET /platform/core/table/src/Http/?C=M;O=A HTTP/1.1" 200 1062 "https://immovalet.com/platform/core/table/src/Http/" "Mozilla/5.0 AppleWebKit/537.36 (KHTML, like Gecko; compatible; GPTBot/1.4; +https://openai.com/gptbot)"
74.7.227.164 - - [03/Sep/2026:13:03:50 +0000] "GET /vendor/botble/slug/src/Forms/?C=S;O=A HTTP/1.1" 200 879 "https://immovalet.com/vendor/botble/slug/src/Forms/" "Mozilla/5.0 AppleWebKit/537.36 (KHTML, like Gecko; compatible; GPTBot/1.4; +https://openai.com/gptbot)"
74.7.227.164 - - [03/Sep/2026:13:03:52 +0000] "GET /platform/core/base/src/Traits/?C=M;O=A HTTP/1.1" 200 1286 "https://immovalet.com/platform/core/base/src/Traits/" "Mozilla/5.0 AppleWebKit/537.36 (KHTML, like Gecko; compatible; GPTBot/1.4; +https://openai.com/gptbot)"
216.73.216.242 - - [03/Sep/2026:13:03:54 +0000] "GET /vendor/stripe/stripe-php/lib/Issuing/?C=N&O=D HTTP/1.1" 200 1814 "-" "Mozilla/5.0 AppleWebKit/537.36 (KHTML, like Gecko; compatible; ClaudeBot/1.0; +claudebot@anthropic.com)"
74.7.227.164 - - [03/Sep/2026:13:03:54 +0000] "GET /platform/core/acl/src/Tables/?C=N;O=A HTTP/1.1" 200 1065 "https://immovalet.com/platform/core/acl/src/Tables/?C=N;O=D" "Mozilla/5.0 AppleWebKit/537.36 (KHTML, like Gecko; compatible; GPTBot/1.4; +https://openai.com/gptbot)"
74.7.227.164 - - [03/Sep/2026:13:03:56 +0000] "GET /vendor/ramsey/uuid/src/Builder/?C=M;O=A HTTP/1.1" 200 1660 "https://immovalet.com/vendor/ramsey/uuid/src/Builder/" "Mozilla/5.0 AppleWebKit/537.36 (KHTML, like Gecko; compatible; GPTBot/1.4; +https://openai.com/gptbot)"
74.7.227.164 - - [03/Sep/2026:13:03:57 +0000] "GET /platform/core/media/src/Models/?C=M;O=A HTTP/1.1" 200 1257 "https://immovalet.com/platform/core/media/src/Models/" "Mozilla/5.0 AppleWebKit/537.36 (KHTML, like Gecko; compatible; GPTBot/1.4; +https://openai.com/gptbot)"
57.141.4.30 - - [03/Sep/2026:13:03:58 +0000] "GET /vendor/monolog/monolog/UPGRADE.md HTTP/1.1" 200 2911 "-" "Mozilla/5.0 (Windows NT 10.0; Win64; x64) AppleWebKit/537.36 (KHTML, like Gecko) Chrome/145.0.0.0 Safari/537.36 (compatible; meta-externalagent/1.1 (+https://developers.facebook.com/docs/sharing/webmasters/crawler))"
74.7.227.164 - - [03/Sep/2026:13:03:59 +0000] "GET /vendor/botble/theme/src/Forms/?C=N;O=D HTTP/1.1" 200 1076 "https://immovalet.com/vendor/botble/theme/src/Forms/" "Mozilla/5.0 AppleWebKit/537.36 (KHTML, like Gecko; compatible; GPTBot/1.4; +https://openai.com/gptbot)"
74.7.227.164 - - [03/Sep/2026:13:04:00 +0000] "GET /vendor/doctrine/dbal/src/Tools/?C=N;O=D HTTP/1.1" 200 1064 "https://immovalet.com/vendor/doctrine/dbal/src/Tools/" "Mozilla/5.0 AppleWebKit/537.36 (KHTML, like Gecko; compatible; GPTBot/1.4; +https://openai.com/gptbot)"
74.7.227.164 - - [03/Sep/2026:13:04:01 +0000] "GET /vendor/xantios/mimey/tests/src/?C=N;O=A HTTP/1.1" 200 1293 "https://immovalet.com/vendor/xantios/mimey/tests/src/?C=S;O=A" "Mozilla/5.0 AppleWebKit/537.36 (KHTML, like Gecko; compatible; GPTBot/1.4; +https://openai.com/gptbot)"
57.141.4.68 - - [03/Sep/2026:13:04:01 +0000] "GET /resources/lang/vi/ HTTP/1.1" 200 1395 "-" "Mozilla/5.0 (Windows NT 10.0; Win64; x64) AppleWebKit/537.36 (KHTML, like Gecko) Chrome/145.0.0.0 Safari/537.36 (compatible; meta-externalagent/1.1 (+https://developers.facebook.com/docs/sharing/webmasters/crawler))"
74.7.227.164 - - [03/Sep/2026:13:04:01 +0000] "GET /vendor/botble/widget/src/Misc/?C=M;O=A HTTP/1.1" 200 1301 "https://immovalet.com/vendor/botble/widget/src/Misc/" "Mozilla/5.0 AppleWebKit/537.36 (KHTML, like Gecko; compatible; GPTBot/1.4; +https://openai.com/gptbot)"
74.7.227.164 - - [03/Sep/2026:13:04:02 +0000] "GET /platform/core/base/src/Facades/?C=N;O=D HTTP/1.1" 200 2586 "https://immovalet.com/platform/core/base/src/Facades/" "Mozilla/5.0 AppleWebKit/537.36 (KHTML, like Gecko; compatible; GPTBot/1.4; +https://openai.com/gptbot)"
74.7.227.164 - - [03/Sep/2026:13:04:02 +0000] "GET /vendor/xantios/mimey/tests/src/?C=M;O=A HTTP/1.1" 200 1293 "https://immovalet.com/vendor/xantios/mimey/tests/src/" "Mozilla/5.0 AppleWebKit/537.36 (KHTML, like Gecko; compatible; GPTBot/1.4; +https://openai.com/gptbot)"
74.7.227.164 - - [03/Sep/2026:13:04:03 +0000] "GET /platform/core/base/src/Tables/?C=M;O=A HTTP/1.1" 200 887 "https://immovalet.com/platform/core/base/src/Tables/" "Mozilla/5.0 AppleWebKit/537.36 (KHTML, like Gecko; compatible; GPTBot/1.4; +https://openai.com/gptbot)"
74.7.227.164 - - [03/Sep/2026:13:04:03 +0000] "GET /platform/core/table/src/Http/?C=N;O=D HTTP/1.1" 200 1062 "https://immovalet.com/platform/core/table/src/Http/" "Mozilla/5.0 AppleWebKit/537.36 (KHTML, like Gecko; compatible; GPTBot/1.4; +https://openai.com/gptbot)"
74.7.227.164 - - [03/Sep/2026:13:04:04 +0000] "GET /vendor/botble/theme/src/Forms/?C=M;O=A HTTP/1.1" 200 1076 "https://immovalet.com/vendor/botble/theme/src/Forms/" "Mozilla/5.0 AppleWebKit/537.36 (KHTML, like Gecko; compatible; GPTBot/1.4; +https://openai.com/gptbot)"
74.7.227.164 - - [03/Sep/2026:13:04:05 +0000] "GET /vendor/botble/theme/src/Forms/CustomCSSForm.php HTTP/1.1" 500 - "https://immovalet.com/vendor/botble/theme/src/Forms/?C=N;O=D" "Mozilla/5.0 AppleWebKit/537.36 (KHTML, like Gecko; compatible; GPTBot/1.4; +https://openai.com/gptbot)"
74.7.227.164 - - [03/Sep/2026:13:04:05 +0000] "GET /vendor/botble/theme/src/Forms/CustomJSForm.php HTTP/1.1" 500 - "https://immovalet.com/vendor/botble/theme/src/Forms/?C=N;O=D" "Mozilla/5.0 AppleWebKit/537.36 (KHTML, like Gecko; compatible; GPTBot/1.4; +https://openai.com/gptbot)"
74.7.227.164 - - [03/Sep/2026:13:04:06 +0000] "GET /vendor/doctrine/dbal/src/Tools/?C=N;O=A HTTP/1.1" 200 1064 "https://immovalet.com/vendor/doctrine/dbal/src/Tools/?C=N;O=D" "Mozilla/5.0 AppleWebKit/537.36 (KHTML, like Gecko; compatible; GPTBot/1.4; +https://openai.com/gptbot)"
74.7.227.164 - - [03/Sep/2026:13:04:07 +0000] "GET /vendor/botble/theme/src/Forms/?C=N;O=A HTTP/1.1" 200 1076 "https://immovalet.com/vendor/botble/theme/src/Forms/?C=N;O=D" "Mozilla/5.0 AppleWebKit/537.36 (KHTML, like Gecko; compatible; GPTBot/1.4; +https://openai.com/gptbot)"
57.141.4.64 - - [03/Sep/2026:13:04:08 +0000] "GET /vendor/symfony/var-dumper/Cloner/Cursor.php HTTP/1.1" 200 - "-" "Mozilla/5.0 (Windows NT 10.0; Win64; x64) AppleWebKit/537.36 (KHTML, like Gecko) Chrome/145.0.0.0 Safari/537.36 (compatible; meta-externalagent/1.1 (+https://developers.facebook.com/docs/sharing/webmasters/crawler))"
74.7.227.164 - - [03/Sep/2026:13:04:08 +0000] "GET /platform/core/base/src/Facades/MacroableModelsFacade.php HTTP/1.1" 500 - "https://immovalet.com/platform/core/base/src/Facades/?C=N;O=D" "Mozilla/5.0 AppleWebKit/537.36 (KHTML, like Gecko; compatible; GPTBot/1.4; +https://openai.com/gptbot)"
74.7.227.164 - - [03/Sep/2026:13:04:09 +0000] "GET /platform/core/base/src/Facades/BreadcrumbsFacade.php HTTP/1.1" 500 - "https://immovalet.com/platform/core/base/src/Facades/?C=N;O=D" "Mozilla/5.0 AppleWebKit/537.36 (KHTML, like Gecko; compatible; GPTBot/1.4; +https://openai.com/gptbot)"
74.7.227.164 - - [03/Sep/2026:13:04:10 +0000] "GET /platform/core/base/src/Facades/BaseHelperFacade.php HTTP/1.1" 500 - "https://immovalet.com/platform/core/base/src/Facades/?C=N;O=D" "Mozilla/5.0 AppleWebKit/537.36 (KHTML, like Gecko; compatible; GPTBot/1.4; +https://openai.com/gptbot)"
74.7.227.164 - - [03/Sep/2026:13:04:11 +0000] "GET /platform/core/base/src/Facades/DashboardMenuFacade.php HTTP/1.1" 500 - "https://immovalet.com/platform/core/base/src/Facades/?C=N;O=D" "Mozilla/5.0 AppleWebKit/537.36 (KHTML, like Gecko; compatible; GPTBot/1.4; +https://openai.com/gptbot)"
57.141.4.24 - - [03/Sep/2026:13:04:13 +0000] "GET /vendor/moneyphp/money/src/Currencies/CachedCurrencies.php HTTP/1.1" 500 - "-" "Mozilla/5.0 (Windows NT 10.0; Win64; x64) AppleWebKit/537.36 (KHTML, like Gecko) Chrome/145.0.0.0 Safari/537.36 (compatible; meta-externalagent/1.1 (+https://developers.facebook.com/docs/sharing/webmasters/crawler))"
74.7.227.164 - - [03/Sep/2026:13:04:13 +0000] "GET /platform/core/base/src/Facades/MetaBoxFacade.php HTTP/1.1" 500 - "https://immovalet.com/platform/core/base/src/Facades/?C=N;O=D" "Mozilla/5.0 AppleWebKit/537.36 (KHTML, like Gecko; compatible; GPTBot/1.4; +https://openai.com/gptbot)"
