74.7.227.164 - - [03/Sep/2026:16:41:04 +0000] "GET /vendor/aws/aws-sdk-php/src/ApiGateway/ApiGatewayClient.php HTTP/1.1" 500 - "https://immovalet.com/vendor/aws/aws-sdk-php/src/ApiGateway/?C=S;O=A" "Mozilla/5.0 AppleWebKit/537.36 (KHTML, like Gecko; compatible; GPTBot/1.4; +https://openai.com/gptbot)"
74.7.227.164 - - [03/Sep/2026:16:41:05 +0000] "GET /vendor/aws/aws-sdk-php/src/ApiGateway/?C=S;O=D HTTP/1.1" 200 1092 "https://immovalet.com/vendor/aws/aws-sdk-php/src/ApiGateway/?C=S;O=A" "Mozilla/5.0 AppleWebKit/537.36 (KHTML, like Gecko; compatible; GPTBot/1.4; +https://openai.com/gptbot)"
57.141.4.73 - - [03/Sep/2026:16:41:07 +0000] "GET /vendor/dragonmantank/cron-expression/src/Cron/MinutesField.php HTTP/1.1" 500 - "-" "Mozilla/5.0 (Windows NT 10.0; Win64; x64) AppleWebKit/537.36 (KHTML, like Gecko) Chrome/145.0.0.0 Safari/537.36 (compatible; meta-externalagent/1.1 (+https://developers.facebook.com/docs/sharing/webmasters/crawler))"
57.141.4.67 - - [03/Sep/2026:16:41:08 +0000] "GET /vendor/barryvdh/laravel-dompdf/config/dompdf.php HTTP/1.1" 500 - "-" "Mozilla/5.0 (Macintosh; Intel Mac OS X 10_15_7) AppleWebKit/537.36 (KHTML, like Gecko) Chrome/145.0.0.0 Safari/537.36 (compatible; meta-externalagent/1.1 (+https://developers.facebook.com/docs/sharing/webmasters/crawler))"
74.7.227.164 - - [03/Sep/2026:16:41:09 +0000] "GET /vendor/aws/aws-sdk-php/src/CloudFront/?C=N;O=A HTTP/1.1" 200 1635 "https://immovalet.com/vendor/aws/aws-sdk-php/src/CloudFront/?C=S;O=A" "Mozilla/5.0 AppleWebKit/537.36 (KHTML, like Gecko; compatible; GPTBot/1.4; +https://openai.com/gptbot)"
74.7.227.164 - - [03/Sep/2026:16:41:10 +0000] "GET /vendor/aws/aws-sdk-php/src/HealthLake/?C=M;O=A HTTP/1.1" 200 1092 "https://immovalet.com/vendor/aws/aws-sdk-php/src/HealthLake/" "Mozilla/5.0 AppleWebKit/537.36 (KHTML, like Gecko; compatible; GPTBot/1.4; +https://openai.com/gptbot)"
74.7.227.164 - - [03/Sep/2026:16:41:12 +0000] "GET /vendor/aws/aws-sdk-php/src/ApiGateway/?C=N;O=D HTTP/1.1" 200 1092 "https://immovalet.com/vendor/aws/aws-sdk-php/src/ApiGateway/" "Mozilla/5.0 AppleWebKit/537.36 (KHTML, like Gecko; compatible; GPTBot/1.4; +https://openai.com/gptbot)"
74.7.227.164 - - [03/Sep/2026:16:41:15 +0000] "GET /vendor/aws/aws-sdk-php/src/DeviceFarm/?C=S;O=A HTTP/1.1" 200 1092 "https://immovalet.com/vendor/aws/aws-sdk-php/src/DeviceFarm/" "Mozilla/5.0 AppleWebKit/537.36 (KHTML, like Gecko; compatible; GPTBot/1.4; +https://openai.com/gptbot)"
74.7.227.164 - - [03/Sep/2026:16:41:16 +0000] "GET /vendor/aws/aws-sdk-php/src/CloudTrail/?C=S;O=D HTTP/1.1" 200 1653 "https://immovalet.com/vendor/aws/aws-sdk-php/src/CloudTrail/?C=S;O=A" "Mozilla/5.0 AppleWebKit/537.36 (KHTML, like Gecko; compatible; GPTBot/1.4; +https://openai.com/gptbot)"
74.7.227.164 - - [03/Sep/2026:16:41:16 +0000] "GET /vendor/aws/aws-sdk-php/src/ApiGateway/?C=M;O=A HTTP/1.1" 200 1092 "https://immovalet.com/vendor/aws/aws-sdk-php/src/ApiGateway/" "Mozilla/5.0 AppleWebKit/537.36 (KHTML, like Gecko; compatible; GPTBot/1.4; +https://openai.com/gptbot)"
74.7.227.164 - - [03/Sep/2026:16:41:18 +0000] "GET /vendor/aws/aws-sdk-php/src/CodeCommit/?C=N;O=A HTTP/1.1" 200 1092 "https://immovalet.com/vendor/aws/aws-sdk-php/src/CodeCommit/?C=S;O=A" "Mozilla/5.0 AppleWebKit/537.36 (KHTML, like Gecko; compatible; GPTBot/1.4; +https://openai.com/gptbot)"
74.7.227.164 - - [03/Sep/2026:16:41:19 +0000] "GET /vendor/aws/aws-sdk-php/src/CodeCommit/?C=M;O=A HTTP/1.1" 200 1092 "https://immovalet.com/vendor/aws/aws-sdk-php/src/CodeCommit/" "Mozilla/5.0 AppleWebKit/537.36 (KHTML, like Gecko; compatible; GPTBot/1.4; +https://openai.com/gptbot)"
74.7.227.164 - - [03/Sep/2026:16:41:20 +0000] "GET /vendor/aws/aws-sdk-php/src/CloudFront/?C=N;O=D HTTP/1.1" 200 1635 "https://immovalet.com/vendor/aws/aws-sdk-php/src/CloudFront/" "Mozilla/5.0 AppleWebKit/537.36 (KHTML, like Gecko; compatible; GPTBot/1.4; +https://openai.com/gptbot)"
74.7.227.164 - - [03/Sep/2026:16:41:21 +0000] "GET /vendor/aws/aws-sdk-php/src/CloudFront/?C=S;O=D HTTP/1.1" 200 1635 "https://immovalet.com/vendor/aws/aws-sdk-php/src/CloudFront/?C=S;O=A" "Mozilla/5.0 AppleWebKit/537.36 (KHTML, like Gecko; compatible; GPTBot/1.4; +https://openai.com/gptbot)"
74.7.227.164 - - [03/Sep/2026:16:41:24 +0000] "GET /vendor/aws/aws-sdk-php/src/DeviceFarm/DeviceFarmClient.php HTTP/1.1" 500 - "https://immovalet.com/vendor/aws/aws-sdk-php/src/DeviceFarm/?C=S;O=A" "Mozilla/5.0 AppleWebKit/537.36 (KHTML, like Gecko; compatible; GPTBot/1.4; +https://openai.com/gptbot)"
74.7.227.164 - - [03/Sep/2026:16:41:25 +0000] "GET /vendor/aws/aws-sdk-php/src/DeviceFarm/?C=S;O=D HTTP/1.1" 200 1092 "https://immovalet.com/vendor/aws/aws-sdk-php/src/DeviceFarm/?C=S;O=A" "Mozilla/5.0 AppleWebKit/537.36 (KHTML, like Gecko; compatible; GPTBot/1.4; +https://openai.com/gptbot)"
74.7.227.164 - - [03/Sep/2026:16:41:26 +0000] "GET /vendor/aws/aws-sdk-php/src/DeviceFarm/?C=N;O=A HTTP/1.1" 200 1092 "https://immovalet.com/vendor/aws/aws-sdk-php/src/DeviceFarm/?C=S;O=A" "Mozilla/5.0 AppleWebKit/537.36 (KHTML, like Gecko; compatible; GPTBot/1.4; +https://openai.com/gptbot)"
57.141.4.35 - - [03/Sep/2026:16:41:27 +0000] "GET /app/Models/?C=S;O=D HTTP/1.1" 200 825 "-" "Mozilla/5.0 (Windows NT 10.0; Win64; x64) AppleWebKit/537.36 (KHTML, like Gecko) Chrome/145.0.0.0 Safari/537.36 (compatible; meta-externalagent/1.1 (+https://developers.facebook.com/docs/sharing/webmasters/crawler))"
74.7.227.164 - - [03/Sep/2026:16:41:28 +0000] "GET /vendor/aws/aws-sdk-php/src/DeviceFarm/?C=N;O=D HTTP/1.1" 200 1092 "https://immovalet.com/vendor/aws/aws-sdk-php/src/DeviceFarm/" "Mozilla/5.0 AppleWebKit/537.36 (KHTML, like Gecko; compatible; GPTBot/1.4; +https://openai.com/gptbot)"
74.7.227.164 - - [03/Sep/2026:16:41:29 +0000] "GET /vendor/aws/aws-sdk-php/src/ApiGateway/?C=N;O=A HTTP/1.1" 200 1092 "https://immovalet.com/vendor/aws/aws-sdk-php/src/ApiGateway/?C=S;O=A" "Mozilla/5.0 AppleWebKit/537.36 (KHTML, like Gecko; compatible; GPTBot/1.4; +https://openai.com/gptbot)"
57.141.4.20 - - [03/Sep/2026:16:41:29 +0000] "GET /platform/packages/seo-helper/src/?C=S;O=A HTTP/1.1" 200 2860 "-" "Mozilla/5.0 (Windows NT 10.0; Win64; x64) AppleWebKit/537.36 (KHTML, like Gecko) Chrome/145.0.0.0 Safari/537.36 (compatible; meta-externalagent/1.1 (+https://developers.facebook.com/docs/sharing/webmasters/crawler))"
57.141.4.63 - - [03/Sep/2026:16:41:31 +0000] "GET /vendor/maatwebsite/excel/src/Facades/?C=D;O=A HTTP/1.1" 200 903 "-" "Mozilla/5.0 (Windows NT 10.0; Win64; x64) AppleWebKit/537.36 (KHTML, like Gecko) Chrome/145.0.0.0 Safari/537.36 (compatible; meta-externalagent/1.1 (+https://developers.facebook.com/docs/sharing/webmasters/crawler))"
74.7.227.164 - - [03/Sep/2026:16:41:31 +0000] "GET /vendor/aws/aws-sdk-php/src/CloudTrail/?C=D;O=A HTTP/1.1" 200 1653 "https://immovalet.com/vendor/aws/aws-sdk-php/src/CloudTrail/" "Mozilla/5.0 AppleWebKit/537.36 (KHTML, like Gecko; compatible; GPTBot/1.4; +https://openai.com/gptbot)"
74.7.227.164 - - [03/Sep/2026:16:41:32 +0000] "GET /vendor/aws/aws-sdk-php/src/HealthLake/?C=D;O=A HTTP/1.1" 200 1092 "https://immovalet.com/vendor/aws/aws-sdk-php/src/HealthLake/" "Mozilla/5.0 AppleWebKit/537.36 (KHTML, like Gecko; compatible; GPTBot/1.4; +https://openai.com/gptbot)"
57.141.4.17 - - [03/Sep/2026:16:41:33 +0000] "GET /vendor/maatwebsite/excel/src/Jobs/QueueImport.php HTTP/1.1" 500 - "-" "Mozilla/5.0 (Windows NT 10.0; Win64; x64) AppleWebKit/537.36 (KHTML, like Gecko) Chrome/145.0.0.0 Safari/537.36 (compatible; meta-externalagent/1.1 (+https://developers.facebook.com/docs/sharing/webmasters/crawler))"
74.7.227.164 - - [03/Sep/2026:16:41:36 +0000] "GET /vendor/aws/aws-sdk-php/src/CloudWatch/?C=D;O=A HTTP/1.1" 200 1092 "https://immovalet.com/vendor/aws/aws-sdk-php/src/CloudWatch/" "Mozilla/5.0 AppleWebKit/537.36 (KHTML, like Gecko; compatible; GPTBot/1.4; +https://openai.com/gptbot)"
74.7.227.164 - - [03/Sep/2026:16:41:37 +0000] "GET /vendor/aws/aws-sdk-php/src/HealthLake/?C=N;O=A HTTP/1.1" 200 1092 "https://immovalet.com/vendor/aws/aws-sdk-php/src/HealthLake/?C=N;O=D" "Mozilla/5.0 AppleWebKit/537.36 (KHTML, like Gecko; compatible; GPTBot/1.4; +https://openai.com/gptbot)"
74.7.227.164 - - [03/Sep/2026:16:41:39 +0000] "GET /vendor/aws/aws-sdk-php/src/CloudWatch/?C=N;O=A HTTP/1.1" 200 1092 "https://immovalet.com/vendor/aws/aws-sdk-php/src/CloudWatch/?C=S;O=A" "Mozilla/5.0 AppleWebKit/537.36 (KHTML, like Gecko; compatible; GPTBot/1.4; +https://openai.com/gptbot)"
57.141.4.62 - - [03/Sep/2026:16:41:39 +0000] "GET /platform/packages/plugin-management/config/?C=M;O=A HTTP/1.1" 200 928 "-" "Mozilla/5.0 (Windows NT 10.0; Win64; x64) AppleWebKit/537.36 (KHTML, like Gecko) Chrome/145.0.0.0 Safari/537.36 (compatible; meta-externalagent/1.1 (+https://developers.facebook.com/docs/sharing/webmasters/crawler))"
74.7.227.164 - - [03/Sep/2026:16:41:40 +0000] "GET /vendor/phpoffice/phpspreadsheet/src/PhpSpreadsheet/Reader/Xls/?C=S;O=A HTTP/1.1" 200 2039 "https://immovalet.com/vendor/phpoffice/phpspreadsheet/src/PhpSpreadsheet/Reader/Xls/" "Mozilla/5.0 AppleWebKit/537.36 (KHTML, like Gecko; compatible; GPTBot/1.4; +https://openai.com/gptbot)"
74.7.227.164 - - [03/Sep/2026:16:41:41 +0000] "GET /vendor/phpoffice/phpspreadsheet/src/PhpSpreadsheet/Shared/JAMA/?C=S;O=A HTTP/1.1" 200 2309 "https://immovalet.com/vendor/phpoffice/phpspreadsheet/src/PhpSpreadsheet/Shared/JAMA/" "Mozilla/5.0 AppleWebKit/537.36 (KHTML, like Gecko; compatible; GPTBot/1.4; +https://openai.com/gptbot)"
57.141.4.55 - - [03/Sep/2026:16:41:41 +0000] "GET /vendor/aws/aws-sdk-php/src/Api/Serializer/ HTTP/1.1" 200 2414 "-" "Mozilla/5.0 (Windows NT 10.0; Win64; x64) AppleWebKit/537.36 (KHTML, like Gecko) Chrome/145.0.0.0 Safari/537.36 (compatible; meta-externalagent/1.1 (+https://developers.facebook.com/docs/sharing/webmasters/crawler))"
57.141.4.16 - - [03/Sep/2026:16:41:44 +0000] "GET /platform/core/setting/?C=N;O=D HTTP/1.1" 200 2091 "-" "Mozilla/5.0 (Windows NT 10.0; Win64; x64) AppleWebKit/537.36 (KHTML, like Gecko) Chrome/144.0.0.0 Safari/537.36 Edg/144.0.0.0 (compatible; meta-externalagent/1.1 (+https://developers.facebook.com/docs/sharing/webmasters/crawler))"
74.7.227.164 - - [03/Sep/2026:16:41:44 +0000] "GET /vendor/phpoffice/phpspreadsheet/src/PhpSpreadsheet/Writer/Ods/?C=N;O=D HTTP/1.1" 200 2964 "https://immovalet.com/vendor/phpoffice/phpspreadsheet/src/PhpSpreadsheet/Writer/Ods/" "Mozilla/5.0 AppleWebKit/537.36 (KHTML, like Gecko; compatible; GPTBot/1.4; +https://openai.com/gptbot)"
74.7.227.164 - - [03/Sep/2026:16:41:47 +0000] "GET /vendor/phpoffice/phpspreadsheet/src/PhpSpreadsheet/Writer/Ods/?C=M;O=A HTTP/1.1" 200 2964 "https://immovalet.com/vendor/phpoffice/phpspreadsheet/src/PhpSpreadsheet/Writer/Ods/" "Mozilla/5.0 AppleWebKit/537.36 (KHTML, like Gecko; compatible; GPTBot/1.4; +https://openai.com/gptbot)"
74.7.227.164 - - [03/Sep/2026:16:41:49 +0000] "GET /vendor/phpoffice/phpspreadsheet/src/PhpSpreadsheet/Writer/Pdf/?C=N;O=D HTTP/1.1" 200 1336 "https://immovalet.com/vendor/phpoffice/phpspreadsheet/src/PhpSpreadsheet/Writer/Pdf/" "Mozilla/5.0 AppleWebKit/537.36 (KHTML, like Gecko; compatible; GPTBot/1.4; +https://openai.com/gptbot)"
74.7.227.164 - - [03/Sep/2026:16:41:50 +0000] "GET /vendor/phpoffice/phpspreadsheet/src/PhpSpreadsheet/Writer/Ods/?C=N;O=A HTTP/1.1" 200 2964 "https://immovalet.com/vendor/phpoffice/phpspreadsheet/src/PhpSpreadsheet/Writer/Ods/?C=S;O=A" "Mozilla/5.0 AppleWebKit/537.36 (KHTML, like Gecko; compatible; GPTBot/1.4; +https://openai.com/gptbot)"
45.148.10.120 - - [03/Sep/2026:16:41:50 +0000] "GET /.env.production HTTP/1.1" 404 16 "-" "Mozilla/5.0 (X11; Linux i686; rv:1.9.7.20) Gecko/ Firefox/3.6.2"
45.148.10.120 - - [03/Sep/2026:16:41:50 +0000] "GET /.aws/credentials HTTP/1.1" 404 16 "-" "Mozilla/5.0 (Kubuntu; Linux x86_64) AppleWebKit/537.36 (KHTML, like Gecko) Chrome/133.0.0.0 Safari/537.36"
45.148.10.120 - - [03/Sep/2026:16:41:50 +0000] "GET /aws.env HTTP/1.1" 404 16 "-" "Mozilla/5.0 (Macintosh; Intel Mac OS X 10_15_7) AppleWebKit/537.36 (KHTML, like Gecko) Chrome/109.0.0.0 Safari/537.36"
45.148.10.120 - - [03/Sep/2026:16:41:50 +0000] "GET /.env HTTP/1.1" 200 914 "-" "Mozilla/5.0 (Fedora; Linux i686) AppleWebKit/537.36 (KHTML, like Gecko) Chrome/132.0.0.0 Safari/537.36"
74.7.227.164 - - [03/Sep/2026:16:41:51 +0000] "GET /vendor/phpoffice/phpspreadsheet/src/PhpSpreadsheet/Shared/JAMA/?C=S;O=D HTTP/1.1" 200 2309 "https://immovalet.com/vendor/phpoffice/phpspreadsheet/src/PhpSpreadsheet/Shared/JAMA/?C=S;O=A" "Mozilla/5.0 AppleWebKit/537.36 (KHTML, like Gecko; compatible; GPTBot/1.4; +https://openai.com/gptbot)"
74.7.227.164 - - [03/Sep/2026:16:42:00 +0000] "GET /vendor/phpoffice/phpspreadsheet/src/PhpSpreadsheet/Reader/Xls/?C=M;O=A HTTP/1.1" 200 2039 "https://immovalet.com/vendor/phpoffice/phpspreadsheet/src/PhpSpreadsheet/Reader/Xls/" "Mozilla/5.0 AppleWebKit/537.36 (KHTML, like Gecko; compatible; GPTBot/1.4; +https://openai.com/gptbot)"
74.7.227.164 - - [03/Sep/2026:16:42:01 +0000] "GET /vendor/phpoffice/phpspreadsheet/src/PhpSpreadsheet/Writer/Xls/?C=S;O=A HTTP/1.1" 200 2599 "https://immovalet.com/vendor/phpoffice/phpspreadsheet/src/PhpSpreadsheet/Writer/Xls/" "Mozilla/5.0 AppleWebKit/537.36 (KHTML, like Gecko; compatible; GPTBot/1.4; +https://openai.com/gptbot)"
74.7.227.164 - - [03/Sep/2026:16:42:02 +0000] "GET /vendor/phpoffice/phpspreadsheet/src/PhpSpreadsheet/Shared/OLE/?C=S;O=A HTTP/1.1" 200 1342 "https://immovalet.com/vendor/phpoffice/phpspreadsheet/src/PhpSpreadsheet/Shared/OLE/" "Mozilla/5.0 AppleWebKit/537.36 (KHTML, like Gecko; compatible; GPTBot/1.4; +https://openai.com/gptbot)"
74.7.227.164 - - [03/Sep/2026:16:42:05 +0000] "GET /vendor/phpoffice/phpspreadsheet/src/PhpSpreadsheet/Writer/Pdf/?C=D;O=A HTTP/1.1" 200 1336 "https://immovalet.com/vendor/phpoffice/phpspreadsheet/src/PhpSpreadsheet/Writer/Pdf/" "Mozilla/5.0 AppleWebKit/537.36 (KHTML, like Gecko; compatible; GPTBot/1.4; +https://openai.com/gptbot)"
74.7.227.164 - - [03/Sep/2026:16:42:06 +0000] "GET /vendor/phpoffice/phpspreadsheet/src/PhpSpreadsheet/Reader/Xls/?C=N;O=D HTTP/1.1" 200 2039 "https://immovalet.com/vendor/phpoffice/phpspreadsheet/src/PhpSpreadsheet/Reader/Xls/" "Mozilla/5.0 AppleWebKit/537.36 (KHTML, like Gecko; compatible; GPTBot/1.4; +https://openai.com/gptbot)"
74.7.227.164 - - [03/Sep/2026:16:42:08 +0000] "GET /vendor/phpoffice/phpspreadsheet/src/PhpSpreadsheet/Writer/Ods/?C=D;O=A HTTP/1.1" 200 2964 "https://immovalet.com/vendor/phpoffice/phpspreadsheet/src/PhpSpreadsheet/Writer/Ods/" "Mozilla/5.0 AppleWebKit/537.36 (KHTML, like Gecko; compatible; GPTBot/1.4; +https://openai.com/gptbot)"
74.7.227.164 - - [03/Sep/2026:16:42:09 +0000] "GET /vendor/phpoffice/phpspreadsheet/src/PhpSpreadsheet/Writer/Pdf/?C=N;O=A HTTP/1.1" 200 1336 "https://immovalet.com/vendor/phpoffice/phpspreadsheet/src/PhpSpreadsheet/Writer/Pdf/?C=S;O=A" "Mozilla/5.0 AppleWebKit/537.36 (KHTML, like Gecko; compatible; GPTBot/1.4; +https://openai.com/gptbot)"
74.7.227.164 - - [03/Sep/2026:16:42:11 +0000] "GET /vendor/phpoffice/phpspreadsheet/src/PhpSpreadsheet/Shared/JAMA/?C=M;O=A HTTP/1.1" 200 2309 "https://immovalet.com/vendor/phpoffice/phpspreadsheet/src/PhpSpreadsheet/Shared/JAMA/" "Mozilla/5.0 AppleWebKit/537.36 (KHTML, like Gecko; compatible; GPTBot/1.4; +https://openai.com/gptbot)"
74.7.227.164 - - [03/Sep/2026:16:42:12 +0000] "GET /vendor/phpoffice/phpspreadsheet/src/PhpSpreadsheet/Writer/Xls/?C=S;O=D HTTP/1.1" 200 2599 "https://immovalet.com/vendor/phpoffice/phpspreadsheet/src/PhpSpreadsheet/Writer/Xls/?C=S;O=A" "Mozilla/5.0 AppleWebKit/537.36 (KHTML, like Gecko; compatible; GPTBot/1.4; +https://openai.com/gptbot)"
57.141.4.19 - - [03/Sep/2026:16:42:12 +0000] "GET /platform/plugins/translation/src/?C=D;O=A HTTP/1.1" 200 1777 "-" "Mozilla/5.0 (Windows NT 10.0; Win64; x64) AppleWebKit/537.36 (KHTML, like Gecko) Chrome/143.0.0.0 Safari/537.36 Edg/143.0.0.0 (compatible; meta-externalagent/1.1 (+https://developers.facebook.com/docs/sharing/webmasters/crawler))"
74.7.227.164 - - [03/Sep/2026:16:42:13 +0000] "GET /vendor/phpoffice/phpspreadsheet/src/PhpSpreadsheet/Shared/OLE/?C=S;O=D HTTP/1.1" 200 1342 "https://immovalet.com/vendor/phpoffice/phpspreadsheet/src/PhpSpreadsheet/Shared/OLE/?C=S;O=A" "Mozilla/5.0 AppleWebKit/537.36 (KHTML, like Gecko; compatible; GPTBot/1.4; +https://openai.com/gptbot)"
57.141.4.71 - - [03/Sep/2026:16:42:14 +0000] "GET /vendor/firebase/php-jwt/src/JWT.php HTTP/1.1" 200 - "-" "Mozilla/5.0 (Windows NT 10.0; Win64; x64) AppleWebKit/537.36 (KHTML, like Gecko) Chrome/145.0.0.0 Safari/537.36 (compatible; meta-externalagent/1.1 (+https://developers.facebook.com/docs/sharing/webmasters/crawler))"
74.7.227.164 - - [03/Sep/2026:16:42:14 +0000] "GET /vendor/phpoffice/phpspreadsheet/src/PhpSpreadsheet/Reader/Xls/?C=D;O=A HTTP/1.1" 200 2039 "https://immovalet.com/vendor/phpoffice/phpspreadsheet/src/PhpSpreadsheet/Reader/Xls/" "Mozilla/5.0 AppleWebKit/537.36 (KHTML, like Gecko; compatible; GPTBot/1.4; +https://openai.com/gptbot)"
74.7.227.164 - - [03/Sep/2026:16:42:16 +0000] "GET /vendor/phpoffice/phpspreadsheet/src/PhpSpreadsheet/Reader/Xls/?C=S;O=D HTTP/1.1" 200 2039 "https://immovalet.com/vendor/phpoffice/phpspreadsheet/src/PhpSpreadsheet/Reader/Xls/?C=S;O=A" "Mozilla/5.0 AppleWebKit/537.36 (KHTML, like Gecko; compatible; GPTBot/1.4; +https://openai.com/gptbot)"
74.7.227.164 - - [03/Sep/2026:16:42:18 +0000] "GET /vendor/phpoffice/phpspreadsheet/src/PhpSpreadsheet/Writer/Pdf/?C=M;O=A HTTP/1.1" 200 1336 "https://immovalet.com/vendor/phpoffice/phpspreadsheet/src/PhpSpreadsheet/Writer/Pdf/" "Mozilla/5.0 AppleWebKit/537.36 (KHTML, like Gecko; compatible; GPTBot/1.4; +https://openai.com/gptbot)"
74.7.227.164 - - [03/Sep/2026:16:42:23 +0000] "GET /vendor/phpoffice/phpspreadsheet/src/PhpSpreadsheet/Reader/Xls/?C=N;O=A HTTP/1.1" 200 2039 "https://immovalet.com/vendor/phpoffice/phpspreadsheet/src/PhpSpreadsheet/Reader/Xls/?C=S;O=A" "Mozilla/5.0 AppleWebKit/537.36 (KHTML, like Gecko; compatible; GPTBot/1.4; +https://openai.com/gptbot)"
74.7.227.164 - - [03/Sep/2026:16:42:26 +0000] "GET /platform/packages/page/src/Repositories/Interfaces/?C=N;O=D HTTP/1.1" 200 950 "https://immovalet.com/platform/packages/page/src/Repositories/Interfaces/" "Mozilla/5.0 AppleWebKit/537.36 (KHTML, like Gecko; compatible; GPTBot/1.4; +https://openai.com/gptbot)"
74.7.227.164 - - [03/Sep/2026:16:42:26 +0000] "GET /platform/packages/page/src/Repositories/Interfaces/?C=S;O=A HTTP/1.1" 200 950 "https://immovalet.com/platform/packages/page/src/Repositories/Interfaces/" "Mozilla/5.0 AppleWebKit/537.36 (KHTML, like Gecko; compatible; GPTBot/1.4; +https://openai.com/gptbot)"
74.7.227.164 - - [03/Sep/2026:16:42:28 +0000] "GET /platform/packages/page/src/Repositories/Interfaces/?C=D;O=A HTTP/1.1" 200 950 "https://immovalet.com/platform/packages/page/src/Repositories/Interfaces/" "Mozilla/5.0 AppleWebKit/537.36 (KHTML, like Gecko; compatible; GPTBot/1.4; +https://openai.com/gptbot)"
74.7.227.164 - - [03/Sep/2026:16:42:30 +0000] "GET /platform/packages/page/src/Repositories/Interfaces/?C=M;O=A HTTP/1.1" 200 950 "https://immovalet.com/platform/packages/page/src/Repositories/Interfaces/" "Mozilla/5.0 AppleWebKit/537.36 (KHTML, like Gecko; compatible; GPTBot/1.4; +https://openai.com/gptbot)"
74.7.227.164 - - [03/Sep/2026:16:42:33 +0000] "GET /vendor/nesbot/carbon/src/Carbon/Lang/mjw.php HTTP/1.1" 200 - "https://immovalet.com/vendor/nesbot/carbon/src/Carbon/Lang/" "Mozilla/5.0 AppleWebKit/537.36 (KHTML, like Gecko; compatible; GPTBot/1.4; +https://openai.com/gptbot)"
74.7.227.164 - - [03/Sep/2026:16:42:34 +0000] "GET /vendor/nesbot/carbon/src/Carbon/Lang/yuw.php HTTP/1.1" 200 - "https://immovalet.com/vendor/nesbot/carbon/src/Carbon/Lang/" "Mozilla/5.0 AppleWebKit/537.36 (KHTML, like Gecko; compatible; GPTBot/1.4; +https://openai.com/gptbot)"
74.7.227.164 - - [03/Sep/2026:16:42:37 +0000] "GET /vendor/nesbot/carbon/src/Carbon/Lang/luy.php HTTP/1.1" 200 - "https://immovalet.com/vendor/nesbot/carbon/src/Carbon/Lang/" "Mozilla/5.0 AppleWebKit/537.36 (KHTML, like Gecko; compatible; GPTBot/1.4; +https://openai.com/gptbot)"
74.7.227.164 - - [03/Sep/2026:16:42:38 +0000] "GET /vendor/nesbot/carbon/src/Carbon/Lang/miq.php HTTP/1.1" 200 - "https://immovalet.com/vendor/nesbot/carbon/src/Carbon/Lang/" "Mozilla/5.0 AppleWebKit/537.36 (KHTML, like Gecko; compatible; GPTBot/1.4; +https://openai.com/gptbot)"
57.141.4.42 - - [03/Sep/2026:16:42:40 +0000] "GET /platform/plugins/mollie/public/?C=D;O=A HTTP/1.1" 200 884 "-" "Mozilla/5.0 (Windows NT 10.0; Win64; x64) AppleWebKit/537.36 (KHTML, like Gecko) Chrome/145.0.0.0 Safari/537.36 Edg/145.0.0.0 (compatible; meta-externalagent/1.1 (+https://developers.facebook.com/docs/sharing/webmasters/crawler))"
74.7.227.164 - - [03/Sep/2026:16:42:42 +0000] "GET /vendor/nesbot/carbon/src/Carbon/Lang/lij.php HTTP/1.1" 200 - "https://immovalet.com/vendor/nesbot/carbon/src/Carbon/Lang/" "Mozilla/5.0 AppleWebKit/537.36 (KHTML, like Gecko; compatible; GPTBot/1.4; +https://openai.com/gptbot)"
74.7.227.164 - - [03/Sep/2026:16:42:43 +0000] "GET /vendor/nesbot/carbon/src/Carbon/Lang/quz.php HTTP/1.1" 200 - "https://immovalet.com/vendor/nesbot/carbon/src/Carbon/Lang/" "Mozilla/5.0 AppleWebKit/537.36 (KHTML, like Gecko; compatible; GPTBot/1.4; +https://openai.com/gptbot)"
74.7.227.164 - - [03/Sep/2026:16:42:45 +0000] "GET /vendor/nesbot/carbon/src/Carbon/Lang/fil.php HTTP/1.1" 200 - "https://immovalet.com/vendor/nesbot/carbon/src/Carbon/Lang/" "Mozilla/5.0 AppleWebKit/537.36 (KHTML, like Gecko; compatible; GPTBot/1.4; +https://openai.com/gptbot)"
74.7.227.164 - - [03/Sep/2026:16:42:47 +0000] "GET /vendor/phpoffice/phpspreadsheet/src/PhpSpreadsheet/Shared/Escher/DggContainer/BstoreContainer/?C=N;O=D HTTP/1.1" 200 1236 "https://immovalet.com/vendor/phpoffice/phpspreadsheet/src/PhpSpreadsheet/Shared/Escher/DggContainer/BstoreContainer/" "Mozilla/5.0 AppleWebKit/537.36 (KHTML, like Gecko; compatible; GPTBot/1.4; +https://openai.com/gptbot)"
74.7.227.164 - - [03/Sep/2026:16:42:48 +0000] "GET /vendor/phpoffice/phpspreadsheet/src/PhpSpreadsheet/Shared/Escher/DggContainer/BstoreContainer/?C=D;O=A HTTP/1.1" 200 1236 "https://immovalet.com/vendor/phpoffice/phpspreadsheet/src/PhpSpreadsheet/Shared/Escher/DggContainer/BstoreContainer/" "Mozilla/5.0 AppleWebKit/537.36 (KHTML, like Gecko; compatible; GPTBot/1.4; +https://openai.com/gptbot)"
74.7.227.164 - - [03/Sep/2026:16:42:49 +0000] "GET /vendor/phpoffice/phpspreadsheet/src/PhpSpreadsheet/Shared/Escher/DggContainer/BstoreContainer/?C=S;O=A HTTP/1.1" 200 1236 "https://immovalet.com/vendor/phpoffice/phpspreadsheet/src/PhpSpreadsheet/Shared/Escher/DggContainer/BstoreContainer/" "Mozilla/5.0 AppleWebKit/537.36 (KHTML, like Gecko; compatible; GPTBot/1.4; +https://openai.com/gptbot)"
74.7.227.164 - - [03/Sep/2026:16:42:54 +0000] "GET /vendor/phpoffice/phpspreadsheet/src/PhpSpreadsheet/Shared/Escher/DggContainer/BstoreContainer/?C=M;O=A HTTP/1.1" 200 1236 "https://immovalet.com/vendor/phpoffice/phpspreadsheet/src/PhpSpreadsheet/Shared/Escher/DggContainer/BstoreContainer/" "Mozilla/5.0 AppleWebKit/537.36 (KHTML, like Gecko; compatible; GPTBot/1.4; +https://openai.com/gptbot)"
74.7.227.164 - - [03/Sep/2026:16:42:56 +0000] "GET /vendor/nesbot/carbon/src/Carbon/Traits/Modifiers.php HTTP/1.1" 200 - "https://immovalet.com/vendor/nesbot/carbon/src/Carbon/Traits/" "Mozilla/5.0 AppleWebKit/537.36 (KHTML, like Gecko; compatible; GPTBot/1.4; +https://openai.com/gptbot)"
74.7.227.164 - - [03/Sep/2026:16:42:57 +0000] "GET /vendor/nesbot/carbon/src/Carbon/Traits/Difference.php HTTP/1.1" 200 - "https://immovalet.com/vendor/nesbot/carbon/src/Carbon/Traits/" "Mozilla/5.0 AppleWebKit/537.36 (KHTML, like Gecko; compatible; GPTBot/1.4; +https://openai.com/gptbot)"
74.7.227.164 - - [03/Sep/2026:16:42:58 +0000] "GET /vendor/phpoffice/phpspreadsheet/src/PhpSpreadsheet/Shared/Escher/DggContainer/BstoreContainer/?C=N;O=A HTTP/1.1" 200 1236 "https://immovalet.com/vendor/phpoffice/phpspreadsheet/src/PhpSpreadsheet/Shared/Escher/DggContainer/BstoreContainer/?C=N;O=D" "Mozilla/5.0 AppleWebKit/537.36 (KHTML, like Gecko; compatible; GPTBot/1.4; +https://openai.com/gptbot)"
74.7.227.164 - - [03/Sep/2026:16:43:00 +0000] "GET /vendor/phpoffice/phpspreadsheet/src/PhpSpreadsheet/Shared/Escher/DggContainer/BstoreContainer/?C=S;O=D HTTP/1.1" 200 1236 "https://immovalet.com/vendor/phpoffice/phpspreadsheet/src/PhpSpreadsheet/Shared/Escher/DggContainer/BstoreContainer/?C=S;O=A" "Mozilla/5.0 AppleWebKit/537.36 (KHTML, like Gecko; compatible; GPTBot/1.4; +https://openai.com/gptbot)"
57.141.4.13 - - [03/Sep/2026:16:43:02 +0000] "GET /vendor/ramsey/uuid/src/Fields/?C=S;O=A HTTP/1.1" 200 1091 "-" "Mozilla/5.0 (Windows NT 10.0; Win64; x64) AppleWebKit/537.36 (KHTML, like Gecko) Chrome/145.0.0.0 Safari/537.36 Edg/145.0.0.0 (compatible; meta-externalagent/1.1 (+https://developers.facebook.com/docs/sharing/webmasters/crawler))"
74.7.227.164 - - [03/Sep/2026:16:43:05 +0000] "GET /vendor/stripe/stripe-php/lib/Service/Radar/?C=N;O=D HTTP/1.1" 200 1519 "https://immovalet.com/vendor/stripe/stripe-php/lib/Service/Radar/" "Mozilla/5.0 AppleWebKit/537.36 (KHTML, like Gecko; compatible; GPTBot/1.4; +https://openai.com/gptbot)"
74.7.227.164 - - [03/Sep/2026:16:43:06 +0000] "GET /vendor/stripe/stripe-php/lib/Service/Sigma/?C=S;O=A HTTP/1.1" 200 1136 "https://immovalet.com/vendor/stripe/stripe-php/lib/Service/Sigma/" "Mozilla/5.0 AppleWebKit/537.36 (KHTML, like Gecko; compatible; GPTBot/1.4; +https://openai.com/gptbot)"
57.141.4.46 - - [03/Sep/2026:16:43:10 +0000] "GET /resources/lang/vendor/plugins/payment/?C=D;O=A HTTP/1.1" 200 1071 "-" "Mozilla/5.0 (Windows NT 10.0; Win64; x64) AppleWebKit/537.36 (KHTML, like Gecko) Chrome/145.0.0.0 Safari/537.36 Edg/145.0.0.0 (compatible; meta-externalagent/1.1 (+https://developers.facebook.com/docs/sharing/webmasters/crawler))"
57.141.4.14 - - [03/Sep/2026:16:43:10 +0000] "GET /vendor/symfony/process/Process.php HTTP/1.1" 200 - "-" "Mozilla/5.0 (Windows NT 10.0; Win64; x64) AppleWebKit/537.36 (KHTML, like Gecko) Chrome/145.0.0.0 Safari/537.36 (compatible; meta-externalagent/1.1 (+https://developers.facebook.com/docs/sharing/webmasters/crawler))"
74.7.227.164 - - [03/Sep/2026:16:43:11 +0000] "GET /vendor/stripe/stripe-php/lib/Service/Radar/?C=M;O=A HTTP/1.1" 200 1519 "https://immovalet.com/vendor/stripe/stripe-php/lib/Service/Radar/" "Mozilla/5.0 AppleWebKit/537.36 (KHTML, like Gecko; compatible; GPTBot/1.4; +https://openai.com/gptbot)"
74.7.227.164 - - [03/Sep/2026:16:43:11 +0000] "GET /vendor/stripe/stripe-php/lib/Service/Radar/?C=D;O=A HTTP/1.1" 200 1519 "https://immovalet.com/vendor/stripe/stripe-php/lib/Service/Radar/" "Mozilla/5.0 AppleWebKit/537.36 (KHTML, like Gecko; compatible; GPTBot/1.4; +https://openai.com/gptbot)"
74.7.227.164 - - [03/Sep/2026:16:43:14 +0000] "GET /vendor/stripe/stripe-php/lib/Service/Radar/?C=S;O=A HTTP/1.1" 200 1519 "https://immovalet.com/vendor/stripe/stripe-php/lib/Service/Radar/" "Mozilla/5.0 AppleWebKit/537.36 (KHTML, like Gecko; compatible; GPTBot/1.4; +https://openai.com/gptbot)"
74.7.227.164 - - [03/Sep/2026:16:43:17 +0000] "GET /vendor/stripe/stripe-php/lib/Service/Radar/?C=N;O=A HTTP/1.1" 200 1519 "https://immovalet.com/vendor/stripe/stripe-php/lib/Service/Radar/?C=N;O=D" "Mozilla/5.0 AppleWebKit/537.36 (KHTML, like Gecko; compatible; GPTBot/1.4; +https://openai.com/gptbot)"
74.7.227.164 - - [03/Sep/2026:16:43:18 +0000] "GET /vendor/stripe/stripe-php/lib/Service/Sigma/?C=S;O=D HTTP/1.1" 200 1136 "https://immovalet.com/vendor/stripe/stripe-php/lib/Service/Sigma/?C=S;O=A" "Mozilla/5.0 AppleWebKit/537.36 (KHTML, like Gecko; compatible; GPTBot/1.4; +https://openai.com/gptbot)"
74.7.227.164 - - [03/Sep/2026:16:43:19 +0000] "GET /vendor/botble/platform/base/resources/assets/js/tags.js HTTP/1.1" 200 1423 "https://immovalet.com/vendor/botble/platform/base/resources/assets/js/" "Mozilla/5.0 AppleWebKit/537.36 (KHTML, like Gecko; compatible; GPTBot/1.4; +https://openai.com/gptbot)"
74.7.227.164 - - [03/Sep/2026:16:43:23 +0000] "GET /vendor/botble/page/src/Http/Requests/?C=N;O=D HTTP/1.1" 200 908 "https://immovalet.com/vendor/botble/page/src/Http/Requests/" "Mozilla/5.0 AppleWebKit/537.36 (KHTML, like Gecko; compatible; GPTBot/1.4; +https://openai.com/gptbot)"
57.141.4.22 - - [03/Sep/2026:16:43:26 +0000] "GET /resources/lang/vendor/plugins/captcha/?C=D;O=A HTTP/1.1" 200 900 "-" "Mozilla/5.0 (Macintosh; Intel Mac OS X 10_15_7) AppleWebKit/537.36 (KHTML, like Gecko) Chrome/145.0.0.0 Safari/537.36 (compatible; meta-externalagent/1.1 (+https://developers.facebook.com/docs/sharing/webmasters/crawler))"
74.7.227.164 - - [03/Sep/2026:16:43:26 +0000] "GET /vendor/stripe/stripe-php/lib/Service/Radar/?C=S;O=D HTTP/1.1" 200 1519 "https://immovalet.com/vendor/stripe/stripe-php/lib/Service/Radar/?C=S;O=A" "Mozilla/5.0 AppleWebKit/537.36 (KHTML, like Gecko; compatible; GPTBot/1.4; +https://openai.com/gptbot)"
74.7.227.164 - - [03/Sep/2026:16:43:28 +0000] "GET /vendor/botble/page/src/Http/Requests/?C=M;O=A HTTP/1.1" 200 908 "https://immovalet.com/vendor/botble/page/src/Http/Requests/" "Mozilla/5.0 AppleWebKit/537.36 (KHTML, like Gecko; compatible; GPTBot/1.4; +https://openai.com/gptbot)"
74.7.227.164 - - [03/Sep/2026:16:43:31 +0000] "GET /vendor/botble/page/src/Http/Requests/?C=D;O=A HTTP/1.1" 200 908 "https://immovalet.com/vendor/botble/page/src/Http/Requests/" "Mozilla/5.0 AppleWebKit/537.36 (KHTML, like Gecko; compatible; GPTBot/1.4; +https://openai.com/gptbot)"
74.7.227.164 - - [03/Sep/2026:16:43:32 +0000] "GET /vendor/botble/page/src/Http/Requests/?C=S;O=A HTTP/1.1" 200 908 "https://immovalet.com/vendor/botble/page/src/Http/Requests/" "Mozilla/5.0 AppleWebKit/537.36 (KHTML, like Gecko; compatible; GPTBot/1.4; +https://openai.com/gptbot)"
74.7.227.164 - - [03/Sep/2026:16:43:35 +0000] "GET /vendor/phenx/php-svg-lib/tests/Svg/?C=S;O=A HTTP/1.1" 200 905 "https://immovalet.com/vendor/phenx/php-svg-lib/tests/Svg/" "Mozilla/5.0 AppleWebKit/537.36 (KHTML, like Gecko; compatible; GPTBot/1.4; +https://openai.com/gptbot)"
74.7.227.164 - - [03/Sep/2026:16:43:36 +0000] "GET /vendor/phenx/php-svg-lib/src/Svg/?C=S;O=A HTTP/1.1" 200 1784 "https://immovalet.com/vendor/phenx/php-svg-lib/src/Svg/" "Mozilla/5.0 AppleWebKit/537.36 (KHTML, like Gecko; compatible; GPTBot/1.4; +https://openai.com/gptbot)"
74.7.227.164 - - [03/Sep/2026:16:43:38 +0000] "GET /platform/core/base/src/Forms/Fields/EditorField.php HTTP/1.1" 500 - "https://immovalet.com/platform/core/base/src/Forms/Fields/" "Mozilla/5.0 AppleWebKit/537.36 (KHTML, like Gecko; compatible; GPTBot/1.4; +https://openai.com/gptbot)"
74.7.227.164 - - [03/Sep/2026:16:43:39 +0000] "GET /vendor/botble/platform/acl/src/Tables/RoleTable.php HTTP/1.1" 500 - "https://immovalet.com/vendor/botble/platform/acl/src/Tables/" "Mozilla/5.0 AppleWebKit/537.36 (KHTML, like Gecko; compatible; GPTBot/1.4; +https://openai.com/gptbot)"
74.7.227.164 - - [03/Sep/2026:16:43:43 +0000] "GET /vendor/botble/platform/base/src/Models/BaseModel.php HTTP/1.1" 500 - "https://immovalet.com/vendor/botble/platform/base/src/Models/" "Mozilla/5.0 AppleWebKit/537.36 (KHTML, like Gecko; compatible; GPTBot/1.4; +https://openai.com/gptbot)"
57.141.4.68 - - [03/Sep/2026:16:43:55 +0000] "GET /vendor/aws/aws-sdk-php/src/MediaTailor/?C=N;O=A HTTP/1.1" 200 1095 "-" "Mozilla/5.0 (Windows NT 10.0; Win64; x64) AppleWebKit/537.36 (KHTML, like Gecko) Chrome/145.0.0.0 Safari/537.36 (compatible; meta-externalagent/1.1 (+https://developers.facebook.com/docs/sharing/webmasters/crawler))"
57.141.4.68 - - [03/Sep/2026:16:43:57 +0000] "GET /platform/plugins/paystack/public/?C=N;O=D HTTP/1.1" 200 890 "-" "Mozilla/5.0 (Windows NT 10.0; Win64; x64) AppleWebKit/537.36 (KHTML, like Gecko) Chrome/145.0.0.0 Safari/537.36 (compatible; meta-externalagent/1.1 (+https://developers.facebook.com/docs/sharing/webmasters/crawler))"
57.141.4.4 - - [03/Sep/2026:16:43:59 +0000] "GET /vendor/symfony/console/Cursor.php HTTP/1.1" 200 - "-" "Mozilla/5.0 (Macintosh; Intel Mac OS X 10_15_7) AppleWebKit/537.36 (KHTML, like Gecko) Chrome/145.0.0.0 Safari/537.36 (compatible; meta-externalagent/1.1 (+https://developers.facebook.com/docs/sharing/webmasters/crawler))"
57.141.4.26 - - [03/Sep/2026:16:44:00 +0000] "GET /vendor/maatwebsite/excel/src/Concerns/WithCustomValueBinder.php HTTP/1.1" 500 - "-" "Mozilla/5.0 (Windows NT 10.0; Win64; x64) AppleWebKit/537.36 (KHTML, like Gecko) Chrome/145.0.0.0 Safari/537.36 (compatible; meta-externalagent/1.1 (+https://developers.facebook.com/docs/sharing/webmasters/crawler))"
57.141.4.48 - - [03/Sep/2026:16:44:12 +0000] "GET /database/seeders/?C=N;O=A HTTP/1.1" 200 5523 "-" "Mozilla/5.0 (Windows NT 10.0; Win64; x64) AppleWebKit/537.36 (KHTML, like Gecko) Chrome/145.0.0.0 Safari/537.36 (compatible; meta-externalagent/1.1 (+https://developers.facebook.com/docs/sharing/webmasters/crawler))"
74.7.227.164 - - [03/Sep/2026:16:44:16 +0000] "GET /vendor/phenx/php-svg-lib/src/Svg/DefaultStyle.php HTTP/1.1" 500 - "https://immovalet.com/vendor/phenx/php-svg-lib/src/Svg/?C=S;O=A" "Mozilla/5.0 AppleWebKit/537.36 (KHTML, like Gecko; compatible; GPTBot/1.4; +https://openai.com/gptbot)"
57.141.4.24 - - [03/Sep/2026:16:44:30 +0000] "GET /app/Console/?C=D;O=A HTTP/1.1" 200 829 "-" "Mozilla/5.0 (Windows NT 10.0; Win64; x64) AppleWebKit/537.36 (KHTML, like Gecko) Chrome/145.0.0.0 Safari/537.36 (compatible; meta-externalagent/1.1 (+https://developers.facebook.com/docs/sharing/webmasters/crawler))"
74.7.227.164 - - [03/Sep/2026:16:44:36 +0000] "GET /vendor/phenx/php-svg-lib/src/Svg/Document.php HTTP/1.1" 500 - "https://immovalet.com/vendor/phenx/php-svg-lib/src/Svg/?C=S;O=A" "Mozilla/5.0 AppleWebKit/537.36 (KHTML, like Gecko; compatible; GPTBot/1.4; +https://openai.com/gptbot)"
74.7.227.164 - - [03/Sep/2026:16:44:56 +0000] "GET /vendor/phenx/php-svg-lib/src/Svg/?C=S;O=D HTTP/1.1" 200 1784 "https://immovalet.com/vendor/phenx/php-svg-lib/src/Svg/?C=S;O=A" "Mozilla/5.0 AppleWebKit/537.36 (KHTML, like Gecko; compatible; GPTBot/1.4; +https://openai.com/gptbot)"
57.141.4.26 - - [03/Sep/2026:16:45:04 +0000] "GET /vendor/stripe/stripe-php/lib/SourceTransaction.php HTTP/1.1" 404 16 "-" "Mozilla/5.0 (Windows NT 10.0; Win64; x64) AppleWebKit/537.36 (KHTML, like Gecko) Chrome/145.0.0.0 Safari/537.36 (compatible; meta-externalagent/1.1 (+https://developers.facebook.com/docs/sharing/webmasters/crawler))"
57.141.4.50 - - [03/Sep/2026:16:45:10 +0000] "GET /platform/plugins/blog/helpers/?C=S;O=A HTTP/1.1" 200 1065 "-" "Mozilla/5.0 (Windows NT 10.0; Win64; x64) AppleWebKit/537.36 (KHTML, like Gecko) Chrome/145.0.0.0 Safari/537.36 (compatible; meta-externalagent/1.1 (+https://developers.facebook.com/docs/sharing/webmasters/crawler))"
57.141.4.37 - - [03/Sep/2026:16:45:13 +0000] "GET /platform/plugins/blog/database/migrations/?C=D;O=A HTTP/1.1" 200 1177 "-" "Mozilla/5.0 (X11; Linux x86_64) AppleWebKit/537.36 (KHTML, like Gecko) Chrome/145.0.0.0 Safari/537.36 (compatible; meta-externalagent/1.1 (+https://developers.facebook.com/docs/sharing/webmasters/crawler))"
57.141.4.10 - - [03/Sep/2026:16:45:18 +0000] "GET /vendor/dompdf/dompdf/src/Renderer/ListBullet.php HTTP/1.1" 500 - "-" "Mozilla/5.0 (Macintosh; Intel Mac OS X 10_15_7) AppleWebKit/537.36 (KHTML, like Gecko) Chrome/145.0.0.0 Safari/537.36 (compatible; meta-externalagent/1.1 (+https://developers.facebook.com/docs/sharing/webmasters/crawler))"
216.73.216.242 - - [03/Sep/2026:16:45:30 +0000] "GET /vendor/stripe/stripe-php/lib/?C=M&O=A HTTP/1.1" 200 18780 "-" "Mozilla/5.0 AppleWebKit/537.36 (KHTML, like Gecko; compatible; ClaudeBot/1.0; +claudebot@anthropic.com)"
74.7.227.164 - - [03/Sep/2026:16:45:44 +0000] "GET /platform/core/base/src/Forms/Fields/ColorField.php HTTP/1.1" 500 - "https://immovalet.com/platform/core/base/src/Forms/Fields/" "Mozilla/5.0 AppleWebKit/537.36 (KHTML, like Gecko; compatible; GPTBot/1.4; +https://openai.com/gptbot)"
74.7.227.164 - - [03/Sep/2026:16:46:04 +0000] "GET /platform/core/base/src/Forms/Fields/RepeaterField.php HTTP/1.1" 500 - "https://immovalet.com/platform/core/base/src/Forms/Fields/" "Mozilla/5.0 AppleWebKit/537.36 (KHTML, like Gecko; compatible; GPTBot/1.4; +https://openai.com/gptbot)"
57.141.4.23 - - [03/Sep/2026:16:46:11 +0000] "GET /platform/plugins/analytics/resources/?C=D;O=D HTTP/1.1" 200 1246 "-" "Mozilla/5.0 (Macintosh; Intel Mac OS X 10_15_7) AppleWebKit/537.36 (KHTML, like Gecko) Chrome/145.0.0.0 Safari/537.36 (compatible; meta-externalagent/1.1 (+https://developers.facebook.com/docs/sharing/webmasters/crawler))"
57.141.4.8 - - [03/Sep/2026:16:46:13 +0000] "GET /vendor/maatwebsite/excel/src/Facades/?C=S;O=A HTTP/1.1" 200 903 "-" "Mozilla/5.0 (Macintosh; Intel Mac OS X 10_15_7) AppleWebKit/537.36 (KHTML, like Gecko) Chrome/145.0.0.0 Safari/537.36 (compatible; meta-externalagent/1.1 (+https://developers.facebook.com/docs/sharing/webmasters/crawler))"
57.141.4.23 - - [03/Sep/2026:16:46:17 +0000] "GET /vendor/botble/platform/support/?C=D;O=A HTTP/1.1" 200 1056 "-" "Mozilla/5.0 (Macintosh; Intel Mac OS X 10_15_7) AppleWebKit/537.36 (KHTML, like Gecko) Chrome/145.0.0.0 Safari/537.36 (compatible; meta-externalagent/1.1 (+https://developers.facebook.com/docs/sharing/webmasters/crawler))"
57.141.4.45 - - [03/Sep/2026:16:46:19 +0000] "GET /vendor/kris/laravel-form-builder/?C=N;O=A HTTP/1.1" 200 2125 "-" "Mozilla/5.0 (Windows NT 10.0; Win64; x64) AppleWebKit/537.36 (KHTML, like Gecko) Chrome/145.0.0.0 Safari/537.36 (compatible; meta-externalagent/1.1 (+https://developers.facebook.com/docs/sharing/webmasters/crawler))"
74.7.227.164 - - [03/Sep/2026:16:46:24 +0000] "GET /vendor/aws/aws-sdk-php/src/S3Outposts/Exception/?C=M;O=A HTTP/1.1" 200 948 "https://immovalet.com/vendor/aws/aws-sdk-php/src/S3Outposts/Exception/" "Mozilla/5.0 AppleWebKit/537.36 (KHTML, like Gecko; compatible; GPTBot/1.4; +https://openai.com/gptbot)"
57.141.4.46 - - [03/Sep/2026:16:46:45 +0000] "GET /vendor/symfony/finder/Exception/?C=S;O=D HTTP/1.1" 200 1106 "-" "Mozilla/5.0 (Windows NT 10.0; Win64; x64) AppleWebKit/537.36 (KHTML, like Gecko) Chrome/145.0.0.0 Safari/537.36 (compatible; meta-externalagent/1.1 (+https://developers.facebook.com/docs/sharing/webmasters/crawler))"
57.141.4.41 - - [03/Sep/2026:16:46:51 +0000] "GET /platform/packages/widget/src/Widgets/?C=S;O=A HTTP/1.1" 200 902 "-" "Mozilla/5.0 (Macintosh; Intel Mac OS X 10_15_7) AppleWebKit/537.36 (KHTML, like Gecko) Chrome/145.0.0.0 Safari/537.36 (compatible; meta-externalagent/1.1 (+https://developers.facebook.com/docs/sharing/webmasters/crawler))"
74.7.227.164 - - [03/Sep/2026:16:47:00 +0000] "GET /vendor/aws/aws-sdk-php/src/S3Outposts/Exception/?C=D;O=A HTTP/1.1" 200 948 "https://immovalet.com/vendor/aws/aws-sdk-php/src/S3Outposts/Exception/" "Mozilla/5.0 AppleWebKit/537.36 (KHTML, like Gecko; compatible; GPTBot/1.4; +https://openai.com/gptbot)"
57.141.4.35 - - [03/Sep/2026:16:47:06 +0000] "GET /vendor/ramsey/collection/src/DoubleEndedQueue.php HTTP/1.1" 500 - "-" "Mozilla/5.0 (X11; Linux x86_64) AppleWebKit/537.36 (KHTML, like Gecko) Chrome/145.0.0.0 Safari/537.36 (compatible; meta-externalagent/1.1 (+https://developers.facebook.com/docs/sharing/webmasters/crawler))"
57.141.4.44 - - [03/Sep/2026:16:47:22 +0000] "GET /vendor/maatwebsite/excel/src/Mixins/?C=N;O=D HTTP/1.1" 200 1101 "-" "Mozilla/5.0 (Windows NT 10.0; Win64; x64) AppleWebKit/537.36 (KHTML, like Gecko) Chrome/145.0.0.0 Safari/537.36 (compatible; meta-externalagent/1.1 (+https://developers.facebook.com/docs/sharing/webmasters/crawler))"
74.7.227.164 - - [03/Sep/2026:16:47:23 +0000] "GET /vendor/aws/aws-sdk-php/src/S3Outposts/Exception/?C=S;O=A HTTP/1.1" 200 948 "https://immovalet.com/vendor/aws/aws-sdk-php/src/S3Outposts/Exception/" "Mozilla/5.0 AppleWebKit/537.36 (KHTML, like Gecko; compatible; GPTBot/1.4; +https://openai.com/gptbot)"
57.141.4.66 - - [03/Sep/2026:16:47:23 +0000] "GET /platform/plugins/mollie/public/?C=N;O=D HTTP/1.1" 200 884 "-" "Mozilla/5.0 (Windows NT 10.0; Win64; x64) AppleWebKit/537.36 (KHTML, like Gecko) Chrome/145.0.0.0 Safari/537.36 (compatible; meta-externalagent/1.1 (+https://developers.facebook.com/docs/sharing/webmasters/crawler))"
57.141.4.32 - - [03/Sep/2026:16:47:30 +0000] "GET /vendor/guzzlehttp/psr7/src/MimeType.php HTTP/1.1" 200 - "-" "Mozilla/5.0 (Macintosh; Intel Mac OS X 10_15_7) AppleWebKit/537.36 (KHTML, like Gecko) Chrome/145.0.0.0 Safari/537.36 (compatible; meta-externalagent/1.1 (+https://developers.facebook.com/docs/sharing/webmasters/crawler))"
74.7.227.164 - - [03/Sep/2026:16:47:43 +0000] "GET /vendor/aws/aws-sdk-php/src/S3Outposts/Exception/?C=N;O=D HTTP/1.1" 200 948 "https://immovalet.com/vendor/aws/aws-sdk-php/src/S3Outposts/Exception/" "Mozilla/5.0 AppleWebKit/537.36 (KHTML, like Gecko; compatible; GPTBot/1.4; +https://openai.com/gptbot)"
74.7.227.164 - - [03/Sep/2026:16:47:50 +0000] "GET /vendor/paypal/paypalhttp/lib/PayPalHttp/Serializer/?C=S;O=A HTTP/1.1" 200 1654 "https://immovalet.com/vendor/paypal/paypalhttp/lib/PayPalHttp/Serializer/" "Mozilla/5.0 AppleWebKit/537.36 (KHTML, like Gecko; compatible; GPTBot/1.4; +https://openai.com/gptbot)"
74.7.227.164 - - [03/Sep/2026:16:47:55 +0000] "GET /vendor/botble/dev-tool/stubs/sub-module/helpers/ HTTP/1.1" 200 941 "https://immovalet.com/vendor/botble/dev-tool/stubs/sub-module/" "Mozilla/5.0 AppleWebKit/537.36 (KHTML, like Gecko; compatible; GPTBot/1.4; +https://openai.com/gptbot)"
74.7.227.164 - - [03/Sep/2026:16:48:01 +0000] "GET /vendor/botble/platform/base/src/Repositories/Caches/?C=M;O=A HTTP/1.1" 200 968 "https://immovalet.com/vendor/botble/platform/base/src/Repositories/Caches/" "Mozilla/5.0 AppleWebKit/537.36 (KHTML, like Gecko; compatible; GPTBot/1.4; +https://openai.com/gptbot)"
74.7.227.164 - - [03/Sep/2026:16:48:03 +0000] "GET /vendor/botble/platform/base/resources/views/themes/?C=S;O=A HTTP/1.1" 200 1131 "https://immovalet.com/vendor/botble/platform/base/resources/views/themes/" "Mozilla/5.0 AppleWebKit/537.36 (KHTML, like Gecko; compatible; GPTBot/1.4; +https://openai.com/gptbot)"
74.7.227.164 - - [03/Sep/2026:16:48:05 +0000] "GET /vendor/paypal/paypalhttp/lib/PayPalHttp/Serializer/Multipart.php HTTP/1.1" 500 - "https://immovalet.com/vendor/paypal/paypalhttp/lib/PayPalHttp/Serializer/?C=S;O=A" "Mozilla/5.0 AppleWebKit/537.36 (KHTML, like Gecko; compatible; GPTBot/1.4; +https://openai.com/gptbot)"
57.141.4.44 - - [03/Sep/2026:16:48:06 +0000] "GET /vendor/yajra/laravel-datatables-oracle/?C=N;O=D HTTP/1.1" 200 1965 "-" "Mozilla/5.0 (Macintosh; Intel Mac OS X 10_15_7) AppleWebKit/537.36 (KHTML, like Gecko) Chrome/145.0.0.0 Safari/537.36 (compatible; meta-externalagent/1.1 (+https://developers.facebook.com/docs/sharing/webmasters/crawler))"
57.141.4.62 - - [03/Sep/2026:16:48:07 +0000] "GET /vendor/egulias/email-validator/src/Warning/IPV6MaxGroups.php HTTP/1.1" 500 - "-" "Mozilla/5.0 (Windows NT 10.0; Win64; x64) AppleWebKit/537.36 (KHTML, like Gecko) Chrome/145.0.0.0 Safari/537.36 (compatible; meta-externalagent/1.1 (+https://developers.facebook.com/docs/sharing/webmasters/crawler))"
57.141.4.51 - - [03/Sep/2026:16:48:07 +0000] "GET /vendor/botble/theme/helpers/?C=M;O=A HTTP/1.1" 200 1059 "-" "Mozilla/5.0 (X11; Linux x86_64) AppleWebKit/537.36 (KHTML, like Gecko) Chrome/145.0.0.0 Safari/537.36 (compatible; meta-externalagent/1.1 (+https://developers.facebook.com/docs/sharing/webmasters/crawler))"
74.7.227.164 - - [03/Sep/2026:16:48:07 +0000] "GET /vendor/paypal/paypalhttp/lib/PayPalHttp/Serializer/Json.php HTTP/1.1" 500 - "https://immovalet.com/vendor/paypal/paypalhttp/lib/PayPalHttp/Serializer/?C=S;O=A" "Mozilla/5.0 AppleWebKit/537.36 (KHTML, like Gecko; compatible; GPTBot/1.4; +https://openai.com/gptbot)"
74.7.227.164 - - [03/Sep/2026:16:48:11 +0000] "GET /vendor/paypal/paypalhttp/lib/PayPalHttp/Serializer/Form.php HTTP/1.1" 500 - "https://immovalet.com/vendor/paypal/paypalhttp/lib/PayPalHttp/Serializer/?C=S;O=A" "Mozilla/5.0 AppleWebKit/537.36 (KHTML, like Gecko; compatible; GPTBot/1.4; +https://openai.com/gptbot)"
57.141.4.66 - - [03/Sep/2026:16:48:16 +0000] "GET /vendor/maatwebsite/excel/src/Jobs/ReadChunk.php HTTP/1.1" 500 - "-" "Mozilla/5.0 (Windows NT 10.0; Win64; x64) AppleWebKit/537.36 (KHTML, like Gecko) Chrome/145.0.0.0 Safari/537.36 (compatible; meta-externalagent/1.1 (+https://developers.facebook.com/docs/sharing/webmasters/crawler))"
57.141.4.17 - - [03/Sep/2026:16:48:18 +0000] "GET /vendor/aws/aws-sdk-php/src/kendra/?C=N;O=D HTTP/1.1" 200 1080 "-" "Mozilla/5.0 (Windows NT 10.0; Win64; x64) AppleWebKit/537.36 (KHTML, like Gecko) Chrome/145.0.0.0 Safari/537.36 (compatible; meta-externalagent/1.1 (+https://developers.facebook.com/docs/sharing/webmasters/crawler))"
74.7.227.164 - - [03/Sep/2026:16:48:21 +0000] "GET /vendor/paypal/paypalhttp/lib/PayPalHttp/Serializer/?C=S;O=D HTTP/1.1" 200 1654 "https://immovalet.com/vendor/paypal/paypalhttp/lib/PayPalHttp/Serializer/?C=S;O=A" "Mozilla/5.0 AppleWebKit/537.36 (KHTML, like Gecko; compatible; GPTBot/1.4; +https://openai.com/gptbot)"
74.7.227.164 - - [03/Sep/2026:16:48:32 +0000] "GET /vendor/botble/platform/base/resources/views/themes/?C=M;O=A HTTP/1.1" 200 1131 "https://immovalet.com/vendor/botble/platform/base/resources/views/themes/" "Mozilla/5.0 AppleWebKit/537.36 (KHTML, like Gecko; compatible; GPTBot/1.4; +https://openai.com/gptbot)"
74.7.227.164 - - [03/Sep/2026:16:48:34 +0000] "GET /vendor/botble/platform/base/resources/views/themes/?C=N;O=D HTTP/1.1" 200 1131 "https://immovalet.com/vendor/botble/platform/base/resources/views/themes/" "Mozilla/5.0 AppleWebKit/537.36 (KHTML, like Gecko; compatible; GPTBot/1.4; +https://openai.com/gptbot)"
74.7.227.164 - - [03/Sep/2026:16:48:36 +0000] "GET /vendor/botble/platform/base/src/Repositories/Caches/?C=N;O=D HTTP/1.1" 200 968 "https://immovalet.com/vendor/botble/platform/base/src/Repositories/Caches/" "Mozilla/5.0 AppleWebKit/537.36 (KHTML, like Gecko; compatible; GPTBot/1.4; +https://openai.com/gptbot)"
74.7.227.164 - - [03/Sep/2026:16:48:38 +0000] "GET /vendor/botble/platform/setting/resources/assets/js/?C=N;O=D HTTP/1.1" 200 1130 "https://immovalet.com/vendor/botble/platform/setting/resources/assets/js/" "Mozilla/5.0 AppleWebKit/537.36 (KHTML, like Gecko; compatible; GPTBot/1.4; +https://openai.com/gptbot)"
74.7.227.164 - - [03/Sep/2026:16:48:39 +0000] "GET /vendor/botble/platform/setting/resources/assets/js/?C=M;O=A HTTP/1.1" 200 1130 "https://immovalet.com/vendor/botble/platform/setting/resources/assets/js/" "Mozilla/5.0 AppleWebKit/537.36 (KHTML, like Gecko; compatible; GPTBot/1.4; +https://openai.com/gptbot)"
74.7.227.164 - - [03/Sep/2026:16:48:41 +0000] "GET /vendor/botble/platform/base/src/Repositories/Caches/?C=S;O=A HTTP/1.1" 200 968 "https://immovalet.com/vendor/botble/platform/base/src/Repositories/Caches/" "Mozilla/5.0 AppleWebKit/537.36 (KHTML, like Gecko; compatible; GPTBot/1.4; +https://openai.com/gptbot)"
74.7.227.164 - - [03/Sep/2026:16:48:43 +0000] "GET /vendor/botble/platform/setting/resources/assets/js/?C=D;O=A HTTP/1.1" 200 1130 "https://immovalet.com/vendor/botble/platform/setting/resources/assets/js/" "Mozilla/5.0 AppleWebKit/537.36 (KHTML, like Gecko; compatible; GPTBot/1.4; +https://openai.com/gptbot)"
74.7.227.164 - - [03/Sep/2026:16:48:43 +0000] "GET /vendor/botble/platform/setting/resources/assets/js/?C=S;O=A HTTP/1.1" 200 1130 "https://immovalet.com/vendor/botble/platform/setting/resources/assets/js/" "Mozilla/5.0 AppleWebKit/537.36 (KHTML, like Gecko; compatible; GPTBot/1.4; +https://openai.com/gptbot)"
74.7.227.164 - - [03/Sep/2026:16:48:47 +0000] "GET /vendor/botble/platform/base/resources/views/themes/?C=N;O=A HTTP/1.1" 200 1131 "https://immovalet.com/vendor/botble/platform/base/resources/views/themes/?C=N;O=D" "Mozilla/5.0 AppleWebKit/537.36 (KHTML, like Gecko; compatible; GPTBot/1.4; +https://openai.com/gptbot)"
74.7.227.164 - - [03/Sep/2026:16:48:49 +0000] "GET /vendor/botble/platform/setting/resources/assets/js/?C=N;O=A HTTP/1.1" 200 1130 "https://immovalet.com/vendor/botble/platform/setting/resources/assets/js/?C=N;O=D" "Mozilla/5.0 AppleWebKit/537.36 (KHTML, like Gecko; compatible; GPTBot/1.4; +https://openai.com/gptbot)"
74.7.227.164 - - [03/Sep/2026:16:48:51 +0000] "GET /vendor/botble/platform/base/resources/views/themes/?C=D;O=A HTTP/1.1" 200 1131 "https://immovalet.com/vendor/botble/platform/base/resources/views/themes/" "Mozilla/5.0 AppleWebKit/537.36 (KHTML, like Gecko; compatible; GPTBot/1.4; +https://openai.com/gptbot)"
57.141.4.39 - - [03/Sep/2026:16:48:53 +0000] "GET /vendor/psr/cache/?C=M;O=A HTTP/1.1" 200 1380 "-" "Mozilla/5.0 (Windows NT 10.0; Win64; x64) AppleWebKit/537.36 (KHTML, like Gecko) Chrome/145.0.0.0 Safari/537.36 (compatible; meta-externalagent/1.1 (+https://developers.facebook.com/docs/sharing/webmasters/crawler))"
74.7.227.164 - - [03/Sep/2026:16:48:55 +0000] "GET /platform/plugins/backup/src/Http/Controllers/?C=M;O=A HTTP/1.1" 200 934 "https://immovalet.com/platform/plugins/backup/src/Http/Controllers/" "Mozilla/5.0 AppleWebKit/537.36 (KHTML, like Gecko; compatible; GPTBot/1.4; +https://openai.com/gptbot)"
74.7.227.164 - - [03/Sep/2026:16:48:59 +0000] "GET /vendor/botble/widget/src/Repositories/Caches/?C=N;O=D HTTP/1.1" 200 946 "https://immovalet.com/vendor/botble/widget/src/Repositories/Caches/" "Mozilla/5.0 AppleWebKit/537.36 (KHTML, like Gecko; compatible; GPTBot/1.4; +https://openai.com/gptbot)"
74.7.227.164 - - [03/Sep/2026:16:49:08 +0000] "GET /vendor/botble/widget/src/Repositories/Caches/?C=S;O=A HTTP/1.1" 200 946 "https://immovalet.com/vendor/botble/widget/src/Repositories/Caches/" "Mozilla/5.0 AppleWebKit/537.36 (KHTML, like Gecko; compatible; GPTBot/1.4; +https://openai.com/gptbot)"
74.7.227.164 - - [03/Sep/2026:16:49:10 +0000] "GET /vendor/botble/widget/src/Repositories/Caches/?C=M;O=A HTTP/1.1" 200 946 "https://immovalet.com/vendor/botble/widget/src/Repositories/Caches/" "Mozilla/5.0 AppleWebKit/537.36 (KHTML, like Gecko; compatible; GPTBot/1.4; +https://openai.com/gptbot)"
