51.75.119.154 - - [03/Sep/2026:14:53:36 +0000] "GET /resources/lang/vendor/core/?C=D;O=A HTTP/1.1" 200 1746 "-" "Mozilla/5.0 (compatible; MJ12bot/v1.4.8; http://mj12bot.com/)"
57.141.4.51 - - [03/Sep/2026:14:53:36 +0000] "GET /vendor/mollie/laravel-mollie/docs/?C=M;O=D HTTP/1.1" 200 1667 "-" "Mozilla/5.0 (Windows NT 10.0; Win64; x64) AppleWebKit/537.36 (KHTML, like Gecko) Chrome/145.0.0.0 Safari/537.36 (compatible; meta-externalagent/1.1 (+https://developers.facebook.com/docs/sharing/webmasters/crawler))"
57.141.4.9 - - [03/Sep/2026:14:53:38 +0000] "GET /platform/packages/page/src/Supports/ HTTP/1.1" 200 902 "-" "Mozilla/5.0 (Windows NT 10.0; Win64; x64) AppleWebKit/537.36 (KHTML, like Gecko) Chrome/145.0.0.0 Safari/537.36 (compatible; meta-externalagent/1.1 (+https://developers.facebook.com/docs/sharing/webmasters/crawler))"
74.7.227.164 - - [03/Sep/2026:14:53:41 +0000] "GET /vendor/laravel/framework/src/Illuminate/Queue/Middleware/?C=M;O=A HTTP/1.1" 200 1745 "https://immovalet.com/vendor/laravel/framework/src/Illuminate/Queue/Middleware/" "Mozilla/5.0 AppleWebKit/537.36 (KHTML, like Gecko; compatible; GPTBot/1.4; +https://openai.com/gptbot)"
74.7.227.164 - - [03/Sep/2026:14:53:45 +0000] "GET /vendor/laravel/framework/src/Illuminate/Mail/resources/?C=M;O=A HTTP/1.1" 200 952 "https://immovalet.com/vendor/laravel/framework/src/Illuminate/Mail/resources/" "Mozilla/5.0 AppleWebKit/537.36 (KHTML, like Gecko; compatible; GPTBot/1.4; +https://openai.com/gptbot)"
57.141.4.73 - - [03/Sep/2026:14:53:51 +0000] "GET /vendor/aws/?C=D;O=A HTTP/1.1" 200 832 "-" "Mozilla/5.0 (Windows NT 10.0; Win64; x64) AppleWebKit/537.36 (KHTML, like Gecko) Chrome/145.0.0.0 Safari/537.36 (compatible; meta-externalagent/1.1 (+https://developers.facebook.com/docs/sharing/webmasters/crawler))"
74.7.227.164 - - [03/Sep/2026:14:53:53 +0000] "GET /vendor/rmccue/requests/library/Requests/Response/?C=D;O=A HTTP/1.1" 200 940 "https://immovalet.com/vendor/rmccue/requests/library/Requests/Response/" "Mozilla/5.0 AppleWebKit/537.36 (KHTML, like Gecko; compatible; GPTBot/1.4; +https://openai.com/gptbot)"
74.7.227.164 - - [03/Sep/2026:14:53:59 +0000] "GET /vendor/rmccue/requests/library/Requests/Response/?C=M;O=A HTTP/1.1" 200 940 "https://immovalet.com/vendor/rmccue/requests/library/Requests/Response/" "Mozilla/5.0 AppleWebKit/537.36 (KHTML, like Gecko; compatible; GPTBot/1.4; +https://openai.com/gptbot)"
74.7.227.164 - - [03/Sep/2026:14:53:59 +0000] "GET /vendor/rmccue/requests/library/Requests/Response/?C=S;O=A HTTP/1.1" 200 940 "https://immovalet.com/vendor/rmccue/requests/library/Requests/Response/" "Mozilla/5.0 AppleWebKit/537.36 (KHTML, like Gecko; compatible; GPTBot/1.4; +https://openai.com/gptbot)"
74.7.227.164 - - [03/Sep/2026:14:54:00 +0000] "GET /vendor/rmccue/requests/library/Requests/Response/?C=N;O=D HTTP/1.1" 200 940 "https://immovalet.com/vendor/rmccue/requests/library/Requests/Response/" "Mozilla/5.0 AppleWebKit/537.36 (KHTML, like Gecko; compatible; GPTBot/1.4; +https://openai.com/gptbot)"
74.7.227.164 - - [03/Sep/2026:14:54:00 +0000] "GET /vendor/aws/aws-sdk-php/src/IoT1ClickDevicesService/IoT1ClickDevicesServiceClient.php HTTP/1.1" 500 - "https://immovalet.com/vendor/aws/aws-sdk-php/src/IoT1ClickDevicesService/" "Mozilla/5.0 AppleWebKit/537.36 (KHTML, like Gecko; compatible; GPTBot/1.4; +https://openai.com/gptbot)"
57.141.4.70 - - [03/Sep/2026:14:54:07 +0000] "GET /vendor/guzzlehttp/psr7/src/?C=M;O=A HTTP/1.1" 200 6179 "-" "Mozilla/5.0 (Macintosh; Intel Mac OS X 10_15_7) AppleWebKit/537.36 (KHTML, like Gecko) Chrome/145.0.0.0 Safari/537.36 (compatible; meta-externalagent/1.1 (+https://developers.facebook.com/docs/sharing/webmasters/crawler))"
57.141.4.62 - - [03/Sep/2026:14:54:09 +0000] "GET /vendor/stripe/stripe-php/lib/Service/InvoiceItemService.php HTTP/1.1" 500 - "-" "Mozilla/5.0 (Windows NT 10.0; Win64; x64) AppleWebKit/537.36 (KHTML, like Gecko) Chrome/144.0.0.0 Safari/537.36 Edg/144.0.0.0 (compatible; meta-externalagent/1.1 (+https://developers.facebook.com/docs/sharing/webmasters/crawler))"
57.141.4.24 - - [03/Sep/2026:14:54:17 +0000] "GET /platform/plugins/analytics/resources/lang/?C=D;O=A HTTP/1.1" 200 915 "-" "Mozilla/5.0 (Windows NT 10.0; Win64; x64) AppleWebKit/537.36 (KHTML, like Gecko) Chrome/145.0.0.0 Safari/537.36 (compatible; meta-externalagent/1.1 (+https://developers.facebook.com/docs/sharing/webmasters/crawler))"
57.141.4.40 - - [03/Sep/2026:14:54:27 +0000] "GET /platform/packages/page/routes/?C=M;O=A HTTP/1.1" 200 881 "-" "Mozilla/5.0 (Windows NT 10.0; Win64; x64) AppleWebKit/537.36 (KHTML, like Gecko) Chrome/145.0.0.0 Safari/537.36 (compatible; meta-externalagent/1.1 (+https://developers.facebook.com/docs/sharing/webmasters/crawler))"
74.7.227.164 - - [03/Sep/2026:14:54:27 +0000] "GET /platform/plugins/ecommerce/src/Http/Controllers/Customers/?C=S;O=A HTTP/1.1" 200 1939 "https://immovalet.com/platform/plugins/ecommerce/src/Http/Controllers/Customers/" "Mozilla/5.0 AppleWebKit/537.36 (KHTML, like Gecko; compatible; GPTBot/1.4; +https://openai.com/gptbot)"
74.7.227.164 - - [03/Sep/2026:14:54:30 +0000] "GET /platform/plugins/ecommerce/src/Http/Controllers/Customers/?C=M;O=A HTTP/1.1" 200 1939 "https://immovalet.com/platform/plugins/ecommerce/src/Http/Controllers/Customers/" "Mozilla/5.0 AppleWebKit/537.36 (KHTML, like Gecko; compatible; GPTBot/1.4; +https://openai.com/gptbot)"
74.7.227.164 - - [03/Sep/2026:14:54:32 +0000] "GET /platform/plugins/ecommerce/src/Http/Controllers/Customers/?C=D;O=A HTTP/1.1" 200 1939 "https://immovalet.com/platform/plugins/ecommerce/src/Http/Controllers/Customers/" "Mozilla/5.0 AppleWebKit/537.36 (KHTML, like Gecko; compatible; GPTBot/1.4; +https://openai.com/gptbot)"
74.7.227.164 - - [03/Sep/2026:14:54:33 +0000] "GET /platform/plugins/ecommerce/src/Http/Controllers/Customers/?C=N;O=D HTTP/1.1" 200 1939 "https://immovalet.com/platform/plugins/ecommerce/src/Http/Controllers/Customers/" "Mozilla/5.0 AppleWebKit/537.36 (KHTML, like Gecko; compatible; GPTBot/1.4; +https://openai.com/gptbot)"
74.7.227.164 - - [03/Sep/2026:14:54:34 +0000] "GET /vendor/phpoffice/phpspreadsheet/src/PhpSpreadsheet/Calculation/MathTrig/Trig/Cosine.php HTTP/1.1" 200 - "https://immovalet.com/vendor/phpoffice/phpspreadsheet/src/PhpSpreadsheet/Calculation/MathTrig/Trig/" "Mozilla/5.0 AppleWebKit/537.36 (KHTML, like Gecko; compatible; GPTBot/1.4; +https://openai.com/gptbot)"
74.7.227.164 - - [03/Sep/2026:14:54:35 +0000] "GET /vendor/intervention/image/src/Intervention/Image/Imagick/Commands/PixelateCommand.php HTTP/1.1" 500 - "https://immovalet.com/vendor/intervention/image/src/Intervention/Image/Imagick/Commands/" "Mozilla/5.0 AppleWebKit/537.36 (KHTML, like Gecko; compatible; GPTBot/1.4; +https://openai.com/gptbot)"
74.7.227.164 - - [03/Sep/2026:14:54:36 +0000] "GET /vendor/phpoffice/phpspreadsheet/src/PhpSpreadsheet/Calculation/MathTrig/Trig/Cosecant.php HTTP/1.1" 200 - "https://immovalet.com/vendor/phpoffice/phpspreadsheet/src/PhpSpreadsheet/Calculation/MathTrig/Trig/" "Mozilla/5.0 AppleWebKit/537.36 (KHTML, like Gecko; compatible; GPTBot/1.4; +https://openai.com/gptbot)"
74.7.227.164 - - [03/Sep/2026:14:54:45 +0000] "GET /platform/plugins/ecommerce/src/Http/Controllers/Customers/PublicController.php HTTP/1.1" 500 - "https://immovalet.com/platform/plugins/ecommerce/src/Http/Controllers/Customers/?C=S;O=A" "Mozilla/5.0 AppleWebKit/537.36 (KHTML, like Gecko; compatible; GPTBot/1.4; +https://openai.com/gptbot)"
74.7.227.164 - - [03/Sep/2026:14:54:49 +0000] "GET /platform/plugins/ecommerce/src/Http/Controllers/Customers/LoginController.php HTTP/1.1" 500 - "https://immovalet.com/platform/plugins/ecommerce/src/Http/Controllers/Customers/?C=S;O=A" "Mozilla/5.0 AppleWebKit/537.36 (KHTML, like Gecko; compatible; GPTBot/1.4; +https://openai.com/gptbot)"
74.7.227.164 - - [03/Sep/2026:14:54:56 +0000] "GET /platform/plugins/ecommerce/src/Http/Controllers/Customers/CustomerController.php HTTP/1.1" 500 - "https://immovalet.com/platform/plugins/ecommerce/src/Http/Controllers/Customers/?C=S;O=A" "Mozilla/5.0 AppleWebKit/537.36 (KHTML, like Gecko; compatible; GPTBot/1.4; +https://openai.com/gptbot)"
74.7.227.164 - - [03/Sep/2026:14:55:07 +0000] "GET /platform/plugins/ecommerce/src/Http/Controllers/Customers/ForgotPasswordController.php HTTP/1.1" 500 - "https://immovalet.com/platform/plugins/ecommerce/src/Http/Controllers/Customers/?C=S;O=A" "Mozilla/5.0 AppleWebKit/537.36 (KHTML, like Gecko; compatible; GPTBot/1.4; +https://openai.com/gptbot)"
74.7.227.164 - - [03/Sep/2026:14:55:42 +0000] "GET /platform/plugins/ecommerce/src/Http/Controllers/Customers/ResetPasswordController.php HTTP/1.1" 500 - "https://immovalet.com/platform/plugins/ecommerce/src/Http/Controllers/Customers/?C=S;O=A" "Mozilla/5.0 AppleWebKit/537.36 (KHTML, like Gecko; compatible; GPTBot/1.4; +https://openai.com/gptbot)"
57.141.4.27 - - [03/Sep/2026:14:55:55 +0000] "GET /vendor/dragonmantank/cron-expression/src/?C=D;O=A HTTP/1.1" 200 915 "-" "Mozilla/5.0 (Windows NT 10.0; Win64; x64) AppleWebKit/537.36 (KHTML, like Gecko) Chrome/145.0.0.0 Safari/537.36 (compatible; meta-externalagent/1.1 (+https://developers.facebook.com/docs/sharing/webmasters/crawler))"
57.141.4.3 - - [03/Sep/2026:14:56:00 +0000] "GET /vendor/symfony/mime/Test/?C=M;O=D HTTP/1.1" 200 872 "-" "Mozilla/5.0 (Windows NT 10.0; Win64; x64) AppleWebKit/537.36 (KHTML, like Gecko) Chrome/145.0.0.0 Safari/537.36 (compatible; meta-externalagent/1.1 (+https://developers.facebook.com/docs/sharing/webmasters/crawler))"
57.141.4.40 - - [03/Sep/2026:14:56:02 +0000] "GET /platform/core/media/routes/?C=N;O=A HTTP/1.1" 200 872 "-" "Mozilla/5.0 (Windows NT 10.0; Win64; x64) AppleWebKit/537.36 (KHTML, like Gecko) Chrome/145.0.0.0 Safari/537.36 (compatible; meta-externalagent/1.1 (+https://developers.facebook.com/docs/sharing/webmasters/crawler))"
74.7.227.164 - - [03/Sep/2026:14:56:02 +0000] "GET /platform/plugins/ecommerce/src/Http/Controllers/Customers/RegisterController.php HTTP/1.1" 500 - "https://immovalet.com/platform/plugins/ecommerce/src/Http/Controllers/Customers/?C=S;O=A" "Mozilla/5.0 AppleWebKit/537.36 (KHTML, like Gecko; compatible; GPTBot/1.4; +https://openai.com/gptbot)"
57.141.4.64 - - [03/Sep/2026:14:56:04 +0000] "GET /vendor/aws/aws-sdk-php/src/Lightsail/ HTTP/1.1" 200 1089 "-" "Mozilla/5.0 (Windows NT 10.0; Win64; x64) AppleWebKit/537.36 (KHTML, like Gecko) Chrome/145.0.0.0 Safari/537.36 (compatible; meta-externalagent/1.1 (+https://developers.facebook.com/docs/sharing/webmasters/crawler))"
57.141.4.19 - - [03/Sep/2026:14:56:48 +0000] "GET /vendor/symfony/finder/?C=D;O=D HTTP/1.1" 200 2470 "-" "Mozilla/5.0 (Macintosh; Intel Mac OS X 10_15_7) AppleWebKit/537.36 (KHTML, like Gecko) Chrome/145.0.0.0 Safari/537.36 (compatible; meta-externalagent/1.1 (+https://developers.facebook.com/docs/sharing/webmasters/crawler))"
57.141.4.30 - - [03/Sep/2026:14:57:07 +0000] "GET /vendor/monolog/monolog/?C=D;O=A HTTP/1.1" 200 1570 "-" "Mozilla/5.0 (Windows NT 10.0; Win64; x64) AppleWebKit/537.36 (KHTML, like Gecko) Chrome/145.0.0.0 Safari/537.36 (compatible; meta-externalagent/1.1 (+https://developers.facebook.com/docs/sharing/webmasters/crawler))"
57.141.4.3 - - [03/Sep/2026:14:57:08 +0000] "GET /platform/themes/?C=M;O=A HTTP/1.1" 200 841 "-" "Mozilla/5.0 (X11; Linux x86_64) AppleWebKit/537.36 (KHTML, like Gecko) Chrome/145.0.0.0 Safari/537.36 (compatible; meta-externalagent/1.1 (+https://developers.facebook.com/docs/sharing/webmasters/crawler))"
57.141.4.63 - - [03/Sep/2026:14:57:11 +0000] "GET /platform/packages/dev-tool/src/?C=N;O=D HTTP/1.1" 200 1067 "-" "Mozilla/5.0 (Windows NT 10.0; Win64; x64) AppleWebKit/537.36 (KHTML, like Gecko) Chrome/145.0.0.0 Safari/537.36 (compatible; meta-externalagent/1.1 (+https://developers.facebook.com/docs/sharing/webmasters/crawler))"
57.141.4.28 - - [03/Sep/2026:14:57:14 +0000] "GET /vendor/symfony/polyfill-intl-idn/Resources/unidata/disallowed_STD3_valid.php HTTP/1.1" 200 - "-" "Mozilla/5.0 (Macintosh; Intel Mac OS X 10_15_7) AppleWebKit/537.36 (KHTML, like Gecko) Chrome/145.0.0.0 Safari/537.36 (compatible; meta-externalagent/1.1 (+https://developers.facebook.com/docs/sharing/webmasters/crawler))"
57.141.4.51 - - [03/Sep/2026:14:57:16 +0000] "GET /platform/core/dashboard/resources/views/partials/?C=M;O=A HTTP/1.1" 200 1499 "-" "Mozilla/5.0 (Windows NT 10.0; Win64; x64) AppleWebKit/537.36 (KHTML, like Gecko) Chrome/145.0.0.0 Safari/537.36 (compatible; meta-externalagent/1.1 (+https://developers.facebook.com/docs/sharing/webmasters/crawler))"
74.7.227.164 - - [03/Sep/2026:14:57:18 +0000] "GET /platform/plugins/ecommerce/src/Http/Controllers/Customers/?C=S;O=D HTTP/1.1" 200 1939 "https://immovalet.com/platform/plugins/ecommerce/src/Http/Controllers/Customers/?C=S;O=A" "Mozilla/5.0 AppleWebKit/537.36 (KHTML, like Gecko; compatible; GPTBot/1.4; +https://openai.com/gptbot)"
57.141.4.57 - - [03/Sep/2026:14:57:21 +0000] "GET /vendor/aws/aws-sdk-php/src/SecurityHub/?C=N;O=D HTTP/1.1" 200 1095 "-" "Mozilla/5.0 (Macintosh; Intel Mac OS X 10_15_7) AppleWebKit/537.36 (KHTML, like Gecko) Chrome/145.0.0.0 Safari/537.36 (compatible; meta-externalagent/1.1 (+https://developers.facebook.com/docs/sharing/webmasters/crawler))"
57.141.4.29 - - [03/Sep/2026:14:57:24 +0000] "GET /vendor/botble/platform/table/ HTTP/1.1" 200 1762 "-" "Mozilla/5.0 (X11; Linux x86_64) AppleWebKit/537.36 (KHTML, like Gecko) Chrome/145.0.0.0 Safari/537.36 (compatible; meta-externalagent/1.1 (+https://developers.facebook.com/docs/sharing/webmasters/crawler))"
74.7.227.164 - - [03/Sep/2026:14:57:31 +0000] "GET /platform/plugins/ecommerce/src/Http/Controllers/Customers/?C=N;O=A HTTP/1.1" 200 1939 "https://immovalet.com/platform/plugins/ecommerce/src/Http/Controllers/Customers/?C=S;O=A" "Mozilla/5.0 AppleWebKit/537.36 (KHTML, like Gecko; compatible; GPTBot/1.4; +https://openai.com/gptbot)"
57.141.4.18 - - [03/Sep/2026:14:57:32 +0000] "GET /vendor/mews/?C=N;O=A HTTP/1.1" 200 831 "-" "Mozilla/5.0 (Windows NT 10.0; Win64; x64) AppleWebKit/537.36 (KHTML, like Gecko) Chrome/145.0.0.0 Safari/537.36 (compatible; meta-externalagent/1.1 (+https://developers.facebook.com/docs/sharing/webmasters/crawler))"
57.141.4.15 - - [03/Sep/2026:14:57:33 +0000] "GET /vendor/yajra/laravel-datatables-html/src/Html/HasOptions.php HTTP/1.1" 500 - "-" "Mozilla/5.0 (Windows NT 10.0; Win64; x64) AppleWebKit/537.36 (KHTML, like Gecko) Chrome/145.0.0.0 Safari/537.36 (compatible; meta-externalagent/1.1 (+https://developers.facebook.com/docs/sharing/webmasters/crawler))"
57.141.4.49 - - [03/Sep/2026:14:57:36 +0000] "GET /vendor/botble/slug/routes/?C=S;O=A HTTP/1.1" 200 869 "-" "Mozilla/5.0 (Windows NT 10.0; Win64; x64) AppleWebKit/537.36 (KHTML, like Gecko) Chrome/145.0.0.0 Safari/537.36 (compatible; meta-externalagent/1.1 (+https://developers.facebook.com/docs/sharing/webmasters/crawler))"
57.141.4.60 - - [03/Sep/2026:14:57:38 +0000] "GET /vendor/symfony/var-dumper/Resources/css/?C=N;O=D HTTP/1.1" 200 925 "-" "Mozilla/5.0 (Windows NT 10.0; Win64; x64) AppleWebKit/537.36 (KHTML, like Gecko) Chrome/145.0.0.0 Safari/537.36 (compatible; meta-externalagent/1.1 (+https://developers.facebook.com/docs/sharing/webmasters/crawler))"
74.7.227.164 - - [03/Sep/2026:14:57:41 +0000] "GET /vendor/intervention/image/src/Intervention/Image/Imagick/Commands/GreyscaleCommand.php HTTP/1.1" 500 - "https://immovalet.com/vendor/intervention/image/src/Intervention/Image/Imagick/Commands/" "Mozilla/5.0 AppleWebKit/537.36 (KHTML, like Gecko; compatible; GPTBot/1.4; +https://openai.com/gptbot)"
57.141.4.49 - - [03/Sep/2026:14:57:45 +0000] "GET /vendor/paragonie/constant_time_encoding/composer.json HTTP/1.1" 200 1232 "-" "Mozilla/5.0 (X11; Linux x86_64) AppleWebKit/537.36 (KHTML, like Gecko) Chrome/145.0.0.0 Safari/537.36 (compatible; meta-externalagent/1.1 (+https://developers.facebook.com/docs/sharing/webmasters/crawler))"
57.141.4.49 - - [03/Sep/2026:14:57:47 +0000] "GET /vendor/dompdf/dompdf/src/Positioner/?C=D;O=A HTTP/1.1" 200 2351 "-" "Mozilla/5.0 (Windows NT 10.0; Win64; x64) AppleWebKit/537.36 (KHTML, like Gecko) Chrome/145.0.0.0 Safari/537.36 (compatible; meta-externalagent/1.1 (+https://developers.facebook.com/docs/sharing/webmasters/crawler))"
57.141.4.51 - - [03/Sep/2026:14:57:58 +0000] "GET /vendor/dragonmantank/cron-expression/src/?C=N;O=D HTTP/1.1" 200 915 "-" "Mozilla/5.0 (Macintosh; Intel Mac OS X 10_15_7) AppleWebKit/537.36 (KHTML, like Gecko) Chrome/145.0.0.0 Safari/537.36 (compatible; meta-externalagent/1.1 (+https://developers.facebook.com/docs/sharing/webmasters/crawler))"
57.141.4.49 - - [03/Sep/2026:14:58:11 +0000] "GET /resources/lang/vendor/core/?C=D;O=D HTTP/1.1" 200 1746 "-" "Mozilla/5.0 (Windows NT 10.0; Win64; x64) AppleWebKit/537.36 (KHTML, like Gecko) Chrome/145.0.0.0 Safari/537.36 (compatible; meta-externalagent/1.1 (+https://developers.facebook.com/docs/sharing/webmasters/crawler))"
57.141.4.19 - - [03/Sep/2026:14:58:24 +0000] "GET /vendor/symfony/translation/Exception/?C=S;O=D HTTP/1.1" 200 2879 "-" "Mozilla/5.0 (Macintosh; Intel Mac OS X 10_15_7) AppleWebKit/537.36 (KHTML, like Gecko) Chrome/145.0.0.0 Safari/537.36 (compatible; meta-externalagent/1.1 (+https://developers.facebook.com/docs/sharing/webmasters/crawler))"
57.141.4.7 - - [03/Sep/2026:14:58:37 +0000] "GET /vendor/botble/theme/helpers/helpers.php HTTP/1.1" 200 - "-" "Mozilla/5.0 (Macintosh; Intel Mac OS X 10_15_7) AppleWebKit/537.36 (KHTML, like Gecko) Chrome/145.0.0.0 Safari/537.36 (compatible; meta-externalagent/1.1 (+https://developers.facebook.com/docs/sharing/webmasters/crawler))"
74.7.227.164 - - [03/Sep/2026:14:58:38 +0000] "GET /vendor/phpoffice/phpspreadsheet/src/PhpSpreadsheet/Calculation/MathTrig/Trig/Tangent.php HTTP/1.1" 200 - "https://immovalet.com/vendor/phpoffice/phpspreadsheet/src/PhpSpreadsheet/Calculation/MathTrig/Trig/" "Mozilla/5.0 AppleWebKit/537.36 (KHTML, like Gecko; compatible; GPTBot/1.4; +https://openai.com/gptbot)"
57.141.4.15 - - [03/Sep/2026:14:58:40 +0000] "GET /vendor/voku/portable-ascii/?C=S;O=A HTTP/1.1" 200 1575 "-" "Mozilla/5.0 (Windows NT 10.0; Win64; x64) AppleWebKit/537.36 (KHTML, like Gecko) Chrome/145.0.0.0 Safari/537.36 (compatible; meta-externalagent/1.1 (+https://developers.facebook.com/docs/sharing/webmasters/crawler))"
57.141.4.63 - - [03/Sep/2026:14:58:46 +0000] "GET /platform/plugins/cookie-consent/resources/assets/?C=M;O=A HTTP/1.1" 200 1107 "-" "Mozilla/5.0 (X11; Linux x86_64) AppleWebKit/537.36 (KHTML, like Gecko) Chrome/145.0.0.0 Safari/537.36 (compatible; meta-externalagent/1.1 (+https://developers.facebook.com/docs/sharing/webmasters/crawler))"
74.7.227.164 - - [03/Sep/2026:14:58:56 +0000] "GET /vendor/phpoffice/phpspreadsheet/src/PhpSpreadsheet/Calculation/MathTrig/Trig/Secant.php HTTP/1.1" 200 - "https://immovalet.com/vendor/phpoffice/phpspreadsheet/src/PhpSpreadsheet/Calculation/MathTrig/Trig/" "Mozilla/5.0 AppleWebKit/537.36 (KHTML, like Gecko; compatible; GPTBot/1.4; +https://openai.com/gptbot)"
57.141.4.73 - - [03/Sep/2026:14:59:07 +0000] "GET /vendor/drewm/mailchimp-api/?C=S;O=A HTTP/1.1" 200 1394 "-" "Mozilla/5.0 (Windows NT 10.0; Win64; x64; rv:145.0) Gecko/20100101 Firefox/145.0 (compatible; meta-externalagent/1.1 (+https://developers.facebook.com/docs/sharing/webmasters/crawler))"
57.141.4.1 - - [03/Sep/2026:14:59:15 +0000] "GET /platform/plugins/testimonial/routes/?C=M;O=A HTTP/1.1" 200 899 "-" "Mozilla/5.0 (Windows NT 10.0; Win64; x64) AppleWebKit/537.36 (KHTML, like Gecko) Chrome/145.0.0.0 Safari/537.36 (compatible; meta-externalagent/1.1 (+https://developers.facebook.com/docs/sharing/webmasters/crawler))"
57.141.4.44 - - [03/Sep/2026:14:59:20 +0000] "GET /vendor/aws/aws-sdk-php/src/Waf/ HTTP/1.1" 200 1071 "-" "Mozilla/5.0 (Macintosh; Intel Mac OS X 10_15_7) AppleWebKit/537.36 (KHTML, like Gecko) Chrome/145.0.0.0 Safari/537.36 (compatible; meta-externalagent/1.1 (+https://developers.facebook.com/docs/sharing/webmasters/crawler))"
57.141.4.26 - - [03/Sep/2026:14:59:23 +0000] "GET /platform/core/acl/config/?C=S;O=D HTTP/1.1" 200 1230 "-" "Mozilla/5.0 (Windows NT 10.0; Win64; x64) AppleWebKit/537.36 (KHTML, like Gecko) Chrome/145.0.0.0 Safari/537.36 (compatible; meta-externalagent/1.1 (+https://developers.facebook.com/docs/sharing/webmasters/crawler))"
57.141.4.40 - - [03/Sep/2026:14:59:24 +0000] "GET /vendor/paragonie/constant_time_encoding/psalm.xml HTTP/1.1" 200 164 "-" "Mozilla/5.0 (Windows NT 10.0; Win64; x64) AppleWebKit/537.36 (KHTML, like Gecko) Chrome/145.0.0.0 Safari/537.36 (compatible; meta-externalagent/1.1 (+https://developers.facebook.com/docs/sharing/webmasters/crawler))"
45.148.10.120 - - [03/Sep/2026:14:59:29 +0000] "GET /.git/config HTTP/1.1" 404 16 "-" "Mozilla/5.0 (X11; Linux x86_64; rv:1.9.6.20) Gecko/ Firefox/3.6.6"
74.7.227.164 - - [03/Sep/2026:14:59:38 +0000] "GET /vendor/phpoffice/phpspreadsheet/src/PhpSpreadsheet/Calculation/MathTrig/Trig/Sine.php HTTP/1.1" 200 - "https://immovalet.com/vendor/phpoffice/phpspreadsheet/src/PhpSpreadsheet/Calculation/MathTrig/Trig/" "Mozilla/5.0 AppleWebKit/537.36 (KHTML, like Gecko; compatible; GPTBot/1.4; +https://openai.com/gptbot)"
57.141.4.1 - - [03/Sep/2026:14:59:46 +0000] "GET /database/?C=D;O=A HTTP/1.1" 200 1174 "-" "Mozilla/5.0 (Windows NT 10.0; Win64; x64) AppleWebKit/537.36 (KHTML, like Gecko) Chrome/145.0.0.0 Safari/537.36 (compatible; meta-externalagent/1.1 (+https://developers.facebook.com/docs/sharing/webmasters/crawler))"
74.7.227.164 - - [03/Sep/2026:14:59:48 +0000] "GET /vendor/aws/aws-sdk-php/src/KinesisVideoSignalingChannels/KinesisVideoSignalingChannelsClient.php HTTP/1.1" 500 - "https://immovalet.com/vendor/aws/aws-sdk-php/src/KinesisVideoSignalingChannels/" "Mozilla/5.0 AppleWebKit/537.36 (KHTML, like Gecko; compatible; GPTBot/1.4; +https://openai.com/gptbot)"
74.7.227.164 - - [03/Sep/2026:14:59:55 +0000] "GET /platform/plugins/ecommerce/src/Tables/Reports/?C=N;O=D HTTP/1.1" 200 951 "https://immovalet.com/platform/plugins/ecommerce/src/Tables/Reports/" "Mozilla/5.0 AppleWebKit/537.36 (KHTML, like Gecko; compatible; GPTBot/1.4; +https://openai.com/gptbot)"
74.7.227.164 - - [03/Sep/2026:15:00:26 +0000] "GET /platform/plugins/testimonial/src/Http/Requests/?C=M;O=A HTTP/1.1" 200 945 "https://immovalet.com/platform/plugins/testimonial/src/Http/Requests/" "Mozilla/5.0 AppleWebKit/537.36 (KHTML, like Gecko; compatible; GPTBot/1.4; +https://openai.com/gptbot)"
74.7.227.164 - - [03/Sep/2026:15:00:39 +0000] "GET /platform/packages/menu/src/Repositories/Caches/?C=M;O=A HTTP/1.1" 200 1345 "https://immovalet.com/platform/packages/menu/src/Repositories/Caches/" "Mozilla/5.0 AppleWebKit/537.36 (KHTML, like Gecko; compatible; GPTBot/1.4; +https://openai.com/gptbot)"
74.7.227.164 - - [03/Sep/2026:15:00:43 +0000] "GET /platform/plugins/ecommerce/src/Cart/Exceptions/?C=N;O=D HTTP/1.1" 200 1346 "https://immovalet.com/platform/plugins/ecommerce/src/Cart/Exceptions/" "Mozilla/5.0 AppleWebKit/537.36 (KHTML, like Gecko; compatible; GPTBot/1.4; +https://openai.com/gptbot)"
74.7.227.164 - - [03/Sep/2026:15:00:44 +0000] "GET /vendor/botble/menu/src/Repositories/Interfaces/?C=D;O=A HTTP/1.1" 200 1323 "https://immovalet.com/vendor/botble/menu/src/Repositories/Interfaces/" "Mozilla/5.0 AppleWebKit/537.36 (KHTML, like Gecko; compatible; GPTBot/1.4; +https://openai.com/gptbot)"
57.141.4.62 - - [03/Sep/2026:15:00:45 +0000] "GET /vendor/yajra/laravel-datatables-html/src/Html/?C=D;O=A HTTP/1.1" 200 3291 "-" "Mozilla/5.0 (Windows NT 10.0; Win64; x64) AppleWebKit/537.36 (KHTML, like Gecko) Chrome/145.0.0.0 Safari/537.36 (compatible; meta-externalagent/1.1 (+https://developers.facebook.com/docs/sharing/webmasters/crawler))"
74.7.227.164 - - [03/Sep/2026:15:00:45 +0000] "GET /platform/plugins/ecommerce/src/Tables/Reports/?C=S;O=A HTTP/1.1" 200 951 "https://immovalet.com/platform/plugins/ecommerce/src/Tables/Reports/" "Mozilla/5.0 AppleWebKit/537.36 (KHTML, like Gecko; compatible; GPTBot/1.4; +https://openai.com/gptbot)"
74.7.227.164 - - [03/Sep/2026:15:00:47 +0000] "GET /vendor/botble/platform/setting/resources/lang/?C=S;O=A HTTP/1.1" 200 927 "https://immovalet.com/vendor/botble/platform/setting/resources/lang/" "Mozilla/5.0 AppleWebKit/537.36 (KHTML, like Gecko; compatible; GPTBot/1.4; +https://openai.com/gptbot)"
74.7.227.164 - - [03/Sep/2026:15:00:48 +0000] "GET /platform/plugins/paystack/src/Http/Controllers/?C=D;O=A HTTP/1.1" 200 942 "https://immovalet.com/platform/plugins/paystack/src/Http/Controllers/" "Mozilla/5.0 AppleWebKit/537.36 (KHTML, like Gecko; compatible; GPTBot/1.4; +https://openai.com/gptbot)"
74.7.227.164 - - [03/Sep/2026:15:00:48 +0000] "GET /vendor/botble/platform/setting/resources/lang/?C=N;O=D HTTP/1.1" 200 927 "https://immovalet.com/vendor/botble/platform/setting/resources/lang/" "Mozilla/5.0 AppleWebKit/537.36 (KHTML, like Gecko; compatible; GPTBot/1.4; +https://openai.com/gptbot)"
74.7.227.164 - - [03/Sep/2026:15:00:49 +0000] "GET /vendor/botble/slug/src/Repositories/Interfaces/?C=N;O=D HTTP/1.1" 200 938 "https://immovalet.com/vendor/botble/slug/src/Repositories/Interfaces/" "Mozilla/5.0 AppleWebKit/537.36 (KHTML, like Gecko; compatible; GPTBot/1.4; +https://openai.com/gptbot)"
74.7.227.164 - - [03/Sep/2026:15:00:49 +0000] "GET /platform/plugins/paystack/src/Http/Controllers/?C=N;O=D HTTP/1.1" 200 942 "https://immovalet.com/platform/plugins/paystack/src/Http/Controllers/" "Mozilla/5.0 AppleWebKit/537.36 (KHTML, like Gecko; compatible; GPTBot/1.4; +https://openai.com/gptbot)"
57.141.4.64 - - [03/Sep/2026:15:00:49 +0000] "GET /vendor/botble/platform/setting/database/ HTTP/1.1" 200 913 "-" "Mozilla/5.0 (Windows NT 10.0; Win64; x64) AppleWebKit/537.36 (KHTML, like Gecko) Chrome/145.0.0.0 Safari/537.36 (compatible; meta-externalagent/1.1 (+https://developers.facebook.com/docs/sharing/webmasters/crawler))"
74.7.227.164 - - [03/Sep/2026:15:00:50 +0000] "GET /platform/plugins/testimonial/src/Http/Requests/?C=D;O=A HTTP/1.1" 200 945 "https://immovalet.com/platform/plugins/testimonial/src/Http/Requests/" "Mozilla/5.0 AppleWebKit/537.36 (KHTML, like Gecko; compatible; GPTBot/1.4; +https://openai.com/gptbot)"
74.7.227.164 - - [03/Sep/2026:15:00:50 +0000] "GET /platform/plugins/ecommerce/src/Tables/Reports/?C=M;O=A HTTP/1.1" 200 951 "https://immovalet.com/platform/plugins/ecommerce/src/Tables/Reports/" "Mozilla/5.0 AppleWebKit/537.36 (KHTML, like Gecko; compatible; GPTBot/1.4; +https://openai.com/gptbot)"
74.7.227.164 - - [03/Sep/2026:15:00:51 +0000] "GET /platform/plugins/translation/src/Http/Requests/?C=S;O=A HTTP/1.1" 200 1130 "https://immovalet.com/platform/plugins/translation/src/Http/Requests/" "Mozilla/5.0 AppleWebKit/537.36 (KHTML, like Gecko; compatible; GPTBot/1.4; +https://openai.com/gptbot)"
74.7.227.164 - - [03/Sep/2026:15:00:53 +0000] "GET /platform/plugins/ecommerce/src/Tables/Reports/?C=D;O=A HTTP/1.1" 200 951 "https://immovalet.com/platform/plugins/ecommerce/src/Tables/Reports/" "Mozilla/5.0 AppleWebKit/537.36 (KHTML, like Gecko; compatible; GPTBot/1.4; +https://openai.com/gptbot)"
57.141.4.39 - - [03/Sep/2026:15:00:54 +0000] "GET /vendor/phpseclib/phpseclib/BACKERS.md HTTP/1.1" 200 339 "-" "Mozilla/5.0 (Macintosh; Intel Mac OS X 10_15_7) AppleWebKit/537.36 (KHTML, like Gecko) Chrome/145.0.0.0 Safari/537.36 (compatible; meta-externalagent/1.1 (+https://developers.facebook.com/docs/sharing/webmasters/crawler))"
74.7.227.164 - - [03/Sep/2026:15:00:55 +0000] "GET /platform/packages/menu/src/Repositories/Caches/?C=D;O=A HTTP/1.1" 200 1345 "https://immovalet.com/platform/packages/menu/src/Repositories/Caches/" "Mozilla/5.0 AppleWebKit/537.36 (KHTML, like Gecko; compatible; GPTBot/1.4; +https://openai.com/gptbot)"
74.7.227.164 - - [03/Sep/2026:15:00:55 +0000] "GET /platform/plugins/translation/src/Http/Requests/?C=D;O=A HTTP/1.1" 200 1130 "https://immovalet.com/platform/plugins/translation/src/Http/Requests/" "Mozilla/5.0 AppleWebKit/537.36 (KHTML, like Gecko; compatible; GPTBot/1.4; +https://openai.com/gptbot)"
74.7.227.164 - - [03/Sep/2026:15:00:56 +0000] "GET /vendor/botble/slug/src/Repositories/Interfaces/?C=S;O=A HTTP/1.1" 200 938 "https://immovalet.com/vendor/botble/slug/src/Repositories/Interfaces/" "Mozilla/5.0 AppleWebKit/537.36 (KHTML, like Gecko; compatible; GPTBot/1.4; +https://openai.com/gptbot)"
57.141.4.28 - - [03/Sep/2026:15:00:57 +0000] "GET /vendor/paragonie/constant_time_encoding/?C=M;O=A HTTP/1.1" 200 1787 "-" "Mozilla/5.0 (Windows NT 10.0; Win64; x64) AppleWebKit/537.36 (KHTML, like Gecko) Chrome/145.0.0.0 Safari/537.36 Edg/145.0.0.0 (compatible; meta-externalagent/1.1 (+https://developers.facebook.com/docs/sharing/webmasters/crawler))"
74.7.227.164 - - [03/Sep/2026:15:01:06 +0000] "GET /vendor/botble/menu/src/Repositories/Interfaces/?C=N;O=D HTTP/1.1" 200 1323 "https://immovalet.com/vendor/botble/menu/src/Repositories/Interfaces/" "Mozilla/5.0 AppleWebKit/537.36 (KHTML, like Gecko; compatible; GPTBot/1.4; +https://openai.com/gptbot)"
74.7.227.164 - - [03/Sep/2026:15:01:06 +0000] "GET /vendor/botble/menu/src/Repositories/Interfaces/?C=M;O=A HTTP/1.1" 200 1323 "https://immovalet.com/vendor/botble/menu/src/Repositories/Interfaces/" "Mozilla/5.0 AppleWebKit/537.36 (KHTML, like Gecko; compatible; GPTBot/1.4; +https://openai.com/gptbot)"
74.7.227.164 - - [03/Sep/2026:15:01:07 +0000] "GET /platform/plugins/newsletter/src/Http/Requests/?C=D;O=A HTTP/1.1" 200 941 "https://immovalet.com/platform/plugins/newsletter/src/Http/Requests/" "Mozilla/5.0 AppleWebKit/537.36 (KHTML, like Gecko; compatible; GPTBot/1.4; +https://openai.com/gptbot)"
74.7.227.164 - - [03/Sep/2026:15:01:07 +0000] "GET /platform/plugins/paystack/src/Http/Controllers/?C=M;O=A HTTP/1.1" 200 942 "https://immovalet.com/platform/plugins/paystack/src/Http/Controllers/" "Mozilla/5.0 AppleWebKit/537.36 (KHTML, like Gecko; compatible; GPTBot/1.4; +https://openai.com/gptbot)"
57.141.4.13 - - [03/Sep/2026:15:01:08 +0000] "GET /vendor/aws/aws-sdk-php/src/Waiter.php HTTP/1.1" 500 - "-" "Mozilla/5.0 (Windows NT 10.0; Win64; x64) AppleWebKit/537.36 (KHTML, like Gecko) Chrome/145.0.0.0 Safari/537.36 (compatible; meta-externalagent/1.1 (+https://developers.facebook.com/docs/sharing/webmasters/crawler))"
74.7.227.164 - - [03/Sep/2026:15:01:09 +0000] "GET /platform/plugins/translation/src/Http/Requests/?C=M;O=A HTTP/1.1" 200 1130 "https://immovalet.com/platform/plugins/translation/src/Http/Requests/" "Mozilla/5.0 AppleWebKit/537.36 (KHTML, like Gecko; compatible; GPTBot/1.4; +https://openai.com/gptbot)"
57.141.4.40 - - [03/Sep/2026:15:01:09 +0000] "GET /vendor/botble/platform/setting/database/?C=D;O=A HTTP/1.1" 200 913 "-" "Mozilla/5.0 (Macintosh; Intel Mac OS X 10_15_7) AppleWebKit/537.36 (KHTML, like Gecko) Chrome/145.0.0.0 Safari/537.36 (compatible; meta-externalagent/1.1 (+https://developers.facebook.com/docs/sharing/webmasters/crawler))"
74.7.227.164 - - [03/Sep/2026:15:01:10 +0000] "GET /platform/plugins/translation/src/Http/Requests/?C=N;O=D HTTP/1.1" 200 1130 "https://immovalet.com/platform/plugins/translation/src/Http/Requests/" "Mozilla/5.0 AppleWebKit/537.36 (KHTML, like Gecko; compatible; GPTBot/1.4; +https://openai.com/gptbot)"
74.7.227.164 - - [03/Sep/2026:15:01:10 +0000] "GET /vendor/botble/platform/setting/resources/lang/?C=M;O=A HTTP/1.1" 200 927 "https://immovalet.com/vendor/botble/platform/setting/resources/lang/" "Mozilla/5.0 AppleWebKit/537.36 (KHTML, like Gecko; compatible; GPTBot/1.4; +https://openai.com/gptbot)"
74.7.227.164 - - [03/Sep/2026:15:01:11 +0000] "GET /platform/plugins/testimonial/src/Http/Requests/?C=N;O=D HTTP/1.1" 200 945 "https://immovalet.com/platform/plugins/testimonial/src/Http/Requests/" "Mozilla/5.0 AppleWebKit/537.36 (KHTML, like Gecko; compatible; GPTBot/1.4; +https://openai.com/gptbot)"
74.7.227.164 - - [03/Sep/2026:15:01:12 +0000] "GET /vendor/botble/menu/src/Repositories/Interfaces/MenuLocationInterface.php HTTP/1.1" 500 - "https://immovalet.com/vendor/botble/menu/src/Repositories/Interfaces/?C=N;O=D" "Mozilla/5.0 AppleWebKit/537.36 (KHTML, like Gecko; compatible; GPTBot/1.4; +https://openai.com/gptbot)"
74.7.227.164 - - [03/Sep/2026:15:01:12 +0000] "GET /vendor/botble/menu/src/Repositories/Interfaces/MenuNodeInterface.php HTTP/1.1" 500 - "https://immovalet.com/vendor/botble/menu/src/Repositories/Interfaces/?C=N;O=D" "Mozilla/5.0 AppleWebKit/537.36 (KHTML, like Gecko; compatible; GPTBot/1.4; +https://openai.com/gptbot)"
74.7.227.164 - - [03/Sep/2026:15:01:13 +0000] "GET /vendor/botble/menu/src/Repositories/Interfaces/MenuInterface.php HTTP/1.1" 500 - "https://immovalet.com/vendor/botble/menu/src/Repositories/Interfaces/?C=N;O=D" "Mozilla/5.0 AppleWebKit/537.36 (KHTML, like Gecko; compatible; GPTBot/1.4; +https://openai.com/gptbot)"
57.141.4.48 - - [03/Sep/2026:15:01:13 +0000] "GET /vendor/symfony/var-dumper/Cloner/VarCloner.php HTTP/1.1" 500 - "-" "Mozilla/5.0 (Windows NT 10.0; Win64; x64) AppleWebKit/537.36 (KHTML, like Gecko) Chrome/145.0.0.0 Safari/537.36 (compatible; meta-externalagent/1.1 (+https://developers.facebook.com/docs/sharing/webmasters/crawler))"
74.7.227.164 - - [03/Sep/2026:15:01:14 +0000] "GET /platform/plugins/paystack/src/Http/Controllers/?C=S;O=A HTTP/1.1" 200 942 "https://immovalet.com/platform/plugins/paystack/src/Http/Controllers/" "Mozilla/5.0 AppleWebKit/537.36 (KHTML, like Gecko; compatible; GPTBot/1.4; +https://openai.com/gptbot)"
74.7.227.164 - - [03/Sep/2026:15:01:15 +0000] "GET /platform/plugins/ecommerce/src/Cart/Exceptions/?C=N;O=A HTTP/1.1" 200 1346 "https://immovalet.com/platform/plugins/ecommerce/src/Cart/Exceptions/?C=N;O=D" "Mozilla/5.0 AppleWebKit/537.36 (KHTML, like Gecko; compatible; GPTBot/1.4; +https://openai.com/gptbot)"
74.7.227.164 - - [03/Sep/2026:15:01:22 +0000] "GET /platform/plugins/translation/src/Http/Requests/LocaleRequest.php HTTP/1.1" 500 - "https://immovalet.com/platform/plugins/translation/src/Http/Requests/?C=N;O=D" "Mozilla/5.0 AppleWebKit/537.36 (KHTML, like Gecko; compatible; GPTBot/1.4; +https://openai.com/gptbot)"
74.7.227.164 - - [03/Sep/2026:15:01:24 +0000] "GET /platform/plugins/translation/src/Http/Requests/TranslationRequest.php HTTP/1.1" 500 - "https://immovalet.com/platform/plugins/translation/src/Http/Requests/?C=N;O=D" "Mozilla/5.0 AppleWebKit/537.36 (KHTML, like Gecko; compatible; GPTBot/1.4; +https://openai.com/gptbot)"
57.141.4.44 - - [03/Sep/2026:15:01:33 +0000] "GET /vendor/aws/aws-sdk-php/src/IdentityStore/?C=D;O=A HTTP/1.1" 200 1101 "-" "Mozilla/5.0 (Windows NT 10.0; Win64; x64) AppleWebKit/537.36 (KHTML, like Gecko) Chrome/145.0.0.0 Safari/537.36 (compatible; meta-externalagent/1.1 (+https://developers.facebook.com/docs/sharing/webmasters/crawler))"
74.7.227.164 - - [03/Sep/2026:15:01:35 +0000] "GET /vendor/botble/slug/src/Repositories/Interfaces/?C=D;O=A HTTP/1.1" 200 938 "https://immovalet.com/vendor/botble/slug/src/Repositories/Interfaces/" "Mozilla/5.0 AppleWebKit/537.36 (KHTML, like Gecko; compatible; GPTBot/1.4; +https://openai.com/gptbot)"
74.7.227.164 - - [03/Sep/2026:15:01:43 +0000] "GET /platform/plugins/newsletter/src/Http/Requests/?C=S;O=A HTTP/1.1" 200 941 "https://immovalet.com/platform/plugins/newsletter/src/Http/Requests/" "Mozilla/5.0 AppleWebKit/537.36 (KHTML, like Gecko; compatible; GPTBot/1.4; +https://openai.com/gptbot)"
74.7.227.164 - - [03/Sep/2026:15:01:45 +0000] "GET /platform/plugins/newsletter/src/Http/Requests/?C=M;O=A HTTP/1.1" 200 941 "https://immovalet.com/platform/plugins/newsletter/src/Http/Requests/" "Mozilla/5.0 AppleWebKit/537.36 (KHTML, like Gecko; compatible; GPTBot/1.4; +https://openai.com/gptbot)"
74.7.227.164 - - [03/Sep/2026:15:01:46 +0000] "GET /vendor/botble/menu/src/Repositories/Interfaces/?C=S;O=A HTTP/1.1" 200 1323 "https://immovalet.com/vendor/botble/menu/src/Repositories/Interfaces/" "Mozilla/5.0 AppleWebKit/537.36 (KHTML, like Gecko; compatible; GPTBot/1.4; +https://openai.com/gptbot)"
74.7.227.164 - - [03/Sep/2026:15:01:46 +0000] "GET /vendor/botble/platform/setting/resources/lang/?C=D;O=A HTTP/1.1" 200 927 "https://immovalet.com/vendor/botble/platform/setting/resources/lang/" "Mozilla/5.0 AppleWebKit/537.36 (KHTML, like Gecko; compatible; GPTBot/1.4; +https://openai.com/gptbot)"
74.7.227.164 - - [03/Sep/2026:15:01:47 +0000] "GET /vendor/botble/menu/src/Repositories/Interfaces/?C=N;O=A HTTP/1.1" 200 1323 "https://immovalet.com/vendor/botble/menu/src/Repositories/Interfaces/?C=N;O=D" "Mozilla/5.0 AppleWebKit/537.36 (KHTML, like Gecko; compatible; GPTBot/1.4; +https://openai.com/gptbot)"
74.7.227.164 - - [03/Sep/2026:15:01:53 +0000] "GET /platform/packages/menu/src/Repositories/Caches/?C=N;O=D HTTP/1.1" 200 1345 "https://immovalet.com/platform/packages/menu/src/Repositories/Caches/" "Mozilla/5.0 AppleWebKit/537.36 (KHTML, like Gecko; compatible; GPTBot/1.4; +https://openai.com/gptbot)"
57.141.4.58 - - [03/Sep/2026:15:01:54 +0000] "GET /vendor/razorpay/razorpay/release.txt HTTP/1.1" 200 80 "-" "Mozilla/5.0 (Windows NT 10.0; Win64; x64) AppleWebKit/537.36 (KHTML, like Gecko) Chrome/145.0.0.0 Safari/537.36 (compatible; meta-externalagent/1.1 (+https://developers.facebook.com/docs/sharing/webmasters/crawler))"
74.7.227.164 - - [03/Sep/2026:15:01:55 +0000] "GET /platform/packages/menu/src/Repositories/Caches/?C=S;O=A HTTP/1.1" 200 1345 "https://immovalet.com/platform/packages/menu/src/Repositories/Caches/" "Mozilla/5.0 AppleWebKit/537.36 (KHTML, like Gecko; compatible; GPTBot/1.4; +https://openai.com/gptbot)"
74.7.227.164 - - [03/Sep/2026:15:01:55 +0000] "GET /vendor/botble/menu/src/Repositories/Interfaces/?C=S;O=D HTTP/1.1" 200 1323 "https://immovalet.com/vendor/botble/menu/src/Repositories/Interfaces/?C=S;O=A" "Mozilla/5.0 AppleWebKit/537.36 (KHTML, like Gecko; compatible; GPTBot/1.4; +https://openai.com/gptbot)"
57.141.4.37 - - [03/Sep/2026:15:01:55 +0000] "GET /platform/plugins/sslcommerz/routes/?C=N;O=A HTTP/1.1" 200 896 "-" "Mozilla/5.0 (Macintosh; Intel Mac OS X 10_15_7) AppleWebKit/537.36 (KHTML, like Gecko) Chrome/145.0.0.0 Safari/537.36 (compatible; meta-externalagent/1.1 (+https://developers.facebook.com/docs/sharing/webmasters/crawler))"
74.7.227.164 - - [03/Sep/2026:15:01:56 +0000] "GET /platform/plugins/ecommerce/src/Cart/Exceptions/?C=S;O=A HTTP/1.1" 200 1346 "https://immovalet.com/platform/plugins/ecommerce/src/Cart/Exceptions/" "Mozilla/5.0 AppleWebKit/537.36 (KHTML, like Gecko; compatible; GPTBot/1.4; +https://openai.com/gptbot)"
74.7.227.164 - - [03/Sep/2026:15:01:56 +0000] "GET /platform/plugins/ecommerce/src/Cart/Exceptions/?C=D;O=A HTTP/1.1" 200 1346 "https://immovalet.com/platform/plugins/ecommerce/src/Cart/Exceptions/" "Mozilla/5.0 AppleWebKit/537.36 (KHTML, like Gecko; compatible; GPTBot/1.4; +https://openai.com/gptbot)"
74.7.227.164 - - [03/Sep/2026:15:01:57 +0000] "GET /platform/plugins/newsletter/src/Http/Requests/?C=N;O=D HTTP/1.1" 200 941 "https://immovalet.com/platform/plugins/newsletter/src/Http/Requests/" "Mozilla/5.0 AppleWebKit/537.36 (KHTML, like Gecko; compatible; GPTBot/1.4; +https://openai.com/gptbot)"
74.7.227.164 - - [03/Sep/2026:15:01:58 +0000] "GET /platform/plugins/translation/src/Http/Requests/?C=N;O=A HTTP/1.1" 200 1130 "https://immovalet.com/platform/plugins/translation/src/Http/Requests/?C=N;O=D" "Mozilla/5.0 AppleWebKit/537.36 (KHTML, like Gecko; compatible; GPTBot/1.4; +https://openai.com/gptbot)"
74.7.227.164 - - [03/Sep/2026:15:01:58 +0000] "GET /vendor/botble/slug/src/Repositories/Interfaces/?C=M;O=A HTTP/1.1" 200 938 "https://immovalet.com/vendor/botble/slug/src/Repositories/Interfaces/" "Mozilla/5.0 AppleWebKit/537.36 (KHTML, like Gecko; compatible; GPTBot/1.4; +https://openai.com/gptbot)"
74.7.227.164 - - [03/Sep/2026:15:02:00 +0000] "GET /platform/packages/menu/src/Repositories/Caches/MenuNodeCacheDecorator.php HTTP/1.1" 500 - "https://immovalet.com/platform/packages/menu/src/Repositories/Caches/?C=N;O=D" "Mozilla/5.0 AppleWebKit/537.36 (KHTML, like Gecko; compatible; GPTBot/1.4; +https://openai.com/gptbot)"
74.7.227.164 - - [03/Sep/2026:15:02:00 +0000] "GET /platform/packages/menu/src/Repositories/Caches/MenuCacheDecorator.php HTTP/1.1" 500 - "https://immovalet.com/platform/packages/menu/src/Repositories/Caches/?C=N;O=D" "Mozilla/5.0 AppleWebKit/537.36 (KHTML, like Gecko; compatible; GPTBot/1.4; +https://openai.com/gptbot)"
74.7.227.164 - - [03/Sep/2026:15:02:01 +0000] "GET /platform/packages/menu/src/Repositories/Caches/MenuLocationCacheDecorator.php HTTP/1.1" 500 - "https://immovalet.com/platform/packages/menu/src/Repositories/Caches/?C=N;O=D" "Mozilla/5.0 AppleWebKit/537.36 (KHTML, like Gecko; compatible; GPTBot/1.4; +https://openai.com/gptbot)"
74.7.227.164 - - [03/Sep/2026:15:02:02 +0000] "GET /platform/packages/menu/src/Repositories/Caches/?C=N;O=A HTTP/1.1" 200 1345 "https://immovalet.com/platform/packages/menu/src/Repositories/Caches/?C=N;O=D" "Mozilla/5.0 AppleWebKit/537.36 (KHTML, like Gecko; compatible; GPTBot/1.4; +https://openai.com/gptbot)"
74.7.227.164 - - [03/Sep/2026:15:02:03 +0000] "GET /platform/plugins/ecommerce/src/Cart/Exceptions/?C=S;O=D HTTP/1.1" 200 1346 "https://immovalet.com/platform/plugins/ecommerce/src/Cart/Exceptions/?C=S;O=A" "Mozilla/5.0 AppleWebKit/537.36 (KHTML, like Gecko; compatible; GPTBot/1.4; +https://openai.com/gptbot)"
74.7.227.164 - - [03/Sep/2026:15:02:05 +0000] "GET /platform/packages/menu/src/Repositories/Caches/?C=S;O=D HTTP/1.1" 200 1345 "https://immovalet.com/platform/packages/menu/src/Repositories/Caches/?C=S;O=A" "Mozilla/5.0 AppleWebKit/537.36 (KHTML, like Gecko; compatible; GPTBot/1.4; +https://openai.com/gptbot)"
74.7.227.164 - - [03/Sep/2026:15:02:06 +0000] "GET /platform/plugins/ecommerce/src/Cart/Exceptions/?C=M;O=A HTTP/1.1" 200 1346 "https://immovalet.com/platform/plugins/ecommerce/src/Cart/Exceptions/" "Mozilla/5.0 AppleWebKit/537.36 (KHTML, like Gecko; compatible; GPTBot/1.4; +https://openai.com/gptbot)"
74.7.227.164 - - [03/Sep/2026:15:02:07 +0000] "GET /platform/plugins/mollie/src/Services/Abstracts/?C=S;O=A HTTP/1.1" 200 950 "https://immovalet.com/platform/plugins/mollie/src/Services/Abstracts/" "Mozilla/5.0 AppleWebKit/537.36 (KHTML, like Gecko; compatible; GPTBot/1.4; +https://openai.com/gptbot)"
74.7.227.164 - - [03/Sep/2026:15:02:08 +0000] "GET /platform/plugins/testimonial/src/Http/Requests/?C=S;O=A HTTP/1.1" 200 945 "https://immovalet.com/platform/plugins/testimonial/src/Http/Requests/" "Mozilla/5.0 AppleWebKit/537.36 (KHTML, like Gecko; compatible; GPTBot/1.4; +https://openai.com/gptbot)"
74.7.227.164 - - [03/Sep/2026:15:02:11 +0000] "GET /platform/themes/shopwise/assets/js/components/?C=N;O=D HTTP/1.1" 200 2948 "https://immovalet.com/platform/themes/shopwise/assets/js/components/" "Mozilla/5.0 AppleWebKit/537.36 (KHTML, like Gecko; compatible; GPTBot/1.4; +https://openai.com/gptbot)"
74.7.227.164 - - [03/Sep/2026:15:02:13 +0000] "GET /platform/core/dashboard/resources/assets/sass/?C=N;O=D HTTP/1.1" 200 938 "https://immovalet.com/platform/core/dashboard/resources/assets/sass/" "Mozilla/5.0 AppleWebKit/537.36 (KHTML, like Gecko; compatible; GPTBot/1.4; +https://openai.com/gptbot)"
88.223.181.51 - - [03/Sep/2026:15:02:13 +0000] "GET /robots.txt HTTP/1.1" 404 16 "-" "Mozilla/5.0 AppleWebKit/537.36 (KHTML, like Gecko); compatible; SEOJuice-SearchBot/1.0; +https://seojuice.io/bot"
88.223.181.51 - - [03/Sep/2026:15:02:13 +0000] "GET /llms.txt HTTP/1.1" 404 16 "-" "Mozilla/5.0 AppleWebKit/537.36 (KHTML, like Gecko); compatible; SEOJuice-SearchBot/1.0; +https://seojuice.io/bot"
74.7.227.164 - - [03/Sep/2026:15:02:13 +0000] "GET /platform/plugins/payment/resources/assets/sass/?C=N;O=D HTTP/1.1" 200 1127 "https://immovalet.com/platform/plugins/payment/resources/assets/sass/" "Mozilla/5.0 AppleWebKit/537.36 (KHTML, like Gecko; compatible; GPTBot/1.4; +https://openai.com/gptbot)"
88.223.181.51 - - [03/Sep/2026:15:02:13 +0000] "GET /ai.txt HTTP/1.1" 404 16 "-" "Mozilla/5.0 AppleWebKit/537.36 (KHTML, like Gecko); compatible; SEOJuice-SearchBot/1.0; +https://seojuice.io/bot"
74.7.227.164 - - [03/Sep/2026:15:02:14 +0000] "GET /platform/plugins/backup/resources/assets/sass/?C=D;O=A HTTP/1.1" 200 935 "https://immovalet.com/platform/plugins/backup/resources/assets/sass/" "Mozilla/5.0 AppleWebKit/537.36 (KHTML, like Gecko; compatible; GPTBot/1.4; +https://openai.com/gptbot)"
88.223.181.51 - - [03/Sep/2026:15:02:14 +0000] "GET / HTTP/1.1" 200 6708 "-" "Mozilla/5.0 AppleWebKit/537.36 (KHTML, like Gecko); compatible; SEOJuice-SearchBot/1.0; +https://seojuice.io/bot"
74.7.227.164 - - [03/Sep/2026:15:02:15 +0000] "GET /platform/themes/shopwise/assets/js/components/?C=D;O=A HTTP/1.1" 200 2948 "https://immovalet.com/platform/themes/shopwise/assets/js/components/" "Mozilla/5.0 AppleWebKit/537.36 (KHTML, like Gecko; compatible; GPTBot/1.4; +https://openai.com/gptbot)"
74.7.227.164 - - [03/Sep/2026:15:02:16 +0000] "GET /platform/packages/theme/resources/assets/sass/?C=N;O=D HTTP/1.1" 200 1307 "https://immovalet.com/platform/packages/theme/resources/assets/sass/" "Mozilla/5.0 AppleWebKit/537.36 (KHTML, like Gecko; compatible; GPTBot/1.4; +https://openai.com/gptbot)"
74.7.227.164 - - [03/Sep/2026:15:02:17 +0000] "GET /platform/themes/shopwise/assets/js/components/?C=N;O=A HTTP/1.1" 200 2948 "https://immovalet.com/platform/themes/shopwise/assets/js/components/?C=N;O=D" "Mozilla/5.0 AppleWebKit/537.36 (KHTML, like Gecko; compatible; GPTBot/1.4; +https://openai.com/gptbot)"
74.7.227.164 - - [03/Sep/2026:15:02:18 +0000] "GET /platform/packages/theme/resources/assets/sass/?C=S;O=A HTTP/1.1" 200 1307 "https://immovalet.com/platform/packages/theme/resources/assets/sass/" "Mozilla/5.0 AppleWebKit/537.36 (KHTML, like Gecko; compatible; GPTBot/1.4; +https://openai.com/gptbot)"
74.7.227.164 - - [03/Sep/2026:15:02:21 +0000] "GET /platform/plugins/translation/resources/assets/js/?C=S;O=A HTTP/1.1" 200 1316 "https://immovalet.com/platform/plugins/translation/resources/assets/js/" "Mozilla/5.0 AppleWebKit/537.36 (KHTML, like Gecko; compatible; GPTBot/1.4; +https://openai.com/gptbot)"
74.7.227.164 - - [03/Sep/2026:15:02:23 +0000] "GET /platform/core/acl/src/Repositories/Interfaces/?C=D;O=A HTTP/1.1" 200 1311 "https://immovalet.com/platform/core/acl/src/Repositories/Interfaces/" "Mozilla/5.0 AppleWebKit/537.36 (KHTML, like Gecko; compatible; GPTBot/1.4; +https://openai.com/gptbot)"
74.7.227.164 - - [03/Sep/2026:15:02:26 +0000] "GET /platform/plugins/backup/resources/assets/sass/?C=M;O=A HTTP/1.1" 200 935 "https://immovalet.com/platform/plugins/backup/resources/assets/sass/" "Mozilla/5.0 AppleWebKit/537.36 (KHTML, like Gecko; compatible; GPTBot/1.4; +https://openai.com/gptbot)"
74.7.227.164 - - [03/Sep/2026:15:02:27 +0000] "GET /platform/packages/revision/resources/assets/sass/?C=S;O=A HTTP/1.1" 200 946 "https://immovalet.com/platform/packages/revision/resources/assets/sass/" "Mozilla/5.0 AppleWebKit/537.36 (KHTML, like Gecko; compatible; GPTBot/1.4; +https://openai.com/gptbot)"
57.141.4.41 - - [03/Sep/2026:15:02:27 +0000] "GET /platform/core/base/public/?C=N;O=D HTTP/1.1" 200 1564 "-" "Mozilla/5.0 (Windows NT 10.0; Win64; x64) AppleWebKit/537.36 (KHTML, like Gecko) Chrome/145.0.0.0 Safari/537.36 (compatible; meta-externalagent/1.1 (+https://developers.facebook.com/docs/sharing/webmasters/crawler))"
74.7.227.164 - - [03/Sep/2026:15:02:28 +0000] "GET /platform/core/acl/src/Repositories/Interfaces/?C=S;O=A HTTP/1.1" 200 1311 "https://immovalet.com/platform/core/acl/src/Repositories/Interfaces/" "Mozilla/5.0 AppleWebKit/537.36 (KHTML, like Gecko; compatible; GPTBot/1.4; +https://openai.com/gptbot)"
74.7.227.164 - - [03/Sep/2026:15:02:30 +0000] "GET /platform/core/base/src/Repositories/Interfaces/?C=D;O=A HTTP/1.1" 200 941 "https://immovalet.com/platform/core/base/src/Repositories/Interfaces/" "Mozilla/5.0 AppleWebKit/537.36 (KHTML, like Gecko; compatible; GPTBot/1.4; +https://openai.com/gptbot)"
74.7.227.164 - - [03/Sep/2026:15:02:30 +0000] "GET /platform/packages/theme/resources/assets/sass/?C=N;O=A HTTP/1.1" 200 1307 "https://immovalet.com/platform/packages/theme/resources/assets/sass/?C=N;O=D" "Mozilla/5.0 AppleWebKit/537.36 (KHTML, like Gecko; compatible; GPTBot/1.4; +https://openai.com/gptbot)"
74.7.227.164 - - [03/Sep/2026:15:02:31 +0000] "GET /platform/core/setting/src/Repositories/Caches/?C=N;O=D HTTP/1.1" 200 950 "https://immovalet.com/platform/core/setting/src/Repositories/Caches/" "Mozilla/5.0 AppleWebKit/537.36 (KHTML, like Gecko; compatible; GPTBot/1.4; +https://openai.com/gptbot)"
74.7.227.164 - - [03/Sep/2026:15:02:33 +0000] "GET /platform/core/dashboard/resources/assets/sass/?C=S;O=A HTTP/1.1" 200 938 "https://immovalet.com/platform/core/dashboard/resources/assets/sass/" "Mozilla/5.0 AppleWebKit/537.36 (KHTML, like Gecko; compatible; GPTBot/1.4; +https://openai.com/gptbot)"
74.7.227.164 - - [03/Sep/2026:15:02:33 +0000] "GET /platform/plugins/ecommerce/resources/assets/sass/?C=N;O=D HTTP/1.1" 200 2796 "https://immovalet.com/platform/plugins/ecommerce/resources/assets/sass/" "Mozilla/5.0 AppleWebKit/537.36 (KHTML, like Gecko; compatible; GPTBot/1.4; +https://openai.com/gptbot)"
74.7.227.164 - - [03/Sep/2026:15:02:34 +0000] "GET /platform/core/acl/src/Repositories/Interfaces/UserInterface.php HTTP/1.1" 500 - "https://immovalet.com/platform/core/acl/src/Repositories/Interfaces/?C=S;O=A" "Mozilla/5.0 AppleWebKit/537.36 (KHTML, like Gecko; compatible; GPTBot/1.4; +https://openai.com/gptbot)"
74.7.227.164 - - [03/Sep/2026:15:02:35 +0000] "GET /platform/core/acl/src/Repositories/Interfaces/RoleInterface.php HTTP/1.1" 500 - "https://immovalet.com/platform/core/acl/src/Repositories/Interfaces/?C=S;O=A" "Mozilla/5.0 AppleWebKit/537.36 (KHTML, like Gecko; compatible; GPTBot/1.4; +https://openai.com/gptbot)"
74.7.227.164 - - [03/Sep/2026:15:02:36 +0000] "GET /platform/core/acl/src/Repositories/Interfaces/?C=S;O=D HTTP/1.1" 200 1311 "https://immovalet.com/platform/core/acl/src/Repositories/Interfaces/?C=S;O=A" "Mozilla/5.0 AppleWebKit/537.36 (KHTML, like Gecko; compatible; GPTBot/1.4; +https://openai.com/gptbot)"
