74.7.227.164 - - [03/Sep/2026:15:35:34 +0000] "GET /vendor/laravel/framework/src/Illuminate/Database/Capsule/?C=D;O=A HTTP/1.1" 200 965 "https://immovalet.com/vendor/laravel/framework/src/Illuminate/Database/Capsule/" "Mozilla/5.0 AppleWebKit/537.36 (KHTML, like Gecko; compatible; GPTBot/1.4; +https://openai.com/gptbot)"
74.7.227.164 - - [03/Sep/2026:15:35:38 +0000] "GET /vendor/botble/platform/dashboard/resources/views/partials/?C=S;O=A HTTP/1.1" 200 1526 "https://immovalet.com/vendor/botble/platform/dashboard/resources/views/partials/" "Mozilla/5.0 AppleWebKit/537.36 (KHTML, like Gecko; compatible; GPTBot/1.4; +https://openai.com/gptbot)"
74.7.227.164 - - [03/Sep/2026:15:35:45 +0000] "GET /vendor/botble/platform/dashboard/resources/views/partials/?C=M;O=A HTTP/1.1" 200 1526 "https://immovalet.com/vendor/botble/platform/dashboard/resources/views/partials/" "Mozilla/5.0 AppleWebKit/537.36 (KHTML, like Gecko; compatible; GPTBot/1.4; +https://openai.com/gptbot)"
57.141.4.6 - - [03/Sep/2026:15:35:46 +0000] "GET /vendor/stripe/stripe-php/lib/Service/EphemeralKeyService.php HTTP/1.1" 500 - "-" "Mozilla/5.0 (Macintosh; Intel Mac OS X 10_15_7) AppleWebKit/537.36 (KHTML, like Gecko) Chrome/145.0.0.0 Safari/537.36 (compatible; meta-externalagent/1.1 (+https://developers.facebook.com/docs/sharing/webmasters/crawler))"
74.7.227.164 - - [03/Sep/2026:15:35:48 +0000] "GET /vendor/laravel/framework/src/Illuminate/Contracts/Database/?C=M;O=A HTTP/1.1" 200 1330 "https://immovalet.com/vendor/laravel/framework/src/Illuminate/Contracts/Database/" "Mozilla/5.0 AppleWebKit/537.36 (KHTML, like Gecko; compatible; GPTBot/1.4; +https://openai.com/gptbot)"
74.7.227.164 - - [03/Sep/2026:15:35:49 +0000] "GET /vendor/laravel/framework/src/Illuminate/View/Middleware/?C=N;O=D HTTP/1.1" 200 977 "https://immovalet.com/vendor/laravel/framework/src/Illuminate/View/Middleware/" "Mozilla/5.0 AppleWebKit/537.36 (KHTML, like Gecko; compatible; GPTBot/1.4; +https://openai.com/gptbot)"
74.7.227.164 - - [03/Sep/2026:15:35:51 +0000] "GET /vendor/laravel/framework/src/Illuminate/Macroable/Traits/?C=M;O=A HTTP/1.1" 200 968 "https://immovalet.com/vendor/laravel/framework/src/Illuminate/Macroable/Traits/" "Mozilla/5.0 AppleWebKit/537.36 (KHTML, like Gecko; compatible; GPTBot/1.4; +https://openai.com/gptbot)"
74.7.227.164 - - [03/Sep/2026:15:35:53 +0000] "GET /vendor/league/commonmark/src/Extension/Footnote/Parser/?C=M;O=A HTTP/1.1" 200 1357 "https://immovalet.com/vendor/league/commonmark/src/Extension/Footnote/Parser/" "Mozilla/5.0 AppleWebKit/537.36 (KHTML, like Gecko; compatible; GPTBot/1.4; +https://openai.com/gptbot)"
74.7.227.164 - - [03/Sep/2026:15:35:55 +0000] "GET /vendor/laravel/framework/src/Illuminate/Database/Console/?C=M;O=A HTTP/1.1" 200 2048 "https://immovalet.com/vendor/laravel/framework/src/Illuminate/Database/Console/" "Mozilla/5.0 AppleWebKit/537.36 (KHTML, like Gecko; compatible; GPTBot/1.4; +https://openai.com/gptbot)"
74.7.227.164 - - [03/Sep/2026:15:35:56 +0000] "GET /vendor/laravel/framework/src/Illuminate/View/Middleware/?C=D;O=A HTTP/1.1" 200 977 "https://immovalet.com/vendor/laravel/framework/src/Illuminate/View/Middleware/" "Mozilla/5.0 AppleWebKit/537.36 (KHTML, like Gecko; compatible; GPTBot/1.4; +https://openai.com/gptbot)"
74.7.227.164 - - [03/Sep/2026:15:35:58 +0000] "GET /vendor/laravel/framework/src/Illuminate/Foundation/Console/?C=N;O=A HTTP/1.1" 200 9296 "https://immovalet.com/vendor/laravel/framework/src/Illuminate/Foundation/Console/?C=N;O=D" "Mozilla/5.0 AppleWebKit/537.36 (KHTML, like Gecko; compatible; GPTBot/1.4; +https://openai.com/gptbot)"
74.7.227.164 - - [03/Sep/2026:15:36:01 +0000] "GET /vendor/laravel/framework/src/Illuminate/Session/Console/?C=N;O=A HTTP/1.1" 200 1148 "https://immovalet.com/vendor/laravel/framework/src/Illuminate/Session/Console/?C=S;O=A" "Mozilla/5.0 AppleWebKit/537.36 (KHTML, like Gecko; compatible; GPTBot/1.4; +https://openai.com/gptbot)"
74.7.227.164 - - [03/Sep/2026:15:36:02 +0000] "GET /vendor/league/commonmark/src/Extension/Footnote/Parser/?C=N;O=D HTTP/1.1" 200 1357 "https://immovalet.com/vendor/league/commonmark/src/Extension/Footnote/Parser/" "Mozilla/5.0 AppleWebKit/537.36 (KHTML, like Gecko; compatible; GPTBot/1.4; +https://openai.com/gptbot)"
74.7.227.164 - - [03/Sep/2026:15:36:03 +0000] "GET /vendor/laravel/framework/src/Illuminate/Database/Console/?C=S;O=A HTTP/1.1" 200 2048 "https://immovalet.com/vendor/laravel/framework/src/Illuminate/Database/Console/" "Mozilla/5.0 AppleWebKit/537.36 (KHTML, like Gecko; compatible; GPTBot/1.4; +https://openai.com/gptbot)"
74.7.227.164 - - [03/Sep/2026:15:36:03 +0000] "GET /vendor/laravel/framework/src/Illuminate/Contracts/Database/?C=S;O=A HTTP/1.1" 200 1330 "https://immovalet.com/vendor/laravel/framework/src/Illuminate/Contracts/Database/" "Mozilla/5.0 AppleWebKit/537.36 (KHTML, like Gecko; compatible; GPTBot/1.4; +https://openai.com/gptbot)"
74.7.227.164 - - [03/Sep/2026:15:36:04 +0000] "GET /vendor/botble/platform/dashboard/resources/views/partials/?C=N;O=A HTTP/1.1" 200 1526 "https://immovalet.com/vendor/botble/platform/dashboard/resources/views/partials/?C=N;O=D" "Mozilla/5.0 AppleWebKit/537.36 (KHTML, like Gecko; compatible; GPTBot/1.4; +https://openai.com/gptbot)"
74.7.227.164 - - [03/Sep/2026:15:36:07 +0000] "GET /vendor/botble/platform/dashboard/resources/views/partials/?C=S;O=D HTTP/1.1" 200 1526 "https://immovalet.com/vendor/botble/platform/dashboard/resources/views/partials/?C=S;O=A" "Mozilla/5.0 AppleWebKit/537.36 (KHTML, like Gecko; compatible; GPTBot/1.4; +https://openai.com/gptbot)"
74.7.227.164 - - [03/Sep/2026:15:36:09 +0000] "GET /vendor/laravel/framework/src/Illuminate/Queue/Middleware/?C=N;O=D HTTP/1.1" 200 1745 "https://immovalet.com/vendor/laravel/framework/src/Illuminate/Queue/Middleware/" "Mozilla/5.0 AppleWebKit/537.36 (KHTML, like Gecko; compatible; GPTBot/1.4; +https://openai.com/gptbot)"
74.7.227.164 - - [03/Sep/2026:15:36:10 +0000] "GET /vendor/league/commonmark/src/Extension/Footnote/Parser/?C=S;O=A HTTP/1.1" 200 1357 "https://immovalet.com/vendor/league/commonmark/src/Extension/Footnote/Parser/" "Mozilla/5.0 AppleWebKit/537.36 (KHTML, like Gecko; compatible; GPTBot/1.4; +https://openai.com/gptbot)"
74.7.227.164 - - [03/Sep/2026:15:36:11 +0000] "GET /vendor/laravel/framework/src/Illuminate/Collections/Traits/?C=N;O=D HTTP/1.1" 200 981 "https://immovalet.com/vendor/laravel/framework/src/Illuminate/Collections/Traits/" "Mozilla/5.0 AppleWebKit/537.36 (KHTML, like Gecko; compatible; GPTBot/1.4; +https://openai.com/gptbot)"
74.7.227.164 - - [03/Sep/2026:15:36:12 +0000] "GET /vendor/league/commonmark/src/Extension/Footnote/Parser/FootnoteParser.php HTTP/1.1" 500 - "https://immovalet.com/vendor/league/commonmark/src/Extension/Footnote/Parser/?C=N;O=D" "Mozilla/5.0 AppleWebKit/537.36 (KHTML, like Gecko; compatible; GPTBot/1.4; +https://openai.com/gptbot)"
74.7.227.164 - - [03/Sep/2026:15:36:13 +0000] "GET /vendor/league/commonmark/src/Extension/Footnote/Parser/FootnoteRefParser.php HTTP/1.1" 500 - "https://immovalet.com/vendor/league/commonmark/src/Extension/Footnote/Parser/?C=N;O=D" "Mozilla/5.0 AppleWebKit/537.36 (KHTML, like Gecko; compatible; GPTBot/1.4; +https://openai.com/gptbot)"
74.7.227.164 - - [03/Sep/2026:15:36:14 +0000] "GET /vendor/league/commonmark/src/Extension/Footnote/Parser/AnonymousFootnoteRefParser.php HTTP/1.1" 500 - "https://immovalet.com/vendor/league/commonmark/src/Extension/Footnote/Parser/?C=N;O=D" "Mozilla/5.0 AppleWebKit/537.36 (KHTML, like Gecko; compatible; GPTBot/1.4; +https://openai.com/gptbot)"
74.7.227.164 - - [03/Sep/2026:15:36:15 +0000] "GET /vendor/laravel/framework/src/Illuminate/Database/Console/?C=S;O=D HTTP/1.1" 200 2048 "https://immovalet.com/vendor/laravel/framework/src/Illuminate/Database/Console/?C=S;O=A" "Mozilla/5.0 AppleWebKit/537.36 (KHTML, like Gecko; compatible; GPTBot/1.4; +https://openai.com/gptbot)"
74.7.227.164 - - [03/Sep/2026:15:36:16 +0000] "GET /vendor/laravel/framework/src/Illuminate/Database/Schema/?C=S;O=D HTTP/1.1" 200 3399 "https://immovalet.com/vendor/laravel/framework/src/Illuminate/Database/Schema/?C=S;O=A" "Mozilla/5.0 AppleWebKit/537.36 (KHTML, like Gecko; compatible; GPTBot/1.4; +https://openai.com/gptbot)"
74.7.227.164 - - [03/Sep/2026:15:36:21 +0000] "GET /vendor/laravel/framework/src/Illuminate/Queue/Middleware/RateLimitedWithRedis.php HTTP/1.1" 500 - "https://immovalet.com/vendor/laravel/framework/src/Illuminate/Queue/Middleware/?C=N;O=D" "Mozilla/5.0 AppleWebKit/537.36 (KHTML, like Gecko; compatible; GPTBot/1.4; +https://openai.com/gptbot)"
74.7.227.164 - - [03/Sep/2026:15:36:22 +0000] "GET /vendor/laravel/framework/src/Illuminate/Queue/Middleware/WithoutOverlapping.php HTTP/1.1" 500 - "https://immovalet.com/vendor/laravel/framework/src/Illuminate/Queue/Middleware/?C=N;O=D" "Mozilla/5.0 AppleWebKit/537.36 (KHTML, like Gecko; compatible; GPTBot/1.4; +https://openai.com/gptbot)"
74.7.227.164 - - [03/Sep/2026:15:36:23 +0000] "GET /vendor/laravel/framework/src/Illuminate/Queue/Middleware/ThrottlesExceptionsWithRedis.php HTTP/1.1" 500 - "https://immovalet.com/vendor/laravel/framework/src/Illuminate/Queue/Middleware/?C=N;O=D" "Mozilla/5.0 AppleWebKit/537.36 (KHTML, like Gecko; compatible; GPTBot/1.4; +https://openai.com/gptbot)"
74.7.227.164 - - [03/Sep/2026:15:36:24 +0000] "GET /vendor/laravel/framework/src/Illuminate/Queue/Middleware/?C=N;O=A HTTP/1.1" 200 1745 "https://immovalet.com/vendor/laravel/framework/src/Illuminate/Queue/Middleware/?C=N;O=D" "Mozilla/5.0 AppleWebKit/537.36 (KHTML, like Gecko; compatible; GPTBot/1.4; +https://openai.com/gptbot)"
74.7.227.164 - - [03/Sep/2026:15:36:27 +0000] "GET /vendor/laravel/framework/src/Illuminate/Session/Console/?C=M;O=A HTTP/1.1" 200 1148 "https://immovalet.com/vendor/laravel/framework/src/Illuminate/Session/Console/" "Mozilla/5.0 AppleWebKit/537.36 (KHTML, like Gecko; compatible; GPTBot/1.4; +https://openai.com/gptbot)"
74.7.227.164 - - [03/Sep/2026:15:36:28 +0000] "GET /vendor/league/commonmark/src/Extension/Footnote/Parser/?C=S;O=D HTTP/1.1" 200 1357 "https://immovalet.com/vendor/league/commonmark/src/Extension/Footnote/Parser/?C=S;O=A" "Mozilla/5.0 AppleWebKit/537.36 (KHTML, like Gecko; compatible; GPTBot/1.4; +https://openai.com/gptbot)"
74.7.227.164 - - [03/Sep/2026:15:36:32 +0000] "GET /vendor/laravel/framework/src/Illuminate/Contracts/Database/?C=N;O=D HTTP/1.1" 200 1330 "https://immovalet.com/vendor/laravel/framework/src/Illuminate/Contracts/Database/" "Mozilla/5.0 AppleWebKit/537.36 (KHTML, like Gecko; compatible; GPTBot/1.4; +https://openai.com/gptbot)"
74.7.227.164 - - [03/Sep/2026:15:36:37 +0000] "GET /vendor/league/commonmark/src/Extension/Footnote/Parser/?C=N;O=A HTTP/1.1" 200 1357 "https://immovalet.com/vendor/league/commonmark/src/Extension/Footnote/Parser/?C=N;O=D" "Mozilla/5.0 AppleWebKit/537.36 (KHTML, like Gecko; compatible; GPTBot/1.4; +https://openai.com/gptbot)"
74.7.227.164 - - [03/Sep/2026:15:36:38 +0000] "GET /vendor/laravel/framework/src/Illuminate/Queue/Connectors/?C=D;O=A HTTP/1.1" 200 2093 "https://immovalet.com/vendor/laravel/framework/src/Illuminate/Queue/Connectors/" "Mozilla/5.0 AppleWebKit/537.36 (KHTML, like Gecko; compatible; GPTBot/1.4; +https://openai.com/gptbot)"
74.7.227.164 - - [03/Sep/2026:15:36:41 +0000] "GET /vendor/laravel/framework/src/Illuminate/Contracts/Mail/?C=S;O=A HTTP/1.1" 200 1501 "https://immovalet.com/vendor/laravel/framework/src/Illuminate/Contracts/Mail/" "Mozilla/5.0 AppleWebKit/537.36 (KHTML, like Gecko; compatible; GPTBot/1.4; +https://openai.com/gptbot)"
74.7.227.164 - - [03/Sep/2026:15:36:42 +0000] "GET /vendor/laravel/framework/src/Illuminate/Contracts/Cache/?C=M;O=A HTTP/1.1" 200 1878 "https://immovalet.com/vendor/laravel/framework/src/Illuminate/Contracts/Cache/" "Mozilla/5.0 AppleWebKit/537.36 (KHTML, like Gecko; compatible; GPTBot/1.4; +https://openai.com/gptbot)"
57.141.4.59 - - [03/Sep/2026:15:36:52 +0000] "GET /platform/core/acl/src/Providers/?C=D;O=A HTTP/1.1" 200 1482 "-" "Mozilla/5.0 (Windows NT 10.0; Win64; x64) AppleWebKit/537.36 (KHTML, like Gecko) Chrome/145.0.0.0 Safari/537.36 (compatible; meta-externalagent/1.1 (+https://developers.facebook.com/docs/sharing/webmasters/crawler))"
57.141.4.49 - - [03/Sep/2026:15:36:57 +0000] "GET /vendor/egulias/email-validator/src/Warning/DomainTooLong.php HTTP/1.1" 500 - "-" "Mozilla/5.0 (Macintosh; Intel Mac OS X 10_15_7) AppleWebKit/537.36 (KHTML, like Gecko) Chrome/145.0.0.0 Safari/537.36 (compatible; meta-externalagent/1.1 (+https://developers.facebook.com/docs/sharing/webmasters/crawler))"
57.141.4.42 - - [03/Sep/2026:15:37:35 +0000] "GET /vendor/aws/aws-sdk-php/src/WorkDocs/?C=M;O=A HTTP/1.1" 200 1086 "-" "Mozilla/5.0 (Windows NT 10.0; Win64; x64) AppleWebKit/537.36 (KHTML, like Gecko) Chrome/145.0.0.0 Safari/537.36 (compatible; meta-externalagent/1.1 (+https://developers.facebook.com/docs/sharing/webmasters/crawler))"
57.141.4.34 - - [03/Sep/2026:15:37:47 +0000] "GET /vendor/maatwebsite/excel/src/Concerns/FromView.php HTTP/1.1" 200 - "-" "Mozilla/5.0 (Windows NT 10.0; Win64; x64) AppleWebKit/537.36 (KHTML, like Gecko) Chrome/145.0.0.0 Safari/537.36 (compatible; meta-externalagent/1.1 (+https://developers.facebook.com/docs/sharing/webmasters/crawler))"
57.141.4.18 - - [03/Sep/2026:15:37:52 +0000] "GET /platform/core/dashboard/helpers/?C=N;O=A HTTP/1.1" 200 891 "-" "Mozilla/5.0 (Macintosh; Intel Mac OS X 10_15_7) AppleWebKit/537.36 (KHTML, like Gecko) Chrome/145.0.0.0 Safari/537.36 (compatible; meta-externalagent/1.1 (+https://developers.facebook.com/docs/sharing/webmasters/crawler))"
57.141.4.32 - - [03/Sep/2026:15:37:55 +0000] "GET /platform/packages/seo-helper/src/SeoMeta.php HTTP/1.1" 500 - "-" "Mozilla/5.0 (Windows NT 10.0; Win64; x64) AppleWebKit/537.36 (KHTML, like Gecko) Chrome/144.0.0.0 Safari/537.36 Edg/144.0.0.0 (compatible; meta-externalagent/1.1 (+https://developers.facebook.com/docs/sharing/webmasters/crawler))"
74.7.227.164 - - [03/Sep/2026:15:37:56 +0000] "GET /vendor/laravel/framework/src/Illuminate/Contracts/Mail/?C=S;O=D HTTP/1.1" 200 1501 "https://immovalet.com/vendor/laravel/framework/src/Illuminate/Contracts/Mail/?C=S;O=A" "Mozilla/5.0 AppleWebKit/537.36 (KHTML, like Gecko; compatible; GPTBot/1.4; +https://openai.com/gptbot)"
57.141.4.19 - - [03/Sep/2026:15:38:22 +0000] "GET /vendor/botble/widget/?C=N;O=A HTTP/1.1" 200 2270 "-" "Mozilla/5.0 (X11; Linux x86_64) AppleWebKit/537.36 (KHTML, like Gecko) Chrome/145.0.0.0 Safari/537.36 (compatible; meta-externalagent/1.1 (+https://developers.facebook.com/docs/sharing/webmasters/crawler))"
74.7.227.164 - - [03/Sep/2026:15:38:38 +0000] "GET /vendor/laravel/framework/src/Illuminate/Database/Concerns/?C=D;O=A HTTP/1.1" 200 1351 "https://immovalet.com/vendor/laravel/framework/src/Illuminate/Database/Concerns/" "Mozilla/5.0 AppleWebKit/537.36 (KHTML, like Gecko; compatible; GPTBot/1.4; +https://openai.com/gptbot)"
57.141.4.2 - - [03/Sep/2026:15:38:38 +0000] "GET /vendor/composer/ca-bundle/res/?C=N;O=A HTTP/1.1" 200 887 "-" "Mozilla/5.0 (Windows NT 10.0; Win64; x64) AppleWebKit/537.36 (KHTML, like Gecko) Chrome/145.0.0.0 Safari/537.36 (compatible; meta-externalagent/1.1 (+https://developers.facebook.com/docs/sharing/webmasters/crawler))"
74.7.227.164 - - [03/Sep/2026:15:38:50 +0000] "GET /vendor/laravel/framework/src/Illuminate/Database/Concerns/?C=M;O=A HTTP/1.1" 200 1351 "https://immovalet.com/vendor/laravel/framework/src/Illuminate/Database/Concerns/" "Mozilla/5.0 AppleWebKit/537.36 (KHTML, like Gecko; compatible; GPTBot/1.4; +https://openai.com/gptbot)"
74.7.227.164 - - [03/Sep/2026:15:38:51 +0000] "GET /vendor/laravel/framework/src/Illuminate/Collections/Traits/?C=M;O=A HTTP/1.1" 200 981 "https://immovalet.com/vendor/laravel/framework/src/Illuminate/Collections/Traits/" "Mozilla/5.0 AppleWebKit/537.36 (KHTML, like Gecko; compatible; GPTBot/1.4; +https://openai.com/gptbot)"
74.7.227.164 - - [03/Sep/2026:15:38:53 +0000] "GET /vendor/laravel/framework/src/Illuminate/Database/Capsule/?C=N;O=D HTTP/1.1" 200 965 "https://immovalet.com/vendor/laravel/framework/src/Illuminate/Database/Capsule/" "Mozilla/5.0 AppleWebKit/537.36 (KHTML, like Gecko; compatible; GPTBot/1.4; +https://openai.com/gptbot)"
74.7.227.164 - - [03/Sep/2026:15:38:54 +0000] "GET /vendor/laravel/framework/src/Illuminate/Session/Middleware/?C=M;O=A HTTP/1.1" 200 1164 "https://immovalet.com/vendor/laravel/framework/src/Illuminate/Session/Middleware/" "Mozilla/5.0 AppleWebKit/537.36 (KHTML, like Gecko; compatible; GPTBot/1.4; +https://openai.com/gptbot)"
74.7.227.164 - - [03/Sep/2026:15:38:55 +0000] "GET /vendor/laravel/framework/src/Illuminate/Database/Concerns/?C=N;O=D HTTP/1.1" 200 1351 "https://immovalet.com/vendor/laravel/framework/src/Illuminate/Database/Concerns/" "Mozilla/5.0 AppleWebKit/537.36 (KHTML, like Gecko; compatible; GPTBot/1.4; +https://openai.com/gptbot)"
74.7.227.164 - - [03/Sep/2026:15:38:55 +0000] "GET /vendor/laravel/framework/src/Illuminate/Contracts/Queue/?C=D;O=A HTTP/1.1" 200 3205 "https://immovalet.com/vendor/laravel/framework/src/Illuminate/Contracts/Queue/" "Mozilla/5.0 AppleWebKit/537.36 (KHTML, like Gecko; compatible; GPTBot/1.4; +https://openai.com/gptbot)"
74.7.227.164 - - [03/Sep/2026:15:38:57 +0000] "GET /vendor/laravel/framework/src/Illuminate/Foundation/Console/?C=S;O=A HTTP/1.1" 200 9296 "https://immovalet.com/vendor/laravel/framework/src/Illuminate/Foundation/Console/" "Mozilla/5.0 AppleWebKit/537.36 (KHTML, like Gecko; compatible; GPTBot/1.4; +https://openai.com/gptbot)"
74.7.227.164 - - [03/Sep/2026:15:38:58 +0000] "GET /vendor/laravel/framework/src/Illuminate/Database/Concerns/?C=S;O=A HTTP/1.1" 200 1351 "https://immovalet.com/vendor/laravel/framework/src/Illuminate/Database/Concerns/" "Mozilla/5.0 AppleWebKit/537.36 (KHTML, like Gecko; compatible; GPTBot/1.4; +https://openai.com/gptbot)"
74.7.227.164 - - [03/Sep/2026:15:38:59 +0000] "GET /vendor/laravel/framework/src/Illuminate/Contracts/Queue/?C=S;O=A HTTP/1.1" 200 3205 "https://immovalet.com/vendor/laravel/framework/src/Illuminate/Contracts/Queue/" "Mozilla/5.0 AppleWebKit/537.36 (KHTML, like Gecko; compatible; GPTBot/1.4; +https://openai.com/gptbot)"
74.7.227.164 - - [03/Sep/2026:15:39:00 +0000] "GET /vendor/laravel/framework/src/Illuminate/Queue/Connectors/?C=N;O=D HTTP/1.1" 200 2093 "https://immovalet.com/vendor/laravel/framework/src/Illuminate/Queue/Connectors/" "Mozilla/5.0 AppleWebKit/537.36 (KHTML, like Gecko; compatible; GPTBot/1.4; +https://openai.com/gptbot)"
74.7.227.164 - - [03/Sep/2026:15:39:02 +0000] "GET /vendor/laravel/framework/src/Illuminate/Queue/Middleware/?C=S;O=A HTTP/1.1" 200 1745 "https://immovalet.com/vendor/laravel/framework/src/Illuminate/Queue/Middleware/" "Mozilla/5.0 AppleWebKit/537.36 (KHTML, like Gecko; compatible; GPTBot/1.4; +https://openai.com/gptbot)"
74.7.227.164 - - [03/Sep/2026:15:39:03 +0000] "GET /vendor/laravel/framework/src/Illuminate/Contracts/Cache/?C=N;O=D HTTP/1.1" 200 1878 "https://immovalet.com/vendor/laravel/framework/src/Illuminate/Contracts/Cache/" "Mozilla/5.0 AppleWebKit/537.36 (KHTML, like Gecko; compatible; GPTBot/1.4; +https://openai.com/gptbot)"
74.7.227.164 - - [03/Sep/2026:15:39:04 +0000] "GET /vendor/laravel/framework/src/Illuminate/Queue/Connectors/?C=M;O=A HTTP/1.1" 200 2093 "https://immovalet.com/vendor/laravel/framework/src/Illuminate/Queue/Connectors/" "Mozilla/5.0 AppleWebKit/537.36 (KHTML, like Gecko; compatible; GPTBot/1.4; +https://openai.com/gptbot)"
74.7.227.164 - - [03/Sep/2026:15:39:05 +0000] "GET /vendor/laravel/framework/src/Illuminate/Database/Concerns/BuildsQueries.php HTTP/1.1" 500 - "https://immovalet.com/vendor/laravel/framework/src/Illuminate/Database/Concerns/?C=N;O=D" "Mozilla/5.0 AppleWebKit/537.36 (KHTML, like Gecko; compatible; GPTBot/1.4; +https://openai.com/gptbot)"
74.7.227.164 - - [03/Sep/2026:15:39:05 +0000] "GET /vendor/laravel/framework/src/Illuminate/Database/Concerns/?C=N;O=A HTTP/1.1" 200 1351 "https://immovalet.com/vendor/laravel/framework/src/Illuminate/Database/Concerns/?C=N;O=D" "Mozilla/5.0 AppleWebKit/537.36 (KHTML, like Gecko; compatible; GPTBot/1.4; +https://openai.com/gptbot)"
74.7.227.164 - - [03/Sep/2026:15:39:07 +0000] "GET /vendor/laravel/framework/src/Illuminate/Queue/Connectors/DatabaseConnector.php HTTP/1.1" 500 - "https://immovalet.com/vendor/laravel/framework/src/Illuminate/Queue/Connectors/?C=N;O=D" "Mozilla/5.0 AppleWebKit/537.36 (KHTML, like Gecko; compatible; GPTBot/1.4; +https://openai.com/gptbot)"
57.141.4.30 - - [03/Sep/2026:15:39:08 +0000] "GET /vendor/symfony/polyfill-php80/?C=S;O=A HTTP/1.1" 200 1590 "-" "Mozilla/5.0 (Windows NT 10.0; Win64; x64) AppleWebKit/537.36 (KHTML, like Gecko) Chrome/145.0.0.0 Safari/537.36 (compatible; meta-externalagent/1.1 (+https://developers.facebook.com/docs/sharing/webmasters/crawler))"
74.7.227.164 - - [03/Sep/2026:15:39:08 +0000] "GET /vendor/laravel/framework/src/Illuminate/Queue/Connectors/RedisConnector.php HTTP/1.1" 500 - "https://immovalet.com/vendor/laravel/framework/src/Illuminate/Queue/Connectors/?C=N;O=D" "Mozilla/5.0 AppleWebKit/537.36 (KHTML, like Gecko; compatible; GPTBot/1.4; +https://openai.com/gptbot)"
74.7.227.164 - - [03/Sep/2026:15:39:09 +0000] "GET /vendor/laravel/framework/src/Illuminate/Queue/Connectors/BeanstalkdConnector.php HTTP/1.1" 500 - "https://immovalet.com/vendor/laravel/framework/src/Illuminate/Queue/Connectors/?C=N;O=D" "Mozilla/5.0 AppleWebKit/537.36 (KHTML, like Gecko; compatible; GPTBot/1.4; +https://openai.com/gptbot)"
74.7.227.164 - - [03/Sep/2026:15:39:10 +0000] "GET /vendor/laravel/framework/src/Illuminate/Queue/Connectors/SyncConnector.php HTTP/1.1" 500 - "https://immovalet.com/vendor/laravel/framework/src/Illuminate/Queue/Connectors/?C=N;O=D" "Mozilla/5.0 AppleWebKit/537.36 (KHTML, like Gecko; compatible; GPTBot/1.4; +https://openai.com/gptbot)"
74.7.227.164 - - [03/Sep/2026:15:39:12 +0000] "GET /vendor/laravel/framework/src/Illuminate/Queue/Connectors/SqsConnector.php HTTP/1.1" 500 - "https://immovalet.com/vendor/laravel/framework/src/Illuminate/Queue/Connectors/?C=N;O=D" "Mozilla/5.0 AppleWebKit/537.36 (KHTML, like Gecko; compatible; GPTBot/1.4; +https://openai.com/gptbot)"
74.7.227.164 - - [03/Sep/2026:15:39:15 +0000] "GET /vendor/laravel/framework/src/Illuminate/Queue/Connectors/NullConnector.php HTTP/1.1" 500 - "https://immovalet.com/vendor/laravel/framework/src/Illuminate/Queue/Connectors/?C=N;O=D" "Mozilla/5.0 AppleWebKit/537.36 (KHTML, like Gecko; compatible; GPTBot/1.4; +https://openai.com/gptbot)"
74.7.227.164 - - [03/Sep/2026:15:39:18 +0000] "GET /vendor/laravel/framework/src/Illuminate/Queue/Connectors/?C=N;O=A HTTP/1.1" 200 2093 "https://immovalet.com/vendor/laravel/framework/src/Illuminate/Queue/Connectors/?C=N;O=D" "Mozilla/5.0 AppleWebKit/537.36 (KHTML, like Gecko; compatible; GPTBot/1.4; +https://openai.com/gptbot)"
57.141.4.18 - - [03/Sep/2026:15:39:19 +0000] "GET /vendor/kris/laravel-form-builder/tests/?C=S;O=A HTTP/1.1" 200 2569 "-" "Mozilla/5.0 (Windows NT 10.0; Win64; x64) AppleWebKit/537.36 (KHTML, like Gecko) Chrome/145.0.0.0 Safari/537.36 (compatible; meta-externalagent/1.1 (+https://developers.facebook.com/docs/sharing/webmasters/crawler))"
57.141.4.40 - - [03/Sep/2026:15:39:23 +0000] "GET /platform/core/setting/helpers/?C=S;O=A HTTP/1.1" 200 1065 "-" "Mozilla/5.0 (Windows NT 10.0; Win64; x64) AppleWebKit/537.36 (KHTML, like Gecko) Chrome/145.0.0.0 Safari/537.36 (compatible; meta-externalagent/1.1 (+https://developers.facebook.com/docs/sharing/webmasters/crawler))"
74.7.227.164 - - [03/Sep/2026:15:39:24 +0000] "GET /vendor/laravel/framework/src/Illuminate/Queue/Middleware/?C=S;O=D HTTP/1.1" 200 1745 "https://immovalet.com/vendor/laravel/framework/src/Illuminate/Queue/Middleware/?C=S;O=A" "Mozilla/5.0 AppleWebKit/537.36 (KHTML, like Gecko; compatible; GPTBot/1.4; +https://openai.com/gptbot)"
74.7.227.164 - - [03/Sep/2026:15:39:29 +0000] "GET /vendor/laravel/framework/src/Illuminate/Foundation/Console/?C=S;O=D HTTP/1.1" 200 9296 "https://immovalet.com/vendor/laravel/framework/src/Illuminate/Foundation/Console/?C=S;O=A" "Mozilla/5.0 AppleWebKit/537.36 (KHTML, like Gecko; compatible; GPTBot/1.4; +https://openai.com/gptbot)"
57.141.4.26 - - [03/Sep/2026:15:39:29 +0000] "GET /vendor/dompdf/dompdf/?C=N;O=D HTTP/1.1" 200 1919 "-" "Mozilla/5.0 (Windows NT 10.0; Win64; x64) AppleWebKit/537.36 (KHTML, like Gecko) Chrome/145.0.0.0 Safari/537.36 (compatible; meta-externalagent/1.1 (+https://developers.facebook.com/docs/sharing/webmasters/crawler))"
57.141.4.8 - - [03/Sep/2026:15:39:30 +0000] "GET /vendor/phpseclib/phpseclib/LICENSE HTTP/1.1" 200 1081 "-" "Mozilla/5.0 (Macintosh; Intel Mac OS X 10_15_7) AppleWebKit/537.36 (KHTML, like Gecko) Chrome/145.0.0.0 Safari/537.36 (compatible; meta-externalagent/1.1 (+https://developers.facebook.com/docs/sharing/webmasters/crawler))"
74.7.227.164 - - [03/Sep/2026:15:39:32 +0000] "GET /vendor/laravel/framework/src/Illuminate/Database/Concerns/?C=S;O=D HTTP/1.1" 200 1351 "https://immovalet.com/vendor/laravel/framework/src/Illuminate/Database/Concerns/?C=S;O=A" "Mozilla/5.0 AppleWebKit/537.36 (KHTML, like Gecko; compatible; GPTBot/1.4; +https://openai.com/gptbot)"
57.141.4.41 - - [03/Sep/2026:15:39:34 +0000] "GET /vendor/dragonmantank/cron-expression/?C=S;O=D HTTP/1.1" 200 1606 "-" "Mozilla/5.0 (Windows NT 10.0; Win64; x64) AppleWebKit/537.36 (KHTML, like Gecko) Chrome/145.0.0.0 Safari/537.36 (compatible; meta-externalagent/1.1 (+https://developers.facebook.com/docs/sharing/webmasters/crawler))"
57.141.4.71 - - [03/Sep/2026:15:39:40 +0000] "GET /platform/core/media/public/?C=N;O=A HTTP/1.1" 200 1393 "-" "Mozilla/5.0 (Macintosh; Intel Mac OS X 10_15_7) AppleWebKit/537.36 (KHTML, like Gecko) Chrome/145.0.0.0 Safari/537.36 (compatible; meta-externalagent/1.1 (+https://developers.facebook.com/docs/sharing/webmasters/crawler))"
74.7.227.164 - - [03/Sep/2026:15:39:42 +0000] "GET /vendor/laravel/framework/src/Illuminate/Foundation/Console/?C=D;O=A HTTP/1.1" 200 9296 "https://immovalet.com/vendor/laravel/framework/src/Illuminate/Foundation/Console/" "Mozilla/5.0 AppleWebKit/537.36 (KHTML, like Gecko; compatible; GPTBot/1.4; +https://openai.com/gptbot)"
74.7.227.164 - - [03/Sep/2026:15:39:44 +0000] "GET /vendor/laravel/framework/src/Illuminate/Queue/Connectors/?C=S;O=A HTTP/1.1" 200 2093 "https://immovalet.com/vendor/laravel/framework/src/Illuminate/Queue/Connectors/" "Mozilla/5.0 AppleWebKit/537.36 (KHTML, like Gecko; compatible; GPTBot/1.4; +https://openai.com/gptbot)"
57.141.4.64 - - [03/Sep/2026:15:39:45 +0000] "GET /vendor/yajra/laravel-datatables-html/src/HtmlServiceProvider.php HTTP/1.1" 500 - "-" "Mozilla/5.0 (Windows NT 10.0; Win64; x64) AppleWebKit/537.36 (KHTML, like Gecko) Chrome/145.0.0.0 Safari/537.36 (compatible; meta-externalagent/1.1 (+https://developers.facebook.com/docs/sharing/webmasters/crawler))"
74.7.227.164 - - [03/Sep/2026:15:39:45 +0000] "GET /vendor/laravel/framework/src/Illuminate/Cookie/Middleware/?C=N;O=D HTTP/1.1" 200 1173 "https://immovalet.com/vendor/laravel/framework/src/Illuminate/Cookie/Middleware/" "Mozilla/5.0 AppleWebKit/537.36 (KHTML, like Gecko; compatible; GPTBot/1.4; +https://openai.com/gptbot)"
74.7.227.164 - - [03/Sep/2026:15:39:47 +0000] "GET /vendor/laravel/framework/src/Illuminate/Contracts/Mail/?C=D;O=A HTTP/1.1" 200 1501 "https://immovalet.com/vendor/laravel/framework/src/Illuminate/Contracts/Mail/" "Mozilla/5.0 AppleWebKit/537.36 (KHTML, like Gecko; compatible; GPTBot/1.4; +https://openai.com/gptbot)"
74.7.227.164 - - [03/Sep/2026:15:39:50 +0000] "GET /vendor/laravel/framework/src/Illuminate/Database/Console/?C=N;O=A HTTP/1.1" 200 2048 "https://immovalet.com/vendor/laravel/framework/src/Illuminate/Database/Console/?C=N;O=D" "Mozilla/5.0 AppleWebKit/537.36 (KHTML, like Gecko; compatible; GPTBot/1.4; +https://openai.com/gptbot)"
74.7.227.164 - - [03/Sep/2026:15:39:54 +0000] "GET /vendor/laravel/framework/src/Illuminate/Queue/Connectors/?C=S;O=D HTTP/1.1" 200 2093 "https://immovalet.com/vendor/laravel/framework/src/Illuminate/Queue/Connectors/?C=S;O=A" "Mozilla/5.0 AppleWebKit/537.36 (KHTML, like Gecko; compatible; GPTBot/1.4; +https://openai.com/gptbot)"
74.7.227.164 - - [03/Sep/2026:15:39:55 +0000] "GET /vendor/laravel/framework/src/Illuminate/Cookie/Middleware/?C=N;O=A HTTP/1.1" 200 1173 "https://immovalet.com/vendor/laravel/framework/src/Illuminate/Cookie/Middleware/?C=N;O=D" "Mozilla/5.0 AppleWebKit/537.36 (KHTML, like Gecko; compatible; GPTBot/1.4; +https://openai.com/gptbot)"
74.7.227.164 - - [03/Sep/2026:15:39:56 +0000] "GET /vendor/botble/platform/dashboard/resources/views/partials/?C=D;O=A HTTP/1.1" 200 1526 "https://immovalet.com/vendor/botble/platform/dashboard/resources/views/partials/" "Mozilla/5.0 AppleWebKit/537.36 (KHTML, like Gecko; compatible; GPTBot/1.4; +https://openai.com/gptbot)"
74.7.227.164 - - [03/Sep/2026:15:39:59 +0000] "GET /vendor/laravel/framework/src/Illuminate/Contracts/Session/?C=S;O=A HTTP/1.1" 200 968 "https://immovalet.com/vendor/laravel/framework/src/Illuminate/Contracts/Session/" "Mozilla/5.0 AppleWebKit/537.36 (KHTML, like Gecko; compatible; GPTBot/1.4; +https://openai.com/gptbot)"
74.7.227.164 - - [03/Sep/2026:15:40:00 +0000] "GET /vendor/laravel/framework/src/Illuminate/Contracts/Database/?C=N;O=A HTTP/1.1" 200 1330 "https://immovalet.com/vendor/laravel/framework/src/Illuminate/Contracts/Database/?C=N;O=D" "Mozilla/5.0 AppleWebKit/537.36 (KHTML, like Gecko; compatible; GPTBot/1.4; +https://openai.com/gptbot)"
74.7.227.164 - - [03/Sep/2026:15:40:00 +0000] "GET /vendor/laravel/framework/src/Illuminate/Contracts/Queue/?C=S;O=D HTTP/1.1" 200 3205 "https://immovalet.com/vendor/laravel/framework/src/Illuminate/Contracts/Queue/?C=S;O=A" "Mozilla/5.0 AppleWebKit/537.36 (KHTML, like Gecko; compatible; GPTBot/1.4; +https://openai.com/gptbot)"
74.7.227.164 - - [03/Sep/2026:15:40:02 +0000] "GET /vendor/laravel/framework/src/Illuminate/Queue/Middleware/?C=D;O=A HTTP/1.1" 200 1745 "https://immovalet.com/vendor/laravel/framework/src/Illuminate/Queue/Middleware/" "Mozilla/5.0 AppleWebKit/537.36 (KHTML, like Gecko; compatible; GPTBot/1.4; +https://openai.com/gptbot)"
74.7.227.164 - - [03/Sep/2026:15:40:04 +0000] "GET /vendor/rmccue/requests/library/Requests/Utility/?C=D;O=A HTTP/1.1" 200 1147 "https://immovalet.com/vendor/rmccue/requests/library/Requests/Utility/" "Mozilla/5.0 AppleWebKit/537.36 (KHTML, like Gecko; compatible; GPTBot/1.4; +https://openai.com/gptbot)"
74.7.227.164 - - [03/Sep/2026:15:40:09 +0000] "GET /platform/packages/widget/resources/views/widgets/?C=S;O=A HTTP/1.1" 200 935 "https://immovalet.com/platform/packages/widget/resources/views/widgets/" "Mozilla/5.0 AppleWebKit/537.36 (KHTML, like Gecko; compatible; GPTBot/1.4; +https://openai.com/gptbot)"
74.7.227.164 - - [03/Sep/2026:15:40:09 +0000] "GET /vendor/rmccue/requests/library/Requests/Utility/?C=N;O=D HTTP/1.1" 200 1147 "https://immovalet.com/vendor/rmccue/requests/library/Requests/Utility/" "Mozilla/5.0 AppleWebKit/537.36 (KHTML, like Gecko; compatible; GPTBot/1.4; +https://openai.com/gptbot)"
74.7.227.164 - - [03/Sep/2026:15:40:13 +0000] "GET /platform/packages/widget/resources/views/widgets/?C=M;O=A HTTP/1.1" 200 935 "https://immovalet.com/platform/packages/widget/resources/views/widgets/" "Mozilla/5.0 AppleWebKit/537.36 (KHTML, like Gecko; compatible; GPTBot/1.4; +https://openai.com/gptbot)"
74.7.227.164 - - [03/Sep/2026:15:40:15 +0000] "GET /platform/packages/widget/resources/views/widgets/?C=N;O=D HTTP/1.1" 200 935 "https://immovalet.com/platform/packages/widget/resources/views/widgets/" "Mozilla/5.0 AppleWebKit/537.36 (KHTML, like Gecko; compatible; GPTBot/1.4; +https://openai.com/gptbot)"
74.7.227.164 - - [03/Sep/2026:15:40:16 +0000] "GET /vendor/rmccue/requests/library/Requests/Utility/?C=M;O=A HTTP/1.1" 200 1147 "https://immovalet.com/vendor/rmccue/requests/library/Requests/Utility/" "Mozilla/5.0 AppleWebKit/537.36 (KHTML, like Gecko; compatible; GPTBot/1.4; +https://openai.com/gptbot)"
74.7.227.164 - - [03/Sep/2026:15:40:18 +0000] "GET /vendor/rmccue/requests/library/Requests/Utility/?C=S;O=A HTTP/1.1" 200 1147 "https://immovalet.com/vendor/rmccue/requests/library/Requests/Utility/" "Mozilla/5.0 AppleWebKit/537.36 (KHTML, like Gecko; compatible; GPTBot/1.4; +https://openai.com/gptbot)"
74.7.227.164 - - [03/Sep/2026:15:40:19 +0000] "GET /platform/packages/widget/resources/views/widgets/?C=D;O=A HTTP/1.1" 200 935 "https://immovalet.com/platform/packages/widget/resources/views/widgets/" "Mozilla/5.0 AppleWebKit/537.36 (KHTML, like Gecko; compatible; GPTBot/1.4; +https://openai.com/gptbot)"
74.7.227.164 - - [03/Sep/2026:15:40:20 +0000] "GET /vendor/rmccue/requests/library/Requests/Utility/?C=N;O=A HTTP/1.1" 200 1147 "https://immovalet.com/vendor/rmccue/requests/library/Requests/Utility/?C=N;O=D" "Mozilla/5.0 AppleWebKit/537.36 (KHTML, like Gecko; compatible; GPTBot/1.4; +https://openai.com/gptbot)"
74.7.227.164 - - [03/Sep/2026:15:40:21 +0000] "GET /vendor/nesbot/carbon/src/Carbon/Traits/Comparison.php HTTP/1.1" 200 - "https://immovalet.com/vendor/nesbot/carbon/src/Carbon/Traits/" "Mozilla/5.0 AppleWebKit/537.36 (KHTML, like Gecko; compatible; GPTBot/1.4; +https://openai.com/gptbot)"
57.141.4.34 - - [03/Sep/2026:15:40:23 +0000] "GET /vendor/stripe/stripe-php/lib/StripeClientInterface.php HTTP/1.1" 500 - "-" "Mozilla/5.0 (Macintosh; Intel Mac OS X 10_15_7) AppleWebKit/537.36 (KHTML, like Gecko) Chrome/145.0.0.0 Safari/537.36 (compatible; meta-externalagent/1.1 (+https://developers.facebook.com/docs/sharing/webmasters/crawler))"
74.7.227.164 - - [03/Sep/2026:15:40:23 +0000] "GET /vendor/nesbot/carbon/src/Carbon/Traits/Converter.php HTTP/1.1" 200 - "https://immovalet.com/vendor/nesbot/carbon/src/Carbon/Traits/" "Mozilla/5.0 AppleWebKit/537.36 (KHTML, like Gecko; compatible; GPTBot/1.4; +https://openai.com/gptbot)"
74.7.227.164 - - [03/Sep/2026:15:40:25 +0000] "GET /vendor/nesbot/carbon/src/Carbon/Traits/Timestamp.php HTTP/1.1" 200 - "https://immovalet.com/vendor/nesbot/carbon/src/Carbon/Traits/" "Mozilla/5.0 AppleWebKit/537.36 (KHTML, like Gecko; compatible; GPTBot/1.4; +https://openai.com/gptbot)"
74.7.227.164 - - [03/Sep/2026:15:40:26 +0000] "GET /vendor/nesbot/carbon/src/Carbon/Traits/Creator.php HTTP/1.1" 500 - "https://immovalet.com/vendor/nesbot/carbon/src/Carbon/Traits/" "Mozilla/5.0 AppleWebKit/537.36 (KHTML, like Gecko; compatible; GPTBot/1.4; +https://openai.com/gptbot)"
74.7.227.164 - - [03/Sep/2026:15:40:28 +0000] "GET /vendor/rmccue/requests/library/Requests/Utility/?C=S;O=D HTTP/1.1" 200 1147 "https://immovalet.com/vendor/rmccue/requests/library/Requests/Utility/?C=S;O=A" "Mozilla/5.0 AppleWebKit/537.36 (KHTML, like Gecko; compatible; GPTBot/1.4; +https://openai.com/gptbot)"
74.7.227.164 - - [03/Sep/2026:15:40:32 +0000] "GET /vendor/nesbot/carbon/src/Carbon/Traits/Boundaries.php HTTP/1.1" 200 - "https://immovalet.com/vendor/nesbot/carbon/src/Carbon/Traits/" "Mozilla/5.0 AppleWebKit/537.36 (KHTML, like Gecko; compatible; GPTBot/1.4; +https://openai.com/gptbot)"
57.141.4.55 - - [03/Sep/2026:15:40:33 +0000] "GET /vendor/aws/aws-sdk-php/src/ElasticInference/?C=N;O=D HTTP/1.1" 200 1113 "-" "Mozilla/5.0 (Windows NT 10.0; Win64; x64) AppleWebKit/537.36 (KHTML, like Gecko) Chrome/145.0.0.0 Safari/537.36 (compatible; meta-externalagent/1.1 (+https://developers.facebook.com/docs/sharing/webmasters/crawler))"
74.7.227.164 - - [03/Sep/2026:15:40:34 +0000] "GET /vendor/botble/platform/base/public/libraries/jquery-inputmask/inputmask/global/?C=S;O=A HTTP/1.1" 200 1217 "https://immovalet.com/vendor/botble/platform/base/public/libraries/jquery-inputmask/inputmask/global/" "Mozilla/5.0 AppleWebKit/537.36 (KHTML, like Gecko; compatible; GPTBot/1.4; +https://openai.com/gptbot)"
57.141.4.37 - - [03/Sep/2026:15:40:36 +0000] "GET /vendor/phpseclib/phpseclib/phpseclib/?C=S;O=D HTTP/1.1" 200 2304 "-" "Mozilla/5.0 (X11; Linux x86_64) AppleWebKit/537.36 (KHTML, like Gecko) Chrome/145.0.0.0 Safari/537.36 (compatible; meta-externalagent/1.1 (+https://developers.facebook.com/docs/sharing/webmasters/crawler))"
74.7.227.164 - - [03/Sep/2026:15:40:36 +0000] "GET /vendor/botble/platform/base/public/libraries/jquery-inputmask/inputmask/global/?C=M;O=A HTTP/1.1" 200 1217 "https://immovalet.com/vendor/botble/platform/base/public/libraries/jquery-inputmask/inputmask/global/" "Mozilla/5.0 AppleWebKit/537.36 (KHTML, like Gecko; compatible; GPTBot/1.4; +https://openai.com/gptbot)"
74.7.227.164 - - [03/Sep/2026:15:40:39 +0000] "GET /vendor/botble/platform/base/public/libraries/jquery-inputmask/inputmask/bindings/?C=N;O=D HTTP/1.1" 200 1052 "https://immovalet.com/vendor/botble/platform/base/public/libraries/jquery-inputmask/inputmask/bindings/" "Mozilla/5.0 AppleWebKit/537.36 (KHTML, like Gecko; compatible; GPTBot/1.4; +https://openai.com/gptbot)"
57.141.4.61 - - [03/Sep/2026:15:40:40 +0000] "GET /vendor/brick/?C=D;O=D HTTP/1.1" 200 829 "-" "Mozilla/5.0 (Windows NT 10.0; Win64; x64) AppleWebKit/537.36 (KHTML, like Gecko) Chrome/145.0.0.0 Safari/537.36 (compatible; meta-externalagent/1.1 (+https://developers.facebook.com/docs/sharing/webmasters/crawler))"
74.7.227.164 - - [03/Sep/2026:15:40:42 +0000] "GET /vendor/botble/platform/base/public/libraries/jquery-inputmask/inputmask/bindings/?C=M;O=A HTTP/1.1" 200 1052 "https://immovalet.com/vendor/botble/platform/base/public/libraries/jquery-inputmask/inputmask/bindings/" "Mozilla/5.0 AppleWebKit/537.36 (KHTML, like Gecko; compatible; GPTBot/1.4; +https://openai.com/gptbot)"
74.7.227.164 - - [03/Sep/2026:15:40:43 +0000] "GET /vendor/botble/platform/base/public/libraries/jquery-inputmask/inputmask/global/?C=D;O=A HTTP/1.1" 200 1217 "https://immovalet.com/vendor/botble/platform/base/public/libraries/jquery-inputmask/inputmask/global/" "Mozilla/5.0 AppleWebKit/537.36 (KHTML, like Gecko; compatible; GPTBot/1.4; +https://openai.com/gptbot)"
74.7.227.164 - - [03/Sep/2026:15:40:44 +0000] "GET /vendor/botble/platform/base/public/libraries/jquery-inputmask/inputmask/global/?C=S;O=D HTTP/1.1" 200 1217 "https://immovalet.com/vendor/botble/platform/base/public/libraries/jquery-inputmask/inputmask/global/?C=S;O=A" "Mozilla/5.0 AppleWebKit/537.36 (KHTML, like Gecko; compatible; GPTBot/1.4; +https://openai.com/gptbot)"
74.7.227.164 - - [03/Sep/2026:15:40:47 +0000] "GET /vendor/botble/platform/base/public/libraries/jquery-inputmask/inputmask/global/?C=N;O=A HTTP/1.1" 200 1217 "https://immovalet.com/vendor/botble/platform/base/public/libraries/jquery-inputmask/inputmask/global/?C=S;O=A" "Mozilla/5.0 AppleWebKit/537.36 (KHTML, like Gecko; compatible; GPTBot/1.4; +https://openai.com/gptbot)"
74.7.227.164 - - [03/Sep/2026:15:40:48 +0000] "GET /vendor/botble/platform/base/public/libraries/jquery-inputmask/inputmask/global/?C=N;O=D HTTP/1.1" 200 1217 "https://immovalet.com/vendor/botble/platform/base/public/libraries/jquery-inputmask/inputmask/global/" "Mozilla/5.0 AppleWebKit/537.36 (KHTML, like Gecko; compatible; GPTBot/1.4; +https://openai.com/gptbot)"
74.7.227.164 - - [03/Sep/2026:15:40:49 +0000] "GET /vendor/botble/platform/base/public/libraries/jquery-inputmask/inputmask/bindings/?C=S;O=A HTTP/1.1" 200 1052 "https://immovalet.com/vendor/botble/platform/base/public/libraries/jquery-inputmask/inputmask/bindings/" "Mozilla/5.0 AppleWebKit/537.36 (KHTML, like Gecko; compatible; GPTBot/1.4; +https://openai.com/gptbot)"
74.7.227.164 - - [03/Sep/2026:15:40:50 +0000] "GET /vendor/botble/platform/base/public/libraries/jquery-inputmask/inputmask/bindings/?C=D;O=A HTTP/1.1" 200 1052 "https://immovalet.com/vendor/botble/platform/base/public/libraries/jquery-inputmask/inputmask/bindings/" "Mozilla/5.0 AppleWebKit/537.36 (KHTML, like Gecko; compatible; GPTBot/1.4; +https://openai.com/gptbot)"
74.7.227.164 - - [03/Sep/2026:15:40:52 +0000] "GET /vendor/botble/platform/base/public/libraries/tinymce/plugins/visualblocks/?C=N;O=D HTTP/1.1" 200 1013 "https://immovalet.com/vendor/botble/platform/base/public/libraries/tinymce/plugins/visualblocks/" "Mozilla/5.0 AppleWebKit/537.36 (KHTML, like Gecko; compatible; GPTBot/1.4; +https://openai.com/gptbot)"
74.7.227.164 - - [03/Sep/2026:15:40:53 +0000] "GET /vendor/botble/platform/base/public/libraries/tinymce/plugins/colorpicker/?C=N;O=D HTTP/1.1" 200 1011 "https://immovalet.com/vendor/botble/platform/base/public/libraries/tinymce/plugins/colorpicker/" "Mozilla/5.0 AppleWebKit/537.36 (KHTML, like Gecko; compatible; GPTBot/1.4; +https://openai.com/gptbot)"
74.7.227.164 - - [03/Sep/2026:15:40:54 +0000] "GET /vendor/botble/platform/base/public/libraries/tinymce/plugins/pagebreak/?C=M;O=A HTTP/1.1" 200 1007 "https://immovalet.com/vendor/botble/platform/base/public/libraries/tinymce/plugins/pagebreak/" "Mozilla/5.0 AppleWebKit/537.36 (KHTML, like Gecko; compatible; GPTBot/1.4; +https://openai.com/gptbot)"
74.7.227.164 - - [03/Sep/2026:15:40:55 +0000] "GET /vendor/botble/platform/base/public/libraries/tinymce/plugins/textcolor/?C=D;O=A HTTP/1.1" 200 1007 "https://immovalet.com/vendor/botble/platform/base/public/libraries/tinymce/plugins/textcolor/" "Mozilla/5.0 AppleWebKit/537.36 (KHTML, like Gecko; compatible; GPTBot/1.4; +https://openai.com/gptbot)"
74.7.227.164 - - [03/Sep/2026:15:40:56 +0000] "GET /vendor/botble/platform/base/public/libraries/tinymce/plugins/autoresize/?C=N;O=D HTTP/1.1" 200 1009 "https://immovalet.com/vendor/botble/platform/base/public/libraries/tinymce/plugins/autoresize/" "Mozilla/5.0 AppleWebKit/537.36 (KHTML, like Gecko; compatible; GPTBot/1.4; +https://openai.com/gptbot)"
74.7.227.164 - - [03/Sep/2026:15:40:59 +0000] "GET /vendor/botble/platform/base/public/libraries/tinymce/plugins/colorpicker/?C=S;O=A HTTP/1.1" 200 1011 "https://immovalet.com/vendor/botble/platform/base/public/libraries/tinymce/plugins/colorpicker/" "Mozilla/5.0 AppleWebKit/537.36 (KHTML, like Gecko; compatible; GPTBot/1.4; +https://openai.com/gptbot)"
57.141.4.50 - - [03/Sep/2026:15:41:03 +0000] "GET /vendor/stripe/stripe-php/lib/Service/DisputeService.php HTTP/1.1" 500 - "-" "Mozilla/5.0 (Macintosh; Intel Mac OS X 10_15_7) AppleWebKit/537.36 (KHTML, like Gecko) Chrome/145.0.0.0 Safari/537.36 (compatible; meta-externalagent/1.1 (+https://developers.facebook.com/docs/sharing/webmasters/crawler))"
74.7.227.164 - - [03/Sep/2026:15:41:04 +0000] "GET /vendor/botble/platform/base/public/libraries/tinymce/plugins/quickbars/?C=D;O=A HTTP/1.1" 200 1007 "https://immovalet.com/vendor/botble/platform/base/public/libraries/tinymce/plugins/quickbars/" "Mozilla/5.0 AppleWebKit/537.36 (KHTML, like Gecko; compatible; GPTBot/1.4; +https://openai.com/gptbot)"
74.7.227.164 - - [03/Sep/2026:15:41:05 +0000] "GET /vendor/botble/platform/base/public/libraries/tinymce/plugins/hanbiroclip/?C=N;O=D HTTP/1.1" 200 1359 "https://immovalet.com/vendor/botble/platform/base/public/libraries/tinymce/plugins/hanbiroclip/" "Mozilla/5.0 AppleWebKit/537.36 (KHTML, like Gecko; compatible; GPTBot/1.4; +https://openai.com/gptbot)"
74.7.227.164 - - [03/Sep/2026:15:41:07 +0000] "GET /vendor/botble/platform/base/public/libraries/tinymce/plugins/visualchars/?C=N;O=D HTTP/1.1" 200 1011 "https://immovalet.com/vendor/botble/platform/base/public/libraries/tinymce/plugins/visualchars/" "Mozilla/5.0 AppleWebKit/537.36 (KHTML, like Gecko; compatible; GPTBot/1.4; +https://openai.com/gptbot)"
57.141.4.32 - - [03/Sep/2026:15:41:07 +0000] "GET /vendor/egulias/email-validator/src/Warning/IPV6ColonStart.php HTTP/1.1" 500 - "-" "Mozilla/5.0 (Windows NT 10.0; Win64; x64) AppleWebKit/537.36 (KHTML, like Gecko) Chrome/145.0.0.0 Safari/537.36 (compatible; meta-externalagent/1.1 (+https://developers.facebook.com/docs/sharing/webmasters/crawler))"
57.141.4.34 - - [03/Sep/2026:15:41:07 +0000] "GET /platform/core/setting/database/ HTTP/1.1" 200 886 "-" "Mozilla/5.0 (Windows NT 10.0; Win64; x64) AppleWebKit/537.36 (KHTML, like Gecko) Chrome/145.0.0.0 Safari/537.36 (compatible; meta-externalagent/1.1 (+https://developers.facebook.com/docs/sharing/webmasters/crawler))"
74.7.227.164 - - [03/Sep/2026:15:41:09 +0000] "GET /vendor/botble/platform/base/public/libraries/tinymce/plugins/contextmenu/?C=D;O=A HTTP/1.1" 200 1011 "https://immovalet.com/vendor/botble/platform/base/public/libraries/tinymce/plugins/contextmenu/" "Mozilla/5.0 AppleWebKit/537.36 (KHTML, like Gecko; compatible; GPTBot/1.4; +https://openai.com/gptbot)"
74.7.227.164 - - [03/Sep/2026:15:41:11 +0000] "GET /vendor/botble/platform/base/public/libraries/tinymce/plugins/pagebreak/?C=N;O=D HTTP/1.1" 200 1007 "https://immovalet.com/vendor/botble/platform/base/public/libraries/tinymce/plugins/pagebreak/" "Mozilla/5.0 AppleWebKit/537.36 (KHTML, like Gecko; compatible; GPTBot/1.4; +https://openai.com/gptbot)"
57.141.4.48 - - [03/Sep/2026:15:41:13 +0000] "GET /vendor/yajra/laravel-datatables-buttons/?C=N;O=A HTTP/1.1" 200 1427 "-" "Mozilla/5.0 (Windows NT 10.0; Win64; x64) AppleWebKit/537.36 (KHTML, like Gecko) Chrome/145.0.0.0 Safari/537.36 Edg/145.0.0.0 (compatible; meta-externalagent/1.1 (+https://developers.facebook.com/docs/sharing/webmasters/crawler))"
74.7.227.164 - - [03/Sep/2026:15:41:15 +0000] "GET /vendor/botble/platform/base/public/libraries/tinymce/plugins/legacyoutput/?C=D;O=A HTTP/1.1" 200 1013 "https://immovalet.com/vendor/botble/platform/base/public/libraries/tinymce/plugins/legacyoutput/" "Mozilla/5.0 AppleWebKit/537.36 (KHTML, like Gecko; compatible; GPTBot/1.4; +https://openai.com/gptbot)"
74.7.227.164 - - [03/Sep/2026:15:41:17 +0000] "GET /vendor/botble/platform/base/public/libraries/tinymce/plugins/codesample/?C=S;O=A HTTP/1.1" 200 1009 "https://immovalet.com/vendor/botble/platform/base/public/libraries/tinymce/plugins/codesample/" "Mozilla/5.0 AppleWebKit/537.36 (KHTML, like Gecko; compatible; GPTBot/1.4; +https://openai.com/gptbot)"
74.7.227.164 - - [03/Sep/2026:15:41:17 +0000] "GET /vendor/botble/platform/base/public/libraries/tinymce/plugins/spellchecker/?C=S;O=A HTTP/1.1" 200 1013 "https://immovalet.com/vendor/botble/platform/base/public/libraries/tinymce/plugins/spellchecker/" "Mozilla/5.0 AppleWebKit/537.36 (KHTML, like Gecko; compatible; GPTBot/1.4; +https://openai.com/gptbot)"
74.7.227.164 - - [03/Sep/2026:15:41:18 +0000] "GET /vendor/botble/platform/base/public/libraries/tinymce/plugins/contextmenu/?C=S;O=A HTTP/1.1" 200 1011 "https://immovalet.com/vendor/botble/platform/base/public/libraries/tinymce/plugins/contextmenu/" "Mozilla/5.0 AppleWebKit/537.36 (KHTML, like Gecko; compatible; GPTBot/1.4; +https://openai.com/gptbot)"
74.7.227.164 - - [03/Sep/2026:15:41:20 +0000] "GET /vendor/botble/platform/base/public/libraries/tinymce/plugins/spellchecker/?C=M;O=A HTTP/1.1" 200 1013 "https://immovalet.com/vendor/botble/platform/base/public/libraries/tinymce/plugins/spellchecker/" "Mozilla/5.0 AppleWebKit/537.36 (KHTML, like Gecko; compatible; GPTBot/1.4; +https://openai.com/gptbot)"
74.7.227.164 - - [03/Sep/2026:15:41:21 +0000] "GET /vendor/botble/platform/base/public/libraries/tinymce/plugins/legacyoutput/?C=M;O=A HTTP/1.1" 200 1013 "https://immovalet.com/vendor/botble/platform/base/public/libraries/tinymce/plugins/legacyoutput/" "Mozilla/5.0 AppleWebKit/537.36 (KHTML, like Gecko; compatible; GPTBot/1.4; +https://openai.com/gptbot)"
74.7.227.164 - - [03/Sep/2026:15:41:23 +0000] "GET /vendor/botble/platform/base/public/libraries/tinymce/plugins/legacyoutput/?C=N;O=D HTTP/1.1" 200 1013 "https://immovalet.com/vendor/botble/platform/base/public/libraries/tinymce/plugins/legacyoutput/" "Mozilla/5.0 AppleWebKit/537.36 (KHTML, like Gecko; compatible; GPTBot/1.4; +https://openai.com/gptbot)"
74.7.227.164 - - [03/Sep/2026:15:41:24 +0000] "GET /vendor/botble/platform/base/public/libraries/tinymce/plugins/wordcount/?C=M;O=A HTTP/1.1" 200 1007 "https://immovalet.com/vendor/botble/platform/base/public/libraries/tinymce/plugins/wordcount/" "Mozilla/5.0 AppleWebKit/537.36 (KHTML, like Gecko; compatible; GPTBot/1.4; +https://openai.com/gptbot)"
74.7.227.164 - - [03/Sep/2026:15:41:26 +0000] "GET /vendor/botble/platform/base/public/libraries/tinymce/plugins/legacyoutput/?C=S;O=A HTTP/1.1" 200 1013 "https://immovalet.com/vendor/botble/platform/base/public/libraries/tinymce/plugins/legacyoutput/" "Mozilla/5.0 AppleWebKit/537.36 (KHTML, like Gecko; compatible; GPTBot/1.4; +https://openai.com/gptbot)"
74.7.227.164 - - [03/Sep/2026:15:41:32 +0000] "GET /vendor/botble/platform/base/public/libraries/tinymce/plugins/nonbreaking/?C=N;O=D HTTP/1.1" 200 1011 "https://immovalet.com/vendor/botble/platform/base/public/libraries/tinymce/plugins/nonbreaking/" "Mozilla/5.0 AppleWebKit/537.36 (KHTML, like Gecko; compatible; GPTBot/1.4; +https://openai.com/gptbot)"
74.7.227.164 - - [03/Sep/2026:15:41:34 +0000] "GET /vendor/botble/platform/base/public/libraries/tinymce/plugins/nonbreaking/?C=S;O=A HTTP/1.1" 200 1011 "https://immovalet.com/vendor/botble/platform/base/public/libraries/tinymce/plugins/nonbreaking/" "Mozilla/5.0 AppleWebKit/537.36 (KHTML, like Gecko; compatible; GPTBot/1.4; +https://openai.com/gptbot)"
74.7.227.164 - - [03/Sep/2026:15:41:35 +0000] "GET /vendor/botble/platform/base/public/libraries/tinymce/plugins/hanbiroclip/?C=S;O=A HTTP/1.1" 200 1359 "https://immovalet.com/vendor/botble/platform/base/public/libraries/tinymce/plugins/hanbiroclip/" "Mozilla/5.0 AppleWebKit/537.36 (KHTML, like Gecko; compatible; GPTBot/1.4; +https://openai.com/gptbot)"
74.7.227.164 - - [03/Sep/2026:15:41:37 +0000] "GET /vendor/botble/platform/base/public/libraries/tinymce/plugins/codesample/?C=D;O=A HTTP/1.1" 200 1009 "https://immovalet.com/vendor/botble/platform/base/public/libraries/tinymce/plugins/codesample/" "Mozilla/5.0 AppleWebKit/537.36 (KHTML, like Gecko; compatible; GPTBot/1.4; +https://openai.com/gptbot)"
74.7.227.164 - - [03/Sep/2026:15:41:38 +0000] "GET /vendor/botble/platform/base/public/libraries/tinymce/plugins/wordcount/?C=S;O=A HTTP/1.1" 200 1007 "https://immovalet.com/vendor/botble/platform/base/public/libraries/tinymce/plugins/wordcount/" "Mozilla/5.0 AppleWebKit/537.36 (KHTML, like Gecko; compatible; GPTBot/1.4; +https://openai.com/gptbot)"
