74.7.227.164 - - [03/Sep/2026:16:26:26 +0000] "GET /vendor/aws/aws-sdk-php/src/imagebuilder/?C=M;O=A HTTP/1.1" 200 1098 "https://immovalet.com/vendor/aws/aws-sdk-php/src/imagebuilder/" "Mozilla/5.0 AppleWebKit/537.36 (KHTML, like Gecko; compatible; GPTBot/1.4; +https://openai.com/gptbot)"
74.7.227.164 - - [03/Sep/2026:16:26:28 +0000] "GET /vendor/aws/aws-sdk-php/src/QLDBSession/?C=M;O=A HTTP/1.1" 200 1095 "https://immovalet.com/vendor/aws/aws-sdk-php/src/QLDBSession/" "Mozilla/5.0 AppleWebKit/537.36 (KHTML, like Gecko; compatible; GPTBot/1.4; +https://openai.com/gptbot)"
57.141.4.26 - - [03/Sep/2026:16:26:28 +0000] "GET /platform/core/setting/public/ HTTP/1.1" 200 1046 "-" "Mozilla/5.0 (Macintosh; Intel Mac OS X 10_15_7) AppleWebKit/537.36 (KHTML, like Gecko) Chrome/145.0.0.0 Safari/537.36 (compatible; meta-externalagent/1.1 (+https://developers.facebook.com/docs/sharing/webmasters/crawler))"
74.7.227.164 - - [03/Sep/2026:16:26:30 +0000] "GET /vendor/aws/aws-sdk-php/src/IoTAnalytics/?C=N;O=A HTTP/1.1" 200 1098 "https://immovalet.com/vendor/aws/aws-sdk-php/src/IoTAnalytics/?C=N;O=D" "Mozilla/5.0 AppleWebKit/537.36 (KHTML, like Gecko; compatible; GPTBot/1.4; +https://openai.com/gptbot)"
57.141.4.34 - - [03/Sep/2026:16:26:30 +0000] "GET /vendor/aws/aws-sdk-php/src/GroundStation/ HTTP/1.1" 200 1101 "-" "Mozilla/5.0 (Macintosh; Intel Mac OS X 10_15_7) AppleWebKit/537.36 (KHTML, like Gecko) Chrome/145.0.0.0 Safari/537.36 (compatible; meta-externalagent/1.1 (+https://developers.facebook.com/docs/sharing/webmasters/crawler))"
57.141.4.23 - - [03/Sep/2026:16:26:33 +0000] "GET /vendor/symfony/mime/Header/?C=D;O=D HTTP/1.1" 200 2563 "-" "Mozilla/5.0 (Macintosh; Intel Mac OS X 10_15_7) AppleWebKit/537.36 (KHTML, like Gecko) Chrome/145.0.0.0 Safari/537.36 (compatible; meta-externalagent/1.1 (+https://developers.facebook.com/docs/sharing/webmasters/crawler))"
74.7.227.164 - - [03/Sep/2026:16:26:33 +0000] "GET /vendor/aws/aws-sdk-php/src/CognitoSync/?C=N;O=A HTTP/1.1" 200 1095 "https://immovalet.com/vendor/aws/aws-sdk-php/src/CognitoSync/?C=N;O=D" "Mozilla/5.0 AppleWebKit/537.36 (KHTML, like Gecko; compatible; GPTBot/1.4; +https://openai.com/gptbot)"
74.7.227.164 - - [03/Sep/2026:16:26:35 +0000] "GET /vendor/aws/aws-sdk-php/src/imagebuilder/?C=N;O=D HTTP/1.1" 200 1098 "https://immovalet.com/vendor/aws/aws-sdk-php/src/imagebuilder/" "Mozilla/5.0 AppleWebKit/537.36 (KHTML, like Gecko; compatible; GPTBot/1.4; +https://openai.com/gptbot)"
74.7.227.164 - - [03/Sep/2026:16:26:37 +0000] "GET /vendor/aws/aws-sdk-php/src/LakeFormation/LakeFormationClient.php HTTP/1.1" 500 - "https://immovalet.com/vendor/aws/aws-sdk-php/src/LakeFormation/?C=N;O=D" "Mozilla/5.0 AppleWebKit/537.36 (KHTML, like Gecko; compatible; GPTBot/1.4; +https://openai.com/gptbot)"
74.7.227.164 - - [03/Sep/2026:16:26:38 +0000] "GET /vendor/aws/aws-sdk-php/src/LakeFormation/?C=N;O=A HTTP/1.1" 200 1101 "https://immovalet.com/vendor/aws/aws-sdk-php/src/LakeFormation/?C=N;O=D" "Mozilla/5.0 AppleWebKit/537.36 (KHTML, like Gecko; compatible; GPTBot/1.4; +https://openai.com/gptbot)"
74.7.227.164 - - [03/Sep/2026:16:26:45 +0000] "GET /vendor/aws/aws-sdk-php/src/PinpointEmail/?C=N;O=D HTTP/1.1" 200 1101 "https://immovalet.com/vendor/aws/aws-sdk-php/src/PinpointEmail/" "Mozilla/5.0 AppleWebKit/537.36 (KHTML, like Gecko; compatible; GPTBot/1.4; +https://openai.com/gptbot)"
57.141.4.37 - - [03/Sep/2026:16:26:46 +0000] "GET /vendor/stripe/stripe-php/lib/Service/BalanceTransactionService.php HTTP/1.1" 500 - "-" "Mozilla/5.0 (Windows NT 10.0; Win64; x64) AppleWebKit/537.36 (KHTML, like Gecko) Chrome/145.0.0.0 Safari/537.36 (compatible; meta-externalagent/1.1 (+https://developers.facebook.com/docs/sharing/webmasters/crawler))"
57.141.4.27 - - [03/Sep/2026:16:26:47 +0000] "GET /resources/lang/vendor/core/setting/en/?C=S;O=A HTTP/1.1" 200 913 "-" "Mozilla/5.0 (Windows NT 10.0; Win64; x64) AppleWebKit/537.36 (KHTML, like Gecko) Chrome/145.0.0.0 Safari/537.36 (compatible; meta-externalagent/1.1 (+https://developers.facebook.com/docs/sharing/webmasters/crawler))"
57.141.4.36 - - [03/Sep/2026:16:26:48 +0000] "GET /platform/packages/widget/helpers/?C=N;O=D HTTP/1.1" 200 1074 "-" "Mozilla/5.0 (Windows NT 10.0; Win64; x64) AppleWebKit/537.36 (KHTML, like Gecko) Chrome/145.0.0.0 Safari/537.36 (compatible; meta-externalagent/1.1 (+https://developers.facebook.com/docs/sharing/webmasters/crawler))"
74.7.227.164 - - [03/Sep/2026:16:26:48 +0000] "GET /vendor/aws/aws-sdk-php/src/imagebuilder/imagebuilderClient.php HTTP/1.1" 500 - "https://immovalet.com/vendor/aws/aws-sdk-php/src/imagebuilder/?C=N;O=D" "Mozilla/5.0 AppleWebKit/537.36 (KHTML, like Gecko; compatible; GPTBot/1.4; +https://openai.com/gptbot)"
74.7.227.164 - - [03/Sep/2026:16:26:51 +0000] "GET /vendor/aws/aws-sdk-php/src/AuditManager/?C=N;O=D HTTP/1.1" 200 1098 "https://immovalet.com/vendor/aws/aws-sdk-php/src/AuditManager/" "Mozilla/5.0 AppleWebKit/537.36 (KHTML, like Gecko; compatible; GPTBot/1.4; +https://openai.com/gptbot)"
57.141.4.16 - - [03/Sep/2026:16:26:51 +0000] "GET /platform/core/table/?C=M;O=D HTTP/1.1" 200 1735 "-" "Mozilla/5.0 (Windows NT 10.0; Win64; x64) AppleWebKit/537.36 (KHTML, like Gecko) Chrome/145.0.0.0 Safari/537.36 (compatible; meta-externalagent/1.1 (+https://developers.facebook.com/docs/sharing/webmasters/crawler))"
74.7.227.164 - - [03/Sep/2026:16:26:58 +0000] "GET /vendor/aws/aws-sdk-php/src/PinpointEmail/PinpointEmailClient.php HTTP/1.1" 500 - "https://immovalet.com/vendor/aws/aws-sdk-php/src/PinpointEmail/?C=N;O=D" "Mozilla/5.0 AppleWebKit/537.36 (KHTML, like Gecko; compatible; GPTBot/1.4; +https://openai.com/gptbot)"
74.7.227.164 - - [03/Sep/2026:16:27:03 +0000] "GET /vendor/aws/aws-sdk-php/src/IoTAnalytics/?C=S;O=A HTTP/1.1" 200 1098 "https://immovalet.com/vendor/aws/aws-sdk-php/src/IoTAnalytics/" "Mozilla/5.0 AppleWebKit/537.36 (KHTML, like Gecko; compatible; GPTBot/1.4; +https://openai.com/gptbot)"
57.141.4.58 - - [03/Sep/2026:16:27:04 +0000] "GET /platform/core/support/?C=D;O=A HTTP/1.1" 200 1029 "-" "Mozilla/5.0 (Windows NT 10.0; Win64; x64) AppleWebKit/537.36 (KHTML, like Gecko) Chrome/145.0.0.0 Safari/537.36 (compatible; meta-externalagent/1.1 (+https://developers.facebook.com/docs/sharing/webmasters/crawler))"
74.7.227.164 - - [03/Sep/2026:16:27:05 +0000] "GET /vendor/aws/aws-sdk-php/src/AuditManager/AuditManagerClient.php HTTP/1.1" 500 - "https://immovalet.com/vendor/aws/aws-sdk-php/src/AuditManager/?C=N;O=D" "Mozilla/5.0 AppleWebKit/537.36 (KHTML, like Gecko; compatible; GPTBot/1.4; +https://openai.com/gptbot)"
74.7.227.164 - - [03/Sep/2026:16:27:06 +0000] "GET /vendor/aws/aws-sdk-php/src/WafRegional/?C=N;O=D HTTP/1.1" 200 1095 "https://immovalet.com/vendor/aws/aws-sdk-php/src/WafRegional/" "Mozilla/5.0 AppleWebKit/537.36 (KHTML, like Gecko; compatible; GPTBot/1.4; +https://openai.com/gptbot)"
74.7.242.43 - - [03/Sep/2026:16:27:14 +0000] "GET /vendor/aws/aws-sdk-php/src/LookoutMetrics/?C=S;O=D HTTP/1.1" 200 1107 "https://www.immovalet.techbala.com/vendor/aws/aws-sdk-php/src/LookoutMetrics/?C=S;O=A" "Mozilla/5.0 AppleWebKit/537.36 (KHTML, like Gecko; compatible; GPTBot/1.4; +https://openai.com/gptbot)"
74.7.227.164 - - [03/Sep/2026:16:27:19 +0000] "GET /vendor/aws/aws-sdk-php/src/EventBridge/?C=S;O=A HTTP/1.1" 200 1095 "https://immovalet.com/vendor/aws/aws-sdk-php/src/EventBridge/" "Mozilla/5.0 AppleWebKit/537.36 (KHTML, like Gecko; compatible; GPTBot/1.4; +https://openai.com/gptbot)"
74.7.227.164 - - [03/Sep/2026:16:27:20 +0000] "GET /vendor/aws/aws-sdk-php/src/WafRegional/WafRegionalClient.php HTTP/1.1" 500 - "https://immovalet.com/vendor/aws/aws-sdk-php/src/WafRegional/?C=N;O=D" "Mozilla/5.0 AppleWebKit/537.36 (KHTML, like Gecko; compatible; GPTBot/1.4; +https://openai.com/gptbot)"
74.7.227.164 - - [03/Sep/2026:16:27:21 +0000] "GET /vendor/aws/aws-sdk-php/src/WafRegional/?C=N;O=A HTTP/1.1" 200 1095 "https://immovalet.com/vendor/aws/aws-sdk-php/src/WafRegional/?C=N;O=D" "Mozilla/5.0 AppleWebKit/537.36 (KHTML, like Gecko; compatible; GPTBot/1.4; +https://openai.com/gptbot)"
74.7.227.164 - - [03/Sep/2026:16:27:22 +0000] "GET /vendor/aws/aws-sdk-php/src/ConfigService/?C=M;O=A HTTP/1.1" 200 1101 "https://immovalet.com/vendor/aws/aws-sdk-php/src/ConfigService/" "Mozilla/5.0 AppleWebKit/537.36 (KHTML, like Gecko; compatible; GPTBot/1.4; +https://openai.com/gptbot)"
74.7.227.164 - - [03/Sep/2026:16:27:23 +0000] "GET /vendor/aws/aws-sdk-php/src/IdentityStore/?C=N;O=A HTTP/1.1" 200 1101 "https://immovalet.com/vendor/aws/aws-sdk-php/src/IdentityStore/?C=N;O=D" "Mozilla/5.0 AppleWebKit/537.36 (KHTML, like Gecko; compatible; GPTBot/1.4; +https://openai.com/gptbot)"
57.141.4.35 - - [03/Sep/2026:16:27:30 +0000] "GET /platform/core/support/?C=D;O=D HTTP/1.1" 200 1029 "-" "Mozilla/5.0 (Macintosh; Intel Mac OS X 10_15_7) AppleWebKit/537.36 (KHTML, like Gecko) Chrome/145.0.0.0 Safari/537.36 (compatible; meta-externalagent/1.1 (+https://developers.facebook.com/docs/sharing/webmasters/crawler))"
74.7.227.164 - - [03/Sep/2026:16:27:31 +0000] "GET /vendor/aws/aws-sdk-php/src/IdentityStore/?C=M;O=A HTTP/1.1" 200 1101 "https://immovalet.com/vendor/aws/aws-sdk-php/src/IdentityStore/" "Mozilla/5.0 AppleWebKit/537.36 (KHTML, like Gecko; compatible; GPTBot/1.4; +https://openai.com/gptbot)"
74.7.227.164 - - [03/Sep/2026:16:27:32 +0000] "GET /vendor/aws/aws-sdk-php/src/EventBridge/EventBridgeClient.php HTTP/1.1" 500 - "https://immovalet.com/vendor/aws/aws-sdk-php/src/EventBridge/?C=S;O=A" "Mozilla/5.0 AppleWebKit/537.36 (KHTML, like Gecko; compatible; GPTBot/1.4; +https://openai.com/gptbot)"
57.141.4.19 - - [03/Sep/2026:16:27:32 +0000] "GET /vendor/symfony/var-dumper/?C=D;O=A HTTP/1.1" 200 2812 "-" "Mozilla/5.0 (Windows NT 10.0; Win64; x64) AppleWebKit/537.36 (KHTML, like Gecko) Chrome/145.0.0.0 Safari/537.36 (compatible; meta-externalagent/1.1 (+https://developers.facebook.com/docs/sharing/webmasters/crawler))"
74.7.227.164 - - [03/Sep/2026:16:27:33 +0000] "GET /vendor/aws/aws-sdk-php/src/EventBridge/?C=N;O=A HTTP/1.1" 200 1095 "https://immovalet.com/vendor/aws/aws-sdk-php/src/EventBridge/?C=S;O=A" "Mozilla/5.0 AppleWebKit/537.36 (KHTML, like Gecko; compatible; GPTBot/1.4; +https://openai.com/gptbot)"
74.7.227.164 - - [03/Sep/2026:16:27:34 +0000] "GET /vendor/aws/aws-sdk-php/src/EventBridge/?C=S;O=D HTTP/1.1" 200 1095 "https://immovalet.com/vendor/aws/aws-sdk-php/src/EventBridge/?C=S;O=A" "Mozilla/5.0 AppleWebKit/537.36 (KHTML, like Gecko; compatible; GPTBot/1.4; +https://openai.com/gptbot)"
74.7.227.164 - - [03/Sep/2026:16:27:35 +0000] "GET /vendor/aws/aws-sdk-php/src/WafRegional/?C=S;O=A HTTP/1.1" 200 1095 "https://immovalet.com/vendor/aws/aws-sdk-php/src/WafRegional/" "Mozilla/5.0 AppleWebKit/537.36 (KHTML, like Gecko; compatible; GPTBot/1.4; +https://openai.com/gptbot)"
74.7.227.164 - - [03/Sep/2026:16:27:37 +0000] "GET /vendor/aws/aws-sdk-php/src/IoTSiteWise/?C=M;O=A HTTP/1.1" 200 1095 "https://immovalet.com/vendor/aws/aws-sdk-php/src/IoTSiteWise/" "Mozilla/5.0 AppleWebKit/537.36 (KHTML, like Gecko; compatible; GPTBot/1.4; +https://openai.com/gptbot)"
74.7.227.164 - - [03/Sep/2026:16:27:38 +0000] "GET /vendor/aws/aws-sdk-php/src/IoTSiteWise/?C=N;O=D HTTP/1.1" 200 1095 "https://immovalet.com/vendor/aws/aws-sdk-php/src/IoTSiteWise/" "Mozilla/5.0 AppleWebKit/537.36 (KHTML, like Gecko; compatible; GPTBot/1.4; +https://openai.com/gptbot)"
57.141.4.18 - - [03/Sep/2026:16:27:41 +0000] "GET /hcya1lj/ HTTP/1.1" 200 815 "-" "Mozilla/5.0 (Windows NT 10.0; Win64; x64) AppleWebKit/537.36 (KHTML, like Gecko) Chrome/145.0.0.0 Safari/537.36 (compatible; meta-externalagent/1.1 (+https://developers.facebook.com/docs/sharing/webmasters/crawler))"
74.7.227.164 - - [03/Sep/2026:16:27:42 +0000] "GET /vendor/aws/aws-sdk-php/src/IoTSiteWise/?C=D;O=A HTTP/1.1" 200 1095 "https://immovalet.com/vendor/aws/aws-sdk-php/src/IoTSiteWise/" "Mozilla/5.0 AppleWebKit/537.36 (KHTML, like Gecko; compatible; GPTBot/1.4; +https://openai.com/gptbot)"
74.7.227.164 - - [03/Sep/2026:16:27:43 +0000] "GET /vendor/aws/aws-sdk-php/src/imagebuilder/?C=S;O=A HTTP/1.1" 200 1098 "https://immovalet.com/vendor/aws/aws-sdk-php/src/imagebuilder/" "Mozilla/5.0 AppleWebKit/537.36 (KHTML, like Gecko; compatible; GPTBot/1.4; +https://openai.com/gptbot)"
74.7.227.164 - - [03/Sep/2026:16:27:45 +0000] "GET /vendor/aws/aws-sdk-php/src/IoTSiteWise/?C=S;O=A HTTP/1.1" 200 1095 "https://immovalet.com/vendor/aws/aws-sdk-php/src/IoTSiteWise/" "Mozilla/5.0 AppleWebKit/537.36 (KHTML, like Gecko; compatible; GPTBot/1.4; +https://openai.com/gptbot)"
74.7.227.164 - - [03/Sep/2026:16:27:47 +0000] "GET /vendor/aws/aws-sdk-php/src/IoTAnalytics/?C=D;O=A HTTP/1.1" 200 1098 "https://immovalet.com/vendor/aws/aws-sdk-php/src/IoTAnalytics/" "Mozilla/5.0 AppleWebKit/537.36 (KHTML, like Gecko; compatible; GPTBot/1.4; +https://openai.com/gptbot)"
74.7.227.164 - - [03/Sep/2026:16:27:48 +0000] "GET /vendor/aws/aws-sdk-php/src/PinpointEmail/?C=M;O=A HTTP/1.1" 200 1101 "https://immovalet.com/vendor/aws/aws-sdk-php/src/PinpointEmail/" "Mozilla/5.0 AppleWebKit/537.36 (KHTML, like Gecko; compatible; GPTBot/1.4; +https://openai.com/gptbot)"
34.136.155.63 - - [03/Sep/2026:16:27:50 +0000] "POST / HTTP/1.1" 404 16 "-" "Python/3.9 aiohttp/3.13.5"
74.7.227.164 - - [03/Sep/2026:16:27:51 +0000] "GET /vendor/aws/aws-sdk-php/src/IoTSiteWise/IoTSiteWiseClient.php HTTP/1.1" 500 - "https://immovalet.com/vendor/aws/aws-sdk-php/src/IoTSiteWise/?C=N;O=D" "Mozilla/5.0 AppleWebKit/537.36 (KHTML, like Gecko; compatible; GPTBot/1.4; +https://openai.com/gptbot)"
74.7.227.164 - - [03/Sep/2026:16:27:52 +0000] "GET /vendor/aws/aws-sdk-php/src/IoTSiteWise/?C=N;O=A HTTP/1.1" 200 1095 "https://immovalet.com/vendor/aws/aws-sdk-php/src/IoTSiteWise/?C=N;O=D" "Mozilla/5.0 AppleWebKit/537.36 (KHTML, like Gecko; compatible; GPTBot/1.4; +https://openai.com/gptbot)"
57.141.4.25 - - [03/Sep/2026:16:27:53 +0000] "GET /platform/plugins/blog/resources/lang/en/ HTTP/1.1" 200 1451 "-" "Mozilla/5.0 (Macintosh; Intel Mac OS X 10_15_7) AppleWebKit/537.36 (KHTML, like Gecko) Chrome/145.0.0.0 Safari/537.36 (compatible; meta-externalagent/1.1 (+https://developers.facebook.com/docs/sharing/webmasters/crawler))"
74.7.227.164 - - [03/Sep/2026:16:27:56 +0000] "GET /vendor/aws/aws-sdk-php/src/PinpointEmail/?C=N;O=A HTTP/1.1" 200 1101 "https://immovalet.com/vendor/aws/aws-sdk-php/src/PinpointEmail/?C=N;O=D" "Mozilla/5.0 AppleWebKit/537.36 (KHTML, like Gecko; compatible; GPTBot/1.4; +https://openai.com/gptbot)"
57.141.4.7 - - [03/Sep/2026:16:27:56 +0000] "GET /vendor/yajra/laravel-datatables-html/src/Html/Column.php HTTP/1.1" 500 - "-" "Mozilla/5.0 (Windows NT 10.0; Win64; x64) AppleWebKit/537.36 (KHTML, like Gecko) Chrome/145.0.0.0 Safari/537.36 (compatible; meta-externalagent/1.1 (+https://developers.facebook.com/docs/sharing/webmasters/crawler))"
74.7.227.164 - - [03/Sep/2026:16:27:57 +0000] "GET /vendor/aws/aws-sdk-php/src/IdentityStore/?C=D;O=A HTTP/1.1" 200 1101 "https://immovalet.com/vendor/aws/aws-sdk-php/src/IdentityStore/" "Mozilla/5.0 AppleWebKit/537.36 (KHTML, like Gecko; compatible; GPTBot/1.4; +https://openai.com/gptbot)"
74.7.227.164 - - [03/Sep/2026:16:27:59 +0000] "GET /vendor/aws/aws-sdk-php/src/EventBridge/?C=N;O=D HTTP/1.1" 200 1095 "https://immovalet.com/vendor/aws/aws-sdk-php/src/EventBridge/" "Mozilla/5.0 AppleWebKit/537.36 (KHTML, like Gecko; compatible; GPTBot/1.4; +https://openai.com/gptbot)"
74.7.227.164 - - [03/Sep/2026:16:28:00 +0000] "GET /vendor/aws/aws-sdk-php/src/imagebuilder/?C=N;O=A HTTP/1.1" 200 1098 "https://immovalet.com/vendor/aws/aws-sdk-php/src/imagebuilder/?C=N;O=D" "Mozilla/5.0 AppleWebKit/537.36 (KHTML, like Gecko; compatible; GPTBot/1.4; +https://openai.com/gptbot)"
74.7.227.164 - - [03/Sep/2026:16:28:01 +0000] "GET /vendor/phpoffice/phpspreadsheet/src/PhpSpreadsheet/Shared/JAMA/utils/Maths.php HTTP/1.1" 200 - "https://immovalet.com/vendor/phpoffice/phpspreadsheet/src/PhpSpreadsheet/Shared/JAMA/utils/" "Mozilla/5.0 AppleWebKit/537.36 (KHTML, like Gecko; compatible; GPTBot/1.4; +https://openai.com/gptbot)"
57.141.4.58 - - [03/Sep/2026:16:28:02 +0000] "GET /platform/packages/sitemap/src/?C=M;O=D HTTP/1.1" 200 1243 "-" "Mozilla/5.0 (Macintosh; Intel Mac OS X 10_15_7) AppleWebKit/537.36 (KHTML, like Gecko) Chrome/145.0.0.0 Safari/537.36 (compatible; meta-externalagent/1.1 (+https://developers.facebook.com/docs/sharing/webmasters/crawler))"
74.7.227.164 - - [03/Sep/2026:16:28:04 +0000] "GET /vendor/phpoffice/phpspreadsheet/src/PhpSpreadsheet/Reader/Xml/Style/StyleBase.php HTTP/1.1" 200 - "https://immovalet.com/vendor/phpoffice/phpspreadsheet/src/PhpSpreadsheet/Reader/Xml/Style/" "Mozilla/5.0 AppleWebKit/537.36 (KHTML, like Gecko; compatible; GPTBot/1.4; +https://openai.com/gptbot)"
74.7.227.164 - - [03/Sep/2026:16:28:07 +0000] "GET /vendor/phpoffice/phpspreadsheet/src/PhpSpreadsheet/Reader/Xls/Color/BuiltIn.php HTTP/1.1" 200 - "https://immovalet.com/vendor/phpoffice/phpspreadsheet/src/PhpSpreadsheet/Reader/Xls/Color/" "Mozilla/5.0 AppleWebKit/537.36 (KHTML, like Gecko; compatible; GPTBot/1.4; +https://openai.com/gptbot)"
57.141.4.2 - - [03/Sep/2026:16:28:08 +0000] "GET /vendor/razorpay/razorpay/ HTTP/1.1" 200 2475 "-" "Mozilla/5.0 (Windows NT 10.0; Win64; x64) AppleWebKit/537.36 (KHTML, like Gecko) Chrome/145.0.0.0 Safari/537.36 (compatible; meta-externalagent/1.1 (+https://developers.facebook.com/docs/sharing/webmasters/crawler))"
74.7.227.164 - - [03/Sep/2026:16:28:09 +0000] "GET /vendor/phpoffice/phpspreadsheet/src/PhpSpreadsheet/Reader/Xml/Style/Font.php HTTP/1.1" 500 - "https://immovalet.com/vendor/phpoffice/phpspreadsheet/src/PhpSpreadsheet/Reader/Xml/Style/" "Mozilla/5.0 AppleWebKit/537.36 (KHTML, like Gecko; compatible; GPTBot/1.4; +https://openai.com/gptbot)"
74.7.227.164 - - [03/Sep/2026:16:28:11 +0000] "GET /vendor/phpoffice/phpspreadsheet/src/PhpSpreadsheet/Reader/Xml/Style/Alignment.php HTTP/1.1" 500 - "https://immovalet.com/vendor/phpoffice/phpspreadsheet/src/PhpSpreadsheet/Reader/Xml/Style/" "Mozilla/5.0 AppleWebKit/537.36 (KHTML, like Gecko; compatible; GPTBot/1.4; +https://openai.com/gptbot)"
74.7.227.164 - - [03/Sep/2026:16:28:13 +0000] "GET /vendor/laravel/framework/src/Illuminate/Database/Query/Processors/Processor.php HTTP/1.1" 200 - "https://immovalet.com/vendor/laravel/framework/src/Illuminate/Database/Query/Processors/" "Mozilla/5.0 AppleWebKit/537.36 (KHTML, like Gecko; compatible; GPTBot/1.4; +https://openai.com/gptbot)"
74.7.227.164 - - [03/Sep/2026:16:28:15 +0000] "GET /vendor/intervention/image/src/Intervention/Image/Gd/Commands/PixelCommand.php HTTP/1.1" 500 - "https://immovalet.com/vendor/intervention/image/src/Intervention/Image/Gd/Commands/" "Mozilla/5.0 AppleWebKit/537.36 (KHTML, like Gecko; compatible; GPTBot/1.4; +https://openai.com/gptbot)"
74.7.227.164 - - [03/Sep/2026:16:28:18 +0000] "GET /vendor/phpoffice/phpspreadsheet/src/PhpSpreadsheet/Reader/Xls/Style/CellFont.php HTTP/1.1" 200 - "https://immovalet.com/vendor/phpoffice/phpspreadsheet/src/PhpSpreadsheet/Reader/Xls/Style/" "Mozilla/5.0 AppleWebKit/537.36 (KHTML, like Gecko; compatible; GPTBot/1.4; +https://openai.com/gptbot)"
74.7.227.164 - - [03/Sep/2026:16:28:20 +0000] "GET /vendor/phpoffice/phpspreadsheet/src/PhpSpreadsheet/Writer/Xls/Style/CellFill.php HTTP/1.1" 200 - "https://immovalet.com/vendor/phpoffice/phpspreadsheet/src/PhpSpreadsheet/Writer/Xls/Style/" "Mozilla/5.0 AppleWebKit/537.36 (KHTML, like Gecko; compatible; GPTBot/1.4; +https://openai.com/gptbot)"
57.141.4.28 - - [03/Sep/2026:16:28:20 +0000] "GET /platform/packages/menu/src/Models/?C=S;O=A HTTP/1.1" 200 1258 "-" "Mozilla/5.0 (Windows NT 10.0; Win64; x64) AppleWebKit/537.36 (KHTML, like Gecko) Chrome/145.0.0.0 Safari/537.36 (compatible; meta-externalagent/1.1 (+https://developers.facebook.com/docs/sharing/webmasters/crawler))"
74.7.227.164 - - [03/Sep/2026:16:28:22 +0000] "GET /vendor/phpoffice/phpspreadsheet/src/PhpSpreadsheet/Writer/Xls/Style/ColorMap.php HTTP/1.1" 200 - "https://immovalet.com/vendor/phpoffice/phpspreadsheet/src/PhpSpreadsheet/Writer/Xls/Style/" "Mozilla/5.0 AppleWebKit/537.36 (KHTML, like Gecko; compatible; GPTBot/1.4; +https://openai.com/gptbot)"
57.141.4.30 - - [03/Sep/2026:16:28:24 +0000] "GET /platform/packages/seo-helper/src/SeoHelper.php HTTP/1.1" 500 - "-" "Mozilla/5.0 (Windows NT 10.0; Win64; x64) AppleWebKit/537.36 (KHTML, like Gecko) Chrome/145.0.0.0 Safari/537.36 (compatible; meta-externalagent/1.1 (+https://developers.facebook.com/docs/sharing/webmasters/crawler))"
74.7.227.164 - - [03/Sep/2026:16:28:29 +0000] "GET /vendor/botble/platform/acl/src/Http/Controllers/Auth/ResetPasswordController.php HTTP/1.1" 500 - "https://immovalet.com/vendor/botble/platform/acl/src/Http/Controllers/Auth/" "Mozilla/5.0 AppleWebKit/537.36 (KHTML, like Gecko; compatible; GPTBot/1.4; +https://openai.com/gptbot)"
74.7.227.164 - - [03/Sep/2026:16:28:30 +0000] "GET /vendor/phpoffice/phpspreadsheet/src/PhpSpreadsheet/Reader/Xml/Style/Fill.php HTTP/1.1" 500 - "https://immovalet.com/vendor/phpoffice/phpspreadsheet/src/PhpSpreadsheet/Reader/Xml/Style/" "Mozilla/5.0 AppleWebKit/537.36 (KHTML, like Gecko; compatible; GPTBot/1.4; +https://openai.com/gptbot)"
74.7.227.164 - - [03/Sep/2026:16:28:33 +0000] "GET /vendor/phpoffice/phpspreadsheet/src/PhpSpreadsheet/Writer/Ods/Cell/Comment.php HTTP/1.1" 200 - "https://immovalet.com/vendor/phpoffice/phpspreadsheet/src/PhpSpreadsheet/Writer/Ods/Cell/" "Mozilla/5.0 AppleWebKit/537.36 (KHTML, like Gecko; compatible; GPTBot/1.4; +https://openai.com/gptbot)"
74.7.227.164 - - [03/Sep/2026:16:28:36 +0000] "GET /vendor/brick/math/src/Internal/?C=S;O=A HTTP/1.1" 200 1068 "https://immovalet.com/vendor/brick/math/src/Internal/" "Mozilla/5.0 AppleWebKit/537.36 (KHTML, like Gecko; compatible; GPTBot/1.4; +https://openai.com/gptbot)"
74.7.227.164 - - [03/Sep/2026:16:28:39 +0000] "GET /vendor/brick/math/src/Internal/?C=N;O=D HTTP/1.1" 200 1068 "https://immovalet.com/vendor/brick/math/src/Internal/" "Mozilla/5.0 AppleWebKit/537.36 (KHTML, like Gecko; compatible; GPTBot/1.4; +https://openai.com/gptbot)"
74.7.227.164 - - [03/Sep/2026:16:28:40 +0000] "GET /vendor/brick/math/src/Internal/?C=M;O=A HTTP/1.1" 200 1068 "https://immovalet.com/vendor/brick/math/src/Internal/" "Mozilla/5.0 AppleWebKit/537.36 (KHTML, like Gecko; compatible; GPTBot/1.4; +https://openai.com/gptbot)"
74.7.227.164 - - [03/Sep/2026:16:28:43 +0000] "GET /vendor/brick/math/src/Internal/?C=D;O=A HTTP/1.1" 200 1068 "https://immovalet.com/vendor/brick/math/src/Internal/" "Mozilla/5.0 AppleWebKit/537.36 (KHTML, like Gecko; compatible; GPTBot/1.4; +https://openai.com/gptbot)"
57.141.4.14 - - [03/Sep/2026:16:28:48 +0000] "GET /storage/debugbar/X870e889231f0d0614ed9b12ca4386721.json HTTP/1.1" 200 23575 "-" "Mozilla/5.0 (Windows NT 10.0; Win64; x64) AppleWebKit/537.36 (KHTML, like Gecko) Chrome/145.0.0.0 Safari/537.36 (compatible; meta-externalagent/1.1 (+https://developers.facebook.com/docs/sharing/webmasters/crawler))"
74.7.227.164 - - [03/Sep/2026:16:28:49 +0000] "GET /vendor/brick/math/src/Internal/?C=S;O=D HTTP/1.1" 200 1068 "https://immovalet.com/vendor/brick/math/src/Internal/?C=S;O=A" "Mozilla/5.0 AppleWebKit/537.36 (KHTML, like Gecko; compatible; GPTBot/1.4; +https://openai.com/gptbot)"
74.7.227.164 - - [03/Sep/2026:16:28:53 +0000] "GET /vendor/brick/math/src/Internal/?C=N;O=A HTTP/1.1" 200 1068 "https://immovalet.com/vendor/brick/math/src/Internal/?C=S;O=A" "Mozilla/5.0 AppleWebKit/537.36 (KHTML, like Gecko; compatible; GPTBot/1.4; +https://openai.com/gptbot)"
74.7.227.164 - - [03/Sep/2026:16:28:55 +0000] "GET /vendor/aws/aws-sdk-php/src/FinSpaceData/?C=M;O=A HTTP/1.1" 200 1098 "https://immovalet.com/vendor/aws/aws-sdk-php/src/FinSpaceData/" "Mozilla/5.0 AppleWebKit/537.36 (KHTML, like Gecko; compatible; GPTBot/1.4; +https://openai.com/gptbot)"
74.7.227.164 - - [03/Sep/2026:16:28:57 +0000] "GET /vendor/aws/aws-sdk-php/src/AppRegistry/?C=S;O=A HTTP/1.1" 200 1095 "https://immovalet.com/vendor/aws/aws-sdk-php/src/AppRegistry/" "Mozilla/5.0 AppleWebKit/537.36 (KHTML, like Gecko; compatible; GPTBot/1.4; +https://openai.com/gptbot)"
57.141.4.16 - - [03/Sep/2026:16:28:59 +0000] "GET /platform/core/chart/src/ HTTP/1.1" 200 1949 "-" "Mozilla/5.0 (Windows NT 10.0; Win64; x64) AppleWebKit/537.36 (KHTML, like Gecko) Chrome/145.0.0.0 Safari/537.36 (compatible; meta-externalagent/1.1 (+https://developers.facebook.com/docs/sharing/webmasters/crawler))"
57.141.4.3 - - [03/Sep/2026:16:29:01 +0000] "GET /platform/plugins/analytics/resources/views/widgets/ HTTP/1.1" 200 1506 "-" "Mozilla/5.0 (Windows NT 10.0; Win64; x64) AppleWebKit/537.36 (KHTML, like Gecko) Chrome/145.0.0.0 Safari/537.36 (compatible; meta-externalagent/1.1 (+https://developers.facebook.com/docs/sharing/webmasters/crawler))"
173.252.70.25 - - [03/Sep/2026:16:29:02 +0000] "GET /robots.txt HTTP/1.1" 404 16 "-" "facebookexternalhit/1.1 (+http://www.facebook.com/externalhit_uatext.php)"
69.63.184.10 - - [03/Sep/2026:16:29:02 +0000] "GET /robots.txt HTTP/1.1" 404 16 "-" "facebookexternalhit/1.1 (+http://www.facebook.com/externalhit_uatext.php)"
57.141.4.8 - - [03/Sep/2026:16:29:02 +0000] "GET /platform/core/dashboard/database/migrations/2016_11_28_032840_create_dashboard_widget_tables.php HTTP/1.1" 500 - "-" "Mozilla/5.0 (Windows NT 10.0; Win64; x64) AppleWebKit/537.36 (KHTML, like Gecko) Chrome/145.0.0.0 Safari/537.36 (compatible; meta-externalagent/1.1 (+https://developers.facebook.com/docs/sharing/webmasters/crawler))"
57.141.4.15 - - [03/Sep/2026:16:29:06 +0000] "GET /vendor/dompdf/dompdf/LICENSE.LGPL HTTP/1.1" 200 24352 "-" "Mozilla/5.0 (Macintosh; Intel Mac OS X 10_15_7) AppleWebKit/537.36 (KHTML, like Gecko) Chrome/145.0.0.0 Safari/537.36 (compatible; meta-externalagent/1.1 (+https://developers.facebook.com/docs/sharing/webmasters/crawler))"
57.141.4.33 - - [03/Sep/2026:16:29:06 +0000] "GET /vendor/mtdowling/?C=D;O=D HTTP/1.1" 200 845 "-" "Mozilla/5.0 (Windows NT 10.0; Win64; x64) AppleWebKit/537.36 (KHTML, like Gecko) Chrome/145.0.0.0 Safari/537.36 (compatible; meta-externalagent/1.1 (+https://developers.facebook.com/docs/sharing/webmasters/crawler))"
74.7.227.164 - - [03/Sep/2026:16:29:07 +0000] "GET /vendor/aws/aws-sdk-php/src/CloudSearch/?C=D;O=A HTTP/1.1" 200 1095 "https://immovalet.com/vendor/aws/aws-sdk-php/src/CloudSearch/" "Mozilla/5.0 AppleWebKit/537.36 (KHTML, like Gecko; compatible; GPTBot/1.4; +https://openai.com/gptbot)"
74.7.227.164 - - [03/Sep/2026:16:29:08 +0000] "GET /vendor/aws/aws-sdk-php/src/GroundStation/?C=S;O=A HTTP/1.1" 200 1101 "https://immovalet.com/vendor/aws/aws-sdk-php/src/GroundStation/" "Mozilla/5.0 AppleWebKit/537.36 (KHTML, like Gecko; compatible; GPTBot/1.4; +https://openai.com/gptbot)"
74.7.227.164 - - [03/Sep/2026:16:29:09 +0000] "GET /vendor/aws/aws-sdk-php/src/AppRegistry/?C=S;O=D HTTP/1.1" 200 1095 "https://immovalet.com/vendor/aws/aws-sdk-php/src/AppRegistry/?C=S;O=A" "Mozilla/5.0 AppleWebKit/537.36 (KHTML, like Gecko; compatible; GPTBot/1.4; +https://openai.com/gptbot)"
173.252.95.6 - - [03/Sep/2026:16:29:14 +0000] "GET /robots.txt HTTP/1.1" 404 16 "-" "facebookexternalhit/1.1 (+http://www.facebook.com/externalhit_uatext.php)"
57.141.4.64 - - [03/Sep/2026:16:29:14 +0000] "GET /vendor/myclabs/php-enum/src/?C=M;O=D HTTP/1.1" 200 1055 "-" "Mozilla/5.0 (Windows NT 10.0; Win64; x64) AppleWebKit/537.36 (KHTML, like Gecko) Chrome/145.0.0.0 Safari/537.36 (compatible; meta-externalagent/1.1 (+https://developers.facebook.com/docs/sharing/webmasters/crawler))"
173.252.83.1 - - [03/Sep/2026:16:29:15 +0000] "GET /robots.txt HTTP/1.1" 404 16 "-" "facebookexternalhit/1.1 (+http://www.facebook.com/externalhit_uatext.php)"
57.141.4.3 - - [03/Sep/2026:16:29:15 +0000] "GET /vendor/symfony/mime/Encoder/?C=M;O=D HTTP/1.1" 200 3194 "-" "Mozilla/5.0 (Windows NT 10.0; Win64; x64) AppleWebKit/537.36 (KHTML, like Gecko) Chrome/145.0.0.0 Safari/537.36 (compatible; meta-externalagent/1.1 (+https://developers.facebook.com/docs/sharing/webmasters/crawler))"
57.141.4.36 - - [03/Sep/2026:16:29:17 +0000] "GET /vendor/opis/closure/src/?C=S;O=A HTTP/1.1" 200 2557 "-" "Mozilla/5.0 (Windows NT 10.0; Win64; x64) AppleWebKit/537.36 (KHTML, like Gecko) Chrome/145.0.0.0 Safari/537.36 (compatible; meta-externalagent/1.1 (+https://developers.facebook.com/docs/sharing/webmasters/crawler))"
69.171.249.5 - - [03/Sep/2026:16:29:20 +0000] "GET /robots.txt HTTP/1.1" 404 16 "-" "facebookexternalhit/1.1 (+http://www.facebook.com/externalhit_uatext.php)"
74.7.227.164 - - [03/Sep/2026:16:29:20 +0000] "GET /vendor/aws/aws-sdk-php/src/AppRegistry/?C=D;O=A HTTP/1.1" 200 1095 "https://immovalet.com/vendor/aws/aws-sdk-php/src/AppRegistry/" "Mozilla/5.0 AppleWebKit/537.36 (KHTML, like Gecko; compatible; GPTBot/1.4; +https://openai.com/gptbot)"
69.171.249.12 - - [03/Sep/2026:16:29:20 +0000] "GET /robots.txt HTTP/1.1" 404 16 "-" "facebookexternalhit/1.1 (+http://www.facebook.com/externalhit_uatext.php)"
57.141.4.40 - - [03/Sep/2026:16:29:20 +0000] "GET /vendor/botble/page/database/?C=M;O=D HTTP/1.1" 200 877 "-" "Mozilla/5.0 (Windows NT 10.0; Win64; x64) AppleWebKit/537.36 (KHTML, like Gecko) Chrome/145.0.0.0 Safari/537.36 (compatible; meta-externalagent/1.1 (+https://developers.facebook.com/docs/sharing/webmasters/crawler))"
74.7.227.164 - - [03/Sep/2026:16:29:23 +0000] "GET /vendor/aws/aws-sdk-php/src/ImportExport/?C=M;O=A HTTP/1.1" 200 1098 "https://immovalet.com/vendor/aws/aws-sdk-php/src/ImportExport/" "Mozilla/5.0 AppleWebKit/537.36 (KHTML, like Gecko; compatible; GPTBot/1.4; +https://openai.com/gptbot)"
74.7.227.164 - - [03/Sep/2026:16:29:25 +0000] "GET /vendor/aws/aws-sdk-php/src/DataExchange/?C=D;O=A HTTP/1.1" 200 1098 "https://immovalet.com/vendor/aws/aws-sdk-php/src/DataExchange/" "Mozilla/5.0 AppleWebKit/537.36 (KHTML, like Gecko; compatible; GPTBot/1.4; +https://openai.com/gptbot)"
74.7.227.164 - - [03/Sep/2026:16:29:28 +0000] "GET /vendor/aws/aws-sdk-php/src/IoTEventsData/?C=M;O=A HTTP/1.1" 200 1101 "https://immovalet.com/vendor/aws/aws-sdk-php/src/IoTEventsData/" "Mozilla/5.0 AppleWebKit/537.36 (KHTML, like Gecko; compatible; GPTBot/1.4; +https://openai.com/gptbot)"
74.7.227.164 - - [03/Sep/2026:16:29:30 +0000] "GET /vendor/aws/aws-sdk-php/src/SSMIncidents/?C=N;O=D HTTP/1.1" 200 1098 "https://immovalet.com/vendor/aws/aws-sdk-php/src/SSMIncidents/" "Mozilla/5.0 AppleWebKit/537.36 (KHTML, like Gecko; compatible; GPTBot/1.4; +https://openai.com/gptbot)"
74.7.227.164 - - [03/Sep/2026:16:29:31 +0000] "GET /vendor/aws/aws-sdk-php/src/AuditManager/?C=N;O=A HTTP/1.1" 200 1098 "https://immovalet.com/vendor/aws/aws-sdk-php/src/AuditManager/?C=N;O=D" "Mozilla/5.0 AppleWebKit/537.36 (KHTML, like Gecko; compatible; GPTBot/1.4; +https://openai.com/gptbot)"
74.7.227.164 - - [03/Sep/2026:16:29:33 +0000] "GET /vendor/aws/aws-sdk-php/src/GroundStation/?C=M;O=A HTTP/1.1" 200 1101 "https://immovalet.com/vendor/aws/aws-sdk-php/src/GroundStation/" "Mozilla/5.0 AppleWebKit/537.36 (KHTML, like Gecko; compatible; GPTBot/1.4; +https://openai.com/gptbot)"
74.7.227.164 - - [03/Sep/2026:16:29:34 +0000] "GET /vendor/aws/aws-sdk-php/src/SSMIncidents/?C=S;O=A HTTP/1.1" 200 1098 "https://immovalet.com/vendor/aws/aws-sdk-php/src/SSMIncidents/" "Mozilla/5.0 AppleWebKit/537.36 (KHTML, like Gecko; compatible; GPTBot/1.4; +https://openai.com/gptbot)"
57.141.4.60 - - [03/Sep/2026:16:29:39 +0000] "GET /vendor/aws/aws-sdk-php/src/SSOAdmin/?C=S;O=D HTTP/1.1" 200 1086 "-" "Mozilla/5.0 (Windows NT 10.0; Win64; x64) AppleWebKit/537.36 (KHTML, like Gecko) Chrome/145.0.0.0 Safari/537.36 (compatible; meta-externalagent/1.1 (+https://developers.facebook.com/docs/sharing/webmasters/crawler))"
74.7.227.164 - - [03/Sep/2026:16:29:41 +0000] "GET /vendor/aws/aws-sdk-php/src/AppRegistry/?C=N;O=A HTTP/1.1" 200 1095 "https://immovalet.com/vendor/aws/aws-sdk-php/src/AppRegistry/?C=N;O=D" "Mozilla/5.0 AppleWebKit/537.36 (KHTML, like Gecko; compatible; GPTBot/1.4; +https://openai.com/gptbot)"
74.7.227.164 - - [03/Sep/2026:16:29:42 +0000] "GET /vendor/aws/aws-sdk-php/src/ServiceQuotas/?C=S;O=A HTTP/1.1" 200 1101 "https://immovalet.com/vendor/aws/aws-sdk-php/src/ServiceQuotas/" "Mozilla/5.0 AppleWebKit/537.36 (KHTML, like Gecko; compatible; GPTBot/1.4; +https://openai.com/gptbot)"
74.7.227.164 - - [03/Sep/2026:16:29:43 +0000] "GET /vendor/aws/aws-sdk-php/src/SSMIncidents/SSMIncidentsClient.php HTTP/1.1" 500 - "https://immovalet.com/vendor/aws/aws-sdk-php/src/SSMIncidents/?C=N;O=D" "Mozilla/5.0 AppleWebKit/537.36 (KHTML, like Gecko; compatible; GPTBot/1.4; +https://openai.com/gptbot)"
74.7.227.164 - - [03/Sep/2026:16:29:44 +0000] "GET /vendor/aws/aws-sdk-php/src/SSMIncidents/?C=N;O=A HTTP/1.1" 200 1098 "https://immovalet.com/vendor/aws/aws-sdk-php/src/SSMIncidents/?C=N;O=D" "Mozilla/5.0 AppleWebKit/537.36 (KHTML, like Gecko; compatible; GPTBot/1.4; +https://openai.com/gptbot)"
74.7.227.164 - - [03/Sep/2026:16:29:45 +0000] "GET /vendor/aws/aws-sdk-php/src/Personalize/?C=D;O=A HTTP/1.1" 200 1095 "https://immovalet.com/vendor/aws/aws-sdk-php/src/Personalize/" "Mozilla/5.0 AppleWebKit/537.36 (KHTML, like Gecko; compatible; GPTBot/1.4; +https://openai.com/gptbot)"
74.7.227.164 - - [03/Sep/2026:16:29:48 +0000] "GET /vendor/aws/aws-sdk-php/src/FinSpaceData/?C=S;O=A HTTP/1.1" 200 1098 "https://immovalet.com/vendor/aws/aws-sdk-php/src/FinSpaceData/" "Mozilla/5.0 AppleWebKit/537.36 (KHTML, like Gecko; compatible; GPTBot/1.4; +https://openai.com/gptbot)"
74.7.227.164 - - [03/Sep/2026:16:29:49 +0000] "GET /vendor/aws/aws-sdk-php/src/AuditManager/?C=D;O=A HTTP/1.1" 200 1098 "https://immovalet.com/vendor/aws/aws-sdk-php/src/AuditManager/" "Mozilla/5.0 AppleWebKit/537.36 (KHTML, like Gecko; compatible; GPTBot/1.4; +https://openai.com/gptbot)"
74.7.227.164 - - [03/Sep/2026:16:29:56 +0000] "GET /vendor/aws/aws-sdk-php/src/MediaTailor/?C=D;O=A HTTP/1.1" 200 1095 "https://immovalet.com/vendor/aws/aws-sdk-php/src/MediaTailor/" "Mozilla/5.0 AppleWebKit/537.36 (KHTML, like Gecko; compatible; GPTBot/1.4; +https://openai.com/gptbot)"
74.7.227.164 - - [03/Sep/2026:16:29:57 +0000] "GET /vendor/aws/aws-sdk-php/src/SSMContacts/?C=D;O=A HTTP/1.1" 200 1095 "https://immovalet.com/vendor/aws/aws-sdk-php/src/SSMContacts/" "Mozilla/5.0 AppleWebKit/537.36 (KHTML, like Gecko; compatible; GPTBot/1.4; +https://openai.com/gptbot)"
74.7.227.164 - - [03/Sep/2026:16:29:58 +0000] "GET /vendor/aws/aws-sdk-php/src/SSMIncidents/?C=D;O=A HTTP/1.1" 200 1098 "https://immovalet.com/vendor/aws/aws-sdk-php/src/SSMIncidents/" "Mozilla/5.0 AppleWebKit/537.36 (KHTML, like Gecko; compatible; GPTBot/1.4; +https://openai.com/gptbot)"
74.7.227.164 - - [03/Sep/2026:16:29:59 +0000] "GET /vendor/aws/aws-sdk-php/src/MediaConvert/?C=D;O=A HTTP/1.1" 200 1098 "https://immovalet.com/vendor/aws/aws-sdk-php/src/MediaConvert/" "Mozilla/5.0 AppleWebKit/537.36 (KHTML, like Gecko; compatible; GPTBot/1.4; +https://openai.com/gptbot)"
74.7.227.164 - - [03/Sep/2026:16:30:03 +0000] "GET /vendor/aws/aws-sdk-php/src/DataExchange/?C=S;O=A HTTP/1.1" 200 1098 "https://immovalet.com/vendor/aws/aws-sdk-php/src/DataExchange/" "Mozilla/5.0 AppleWebKit/537.36 (KHTML, like Gecko; compatible; GPTBot/1.4; +https://openai.com/gptbot)"
57.141.4.11 - - [03/Sep/2026:16:30:04 +0000] "GET /platform/plugins/mollie/public/?C=N;O=D HTTP/1.1" 200 884 "-" "Mozilla/5.0 (Macintosh; Intel Mac OS X 10_15_7) AppleWebKit/537.36 (KHTML, like Gecko) Chrome/145.0.0.0 Safari/537.36 (compatible; meta-externalagent/1.1 (+https://developers.facebook.com/docs/sharing/webmasters/crawler))"
74.7.227.164 - - [03/Sep/2026:16:30:08 +0000] "GET /vendor/aws/aws-sdk-php/src/Personalize/?C=N;O=D HTTP/1.1" 200 1095 "https://immovalet.com/vendor/aws/aws-sdk-php/src/Personalize/" "Mozilla/5.0 AppleWebKit/537.36 (KHTML, like Gecko; compatible; GPTBot/1.4; +https://openai.com/gptbot)"
74.7.227.164 - - [03/Sep/2026:16:30:10 +0000] "GET /vendor/aws/aws-sdk-php/src/ImportExport/?C=S;O=A HTTP/1.1" 200 1098 "https://immovalet.com/vendor/aws/aws-sdk-php/src/ImportExport/" "Mozilla/5.0 AppleWebKit/537.36 (KHTML, like Gecko; compatible; GPTBot/1.4; +https://openai.com/gptbot)"
74.7.227.164 - - [03/Sep/2026:16:30:11 +0000] "GET /vendor/aws/aws-sdk-php/src/CodePipeline/?C=N;O=D HTTP/1.1" 200 1098 "https://immovalet.com/vendor/aws/aws-sdk-php/src/CodePipeline/" "Mozilla/5.0 AppleWebKit/537.36 (KHTML, like Gecko; compatible; GPTBot/1.4; +https://openai.com/gptbot)"
74.7.227.164 - - [03/Sep/2026:16:30:12 +0000] "GET /vendor/aws/aws-sdk-php/src/ServiceQuotas/?C=M;O=A HTTP/1.1" 200 1101 "https://immovalet.com/vendor/aws/aws-sdk-php/src/ServiceQuotas/" "Mozilla/5.0 AppleWebKit/537.36 (KHTML, like Gecko; compatible; GPTBot/1.4; +https://openai.com/gptbot)"
74.7.227.164 - - [03/Sep/2026:16:30:13 +0000] "GET /vendor/aws/aws-sdk-php/src/DirectConnect/?C=M;O=A HTTP/1.1" 200 1101 "https://immovalet.com/vendor/aws/aws-sdk-php/src/DirectConnect/" "Mozilla/5.0 AppleWebKit/537.36 (KHTML, like Gecko; compatible; GPTBot/1.4; +https://openai.com/gptbot)"
74.7.227.164 - - [03/Sep/2026:16:30:15 +0000] "GET /vendor/aws/aws-sdk-php/src/EMRContainers/?C=N;O=D HTTP/1.1" 200 1101 "https://immovalet.com/vendor/aws/aws-sdk-php/src/EMRContainers/" "Mozilla/5.0 AppleWebKit/537.36 (KHTML, like Gecko; compatible; GPTBot/1.4; +https://openai.com/gptbot)"
74.7.227.164 - - [03/Sep/2026:16:30:16 +0000] "GET /vendor/aws/aws-sdk-php/src/DataExchange/DataExchangeClient.php HTTP/1.1" 500 - "https://immovalet.com/vendor/aws/aws-sdk-php/src/DataExchange/?C=S;O=A" "Mozilla/5.0 AppleWebKit/537.36 (KHTML, like Gecko; compatible; GPTBot/1.4; +https://openai.com/gptbot)"
74.7.227.164 - - [03/Sep/2026:16:30:20 +0000] "GET /vendor/aws/aws-sdk-php/src/Personalize/PersonalizeClient.php HTTP/1.1" 500 - "https://immovalet.com/vendor/aws/aws-sdk-php/src/Personalize/?C=N;O=D" "Mozilla/5.0 AppleWebKit/537.36 (KHTML, like Gecko; compatible; GPTBot/1.4; +https://openai.com/gptbot)"
74.7.227.164 - - [03/Sep/2026:16:30:21 +0000] "GET /vendor/aws/aws-sdk-php/src/FraudDetector/?C=D;O=A HTTP/1.1" 200 1101 "https://immovalet.com/vendor/aws/aws-sdk-php/src/FraudDetector/" "Mozilla/5.0 AppleWebKit/537.36 (KHTML, like Gecko; compatible; GPTBot/1.4; +https://openai.com/gptbot)"
74.7.227.164 - - [03/Sep/2026:16:30:22 +0000] "GET /vendor/aws/aws-sdk-php/src/MediaPackage/?C=S;O=A HTTP/1.1" 200 1098 "https://immovalet.com/vendor/aws/aws-sdk-php/src/MediaPackage/" "Mozilla/5.0 AppleWebKit/537.36 (KHTML, like Gecko; compatible; GPTBot/1.4; +https://openai.com/gptbot)"
74.7.227.164 - - [03/Sep/2026:16:30:23 +0000] "GET /vendor/aws/aws-sdk-php/src/CodePipeline/CodePipelineClient.php HTTP/1.1" 500 - "https://immovalet.com/vendor/aws/aws-sdk-php/src/CodePipeline/?C=N;O=D" "Mozilla/5.0 AppleWebKit/537.36 (KHTML, like Gecko; compatible; GPTBot/1.4; +https://openai.com/gptbot)"
74.7.227.164 - - [03/Sep/2026:16:30:26 +0000] "GET /vendor/aws/aws-sdk-php/src/ServiceQuotas/?C=D;O=A HTTP/1.1" 200 1101 "https://immovalet.com/vendor/aws/aws-sdk-php/src/ServiceQuotas/" "Mozilla/5.0 AppleWebKit/537.36 (KHTML, like Gecko; compatible; GPTBot/1.4; +https://openai.com/gptbot)"
74.7.227.164 - - [03/Sep/2026:16:30:27 +0000] "GET /vendor/aws/aws-sdk-php/src/EMRContainers/EMRContainersClient.php HTTP/1.1" 500 - "https://immovalet.com/vendor/aws/aws-sdk-php/src/EMRContainers/?C=N;O=D" "Mozilla/5.0 AppleWebKit/537.36 (KHTML, like Gecko; compatible; GPTBot/1.4; +https://openai.com/gptbot)"
57.141.4.6 - - [03/Sep/2026:16:30:28 +0000] "GET /platform/plugins/mollie/public/?C=S;O=A HTTP/1.1" 200 884 "-" "Mozilla/5.0 (Windows NT 10.0; Win64; x64) AppleWebKit/537.36 (KHTML, like Gecko) Chrome/145.0.0.0 Safari/537.36 (compatible; meta-externalagent/1.1 (+https://developers.facebook.com/docs/sharing/webmasters/crawler))"
74.7.227.164 - - [03/Sep/2026:16:30:28 +0000] "GET /vendor/aws/aws-sdk-php/src/DataPipeline/?C=S;O=A HTTP/1.1" 200 1098 "https://immovalet.com/vendor/aws/aws-sdk-php/src/DataPipeline/" "Mozilla/5.0 AppleWebKit/537.36 (KHTML, like Gecko; compatible; GPTBot/1.4; +https://openai.com/gptbot)"
74.7.227.164 - - [03/Sep/2026:16:30:30 +0000] "GET /vendor/aws/aws-sdk-php/src/IoTEventsData/?C=N;O=D HTTP/1.1" 200 1101 "https://immovalet.com/vendor/aws/aws-sdk-php/src/IoTEventsData/" "Mozilla/5.0 AppleWebKit/537.36 (KHTML, like Gecko; compatible; GPTBot/1.4; +https://openai.com/gptbot)"
74.7.227.164 - - [03/Sep/2026:16:30:35 +0000] "GET /vendor/aws/aws-sdk-php/src/CostExplorer/?C=N;O=D HTTP/1.1" 200 1098 "https://immovalet.com/vendor/aws/aws-sdk-php/src/CostExplorer/" "Mozilla/5.0 AppleWebKit/537.36 (KHTML, like Gecko; compatible; GPTBot/1.4; +https://openai.com/gptbot)"
74.7.227.164 - - [03/Sep/2026:16:30:39 +0000] "GET /vendor/aws/aws-sdk-php/src/IoTWireless/?C=N;O=D HTTP/1.1" 200 1095 "https://immovalet.com/vendor/aws/aws-sdk-php/src/IoTWireless/" "Mozilla/5.0 AppleWebKit/537.36 (KHTML, like Gecko; compatible; GPTBot/1.4; +https://openai.com/gptbot)"
74.7.227.164 - - [03/Sep/2026:16:30:40 +0000] "GET /vendor/aws/aws-sdk-php/src/DataPipeline/DataPipelineClient.php HTTP/1.1" 500 - "https://immovalet.com/vendor/aws/aws-sdk-php/src/DataPipeline/?C=S;O=A" "Mozilla/5.0 AppleWebKit/537.36 (KHTML, like Gecko; compatible; GPTBot/1.4; +https://openai.com/gptbot)"
74.7.227.164 - - [03/Sep/2026:16:30:42 +0000] "GET /vendor/aws/aws-sdk-php/src/IoTEventsData/IoTEventsDataClient.php HTTP/1.1" 500 - "https://immovalet.com/vendor/aws/aws-sdk-php/src/IoTEventsData/?C=N;O=D" "Mozilla/5.0 AppleWebKit/537.36 (KHTML, like Gecko; compatible; GPTBot/1.4; +https://openai.com/gptbot)"
74.7.227.164 - - [03/Sep/2026:16:30:46 +0000] "GET /vendor/aws/aws-sdk-php/src/CodeArtifact/?C=D;O=A HTTP/1.1" 200 1098 "https://immovalet.com/vendor/aws/aws-sdk-php/src/CodeArtifact/" "Mozilla/5.0 AppleWebKit/537.36 (KHTML, like Gecko; compatible; GPTBot/1.4; +https://openai.com/gptbot)"
74.7.227.164 - - [03/Sep/2026:16:30:47 +0000] "GET /vendor/aws/aws-sdk-php/src/CostExplorer/CostExplorerClient.php HTTP/1.1" 500 - "https://immovalet.com/vendor/aws/aws-sdk-php/src/CostExplorer/?C=N;O=D" "Mozilla/5.0 AppleWebKit/537.36 (KHTML, like Gecko; compatible; GPTBot/1.4; +https://openai.com/gptbot)"
74.7.227.164 - - [03/Sep/2026:16:30:48 +0000] "GET /vendor/aws/aws-sdk-php/src/MediaPackage/?C=N;O=D HTTP/1.1" 200 1098 "https://immovalet.com/vendor/aws/aws-sdk-php/src/MediaPackage/" "Mozilla/5.0 AppleWebKit/537.36 (KHTML, like Gecko; compatible; GPTBot/1.4; +https://openai.com/gptbot)"
74.7.227.164 - - [03/Sep/2026:16:30:52 +0000] "GET /vendor/aws/aws-sdk-php/src/IoTWireless/IoTWirelessClient.php HTTP/1.1" 500 - "https://immovalet.com/vendor/aws/aws-sdk-php/src/IoTWireless/?C=N;O=D" "Mozilla/5.0 AppleWebKit/537.36 (KHTML, like Gecko; compatible; GPTBot/1.4; +https://openai.com/gptbot)"
74.7.227.164 - - [03/Sep/2026:16:30:52 +0000] "GET /vendor/aws/aws-sdk-php/src/Rekognition/?C=S;O=A HTTP/1.1" 200 1095 "https://immovalet.com/vendor/aws/aws-sdk-php/src/Rekognition/" "Mozilla/5.0 AppleWebKit/537.36 (KHTML, like Gecko; compatible; GPTBot/1.4; +https://openai.com/gptbot)"
74.7.227.164 - - [03/Sep/2026:16:30:54 +0000] "GET /vendor/aws/aws-sdk-php/src/GroundStation/?C=D;O=A HTTP/1.1" 200 1101 "https://immovalet.com/vendor/aws/aws-sdk-php/src/GroundStation/" "Mozilla/5.0 AppleWebKit/537.36 (KHTML, like Gecko; compatible; GPTBot/1.4; +https://openai.com/gptbot)"
74.7.227.164 - - [03/Sep/2026:16:30:54 +0000] "GET /vendor/aws/aws-sdk-php/src/CodePipeline/?C=S;O=A HTTP/1.1" 200 1098 "https://immovalet.com/vendor/aws/aws-sdk-php/src/CodePipeline/" "Mozilla/5.0 AppleWebKit/537.36 (KHTML, like Gecko; compatible; GPTBot/1.4; +https://openai.com/gptbot)"
74.7.227.164 - - [03/Sep/2026:16:30:55 +0000] "GET /vendor/aws/aws-sdk-php/src/SavingsPlans/?C=M;O=A HTTP/1.1" 200 1098 "https://immovalet.com/vendor/aws/aws-sdk-php/src/SavingsPlans/" "Mozilla/5.0 AppleWebKit/537.36 (KHTML, like Gecko; compatible; GPTBot/1.4; +https://openai.com/gptbot)"
57.141.4.10 - - [03/Sep/2026:16:30:56 +0000] "GET /vendor/egulias/email-validator/src/Warning/IPV6DoubleColon.php HTTP/1.1" 500 - "-" "Mozilla/5.0 (Windows NT 10.0; Win64; x64) AppleWebKit/537.36 (KHTML, like Gecko) Chrome/145.0.0.0 Safari/537.36 (compatible; meta-externalagent/1.1 (+https://developers.facebook.com/docs/sharing/webmasters/crawler))"
74.7.227.164 - - [03/Sep/2026:16:30:58 +0000] "GET /vendor/aws/aws-sdk-php/src/SSMContacts/?C=N;O=D HTTP/1.1" 200 1095 "https://immovalet.com/vendor/aws/aws-sdk-php/src/SSMContacts/" "Mozilla/5.0 AppleWebKit/537.36 (KHTML, like Gecko; compatible; GPTBot/1.4; +https://openai.com/gptbot)"
74.7.227.164 - - [03/Sep/2026:16:30:59 +0000] "GET /vendor/aws/aws-sdk-php/src/MediaPackage/MediaPackageClient.php HTTP/1.1" 500 - "https://immovalet.com/vendor/aws/aws-sdk-php/src/MediaPackage/?C=N;O=D" "Mozilla/5.0 AppleWebKit/537.36 (KHTML, like Gecko; compatible; GPTBot/1.4; +https://openai.com/gptbot)"
74.7.227.164 - - [03/Sep/2026:16:31:00 +0000] "GET /vendor/aws/aws-sdk-php/src/ElastiCache/?C=S;O=A HTTP/1.1" 200 1095 "https://immovalet.com/vendor/aws/aws-sdk-php/src/ElastiCache/" "Mozilla/5.0 AppleWebKit/537.36 (KHTML, like Gecko; compatible; GPTBot/1.4; +https://openai.com/gptbot)"
74.7.227.164 - - [03/Sep/2026:16:31:03 +0000] "GET /vendor/aws/aws-sdk-php/src/CostExplorer/?C=D;O=A HTTP/1.1" 200 1098 "https://immovalet.com/vendor/aws/aws-sdk-php/src/CostExplorer/" "Mozilla/5.0 AppleWebKit/537.36 (KHTML, like Gecko; compatible; GPTBot/1.4; +https://openai.com/gptbot)"
74.7.227.164 - - [03/Sep/2026:16:31:04 +0000] "GET /vendor/aws/aws-sdk-php/src/IoTWireless/?C=N;O=A HTTP/1.1" 200 1095 "https://immovalet.com/vendor/aws/aws-sdk-php/src/IoTWireless/?C=N;O=D" "Mozilla/5.0 AppleWebKit/537.36 (KHTML, like Gecko; compatible; GPTBot/1.4; +https://openai.com/gptbot)"
74.7.227.164 - - [03/Sep/2026:16:31:08 +0000] "GET /vendor/aws/aws-sdk-php/src/ConfigService/?C=S;O=A HTTP/1.1" 200 1101 "https://immovalet.com/vendor/aws/aws-sdk-php/src/ConfigService/" "Mozilla/5.0 AppleWebKit/537.36 (KHTML, like Gecko; compatible; GPTBot/1.4; +https://openai.com/gptbot)"
69.171.230.39 - - [03/Sep/2026:16:31:08 +0000] "GET /robots.txt HTTP/1.1" 404 16 "-" "facebookexternalhit/1.1 (+http://www.facebook.com/externalhit_uatext.php)"
74.7.227.164 - - [03/Sep/2026:16:31:10 +0000] "GET /vendor/aws/aws-sdk-php/src/SSMContacts/SSMContactsClient.php HTTP/1.1" 500 - "https://immovalet.com/vendor/aws/aws-sdk-php/src/SSMContacts/?C=N;O=D" "Mozilla/5.0 AppleWebKit/537.36 (KHTML, like Gecko; compatible; GPTBot/1.4; +https://openai.com/gptbot)"
74.7.227.164 - - [03/Sep/2026:16:31:11 +0000] "GET /vendor/aws/aws-sdk-php/src/SSMContacts/?C=N;O=A HTTP/1.1" 200 1095 "https://immovalet.com/vendor/aws/aws-sdk-php/src/SSMContacts/?C=N;O=D" "Mozilla/5.0 AppleWebKit/537.36 (KHTML, like Gecko; compatible; GPTBot/1.4; +https://openai.com/gptbot)"
57.141.4.68 - - [03/Sep/2026:16:31:12 +0000] "GET /vendor/google/apiclient/src/ HTTP/1.1" 200 2835 "-" "Mozilla/5.0 (Windows NT 10.0; Win64; x64) AppleWebKit/537.36 (KHTML, like Gecko) Chrome/145.0.0.0 Safari/537.36 (compatible; meta-externalagent/1.1 (+https://developers.facebook.com/docs/sharing/webmasters/crawler))"
74.7.227.164 - - [03/Sep/2026:16:31:12 +0000] "GET /vendor/aws/aws-sdk-php/src/ElastiCache/ElastiCacheClient.php HTTP/1.1" 500 - "https://immovalet.com/vendor/aws/aws-sdk-php/src/ElastiCache/?C=S;O=A" "Mozilla/5.0 AppleWebKit/537.36 (KHTML, like Gecko; compatible; GPTBot/1.4; +https://openai.com/gptbot)"
74.7.227.164 - - [03/Sep/2026:16:31:16 +0000] "GET /vendor/aws/aws-sdk-php/src/IotDataPlane/?C=S;O=A HTTP/1.1" 200 1098 "https://immovalet.com/vendor/aws/aws-sdk-php/src/IotDataPlane/" "Mozilla/5.0 AppleWebKit/537.36 (KHTML, like Gecko; compatible; GPTBot/1.4; +https://openai.com/gptbot)"
57.141.4.26 - - [03/Sep/2026:16:31:16 +0000] "GET /vendor/yajra/laravel-datatables-html/src/?C=S;O=A HTTP/1.1" 200 1284 "-" "Mozilla/5.0 (Macintosh; Intel Mac OS X 10_15_7) AppleWebKit/537.36 (KHTML, like Gecko) Chrome/145.0.0.0 Safari/537.36 (compatible; meta-externalagent/1.1 (+https://developers.facebook.com/docs/sharing/webmasters/crawler))"
74.7.227.164 - - [03/Sep/2026:16:31:16 +0000] "GET /vendor/aws/aws-sdk-php/src/SSMIncidents/?C=M;O=A HTTP/1.1" 200 1098 "https://immovalet.com/vendor/aws/aws-sdk-php/src/SSMIncidents/" "Mozilla/5.0 AppleWebKit/537.36 (KHTML, like Gecko; compatible; GPTBot/1.4; +https://openai.com/gptbot)"
74.7.227.164 - - [03/Sep/2026:16:31:19 +0000] "GET /vendor/aws/aws-sdk-php/src/IoTEventsData/?C=D;O=A HTTP/1.1" 200 1101 "https://immovalet.com/vendor/aws/aws-sdk-php/src/IoTEventsData/" "Mozilla/5.0 AppleWebKit/537.36 (KHTML, like Gecko; compatible; GPTBot/1.4; +https://openai.com/gptbot)"
74.7.227.164 - - [03/Sep/2026:16:31:21 +0000] "GET /vendor/aws/aws-sdk-php/src/FraudDetector/?C=S;O=A HTTP/1.1" 200 1101 "https://immovalet.com/vendor/aws/aws-sdk-php/src/FraudDetector/" "Mozilla/5.0 AppleWebKit/537.36 (KHTML, like Gecko; compatible; GPTBot/1.4; +https://openai.com/gptbot)"
74.7.227.164 - - [03/Sep/2026:16:31:21 +0000] "GET /vendor/aws/aws-sdk-php/src/DataExchange/?C=N;O=D HTTP/1.1" 200 1098 "https://immovalet.com/vendor/aws/aws-sdk-php/src/DataExchange/" "Mozilla/5.0 AppleWebKit/537.36 (KHTML, like Gecko; compatible; GPTBot/1.4; +https://openai.com/gptbot)"
74.7.227.164 - - [03/Sep/2026:16:31:28 +0000] "GET /vendor/aws/aws-sdk-php/src/Organizations/?C=S;O=A HTTP/1.1" 200 1101 "https://immovalet.com/vendor/aws/aws-sdk-php/src/Organizations/" "Mozilla/5.0 AppleWebKit/537.36 (KHTML, like Gecko; compatible; GPTBot/1.4; +https://openai.com/gptbot)"
74.7.227.164 - - [03/Sep/2026:16:31:30 +0000] "GET /vendor/aws/aws-sdk-php/src/EMRContainers/?C=S;O=A HTTP/1.1" 200 1101 "https://immovalet.com/vendor/aws/aws-sdk-php/src/EMRContainers/" "Mozilla/5.0 AppleWebKit/537.36 (KHTML, like Gecko; compatible; GPTBot/1.4; +https://openai.com/gptbot)"
74.7.227.164 - - [03/Sep/2026:16:31:31 +0000] "GET /vendor/aws/aws-sdk-php/src/SavingsPlans/?C=N;O=D HTTP/1.1" 200 1098 "https://immovalet.com/vendor/aws/aws-sdk-php/src/SavingsPlans/" "Mozilla/5.0 AppleWebKit/537.36 (KHTML, like Gecko; compatible; GPTBot/1.4; +https://openai.com/gptbot)"
