74.7.227.164 - - [03/Sep/2026:16:17:49 +0000] "GET /vendor/doctrine/dbal/src/Schema/Visitor/?C=S;O=A HTTP/1.1" 200 2251 "https://immovalet.com/vendor/doctrine/dbal/src/Schema/Visitor/" "Mozilla/5.0 AppleWebKit/537.36 (KHTML, like Gecko; compatible; GPTBot/1.4; +https://openai.com/gptbot)"
74.7.227.164 - - [03/Sep/2026:16:17:50 +0000] "GET /vendor/phpoffice/phpspreadsheet/src/PhpSpreadsheet/Writer/Xls/Workbook.php HTTP/1.1" 500 - "https://immovalet.com/vendor/phpoffice/phpspreadsheet/src/PhpSpreadsheet/Writer/Xls/?C=N;O=D" "Mozilla/5.0 AppleWebKit/537.36 (KHTML, like Gecko; compatible; GPTBot/1.4; +https://openai.com/gptbot)"
74.7.227.164 - - [03/Sep/2026:16:17:52 +0000] "GET /vendor/phpoffice/phpspreadsheet/src/PhpSpreadsheet/Writer/Xls/Worksheet.php HTTP/1.1" 500 - "https://immovalet.com/vendor/phpoffice/phpspreadsheet/src/PhpSpreadsheet/Writer/Xls/?C=N;O=D" "Mozilla/5.0 AppleWebKit/537.36 (KHTML, like Gecko; compatible; GPTBot/1.4; +https://openai.com/gptbot)"
74.7.227.164 - - [03/Sep/2026:16:17:53 +0000] "GET /vendor/phpoffice/phpspreadsheet/src/PhpSpreadsheet/Writer/Xls/?C=N;O=A HTTP/1.1" 200 2599 "https://immovalet.com/vendor/phpoffice/phpspreadsheet/src/PhpSpreadsheet/Writer/Xls/?C=N;O=D" "Mozilla/5.0 AppleWebKit/537.36 (KHTML, like Gecko; compatible; GPTBot/1.4; +https://openai.com/gptbot)"
74.7.227.164 - - [03/Sep/2026:16:17:54 +0000] "GET /vendor/intervention/image/src/Intervention/Image/Imagick/Commands/SharpenCommand.php HTTP/1.1" 500 - "https://immovalet.com/vendor/intervention/image/src/Intervention/Image/Imagick/Commands/" "Mozilla/5.0 AppleWebKit/537.36 (KHTML, like Gecko; compatible; GPTBot/1.4; +https://openai.com/gptbot)"
57.141.4.45 - - [03/Sep/2026:16:17:56 +0000] "GET /platform/packages/widget/resources/?C=S;O=D HTTP/1.1" 200 1240 "-" "Mozilla/5.0 (Windows NT 10.0; Win64; x64) AppleWebKit/537.36 (KHTML, like Gecko) Chrome/145.0.0.0 Safari/537.36 (compatible; meta-externalagent/1.1 (+https://developers.facebook.com/docs/sharing/webmasters/crawler))"
57.141.4.59 - - [03/Sep/2026:16:17:57 +0000] "GET /vendor/symfony/translation/Resources/bin/?C=M;O=A HTTP/1.1" 200 932 "-" "Mozilla/5.0 (Windows NT 10.0; Win64; x64) AppleWebKit/537.36 (KHTML, like Gecko) Chrome/145.0.0.0 Safari/537.36 (compatible; meta-externalagent/1.1 (+https://developers.facebook.com/docs/sharing/webmasters/crawler))"
57.141.4.21 - - [03/Sep/2026:16:18:01 +0000] "GET /vendor/egulias/email-validator/src/Warning/Comment.php HTTP/1.1" 500 - "-" "Mozilla/5.0 (Macintosh; Intel Mac OS X 10_15_7) AppleWebKit/537.36 (KHTML, like Gecko) Chrome/145.0.0.0 Safari/537.36 (compatible; meta-externalagent/1.1 (+https://developers.facebook.com/docs/sharing/webmasters/crawler))"
216.73.216.242 - - [03/Sep/2026:16:18:02 +0000] "GET /vendor/rmccue/requests/library/Requests/Exception/HTTP/?C=D&O=A HTTP/1.1" 200 6562 "-" "Mozilla/5.0 AppleWebKit/537.36 (KHTML, like Gecko; compatible; ClaudeBot/1.0; +claudebot@anthropic.com)"
74.7.227.164 - - [03/Sep/2026:16:18:04 +0000] "GET /vendor/intervention/image/src/Intervention/Image/Imagick/Commands/DestroyCommand.php HTTP/1.1" 500 - "https://immovalet.com/vendor/intervention/image/src/Intervention/Image/Imagick/Commands/" "Mozilla/5.0 AppleWebKit/537.36 (KHTML, like Gecko; compatible; GPTBot/1.4; +https://openai.com/gptbot)"
57.141.4.16 - - [03/Sep/2026:16:18:05 +0000] "GET /vendor/aws/aws-sdk-php/src/Inspector/Exception/ HTTP/1.1" 200 944 "-" "Mozilla/5.0 (Windows NT 10.0; Win64; x64) AppleWebKit/537.36 (KHTML, like Gecko) Chrome/145.0.0.0 Safari/537.36 (compatible; meta-externalagent/1.1 (+https://developers.facebook.com/docs/sharing/webmasters/crawler))"
57.141.4.9 - - [03/Sep/2026:16:18:08 +0000] "GET /vendor/mtdowling/?C=N;O=D HTTP/1.1" 200 845 "-" "Mozilla/5.0 (Windows NT 10.0; Win64; x64) AppleWebKit/537.36 (KHTML, like Gecko) Chrome/145.0.0.0 Safari/537.36 (compatible; meta-externalagent/1.1 (+https://developers.facebook.com/docs/sharing/webmasters/crawler))"
74.7.227.164 - - [03/Sep/2026:16:18:13 +0000] "GET /vendor/doctrine/dbal/src/Schema/Visitor/?C=S;O=D HTTP/1.1" 200 2251 "https://immovalet.com/vendor/doctrine/dbal/src/Schema/Visitor/?C=S;O=A" "Mozilla/5.0 AppleWebKit/537.36 (KHTML, like Gecko; compatible; GPTBot/1.4; +https://openai.com/gptbot)"
57.141.4.7 - - [03/Sep/2026:16:18:19 +0000] "GET /vendor/botble/menu/?C=S;O=A HTTP/1.1" 200 2266 "-" "Mozilla/5.0 (Windows NT 10.0; Win64; x64) AppleWebKit/537.36 (KHTML, like Gecko) Chrome/145.0.0.0 Safari/537.36 (compatible; meta-externalagent/1.1 (+https://developers.facebook.com/docs/sharing/webmasters/crawler))"
74.7.227.164 - - [03/Sep/2026:16:18:21 +0000] "GET /vendor/aws/aws-sdk-php/src/data/finspace-data/2020-07-13/?C=M;O=A HTTP/1.1" 200 1154 "https://immovalet.com/vendor/aws/aws-sdk-php/src/data/finspace-data/2020-07-13/" "Mozilla/5.0 AppleWebKit/537.36 (KHTML, like Gecko; compatible; GPTBot/1.4; +https://openai.com/gptbot)"
74.7.227.164 - - [03/Sep/2026:16:18:26 +0000] "GET /vendor/aws/aws-sdk-php/src/data/finspace-data/2020-07-13/?C=N;O=D HTTP/1.1" 200 1154 "https://immovalet.com/vendor/aws/aws-sdk-php/src/data/finspace-data/2020-07-13/" "Mozilla/5.0 AppleWebKit/537.36 (KHTML, like Gecko; compatible; GPTBot/1.4; +https://openai.com/gptbot)"
57.141.4.55 - - [03/Sep/2026:16:18:33 +0000] "GET /vendor/ramsey/?C=S;O=A HTTP/1.1" 200 1010 "-" "Mozilla/5.0 (Windows NT 10.0; Win64; x64) AppleWebKit/537.36 (KHTML, like Gecko) Chrome/145.0.0.0 Safari/537.36 (compatible; meta-externalagent/1.1 (+https://developers.facebook.com/docs/sharing/webmasters/crawler))"
74.7.227.164 - - [03/Sep/2026:16:18:34 +0000] "GET /vendor/aws/aws-sdk-php/src/data/finspace-data/2020-07-13/?C=S;O=A HTTP/1.1" 200 1154 "https://immovalet.com/vendor/aws/aws-sdk-php/src/data/finspace-data/2020-07-13/" "Mozilla/5.0 AppleWebKit/537.36 (KHTML, like Gecko; compatible; GPTBot/1.4; +https://openai.com/gptbot)"
57.141.4.14 - - [03/Sep/2026:16:18:37 +0000] "GET /vendor/aws/aws-sdk-php/src/SSOAdmin/?C=N;O=D HTTP/1.1" 200 1086 "-" "Mozilla/5.0 (Windows NT 10.0; Win64; x64; rv:147.0) Gecko/20100101 Firefox/147.0 (compatible; meta-externalagent/1.1 (+https://developers.facebook.com/docs/sharing/webmasters/crawler))"
74.7.227.164 - - [03/Sep/2026:16:18:42 +0000] "GET /vendor/aws/aws-sdk-php/src/data/finspace-data/2020-07-13/?C=D;O=A HTTP/1.1" 200 1154 "https://immovalet.com/vendor/aws/aws-sdk-php/src/data/finspace-data/2020-07-13/" "Mozilla/5.0 AppleWebKit/537.36 (KHTML, like Gecko; compatible; GPTBot/1.4; +https://openai.com/gptbot)"
74.7.227.164 - - [03/Sep/2026:16:18:43 +0000] "GET /vendor/laravel/framework/src/Illuminate/Contracts/Validation/?C=M;O=A HTTP/1.1" 200 2282 "https://immovalet.com/vendor/laravel/framework/src/Illuminate/Contracts/Validation/" "Mozilla/5.0 AppleWebKit/537.36 (KHTML, like Gecko; compatible; GPTBot/1.4; +https://openai.com/gptbot)"
74.7.227.164 - - [03/Sep/2026:16:18:46 +0000] "GET /vendor/laravel/framework/src/Illuminate/Contracts/Translation/?C=N;O=D HTTP/1.1" 200 1348 "https://immovalet.com/vendor/laravel/framework/src/Illuminate/Contracts/Translation/" "Mozilla/5.0 AppleWebKit/537.36 (KHTML, like Gecko; compatible; GPTBot/1.4; +https://openai.com/gptbot)"
57.141.4.3 - - [03/Sep/2026:16:18:47 +0000] "GET /platform/packages/sitemap/src/Providers/?C=N;O=D HTTP/1.1" 200 930 "-" "Mozilla/5.0 (Windows NT 10.0; Win64; x64) AppleWebKit/537.36 (KHTML, like Gecko) Chrome/145.0.0.0 Safari/537.36 (compatible; meta-externalagent/1.1 (+https://developers.facebook.com/docs/sharing/webmasters/crawler))"
74.7.227.164 - - [03/Sep/2026:16:18:47 +0000] "GET /vendor/aws/aws-sdk-php/src/data/finspace-data/2020-07-13/?C=N;O=A HTTP/1.1" 200 1154 "https://immovalet.com/vendor/aws/aws-sdk-php/src/data/finspace-data/2020-07-13/?C=N;O=D" "Mozilla/5.0 AppleWebKit/537.36 (KHTML, like Gecko; compatible; GPTBot/1.4; +https://openai.com/gptbot)"
57.141.4.35 - - [03/Sep/2026:16:18:47 +0000] "GET /vendor/dompdf/dompdf/lib/html5lib/?C=N;O=A HTTP/1.1" 200 1818 "-" "Mozilla/5.0 (Windows NT 10.0; Win64; x64) AppleWebKit/537.36 (KHTML, like Gecko) Chrome/145.0.0.0 Safari/537.36 Edg/145.0.0.0 (compatible; meta-externalagent/1.1 (+https://developers.facebook.com/docs/sharing/webmasters/crawler))"
57.141.4.34 - - [03/Sep/2026:16:18:48 +0000] "GET /vendor/composer/package-versions-deprecated/?C=N;O=D HTTP/1.1" 200 1978 "-" "Mozilla/5.0 (Windows NT 10.0; Win64; x64) AppleWebKit/537.36 (KHTML, like Gecko) Chrome/145.0.0.0 Safari/537.36 (compatible; meta-externalagent/1.1 (+https://developers.facebook.com/docs/sharing/webmasters/crawler))"
74.7.227.164 - - [03/Sep/2026:16:18:48 +0000] "GET /vendor/laravel/framework/src/Illuminate/Contracts/Translation/?C=S;O=A HTTP/1.1" 200 1348 "https://immovalet.com/vendor/laravel/framework/src/Illuminate/Contracts/Translation/" "Mozilla/5.0 AppleWebKit/537.36 (KHTML, like Gecko; compatible; GPTBot/1.4; +https://openai.com/gptbot)"
74.7.227.164 - - [03/Sep/2026:16:18:50 +0000] "GET /vendor/aws/aws-sdk-php/src/data/finspace-data/2020-07-13/?C=S;O=D HTTP/1.1" 200 1154 "https://immovalet.com/vendor/aws/aws-sdk-php/src/data/finspace-data/2020-07-13/?C=S;O=A" "Mozilla/5.0 AppleWebKit/537.36 (KHTML, like Gecko; compatible; GPTBot/1.4; +https://openai.com/gptbot)"
57.141.4.73 - - [03/Sep/2026:16:18:51 +0000] "GET /vendor/webmozart/assert/?C=N;O=D HTTP/1.1" 200 1573 "-" "Mozilla/5.0 (Windows NT 10.0; Win64; x64) AppleWebKit/537.36 (KHTML, like Gecko) Chrome/145.0.0.0 Safari/537.36 (compatible; meta-externalagent/1.1 (+https://developers.facebook.com/docs/sharing/webmasters/crawler))"
74.7.227.164 - - [03/Sep/2026:16:18:54 +0000] "GET /vendor/laravel/framework/src/Illuminate/Validation/Concerns/?C=N;O=D HTTP/1.1" 200 1558 "https://immovalet.com/vendor/laravel/framework/src/Illuminate/Validation/Concerns/" "Mozilla/5.0 AppleWebKit/537.36 (KHTML, like Gecko; compatible; GPTBot/1.4; +https://openai.com/gptbot)"
74.7.227.164 - - [03/Sep/2026:16:18:55 +0000] "GET /vendor/laravel/framework/src/Illuminate/Contracts/Validation/?C=S;O=A HTTP/1.1" 200 2282 "https://immovalet.com/vendor/laravel/framework/src/Illuminate/Contracts/Validation/" "Mozilla/5.0 AppleWebKit/537.36 (KHTML, like Gecko; compatible; GPTBot/1.4; +https://openai.com/gptbot)"
74.7.227.164 - - [03/Sep/2026:16:18:59 +0000] "GET /vendor/laravel/framework/src/Illuminate/Database/Connectors/?C=S;O=A HTTP/1.1" 200 2104 "https://immovalet.com/vendor/laravel/framework/src/Illuminate/Database/Connectors/" "Mozilla/5.0 AppleWebKit/537.36 (KHTML, like Gecko; compatible; GPTBot/1.4; +https://openai.com/gptbot)"
74.7.227.164 - - [03/Sep/2026:16:19:01 +0000] "GET /vendor/laravel/framework/src/Illuminate/Contracts/Translation/?C=N;O=A HTTP/1.1" 200 1348 "https://immovalet.com/vendor/laravel/framework/src/Illuminate/Contracts/Translation/?C=N;O=D" "Mozilla/5.0 AppleWebKit/537.36 (KHTML, like Gecko; compatible; GPTBot/1.4; +https://openai.com/gptbot)"
74.7.227.164 - - [03/Sep/2026:16:19:02 +0000] "GET /vendor/laravel/framework/src/Illuminate/Database/Connectors/?C=D;O=A HTTP/1.1" 200 2104 "https://immovalet.com/vendor/laravel/framework/src/Illuminate/Database/Connectors/" "Mozilla/5.0 AppleWebKit/537.36 (KHTML, like Gecko; compatible; GPTBot/1.4; +https://openai.com/gptbot)"
74.7.227.164 - - [03/Sep/2026:16:19:07 +0000] "GET /vendor/laravel/framework/src/Illuminate/Validation/Concerns/FormatsMessages.php HTTP/1.1" 500 - "https://immovalet.com/vendor/laravel/framework/src/Illuminate/Validation/Concerns/?C=N;O=D" "Mozilla/5.0 AppleWebKit/537.36 (KHTML, like Gecko; compatible; GPTBot/1.4; +https://openai.com/gptbot)"
74.7.227.164 - - [03/Sep/2026:16:19:08 +0000] "GET /vendor/laravel/framework/src/Illuminate/Contracts/Validation/Validator.php HTTP/1.1" 500 - "https://immovalet.com/vendor/laravel/framework/src/Illuminate/Contracts/Validation/?C=S;O=A" "Mozilla/5.0 AppleWebKit/537.36 (KHTML, like Gecko; compatible; GPTBot/1.4; +https://openai.com/gptbot)"
74.7.227.164 - - [03/Sep/2026:16:19:09 +0000] "GET /vendor/laravel/framework/src/Illuminate/Contracts/Validation/ImplicitRule.php HTTP/1.1" 500 - "https://immovalet.com/vendor/laravel/framework/src/Illuminate/Contracts/Validation/?C=S;O=A" "Mozilla/5.0 AppleWebKit/537.36 (KHTML, like Gecko; compatible; GPTBot/1.4; +https://openai.com/gptbot)"
57.141.4.67 - - [03/Sep/2026:16:19:10 +0000] "GET /vendor/aws/aws-sdk-php/src/ApplicationDiscoveryService/?C=S;O=A HTTP/1.1" 200 1146 "-" "Mozilla/5.0 (Macintosh; Intel Mac OS X 10_15_7) AppleWebKit/537.36 (KHTML, like Gecko) Chrome/145.0.0.0 Safari/537.36 (compatible; meta-externalagent/1.1 (+https://developers.facebook.com/docs/sharing/webmasters/crawler))"
74.7.227.164 - - [03/Sep/2026:16:19:10 +0000] "GET /vendor/laravel/framework/src/Illuminate/Database/Connectors/PostgresConnector.php HTTP/1.1" 500 - "https://immovalet.com/vendor/laravel/framework/src/Illuminate/Database/Connectors/?C=S;O=A" "Mozilla/5.0 AppleWebKit/537.36 (KHTML, like Gecko; compatible; GPTBot/1.4; +https://openai.com/gptbot)"
74.7.227.164 - - [03/Sep/2026:16:19:12 +0000] "GET /vendor/laravel/framework/src/Illuminate/Database/Connectors/SQLiteConnector.php HTTP/1.1" 500 - "https://immovalet.com/vendor/laravel/framework/src/Illuminate/Database/Connectors/?C=S;O=A" "Mozilla/5.0 AppleWebKit/537.36 (KHTML, like Gecko; compatible; GPTBot/1.4; +https://openai.com/gptbot)"
74.7.227.164 - - [03/Sep/2026:16:19:14 +0000] "GET /vendor/laravel/framework/src/Illuminate/Database/Connectors/SqlServerConnector.php HTTP/1.1" 500 - "https://immovalet.com/vendor/laravel/framework/src/Illuminate/Database/Connectors/?C=S;O=A" "Mozilla/5.0 AppleWebKit/537.36 (KHTML, like Gecko; compatible; GPTBot/1.4; +https://openai.com/gptbot)"
74.7.227.164 - - [03/Sep/2026:16:19:24 +0000] "GET /vendor/laravel/framework/src/Illuminate/Database/Connectors/MySqlConnector.php HTTP/1.1" 500 - "https://immovalet.com/vendor/laravel/framework/src/Illuminate/Database/Connectors/?C=S;O=A" "Mozilla/5.0 AppleWebKit/537.36 (KHTML, like Gecko; compatible; GPTBot/1.4; +https://openai.com/gptbot)"
57.141.4.23 - - [03/Sep/2026:16:19:29 +0000] "GET /platform/packages/slug/src/?C=N;O=D HTTP/1.1" 200 2821 "-" "Mozilla/5.0 (X11; Linux x86_64) AppleWebKit/537.36 (KHTML, like Gecko) Chrome/145.0.0.0 Safari/537.36 (compatible; meta-externalagent/1.1 (+https://developers.facebook.com/docs/sharing/webmasters/crawler))"
57.141.4.30 - - [03/Sep/2026:16:19:31 +0000] "GET /vendor/tijsverkoyen/ HTTP/1.1" 200 859 "-" "Mozilla/5.0 (Windows NT 10.0; Win64; x64) AppleWebKit/537.36 (KHTML, like Gecko) Chrome/145.0.0.0 Safari/537.36 (compatible; meta-externalagent/1.1 (+https://developers.facebook.com/docs/sharing/webmasters/crawler))"
57.141.4.55 - - [03/Sep/2026:16:19:32 +0000] "GET /platform/core/media/resources/lang/?C=N;O=A HTTP/1.1" 200 894 "-" "Mozilla/5.0 (Macintosh; Intel Mac OS X 10_15_7) AppleWebKit/537.36 (KHTML, like Gecko) Chrome/145.0.0.0 Safari/537.36 (compatible; meta-externalagent/1.1 (+https://developers.facebook.com/docs/sharing/webmasters/crawler))"
57.141.4.8 - - [03/Sep/2026:16:19:48 +0000] "GET /platform/packages/slug/helpers/?C=N;O=D HTTP/1.1" 200 889 "-" "Mozilla/5.0 (X11; Linux x86_64) AppleWebKit/537.36 (KHTML, like Gecko) Chrome/145.0.0.0 Safari/537.36 (compatible; meta-externalagent/1.1 (+https://developers.facebook.com/docs/sharing/webmasters/crawler))"
57.141.4.27 - - [03/Sep/2026:16:19:51 +0000] "GET /vendor/botble/sitemap/public/styles/?C=N;O=D HTTP/1.1" 200 1444 "-" "Mozilla/5.0 (Macintosh; Intel Mac OS X 10_15_7) AppleWebKit/537.36 (KHTML, like Gecko) Chrome/145.0.0.0 Safari/537.36 (compatible; meta-externalagent/1.1 (+https://developers.facebook.com/docs/sharing/webmasters/crawler))"
57.141.4.51 - - [03/Sep/2026:16:20:10 +0000] "GET /platform/plugins/testimonial/src/?C=S;O=A HTTP/1.1" 200 1952 "-" "Mozilla/5.0 (Windows NT 10.0; Win64; x64) AppleWebKit/537.36 (KHTML, like Gecko) Chrome/145.0.0.0 Safari/537.36 (compatible; meta-externalagent/1.1 (+https://developers.facebook.com/docs/sharing/webmasters/crawler))"
57.141.4.9 - - [03/Sep/2026:16:20:29 +0000] "GET /vendor/dragonmantank/cron-expression/src/Cron/DayOfWeekField.php HTTP/1.1" 500 - "-" "Mozilla/5.0 (Macintosh; Intel Mac OS X 10_15_7) AppleWebKit/537.36 (KHTML, like Gecko) Chrome/145.0.0.0 Safari/537.36 (compatible; meta-externalagent/1.1 (+https://developers.facebook.com/docs/sharing/webmasters/crawler))"
74.7.227.164 - - [03/Sep/2026:16:20:44 +0000] "GET /vendor/laravel/framework/src/Illuminate/Database/Connectors/Connector.php HTTP/1.1" 500 - "https://immovalet.com/vendor/laravel/framework/src/Illuminate/Database/Connectors/?C=S;O=A" "Mozilla/5.0 AppleWebKit/537.36 (KHTML, like Gecko; compatible; GPTBot/1.4; +https://openai.com/gptbot)"
57.141.4.63 - - [03/Sep/2026:16:20:48 +0000] "GET /vendor/moneyphp/money/src/Exchange.php HTTP/1.1" 200 - "-" "Mozilla/5.0 (Windows NT 10.0; Win64; x64) AppleWebKit/537.36 (KHTML, like Gecko) Chrome/145.0.0.0 Safari/537.36 (compatible; meta-externalagent/1.1 (+https://developers.facebook.com/docs/sharing/webmasters/crawler))"
57.141.4.52 - - [03/Sep/2026:16:20:48 +0000] "GET /platform/plugins/contact/config/?C=M;O=A HTTP/1.1" 200 1072 "-" "Mozilla/5.0 (Macintosh; Intel Mac OS X 10_15_7) AppleWebKit/537.36 (KHTML, like Gecko) Chrome/145.0.0.0 Safari/537.36 (compatible; meta-externalagent/1.1 (+https://developers.facebook.com/docs/sharing/webmasters/crawler))"
57.141.4.52 - - [03/Sep/2026:16:20:53 +0000] "GET /platform/plugins/blog/resources/lang/?C=D;O=A HTTP/1.1" 200 900 "-" "Mozilla/5.0 (Macintosh; Intel Mac OS X 10_15_7) AppleWebKit/537.36 (KHTML, like Gecko) Chrome/145.0.0.0 Safari/537.36 (compatible; meta-externalagent/1.1 (+https://developers.facebook.com/docs/sharing/webmasters/crawler))"
57.141.4.25 - - [03/Sep/2026:16:20:54 +0000] "GET /platform/plugins/payment/resources/ HTTP/1.1" 200 1240 "-" "Mozilla/5.0 (Windows NT 10.0; Win64; x64) AppleWebKit/537.36 (KHTML, like Gecko) Chrome/145.0.0.0 Safari/537.36 (compatible; meta-externalagent/1.1 (+https://developers.facebook.com/docs/sharing/webmasters/crawler))"
57.141.4.48 - - [03/Sep/2026:16:21:07 +0000] "GET /vendor/yajra/laravel-datatables-html/?C=D;O=D HTTP/1.1" 200 1777 "-" "Mozilla/5.0 (Macintosh; Intel Mac OS X 10_15_7) AppleWebKit/537.36 (KHTML, like Gecko) Chrome/145.0.0.0 Safari/537.36 (compatible; meta-externalagent/1.1 (+https://developers.facebook.com/docs/sharing/webmasters/crawler))"
57.141.4.64 - - [03/Sep/2026:16:21:27 +0000] "GET /vendor/botble/theme/src/Exceptions/ HTTP/1.1" 200 1515 "-" "Mozilla/5.0 (Macintosh; Intel Mac OS X 10_15_7) AppleWebKit/537.36 (KHTML, like Gecko) Chrome/145.0.0.0 Safari/537.36 (compatible; meta-externalagent/1.1 (+https://developers.facebook.com/docs/sharing/webmasters/crawler))"
57.141.4.18 - - [03/Sep/2026:16:21:31 +0000] "GET /resources/lang/vendor/plugins/cookie-consent/?C=D;O=A HTTP/1.1" 200 914 "-" "Mozilla/5.0 (Macintosh; Intel Mac OS X 10_15_7) AppleWebKit/537.36 (KHTML, like Gecko) Chrome/145.0.0.0 Safari/537.36 (compatible; meta-externalagent/1.1 (+https://developers.facebook.com/docs/sharing/webmasters/crawler))"
57.141.4.18 - - [03/Sep/2026:16:21:35 +0000] "GET /vendor/kris/?C=S;O=D HTTP/1.1" 200 843 "-" "Mozilla/5.0 (Windows NT 10.0; Win64; x64) AppleWebKit/537.36 (KHTML, like Gecko) Chrome/145.0.0.0 Safari/537.36 (compatible; meta-externalagent/1.1 (+https://developers.facebook.com/docs/sharing/webmasters/crawler))"
74.7.227.164 - - [03/Sep/2026:16:21:44 +0000] "GET /vendor/laravel/framework/src/Illuminate/Validation/Concerns/FilterEmailValidation.php HTTP/1.1" 500 - "https://immovalet.com/vendor/laravel/framework/src/Illuminate/Validation/Concerns/?C=N;O=D" "Mozilla/5.0 AppleWebKit/537.36 (KHTML, like Gecko; compatible; GPTBot/1.4; +https://openai.com/gptbot)"
57.141.4.19 - - [03/Sep/2026:16:21:45 +0000] "GET /platform/plugins/ecommerce/resources/?C=D;O=A HTTP/1.1" 200 1430 "-" "Mozilla/5.0 (Macintosh; Intel Mac OS X 10_15_7) AppleWebKit/537.36 (KHTML, like Gecko) Chrome/145.0.0.0 Safari/537.36 (compatible; meta-externalagent/1.1 (+https://developers.facebook.com/docs/sharing/webmasters/crawler))"
57.141.4.21 - - [03/Sep/2026:16:21:53 +0000] "GET /vendor/stripe/stripe-php/lib/?C=S;O=A HTTP/1.1" 200 18780 "-" "Mozilla/5.0 (Macintosh; Intel Mac OS X 10_15_7) AppleWebKit/537.36 (KHTML, like Gecko) Chrome/145.0.0.0 Safari/537.36 (compatible; meta-externalagent/1.1 (+https://developers.facebook.com/docs/sharing/webmasters/crawler))"
57.141.4.19 - - [03/Sep/2026:16:22:02 +0000] "GET /database/seeders/files/brands/?C=N;O=A HTTP/1.1" 200 1917 "-" "Mozilla/5.0 (X11; Linux x86_64) AppleWebKit/537.36 (KHTML, like Gecko) Chrome/145.0.0.0 Safari/537.36 (compatible; meta-externalagent/1.1 (+https://developers.facebook.com/docs/sharing/webmasters/crawler))"
57.141.4.29 - - [03/Sep/2026:16:22:03 +0000] "GET /routes/?C=S;O=D HTTP/1.1" 200 1346 "-" "Mozilla/5.0 (Windows NT 10.0; Win64; x64) AppleWebKit/537.36 (KHTML, like Gecko) Chrome/145.0.0.0 Safari/537.36 (compatible; meta-externalagent/1.1 (+https://developers.facebook.com/docs/sharing/webmasters/crawler))"
74.7.227.164 - - [03/Sep/2026:16:22:04 +0000] "GET /vendor/laravel/framework/src/Illuminate/Contracts/Validation/?C=S;O=D HTTP/1.1" 200 2282 "https://immovalet.com/vendor/laravel/framework/src/Illuminate/Contracts/Validation/?C=S;O=A" "Mozilla/5.0 AppleWebKit/537.36 (KHTML, like Gecko; compatible; GPTBot/1.4; +https://openai.com/gptbot)"
57.141.4.70 - - [03/Sep/2026:16:22:05 +0000] "GET /vendor/yajra/laravel-datatables-oracle/phpunit.xml.dist HTTP/1.1" 200 541 "-" "Mozilla/5.0 (Windows NT 10.0; Win64; x64) AppleWebKit/537.36 (KHTML, like Gecko) Chrome/145.0.0.0 Safari/537.36 (compatible; meta-externalagent/1.1 (+https://developers.facebook.com/docs/sharing/webmasters/crawler))"
74.7.227.164 - - [03/Sep/2026:16:22:41 +0000] "GET /vendor/laravel/framework/src/Illuminate/Validation/Concerns/?C=N;O=A HTTP/1.1" 200 1558 "https://immovalet.com/vendor/laravel/framework/src/Illuminate/Validation/Concerns/?C=N;O=D" "Mozilla/5.0 AppleWebKit/537.36 (KHTML, like Gecko; compatible; GPTBot/1.4; +https://openai.com/gptbot)"
57.141.4.37 - - [03/Sep/2026:16:22:46 +0000] "GET /vendor/stripe/stripe-php/lib/ApiResource.php HTTP/1.1" 500 - "-" "Mozilla/5.0 (Macintosh; Intel Mac OS X 10_15_7) AppleWebKit/537.36 (KHTML, like Gecko) Chrome/145.0.0.0 Safari/537.36 (compatible; meta-externalagent/1.1 (+https://developers.facebook.com/docs/sharing/webmasters/crawler))"
57.141.4.40 - - [03/Sep/2026:16:23:03 +0000] "GET /vendor/ralouphie/getallheaders/?C=D;O=A HTTP/1.1" 200 1230 "-" "Mozilla/5.0 (Windows NT 10.0; Win64; x64) AppleWebKit/537.36 (KHTML, like Gecko) Chrome/145.0.0.0 Safari/537.36 (compatible; meta-externalagent/1.1 (+https://developers.facebook.com/docs/sharing/webmasters/crawler))"
74.7.227.164 - - [03/Sep/2026:16:23:04 +0000] "GET /vendor/laravel/framework/src/Illuminate/Contracts/Validation/?C=N;O=A HTTP/1.1" 200 2282 "https://immovalet.com/vendor/laravel/framework/src/Illuminate/Contracts/Validation/?C=S;O=A" "Mozilla/5.0 AppleWebKit/537.36 (KHTML, like Gecko; compatible; GPTBot/1.4; +https://openai.com/gptbot)"
74.7.244.24 - - [03/Sep/2026:16:23:04 +0000] "GET /robots.txt HTTP/1.1" 404 16 "-" "Mozilla/5.0 (Macintosh; Intel Mac OS X 10_15_7) AppleWebKit/537.36 (KHTML, like Gecko) Chrome/131.0.0.0 Safari/537.36; compatible; OAI-SearchBot/1.4; robots.txt; +https://openai.com/searchbot"
57.141.4.30 - - [03/Sep/2026:16:23:07 +0000] "GET /vendor/kris/ HTTP/1.1" 200 843 "-" "Mozilla/5.0 (Windows NT 10.0; Win64; x64) AppleWebKit/537.36 (KHTML, like Gecko) Chrome/145.0.0.0 Safari/537.36 (compatible; meta-externalagent/1.1 (+https://developers.facebook.com/docs/sharing/webmasters/crawler))"
57.141.4.38 - - [03/Sep/2026:16:23:09 +0000] "GET /storage/framework/testing/?C=D;O=A HTTP/1.1" 200 867 "-" "Mozilla/5.0 (Windows NT 10.0; Win64; x64) AppleWebKit/537.36 (KHTML, like Gecko) Chrome/145.0.0.0 Safari/537.36 (compatible; meta-externalagent/1.1 (+https://developers.facebook.com/docs/sharing/webmasters/crawler))"
57.141.4.59 - - [03/Sep/2026:16:23:11 +0000] "GET /platform/plugins/blog/src/?C=N;O=A HTTP/1.1" 200 2639 "-" "Mozilla/5.0 (Windows NT 10.0; Win64; x64) AppleWebKit/537.36 (KHTML, like Gecko) Chrome/145.0.0.0 Safari/537.36 (compatible; meta-externalagent/1.1 (+https://developers.facebook.com/docs/sharing/webmasters/crawler))"
74.7.227.164 - - [03/Sep/2026:16:23:12 +0000] "GET /vendor/laravel/framework/src/Illuminate/Database/Connectors/?C=S;O=D HTTP/1.1" 200 2104 "https://immovalet.com/vendor/laravel/framework/src/Illuminate/Database/Connectors/?C=S;O=A" "Mozilla/5.0 AppleWebKit/537.36 (KHTML, like Gecko; compatible; GPTBot/1.4; +https://openai.com/gptbot)"
74.7.227.164 - - [03/Sep/2026:16:23:18 +0000] "GET /vendor/laravel/framework/src/Illuminate/Contracts/Translation/?C=M;O=A HTTP/1.1" 200 1348 "https://immovalet.com/vendor/laravel/framework/src/Illuminate/Contracts/Translation/" "Mozilla/5.0 AppleWebKit/537.36 (KHTML, like Gecko; compatible; GPTBot/1.4; +https://openai.com/gptbot)"
57.141.4.9 - - [03/Sep/2026:16:23:21 +0000] "GET /vendor/stripe/stripe-php/lib/Service/FileService.php HTTP/1.1" 500 - "-" "Mozilla/5.0 (Windows NT 10.0; Win64; x64) AppleWebKit/537.36 (KHTML, like Gecko) Chrome/145.0.0.0 Safari/537.36 (compatible; meta-externalagent/1.1 (+https://developers.facebook.com/docs/sharing/webmasters/crawler))"
57.141.4.73 - - [03/Sep/2026:16:23:33 +0000] "GET /platform/core/base/public/fonts/ HTTP/1.1" 200 1611 "-" "Mozilla/5.0 (Windows NT 10.0; Win64; x64) AppleWebKit/537.36 (KHTML, like Gecko) Chrome/145.0.0.0 Safari/537.36 (compatible; meta-externalagent/1.1 (+https://developers.facebook.com/docs/sharing/webmasters/crawler))"
74.7.227.164 - - [03/Sep/2026:16:23:34 +0000] "GET /vendor/laravel/framework/src/Illuminate/Validation/Concerns/?C=S;O=A HTTP/1.1" 200 1558 "https://immovalet.com/vendor/laravel/framework/src/Illuminate/Validation/Concerns/" "Mozilla/5.0 AppleWebKit/537.36 (KHTML, like Gecko; compatible; GPTBot/1.4; +https://openai.com/gptbot)"
74.7.227.164 - - [03/Sep/2026:16:23:36 +0000] "GET /vendor/laravel/framework/src/Illuminate/Database/Connectors/?C=N;O=A HTTP/1.1" 200 2104 "https://immovalet.com/vendor/laravel/framework/src/Illuminate/Database/Connectors/?C=S;O=A" "Mozilla/5.0 AppleWebKit/537.36 (KHTML, like Gecko; compatible; GPTBot/1.4; +https://openai.com/gptbot)"
57.141.4.72 - - [03/Sep/2026:16:23:38 +0000] "GET /vendor/symfony/polyfill-intl-idn/Resources/unidata/disallowed_STD3_mapped.php HTTP/1.1" 200 - "-" "Mozilla/5.0 (Windows NT 10.0; Win64; x64) AppleWebKit/537.36 (KHTML, like Gecko) Chrome/145.0.0.0 Safari/537.36 (compatible; meta-externalagent/1.1 (+https://developers.facebook.com/docs/sharing/webmasters/crawler))"
57.141.4.34 - - [03/Sep/2026:16:23:40 +0000] "GET /vendor/aws/aws-sdk-php/src/Inspector/?C=M;O=A HTTP/1.1" 200 1089 "-" "Mozilla/5.0 (Macintosh; Intel Mac OS X 10_15_7) AppleWebKit/537.36 (KHTML, like Gecko) Chrome/145.0.0.0 Safari/537.36 (compatible; meta-externalagent/1.1 (+https://developers.facebook.com/docs/sharing/webmasters/crawler))"
74.7.227.164 - - [03/Sep/2026:16:23:40 +0000] "GET /vendor/laravel/framework/src/Illuminate/Database/Connectors/?C=M;O=A HTTP/1.1" 200 2104 "https://immovalet.com/vendor/laravel/framework/src/Illuminate/Database/Connectors/" "Mozilla/5.0 AppleWebKit/537.36 (KHTML, like Gecko; compatible; GPTBot/1.4; +https://openai.com/gptbot)"
57.141.4.42 - - [03/Sep/2026:16:23:41 +0000] "GET /vendor/symfony/translation/Loader/LoaderInterface.php HTTP/1.1" 200 - "-" "Mozilla/5.0 (Windows NT 10.0; Win64; x64) AppleWebKit/537.36 (KHTML, like Gecko) Chrome/145.0.0.0 Safari/537.36 (compatible; meta-externalagent/1.1 (+https://developers.facebook.com/docs/sharing/webmasters/crawler))"
74.7.227.164 - - [03/Sep/2026:16:23:44 +0000] "GET /vendor/laravel/framework/src/Illuminate/Contracts/Validation/?C=N;O=D HTTP/1.1" 200 2282 "https://immovalet.com/vendor/laravel/framework/src/Illuminate/Contracts/Validation/" "Mozilla/5.0 AppleWebKit/537.36 (KHTML, like Gecko; compatible; GPTBot/1.4; +https://openai.com/gptbot)"
74.7.227.164 - - [03/Sep/2026:16:23:45 +0000] "GET /vendor/laravel/framework/src/Illuminate/Validation/Concerns/?C=M;O=A HTTP/1.1" 200 1558 "https://immovalet.com/vendor/laravel/framework/src/Illuminate/Validation/Concerns/" "Mozilla/5.0 AppleWebKit/537.36 (KHTML, like Gecko; compatible; GPTBot/1.4; +https://openai.com/gptbot)"
74.7.227.164 - - [03/Sep/2026:16:23:46 +0000] "GET /vendor/laravel/framework/src/Illuminate/Database/Connectors/?C=N;O=D HTTP/1.1" 200 2104 "https://immovalet.com/vendor/laravel/framework/src/Illuminate/Database/Connectors/" "Mozilla/5.0 AppleWebKit/537.36 (KHTML, like Gecko; compatible; GPTBot/1.4; +https://openai.com/gptbot)"
74.7.227.164 - - [03/Sep/2026:16:23:53 +0000] "GET /vendor/laravel/framework/src/Illuminate/Contracts/Validation/?C=D;O=A HTTP/1.1" 200 2282 "https://immovalet.com/vendor/laravel/framework/src/Illuminate/Contracts/Validation/" "Mozilla/5.0 AppleWebKit/537.36 (KHTML, like Gecko; compatible; GPTBot/1.4; +https://openai.com/gptbot)"
57.141.4.51 - - [03/Sep/2026:16:23:54 +0000] "GET /vendor/google/recaptcha/ARCHITECTURE.md HTTP/1.1" 200 2533 "-" "Mozilla/5.0 (Windows NT 10.0; Win64; x64) AppleWebKit/537.36 (KHTML, like Gecko) Chrome/145.0.0.0 Safari/537.36 (compatible; meta-externalagent/1.1 (+https://developers.facebook.com/docs/sharing/webmasters/crawler))"
74.7.227.164 - - [03/Sep/2026:16:23:55 +0000] "GET /vendor/laravel/framework/src/Illuminate/Contracts/Translation/?C=D;O=A HTTP/1.1" 200 1348 "https://immovalet.com/vendor/laravel/framework/src/Illuminate/Contracts/Translation/" "Mozilla/5.0 AppleWebKit/537.36 (KHTML, like Gecko; compatible; GPTBot/1.4; +https://openai.com/gptbot)"
57.141.4.3 - - [03/Sep/2026:16:23:56 +0000] "GET /vendor/botble/seo-helper/resources/ HTTP/1.1" 200 1240 "-" "Mozilla/5.0 (Macintosh; Intel Mac OS X 10_15_7) AppleWebKit/537.36 (KHTML, like Gecko) Chrome/145.0.0.0 Safari/537.36 (compatible; meta-externalagent/1.1 (+https://developers.facebook.com/docs/sharing/webmasters/crawler))"
74.7.227.164 - - [03/Sep/2026:16:23:59 +0000] "GET /storage/framework/cache/data/86/1c/?C=D;O=A HTTP/1.1" 200 936 "https://immovalet.com/storage/framework/cache/data/86/1c/" "Mozilla/5.0 AppleWebKit/537.36 (KHTML, like Gecko; compatible; GPTBot/1.4; +https://openai.com/gptbot)"
74.7.227.164 - - [03/Sep/2026:16:24:00 +0000] "GET /storage/framework/cache/data/67/e8/?C=S;O=A HTTP/1.1" 200 936 "https://immovalet.com/storage/framework/cache/data/67/e8/" "Mozilla/5.0 AppleWebKit/537.36 (KHTML, like Gecko; compatible; GPTBot/1.4; +https://openai.com/gptbot)"
74.7.227.164 - - [03/Sep/2026:16:24:03 +0000] "GET /storage/framework/cache/data/86/1c/?C=M;O=A HTTP/1.1" 200 936 "https://immovalet.com/storage/framework/cache/data/86/1c/" "Mozilla/5.0 AppleWebKit/537.36 (KHTML, like Gecko; compatible; GPTBot/1.4; +https://openai.com/gptbot)"
74.7.227.164 - - [03/Sep/2026:16:24:06 +0000] "GET /storage/framework/cache/data/46/9f/?C=N;O=D HTTP/1.1" 200 936 "https://immovalet.com/storage/framework/cache/data/46/9f/" "Mozilla/5.0 AppleWebKit/537.36 (KHTML, like Gecko; compatible; GPTBot/1.4; +https://openai.com/gptbot)"
57.141.4.28 - - [03/Sep/2026:16:24:07 +0000] "GET /platform/packages/revision/src/Providers/HookServiceProvider.php HTTP/1.1" 500 - "-" "Mozilla/5.0 (Macintosh; Intel Mac OS X 10_15_7) AppleWebKit/537.36 (KHTML, like Gecko) Chrome/145.0.0.0 Safari/537.36 (compatible; meta-externalagent/1.1 (+https://developers.facebook.com/docs/sharing/webmasters/crawler))"
74.7.227.164 - - [03/Sep/2026:16:24:10 +0000] "GET /storage/framework/cache/data/67/e8/?C=D;O=A HTTP/1.1" 200 936 "https://immovalet.com/storage/framework/cache/data/67/e8/" "Mozilla/5.0 AppleWebKit/537.36 (KHTML, like Gecko; compatible; GPTBot/1.4; +https://openai.com/gptbot)"
74.7.227.164 - - [03/Sep/2026:16:24:11 +0000] "GET /storage/framework/cache/data/46/9f/?C=D;O=A HTTP/1.1" 200 936 "https://immovalet.com/storage/framework/cache/data/46/9f/" "Mozilla/5.0 AppleWebKit/537.36 (KHTML, like Gecko; compatible; GPTBot/1.4; +https://openai.com/gptbot)"
74.7.227.164 - - [03/Sep/2026:16:24:14 +0000] "GET /storage/framework/cache/data/46/9f/?C=M;O=A HTTP/1.1" 200 936 "https://immovalet.com/storage/framework/cache/data/46/9f/" "Mozilla/5.0 AppleWebKit/537.36 (KHTML, like Gecko; compatible; GPTBot/1.4; +https://openai.com/gptbot)"
74.7.227.164 - - [03/Sep/2026:16:24:18 +0000] "GET /storage/framework/cache/data/86/1c/?C=N;O=D HTTP/1.1" 200 936 "https://immovalet.com/storage/framework/cache/data/86/1c/" "Mozilla/5.0 AppleWebKit/537.36 (KHTML, like Gecko; compatible; GPTBot/1.4; +https://openai.com/gptbot)"
74.7.227.164 - - [03/Sep/2026:16:24:20 +0000] "GET /storage/framework/cache/data/67/e8/?C=M;O=A HTTP/1.1" 200 936 "https://immovalet.com/storage/framework/cache/data/67/e8/" "Mozilla/5.0 AppleWebKit/537.36 (KHTML, like Gecko; compatible; GPTBot/1.4; +https://openai.com/gptbot)"
74.7.227.164 - - [03/Sep/2026:16:24:21 +0000] "GET /storage/framework/cache/data/46/9f/?C=S;O=A HTTP/1.1" 200 936 "https://immovalet.com/storage/framework/cache/data/46/9f/" "Mozilla/5.0 AppleWebKit/537.36 (KHTML, like Gecko; compatible; GPTBot/1.4; +https://openai.com/gptbot)"
74.7.227.164 - - [03/Sep/2026:16:24:22 +0000] "GET /storage/framework/cache/data/67/e8/?C=N;O=D HTTP/1.1" 200 936 "https://immovalet.com/storage/framework/cache/data/67/e8/" "Mozilla/5.0 AppleWebKit/537.36 (KHTML, like Gecko; compatible; GPTBot/1.4; +https://openai.com/gptbot)"
74.7.227.164 - - [03/Sep/2026:16:24:24 +0000] "GET /storage/framework/cache/data/86/1c/?C=S;O=A HTTP/1.1" 200 936 "https://immovalet.com/storage/framework/cache/data/86/1c/" "Mozilla/5.0 AppleWebKit/537.36 (KHTML, like Gecko; compatible; GPTBot/1.4; +https://openai.com/gptbot)"
74.7.227.164 - - [03/Sep/2026:16:24:26 +0000] "GET /vendor/doctrine/dbal/src/Driver/OCI8/Exception/?C=N;O=D HTTP/1.1" 200 1711 "https://immovalet.com/vendor/doctrine/dbal/src/Driver/OCI8/Exception/" "Mozilla/5.0 AppleWebKit/537.36 (KHTML, like Gecko; compatible; GPTBot/1.4; +https://openai.com/gptbot)"
57.141.4.59 - - [03/Sep/2026:16:24:26 +0000] "GET /vendor/aws/aws-sdk-php/src/DirectConnect/?C=D;O=A HTTP/1.1" 200 1101 "-" "Mozilla/5.0 (Windows NT 10.0; Win64; x64) AppleWebKit/537.36 (KHTML, like Gecko) Chrome/145.0.0.0 Safari/537.36 (compatible; meta-externalagent/1.1 (+https://developers.facebook.com/docs/sharing/webmasters/crawler))"
74.7.227.164 - - [03/Sep/2026:16:24:29 +0000] "GET /vendor/doctrine/dbal/src/Driver/OCI8/Exception/?C=D;O=A HTTP/1.1" 200 1711 "https://immovalet.com/vendor/doctrine/dbal/src/Driver/OCI8/Exception/" "Mozilla/5.0 AppleWebKit/537.36 (KHTML, like Gecko; compatible; GPTBot/1.4; +https://openai.com/gptbot)"
74.7.227.164 - - [03/Sep/2026:16:24:31 +0000] "GET /vendor/doctrine/dbal/src/Driver/OCI8/Exception/?C=S;O=D HTTP/1.1" 200 1711 "https://immovalet.com/vendor/doctrine/dbal/src/Driver/OCI8/Exception/?C=S;O=A" "Mozilla/5.0 AppleWebKit/537.36 (KHTML, like Gecko; compatible; GPTBot/1.4; +https://openai.com/gptbot)"
74.7.227.164 - - [03/Sep/2026:16:24:33 +0000] "GET /resources/lang/vendor/plugins/blog/vi/?C=D;O=A HTTP/1.1" 200 1445 "https://immovalet.com/resources/lang/vendor/plugins/blog/vi/" "Mozilla/5.0 AppleWebKit/537.36 (KHTML, like Gecko; compatible; GPTBot/1.4; +https://openai.com/gptbot)"
74.7.227.164 - - [03/Sep/2026:16:24:34 +0000] "GET /resources/lang/vendor/plugins/blog/vi/?C=S;O=A HTTP/1.1" 200 1445 "https://immovalet.com/resources/lang/vendor/plugins/blog/vi/" "Mozilla/5.0 AppleWebKit/537.36 (KHTML, like Gecko; compatible; GPTBot/1.4; +https://openai.com/gptbot)"
57.141.4.70 - - [03/Sep/2026:16:24:34 +0000] "GET /vendor/markbaker/matrix/?C=D;O=D HTTP/1.1" 200 1948 "-" "Mozilla/5.0 (Macintosh; Intel Mac OS X 10_15_7) AppleWebKit/537.36 (KHTML, like Gecko) Chrome/145.0.0.0 Safari/537.36 (compatible; meta-externalagent/1.1 (+https://developers.facebook.com/docs/sharing/webmasters/crawler))"
74.7.227.164 - - [03/Sep/2026:16:24:35 +0000] "GET /resources/lang/vendor/plugins/blog/vi/?C=N;O=D HTTP/1.1" 200 1445 "https://immovalet.com/resources/lang/vendor/plugins/blog/vi/" "Mozilla/5.0 AppleWebKit/537.36 (KHTML, like Gecko; compatible; GPTBot/1.4; +https://openai.com/gptbot)"
57.141.4.39 - - [03/Sep/2026:16:24:35 +0000] "GET /vendor/paragonie/random_compat/LICENSE HTTP/1.1" 200 1098 "-" "Mozilla/5.0 (Windows NT 10.0; Win64; x64) AppleWebKit/537.36 (KHTML, like Gecko) Chrome/145.0.0.0 Safari/537.36 (compatible; meta-externalagent/1.1 (+https://developers.facebook.com/docs/sharing/webmasters/crawler))"
74.7.227.164 - - [03/Sep/2026:16:24:36 +0000] "GET /resources/lang/vendor/plugins/blog/vi/?C=M;O=A HTTP/1.1" 200 1445 "https://immovalet.com/resources/lang/vendor/plugins/blog/vi/" "Mozilla/5.0 AppleWebKit/537.36 (KHTML, like Gecko; compatible; GPTBot/1.4; +https://openai.com/gptbot)"
74.7.227.164 - - [03/Sep/2026:16:24:41 +0000] "GET /storage/framework/cache/data/ac/7a/?C=N;O=D HTTP/1.1" 200 936 "https://immovalet.com/storage/framework/cache/data/ac/7a/" "Mozilla/5.0 AppleWebKit/537.36 (KHTML, like Gecko; compatible; GPTBot/1.4; +https://openai.com/gptbot)"
74.7.227.164 - - [03/Sep/2026:16:24:45 +0000] "GET /storage/framework/cache/data/ac/7a/?C=S;O=A HTTP/1.1" 200 936 "https://immovalet.com/storage/framework/cache/data/ac/7a/" "Mozilla/5.0 AppleWebKit/537.36 (KHTML, like Gecko; compatible; GPTBot/1.4; +https://openai.com/gptbot)"
74.7.227.164 - - [03/Sep/2026:16:24:47 +0000] "GET /resources/lang/vendor/plugins/blog/vi/?C=S;O=D HTTP/1.1" 200 1445 "https://immovalet.com/resources/lang/vendor/plugins/blog/vi/?C=S;O=A" "Mozilla/5.0 AppleWebKit/537.36 (KHTML, like Gecko; compatible; GPTBot/1.4; +https://openai.com/gptbot)"
74.7.227.164 - - [03/Sep/2026:16:24:48 +0000] "GET /resources/lang/vendor/plugins/blog/vi/?C=N;O=A HTTP/1.1" 200 1445 "https://immovalet.com/resources/lang/vendor/plugins/blog/vi/?C=S;O=A" "Mozilla/5.0 AppleWebKit/537.36 (KHTML, like Gecko; compatible; GPTBot/1.4; +https://openai.com/gptbot)"
57.141.4.26 - - [03/Sep/2026:16:24:48 +0000] "GET /platform/plugins/contact/routes/web.php HTTP/1.1" 500 - "-" "Mozilla/5.0 (Macintosh; Intel Mac OS X 10_15_7) AppleWebKit/537.36 (KHTML, like Gecko) Chrome/145.0.0.0 Safari/537.36 (compatible; meta-externalagent/1.1 (+https://developers.facebook.com/docs/sharing/webmasters/crawler))"
74.7.227.164 - - [03/Sep/2026:16:24:50 +0000] "GET /storage/framework/cache/data/ac/7a/?C=M;O=A HTTP/1.1" 200 936 "https://immovalet.com/storage/framework/cache/data/ac/7a/" "Mozilla/5.0 AppleWebKit/537.36 (KHTML, like Gecko; compatible; GPTBot/1.4; +https://openai.com/gptbot)"
57.141.4.52 - - [03/Sep/2026:16:24:53 +0000] "GET /platform/core/chart/?C=D;O=A HTTP/1.1" 200 1027 "-" "Mozilla/5.0 (Macintosh; Intel Mac OS X 10_15_7) AppleWebKit/537.36 (KHTML, like Gecko) Chrome/145.0.0.0 Safari/537.36 (compatible; meta-externalagent/1.1 (+https://developers.facebook.com/docs/sharing/webmasters/crawler))"
74.7.227.164 - - [03/Sep/2026:16:24:54 +0000] "GET /storage/framework/cache/data/ac/7a/?C=D;O=A HTTP/1.1" 200 936 "https://immovalet.com/storage/framework/cache/data/ac/7a/" "Mozilla/5.0 AppleWebKit/537.36 (KHTML, like Gecko; compatible; GPTBot/1.4; +https://openai.com/gptbot)"
74.7.227.164 - - [03/Sep/2026:16:24:55 +0000] "GET /vendor/intervention/image/src/Intervention/Image/Gd/Commands/ResizeCanvasCommand.php HTTP/1.1" 500 - "https://immovalet.com/vendor/intervention/image/src/Intervention/Image/Gd/Commands/" "Mozilla/5.0 AppleWebKit/537.36 (KHTML, like Gecko; compatible; GPTBot/1.4; +https://openai.com/gptbot)"
74.7.227.164 - - [03/Sep/2026:16:25:00 +0000] "GET /vendor/intervention/image/src/Intervention/Image/Imagick/Commands/OpacityCommand.php HTTP/1.1" 500 - "https://immovalet.com/vendor/intervention/image/src/Intervention/Image/Imagick/Commands/" "Mozilla/5.0 AppleWebKit/537.36 (KHTML, like Gecko; compatible; GPTBot/1.4; +https://openai.com/gptbot)"
74.7.227.164 - - [03/Sep/2026:16:25:03 +0000] "GET /vendor/intervention/image/src/Intervention/Image/Imagick/Commands/GetSizeCommand.php HTTP/1.1" 500 - "https://immovalet.com/vendor/intervention/image/src/Intervention/Image/Imagick/Commands/" "Mozilla/5.0 AppleWebKit/537.36 (KHTML, like Gecko; compatible; GPTBot/1.4; +https://openai.com/gptbot)"
74.7.227.164 - - [03/Sep/2026:16:25:17 +0000] "GET /vendor/aws/aws-sdk-php/src/CognitoSync/?C=N;O=D HTTP/1.1" 200 1095 "https://immovalet.com/vendor/aws/aws-sdk-php/src/CognitoSync/" "Mozilla/5.0 AppleWebKit/537.36 (KHTML, like Gecko; compatible; GPTBot/1.4; +https://openai.com/gptbot)"
74.7.227.164 - - [03/Sep/2026:16:25:21 +0000] "GET /vendor/aws/aws-sdk-php/src/IdentityStore/?C=N;O=D HTTP/1.1" 200 1101 "https://immovalet.com/vendor/aws/aws-sdk-php/src/IdentityStore/" "Mozilla/5.0 AppleWebKit/537.36 (KHTML, like Gecko; compatible; GPTBot/1.4; +https://openai.com/gptbot)"
57.141.4.12 - - [03/Sep/2026:16:25:21 +0000] "GET /platform/core/acl/public/ HTTP/1.1" 200 1209 "-" "Mozilla/5.0 (Macintosh; Intel Mac OS X 10_15_7) AppleWebKit/537.36 (KHTML, like Gecko) Chrome/145.0.0.0 Safari/537.36 (compatible; meta-externalagent/1.1 (+https://developers.facebook.com/docs/sharing/webmasters/crawler))"
57.141.4.5 - - [03/Sep/2026:16:25:25 +0000] "GET /vendor/psr/cache/?C=N;O=A HTTP/1.1" 200 1380 "-" "Mozilla/5.0 (Macintosh; Intel Mac OS X 10_15_7) AppleWebKit/537.36 (KHTML, like Gecko) Chrome/145.0.0.0 Safari/537.36 (compatible; meta-externalagent/1.1 (+https://developers.facebook.com/docs/sharing/webmasters/crawler))"
57.141.4.58 - - [03/Sep/2026:16:25:28 +0000] "GET /vendor/symfony/polyfill-iconv/?C=D;O=D HTTP/1.1" 200 1773 "-" "Mozilla/5.0 (Windows NT 10.0; Win64; x64) AppleWebKit/537.36 (KHTML, like Gecko) Chrome/145.0.0.0 Safari/537.36 (compatible; meta-externalagent/1.1 (+https://developers.facebook.com/docs/sharing/webmasters/crawler))"
216.73.216.242 - - [03/Sep/2026:16:25:29 +0000] "GET /robots.txt HTTP/1.1" 404 16 "-" "Mozilla/5.0 AppleWebKit/537.36 (KHTML, like Gecko; compatible; ClaudeBot/1.0; +claudebot@anthropic.com)"
74.7.227.164 - - [03/Sep/2026:16:25:29 +0000] "GET /vendor/aws/aws-sdk-php/src/LakeFormation/?C=S;O=A HTTP/1.1" 200 1101 "https://immovalet.com/vendor/aws/aws-sdk-php/src/LakeFormation/" "Mozilla/5.0 AppleWebKit/537.36 (KHTML, like Gecko; compatible; GPTBot/1.4; +https://openai.com/gptbot)"
74.7.227.164 - - [03/Sep/2026:16:25:30 +0000] "GET /vendor/aws/aws-sdk-php/src/AppRegistry/?C=N;O=D HTTP/1.1" 200 1095 "https://immovalet.com/vendor/aws/aws-sdk-php/src/AppRegistry/" "Mozilla/5.0 AppleWebKit/537.36 (KHTML, like Gecko; compatible; GPTBot/1.4; +https://openai.com/gptbot)"
74.7.227.164 - - [03/Sep/2026:16:25:32 +0000] "GET /vendor/aws/aws-sdk-php/src/CognitoSync/?C=M;O=A HTTP/1.1" 200 1095 "https://immovalet.com/vendor/aws/aws-sdk-php/src/CognitoSync/" "Mozilla/5.0 AppleWebKit/537.36 (KHTML, like Gecko; compatible; GPTBot/1.4; +https://openai.com/gptbot)"
74.7.227.164 - - [03/Sep/2026:16:25:33 +0000] "GET /vendor/aws/aws-sdk-php/src/IoTAnalytics/?C=M;O=A HTTP/1.1" 200 1098 "https://immovalet.com/vendor/aws/aws-sdk-php/src/IoTAnalytics/" "Mozilla/5.0 AppleWebKit/537.36 (KHTML, like Gecko; compatible; GPTBot/1.4; +https://openai.com/gptbot)"
74.7.227.164 - - [03/Sep/2026:16:25:36 +0000] "GET /vendor/aws/aws-sdk-php/src/CognitoSync/CognitoSyncClient.php HTTP/1.1" 500 - "https://immovalet.com/vendor/aws/aws-sdk-php/src/CognitoSync/?C=N;O=D" "Mozilla/5.0 AppleWebKit/537.36 (KHTML, like Gecko; compatible; GPTBot/1.4; +https://openai.com/gptbot)"
74.7.227.164 - - [03/Sep/2026:16:25:38 +0000] "GET /vendor/aws/aws-sdk-php/src/IdentityStore/IdentityStoreClient.php HTTP/1.1" 500 - "https://immovalet.com/vendor/aws/aws-sdk-php/src/IdentityStore/?C=N;O=D" "Mozilla/5.0 AppleWebKit/537.36 (KHTML, like Gecko; compatible; GPTBot/1.4; +https://openai.com/gptbot)"
74.7.227.164 - - [03/Sep/2026:16:25:47 +0000] "GET /vendor/aws/aws-sdk-php/src/LakeFormation/?C=M;O=A HTTP/1.1" 200 1101 "https://immovalet.com/vendor/aws/aws-sdk-php/src/LakeFormation/" "Mozilla/5.0 AppleWebKit/537.36 (KHTML, like Gecko; compatible; GPTBot/1.4; +https://openai.com/gptbot)"
74.7.227.164 - - [03/Sep/2026:16:25:49 +0000] "GET /vendor/aws/aws-sdk-php/src/AppRegistry/AppRegistryClient.php HTTP/1.1" 500 - "https://immovalet.com/vendor/aws/aws-sdk-php/src/AppRegistry/?C=N;O=D" "Mozilla/5.0 AppleWebKit/537.36 (KHTML, like Gecko; compatible; GPTBot/1.4; +https://openai.com/gptbot)"
74.7.227.164 - - [03/Sep/2026:16:25:51 +0000] "GET /vendor/aws/aws-sdk-php/src/GlueDataBrew/?C=M;O=A HTTP/1.1" 200 1098 "https://immovalet.com/vendor/aws/aws-sdk-php/src/GlueDataBrew/" "Mozilla/5.0 AppleWebKit/537.36 (KHTML, like Gecko; compatible; GPTBot/1.4; +https://openai.com/gptbot)"
74.7.227.164 - - [03/Sep/2026:16:25:54 +0000] "GET /vendor/aws/aws-sdk-php/src/LakeFormation/?C=D;O=A HTTP/1.1" 200 1101 "https://immovalet.com/vendor/aws/aws-sdk-php/src/LakeFormation/" "Mozilla/5.0 AppleWebKit/537.36 (KHTML, like Gecko; compatible; GPTBot/1.4; +https://openai.com/gptbot)"
74.7.227.164 - - [03/Sep/2026:16:26:00 +0000] "GET /vendor/aws/aws-sdk-php/src/EventBridge/?C=M;O=A HTTP/1.1" 200 1095 "https://immovalet.com/vendor/aws/aws-sdk-php/src/EventBridge/" "Mozilla/5.0 AppleWebKit/537.36 (KHTML, like Gecko; compatible; GPTBot/1.4; +https://openai.com/gptbot)"
74.7.227.164 - - [03/Sep/2026:16:26:04 +0000] "GET /vendor/aws/aws-sdk-php/src/CognitoSync/?C=D;O=A HTTP/1.1" 200 1095 "https://immovalet.com/vendor/aws/aws-sdk-php/src/CognitoSync/" "Mozilla/5.0 AppleWebKit/537.36 (KHTML, like Gecko; compatible; GPTBot/1.4; +https://openai.com/gptbot)"
74.7.227.164 - - [03/Sep/2026:16:26:07 +0000] "GET /vendor/aws/aws-sdk-php/src/AutoScaling/?C=S;O=A HTTP/1.1" 200 1095 "https://immovalet.com/vendor/aws/aws-sdk-php/src/AutoScaling/" "Mozilla/5.0 AppleWebKit/537.36 (KHTML, like Gecko; compatible; GPTBot/1.4; +https://openai.com/gptbot)"
74.7.227.164 - - [03/Sep/2026:16:26:09 +0000] "GET /vendor/aws/aws-sdk-php/src/ConfigService/?C=N;O=D HTTP/1.1" 200 1101 "https://immovalet.com/vendor/aws/aws-sdk-php/src/ConfigService/" "Mozilla/5.0 AppleWebKit/537.36 (KHTML, like Gecko; compatible; GPTBot/1.4; +https://openai.com/gptbot)"
57.141.4.22 - - [03/Sep/2026:16:26:10 +0000] "GET /vendor/maatwebsite/excel/src/Jobs/CloseSheet.php HTTP/1.1" 500 - "-" "Mozilla/5.0 (Windows NT 10.0; Win64; x64) AppleWebKit/537.36 (KHTML, like Gecko) Chrome/145.0.0.0 Safari/537.36 (compatible; meta-externalagent/1.1 (+https://developers.facebook.com/docs/sharing/webmasters/crawler))"
74.7.227.164 - - [03/Sep/2026:16:26:10 +0000] "GET /vendor/aws/aws-sdk-php/src/GlueDataBrew/?C=S;O=A HTTP/1.1" 200 1098 "https://immovalet.com/vendor/aws/aws-sdk-php/src/GlueDataBrew/" "Mozilla/5.0 AppleWebKit/537.36 (KHTML, like Gecko; compatible; GPTBot/1.4; +https://openai.com/gptbot)"
57.141.4.26 - - [03/Sep/2026:16:26:12 +0000] "GET /resources/lang/vendor/core/setting/en/ HTTP/1.1" 200 913 "-" "Mozilla/5.0 (Macintosh; Intel Mac OS X 10_15_7) AppleWebKit/537.36 (KHTML, like Gecko) Chrome/145.0.0.0 Safari/537.36 (compatible; meta-externalagent/1.1 (+https://developers.facebook.com/docs/sharing/webmasters/crawler))"
74.7.227.164 - - [03/Sep/2026:16:26:13 +0000] "GET /vendor/aws/aws-sdk-php/src/imagebuilder/?C=D;O=A HTTP/1.1" 200 1098 "https://immovalet.com/vendor/aws/aws-sdk-php/src/imagebuilder/" "Mozilla/5.0 AppleWebKit/537.36 (KHTML, like Gecko; compatible; GPTBot/1.4; +https://openai.com/gptbot)"
74.7.227.164 - - [03/Sep/2026:16:26:15 +0000] "GET /vendor/aws/aws-sdk-php/src/WafRegional/?C=M;O=A HTTP/1.1" 200 1095 "https://immovalet.com/vendor/aws/aws-sdk-php/src/WafRegional/" "Mozilla/5.0 AppleWebKit/537.36 (KHTML, like Gecko; compatible; GPTBot/1.4; +https://openai.com/gptbot)"
74.7.227.164 - - [03/Sep/2026:16:26:16 +0000] "GET /vendor/aws/aws-sdk-php/src/PinpointEmail/?C=D;O=A HTTP/1.1" 200 1101 "https://immovalet.com/vendor/aws/aws-sdk-php/src/PinpointEmail/" "Mozilla/5.0 AppleWebKit/537.36 (KHTML, like Gecko; compatible; GPTBot/1.4; +https://openai.com/gptbot)"
74.7.227.164 - - [03/Sep/2026:16:26:19 +0000] "GET /vendor/aws/aws-sdk-php/src/AutoScaling/?C=S;O=D HTTP/1.1" 200 1095 "https://immovalet.com/vendor/aws/aws-sdk-php/src/AutoScaling/?C=S;O=A" "Mozilla/5.0 AppleWebKit/537.36 (KHTML, like Gecko; compatible; GPTBot/1.4; +https://openai.com/gptbot)"
74.7.227.164 - - [03/Sep/2026:16:26:21 +0000] "GET /vendor/aws/aws-sdk-php/src/ConfigService/ConfigServiceClient.php HTTP/1.1" 500 - "https://immovalet.com/vendor/aws/aws-sdk-php/src/ConfigService/?C=N;O=D" "Mozilla/5.0 AppleWebKit/537.36 (KHTML, like Gecko; compatible; GPTBot/1.4; +https://openai.com/gptbot)"
57.141.4.68 - - [03/Sep/2026:16:26:21 +0000] "GET /vendor/botble/menu/?C=N;O=D HTTP/1.1" 200 2266 "-" "Mozilla/5.0 (Windows NT 10.0; Win64; x64) AppleWebKit/537.36 (KHTML, like Gecko) Chrome/145.0.0.0 Safari/537.36 (compatible; meta-externalagent/1.1 (+https://developers.facebook.com/docs/sharing/webmasters/crawler))"
74.7.227.164 - - [03/Sep/2026:16:26:23 +0000] "GET /vendor/aws/aws-sdk-php/src/ConfigService/?C=N;O=A HTTP/1.1" 200 1101 "https://immovalet.com/vendor/aws/aws-sdk-php/src/ConfigService/?C=N;O=D" "Mozilla/5.0 AppleWebKit/537.36 (KHTML, like Gecko; compatible; GPTBot/1.4; +https://openai.com/gptbot)"
74.7.227.164 - - [03/Sep/2026:16:26:23 +0000] "GET /vendor/aws/aws-sdk-php/src/WafRegional/?C=D;O=A HTTP/1.1" 200 1095 "https://immovalet.com/vendor/aws/aws-sdk-php/src/WafRegional/" "Mozilla/5.0 AppleWebKit/537.36 (KHTML, like Gecko; compatible; GPTBot/1.4; +https://openai.com/gptbot)"
74.7.227.164 - - [03/Sep/2026:16:26:24 +0000] "GET /vendor/aws/aws-sdk-php/src/PinpointEmail/?C=S;O=A HTTP/1.1" 200 1101 "https://immovalet.com/vendor/aws/aws-sdk-php/src/PinpointEmail/" "Mozilla/5.0 AppleWebKit/537.36 (KHTML, like Gecko; compatible; GPTBot/1.4; +https://openai.com/gptbot)"
74.7.227.164 - - [03/Sep/2026:16:26:25 +0000] "GET /vendor/aws/aws-sdk-php/src/LakeFormation/?C=N;O=D HTTP/1.1" 200 1101 "https://immovalet.com/vendor/aws/aws-sdk-php/src/LakeFormation/" "Mozilla/5.0 AppleWebKit/537.36 (KHTML, like Gecko; compatible; GPTBot/1.4; +https://openai.com/gptbot)"
