104.196.115.188 - - [03/Sep/2026:14:30:52 +0000] "GET /api/v1/env HTTP/1.1" 401 12598 "-" "Mozilla/5.0 (Windows NT 10.0; Win64; x64) AppleWebKit/537.36 (KHTML, like Gecko) Chrome/148.0.0.0 Safari/537.36"
104.196.115.188 - - [03/Sep/2026:14:30:52 +0000] "GET /runtime.js HTTP/1.1" 404 3499 "-" "Mozilla/5.0 (Windows NT 10.0; Win64; x64) AppleWebKit/537.36 (KHTML, like Gecko) Chrome/148.0.0.0 Safari/537.36"
104.196.115.188 - - [03/Sep/2026:14:30:52 +0000] "GET /__env.js HTTP/1.1" 401 12600 "-" "Mozilla/5.0 (Windows NT 10.0; Win64; x64) AppleWebKit/537.36 (KHTML, like Gecko) Chrome/148.0.0.0 Safari/537.36"
104.196.115.188 - - [03/Sep/2026:14:30:52 +0000] "GET /swagger.json HTTP/1.1" 401 12603 "-" "Mozilla/5.0 (Windows NT 10.0; Win64; x64) AppleWebKit/537.36 (KHTML, like Gecko) Chrome/148.0.0.0 Safari/537.36"
104.196.115.188 - - [03/Sep/2026:14:30:52 +0000] "GET /health HTTP/1.1" 401 12596 "-" "Mozilla/5.0 (Windows NT 10.0; Win64; x64) AppleWebKit/537.36 (KHTML, like Gecko) Chrome/148.0.0.0 Safari/537.36"
104.196.115.188 - - [03/Sep/2026:14:30:52 +0000] "GET /configuration.js HTTP/1.1" 404 3499 "-" "Mozilla/5.0 (Windows NT 10.0; Win64; x64) AppleWebKit/537.36 (KHTML, like Gecko) Chrome/148.0.0.0 Safari/537.36"
104.196.115.188 - - [03/Sep/2026:14:30:52 +0000] "GET /settings.js HTTP/1.1" 404 3499 "-" "Mozilla/5.0 (Windows NT 10.0; Win64; x64) AppleWebKit/537.36 (KHTML, like Gecko) Chrome/148.0.0.0 Safari/537.36"
74.7.227.164 - - [03/Sep/2026:14:31:12 +0000] "GET /vendor/aws/aws-sdk-php/src/Signature/?C=N;O=A HTTP/1.1" 200 1847 "https://immovalet.com/vendor/aws/aws-sdk-php/src/Signature/?C=S;O=A" "Mozilla/5.0 AppleWebKit/537.36 (KHTML, like Gecko; compatible; GPTBot/1.4; +https://openai.com/gptbot)"
57.141.4.20 - - [03/Sep/2026:14:31:17 +0000] "GET /vendor/symfony/translation/Util/?C=M;O=D HTTP/1.1" 200 1082 "-" "Mozilla/5.0 (Macintosh; Intel Mac OS X 10_15_7) AppleWebKit/537.36 (KHTML, like Gecko) Chrome/145.0.0.0 Safari/537.36 (compatible; meta-externalagent/1.1 (+https://developers.facebook.com/docs/sharing/webmasters/crawler))"
57.141.4.66 - - [03/Sep/2026:14:31:20 +0000] "GET /resources/lang/vendor/?C=M;O=A HTTP/1.1" 200 1208 "-" "Mozilla/5.0 (Macintosh; Intel Mac OS X 10_15_7) AppleWebKit/537.36 (KHTML, like Gecko) Chrome/145.0.0.0 Safari/537.36 (compatible; meta-externalagent/1.1 (+https://developers.facebook.com/docs/sharing/webmasters/crawler))"
74.7.227.164 - - [03/Sep/2026:14:31:32 +0000] "GET /vendor/aws/aws-sdk-php/src/Signature/?C=S;O=D HTTP/1.1" 200 1847 "https://immovalet.com/vendor/aws/aws-sdk-php/src/Signature/?C=S;O=A" "Mozilla/5.0 AppleWebKit/537.36 (KHTML, like Gecko; compatible; GPTBot/1.4; +https://openai.com/gptbot)"
57.141.4.48 - - [03/Sep/2026:14:31:37 +0000] "GET /bootstrap/?C=D;O=D HTTP/1.1" 200 992 "-" "Mozilla/5.0 (Macintosh; Intel Mac OS X 10_15_7) AppleWebKit/537.36 (KHTML, like Gecko) Chrome/145.0.0.0 Safari/537.36 (compatible; meta-externalagent/1.1 (+https://developers.facebook.com/docs/sharing/webmasters/crawler))"
216.73.216.242 - - [03/Sep/2026:14:31:57 +0000] "GET /vendor/rmccue/requests/library/Requests/Exception/HTTP/?C=S&O=A HTTP/1.1" 200 6562 "-" "Mozilla/5.0 AppleWebKit/537.36 (KHTML, like Gecko; compatible; ClaudeBot/1.0; +claudebot@anthropic.com)"
74.7.227.164 - - [03/Sep/2026:14:32:19 +0000] "GET /vendor/aws/aws-sdk-php/src/IoTEvents/?C=N;O=D HTTP/1.1" 200 1089 "https://immovalet.com/vendor/aws/aws-sdk-php/src/IoTEvents/" "Mozilla/5.0 AppleWebKit/537.36 (KHTML, like Gecko; compatible; GPTBot/1.4; +https://openai.com/gptbot)"
74.7.227.164 - - [03/Sep/2026:14:32:31 +0000] "GET /vendor/aws/aws-sdk-php/src/Signature/?C=N;O=D HTTP/1.1" 200 1847 "https://immovalet.com/vendor/aws/aws-sdk-php/src/Signature/" "Mozilla/5.0 AppleWebKit/537.36 (KHTML, like Gecko; compatible; GPTBot/1.4; +https://openai.com/gptbot)"
74.7.227.164 - - [03/Sep/2026:14:32:35 +0000] "GET /vendor/aws/aws-sdk-php/src/Lightsail/?C=M;O=A HTTP/1.1" 200 1089 "https://immovalet.com/vendor/aws/aws-sdk-php/src/Lightsail/" "Mozilla/5.0 AppleWebKit/537.36 (KHTML, like Gecko; compatible; GPTBot/1.4; +https://openai.com/gptbot)"
74.7.227.164 - - [03/Sep/2026:14:32:41 +0000] "GET /vendor/aws/aws-sdk-php/src/IoTEvents/?C=D;O=A HTTP/1.1" 200 1089 "https://immovalet.com/vendor/aws/aws-sdk-php/src/IoTEvents/" "Mozilla/5.0 AppleWebKit/537.36 (KHTML, like Gecko; compatible; GPTBot/1.4; +https://openai.com/gptbot)"
57.141.4.47 - - [03/Sep/2026:14:32:42 +0000] "GET /storage/framework/sessions/1Oz9tiOjF715OagMG6GMiJpTAbLROxpm6K3Nbgmw HTTP/1.1" 200 193 "-" "Mozilla/5.0 (X11; Linux x86_64) AppleWebKit/537.36 (KHTML, like Gecko) Chrome/145.0.0.0 Safari/537.36 (compatible; meta-externalagent/1.1 (+https://developers.facebook.com/docs/sharing/webmasters/crawler))"
74.7.227.164 - - [03/Sep/2026:14:32:43 +0000] "GET /vendor/aws/aws-sdk-php/src/AppConfig/?C=N;O=D HTTP/1.1" 200 1089 "https://immovalet.com/vendor/aws/aws-sdk-php/src/AppConfig/" "Mozilla/5.0 AppleWebKit/537.36 (KHTML, like Gecko; compatible; GPTBot/1.4; +https://openai.com/gptbot)"
74.7.227.164 - - [03/Sep/2026:14:32:45 +0000] "GET /vendor/aws/aws-sdk-php/src/Multipart/?C=M;O=A HTTP/1.1" 200 1291 "https://immovalet.com/vendor/aws/aws-sdk-php/src/Multipart/" "Mozilla/5.0 AppleWebKit/537.36 (KHTML, like Gecko; compatible; GPTBot/1.4; +https://openai.com/gptbot)"
74.7.227.164 - - [03/Sep/2026:14:32:48 +0000] "GET /vendor/aws/aws-sdk-php/src/Exception/?C=S;O=A HTTP/1.1" 200 3289 "https://immovalet.com/vendor/aws/aws-sdk-php/src/Exception/" "Mozilla/5.0 AppleWebKit/537.36 (KHTML, like Gecko; compatible; GPTBot/1.4; +https://openai.com/gptbot)"
74.7.227.164 - - [03/Sep/2026:14:32:48 +0000] "GET /vendor/aws/aws-sdk-php/src/AppConfig/?C=N;O=A HTTP/1.1" 200 1089 "https://immovalet.com/vendor/aws/aws-sdk-php/src/AppConfig/?C=S;O=A" "Mozilla/5.0 AppleWebKit/537.36 (KHTML, like Gecko; compatible; GPTBot/1.4; +https://openai.com/gptbot)"
74.7.227.164 - - [03/Sep/2026:14:32:49 +0000] "GET /vendor/aws/aws-sdk-php/src/IoTEvents/IoTEventsClient.php HTTP/1.1" 500 - "https://immovalet.com/vendor/aws/aws-sdk-php/src/IoTEvents/?C=N;O=D" "Mozilla/5.0 AppleWebKit/537.36 (KHTML, like Gecko; compatible; GPTBot/1.4; +https://openai.com/gptbot)"
74.7.227.164 - - [03/Sep/2026:14:32:50 +0000] "GET /vendor/aws/aws-sdk-php/src/IoTEvents/?C=N;O=A HTTP/1.1" 200 1089 "https://immovalet.com/vendor/aws/aws-sdk-php/src/IoTEvents/?C=N;O=D" "Mozilla/5.0 AppleWebKit/537.36 (KHTML, like Gecko; compatible; GPTBot/1.4; +https://openai.com/gptbot)"
74.7.227.164 - - [03/Sep/2026:14:32:51 +0000] "GET /vendor/aws/aws-sdk-php/src/Lightsail/?C=S;O=A HTTP/1.1" 200 1089 "https://immovalet.com/vendor/aws/aws-sdk-php/src/Lightsail/" "Mozilla/5.0 AppleWebKit/537.36 (KHTML, like Gecko; compatible; GPTBot/1.4; +https://openai.com/gptbot)"
74.7.227.164 - - [03/Sep/2026:14:32:52 +0000] "GET /vendor/aws/aws-sdk-php/src/AppConfig/?C=S;O=D HTTP/1.1" 200 1089 "https://immovalet.com/vendor/aws/aws-sdk-php/src/AppConfig/?C=S;O=A" "Mozilla/5.0 AppleWebKit/537.36 (KHTML, like Gecko; compatible; GPTBot/1.4; +https://openai.com/gptbot)"
74.7.227.164 - - [03/Sep/2026:14:32:52 +0000] "GET /vendor/aws/aws-sdk-php/src/CodeBuild/?C=D;O=A HTTP/1.1" 200 1089 "https://immovalet.com/vendor/aws/aws-sdk-php/src/CodeBuild/" "Mozilla/5.0 AppleWebKit/537.36 (KHTML, like Gecko; compatible; GPTBot/1.4; +https://openai.com/gptbot)"
74.7.227.164 - - [03/Sep/2026:14:32:53 +0000] "GET /vendor/aws/aws-sdk-php/src/Exception/?C=D;O=A HTTP/1.1" 200 3289 "https://immovalet.com/vendor/aws/aws-sdk-php/src/Exception/" "Mozilla/5.0 AppleWebKit/537.36 (KHTML, like Gecko; compatible; GPTBot/1.4; +https://openai.com/gptbot)"
74.7.227.164 - - [03/Sep/2026:14:32:55 +0000] "GET /vendor/aws/aws-sdk-php/src/Exception/CouldNotCreateChecksumException.php HTTP/1.1" 500 - "https://immovalet.com/vendor/aws/aws-sdk-php/src/Exception/?C=S;O=A" "Mozilla/5.0 AppleWebKit/537.36 (KHTML, like Gecko; compatible; GPTBot/1.4; +https://openai.com/gptbot)"
74.7.227.164 - - [03/Sep/2026:14:32:56 +0000] "GET /vendor/aws/aws-sdk-php/src/Exception/IncalculablePayloadException.php HTTP/1.1" 500 - "https://immovalet.com/vendor/aws/aws-sdk-php/src/Exception/?C=S;O=A" "Mozilla/5.0 AppleWebKit/537.36 (KHTML, like Gecko; compatible; GPTBot/1.4; +https://openai.com/gptbot)"
74.7.227.164 - - [03/Sep/2026:14:32:57 +0000] "GET /vendor/aws/aws-sdk-php/src/Exception/UnresolvedSignatureException.php HTTP/1.1" 500 - "https://immovalet.com/vendor/aws/aws-sdk-php/src/Exception/?C=S;O=A" "Mozilla/5.0 AppleWebKit/537.36 (KHTML, like Gecko; compatible; GPTBot/1.4; +https://openai.com/gptbot)"
74.7.227.164 - - [03/Sep/2026:14:32:58 +0000] "GET /vendor/aws/aws-sdk-php/src/Exception/InvalidJsonException.php HTTP/1.1" 500 - "https://immovalet.com/vendor/aws/aws-sdk-php/src/Exception/?C=S;O=A" "Mozilla/5.0 AppleWebKit/537.36 (KHTML, like Gecko; compatible; GPTBot/1.4; +https://openai.com/gptbot)"
74.7.227.164 - - [03/Sep/2026:14:33:01 +0000] "GET /vendor/aws/aws-sdk-php/src/Exception/UnresolvedEndpointException.php HTTP/1.1" 500 - "https://immovalet.com/vendor/aws/aws-sdk-php/src/Exception/?C=S;O=A" "Mozilla/5.0 AppleWebKit/537.36 (KHTML, like Gecko; compatible; GPTBot/1.4; +https://openai.com/gptbot)"
74.7.227.164 - - [03/Sep/2026:14:33:04 +0000] "GET /vendor/aws/aws-sdk-php/src/Exception/CredentialsException.php HTTP/1.1" 500 - "https://immovalet.com/vendor/aws/aws-sdk-php/src/Exception/?C=S;O=A" "Mozilla/5.0 AppleWebKit/537.36 (KHTML, like Gecko; compatible; GPTBot/1.4; +https://openai.com/gptbot)"
74.7.227.164 - - [03/Sep/2026:14:33:10 +0000] "GET /vendor/aws/aws-sdk-php/src/Exception/UnresolvedApiException.php HTTP/1.1" 500 - "https://immovalet.com/vendor/aws/aws-sdk-php/src/Exception/?C=S;O=A" "Mozilla/5.0 AppleWebKit/537.36 (KHTML, like Gecko; compatible; GPTBot/1.4; +https://openai.com/gptbot)"
74.7.227.164 - - [03/Sep/2026:14:33:19 +0000] "GET /vendor/aws/aws-sdk-php/src/Exception/InvalidRegionException.php HTTP/1.1" 500 - "https://immovalet.com/vendor/aws/aws-sdk-php/src/Exception/?C=S;O=A" "Mozilla/5.0 AppleWebKit/537.36 (KHTML, like Gecko; compatible; GPTBot/1.4; +https://openai.com/gptbot)"
74.7.227.164 - - [03/Sep/2026:14:33:31 +0000] "GET /vendor/aws/aws-sdk-php/src/Exception/MultipartUploadException.php HTTP/1.1" 500 - "https://immovalet.com/vendor/aws/aws-sdk-php/src/Exception/?C=S;O=A" "Mozilla/5.0 AppleWebKit/537.36 (KHTML, like Gecko; compatible; GPTBot/1.4; +https://openai.com/gptbot)"
74.7.227.164 - - [03/Sep/2026:14:33:51 +0000] "GET /vendor/aws/aws-sdk-php/src/Exception/AwsException.php HTTP/1.1" 500 - "https://immovalet.com/vendor/aws/aws-sdk-php/src/Exception/?C=S;O=A" "Mozilla/5.0 AppleWebKit/537.36 (KHTML, like Gecko; compatible; GPTBot/1.4; +https://openai.com/gptbot)"
74.7.227.164 - - [03/Sep/2026:14:34:11 +0000] "GET /vendor/aws/aws-sdk-php/src/Exception/?C=S;O=D HTTP/1.1" 200 3289 "https://immovalet.com/vendor/aws/aws-sdk-php/src/Exception/?C=S;O=A" "Mozilla/5.0 AppleWebKit/537.36 (KHTML, like Gecko; compatible; GPTBot/1.4; +https://openai.com/gptbot)"
57.141.4.53 - - [03/Sep/2026:14:34:25 +0000] "GET /platform/plugins/testimonial/database/?C=N;O=D HTTP/1.1" 200 907 "-" "Mozilla/5.0 (Macintosh; Intel Mac OS X 10_15_7) AppleWebKit/537.36 (KHTML, like Gecko) Chrome/145.0.0.0 Safari/537.36 (compatible; meta-externalagent/1.1 (+https://developers.facebook.com/docs/sharing/webmasters/crawler))"
57.141.4.49 - - [03/Sep/2026:14:34:29 +0000] "GET /vendor/doctrine/lexer/?C=N;O=D HTTP/1.1" 200 1211 "-" "Mozilla/5.0 (Macintosh; Intel Mac OS X 10_15_7) AppleWebKit/537.36 (KHTML, like Gecko) Chrome/145.0.0.0 Safari/537.36 (compatible; meta-externalagent/1.1 (+https://developers.facebook.com/docs/sharing/webmasters/crawler))"
57.141.4.1 - - [03/Sep/2026:14:34:30 +0000] "GET /platform/plugins/blog/resources/views/partials/ HTTP/1.1" 200 965 "-" "Mozilla/5.0 (Macintosh; Intel Mac OS X 10_15_7) AppleWebKit/537.36 (KHTML, like Gecko) Chrome/145.0.0.0 Safari/537.36 (compatible; meta-externalagent/1.1 (+https://developers.facebook.com/docs/sharing/webmasters/crawler))"
57.141.4.28 - - [03/Sep/2026:14:34:31 +0000] "GET /platform/packages/page/helpers/helpers.php HTTP/1.1" 200 - "-" "Mozilla/5.0 (X11; Linux x86_64) AppleWebKit/537.36 (KHTML, like Gecko) Chrome/145.0.0.0 Safari/537.36 (compatible; meta-externalagent/1.1 (+https://developers.facebook.com/docs/sharing/webmasters/crawler))"
57.141.4.48 - - [03/Sep/2026:14:34:33 +0000] "GET /vendor/symfony/polyfill-php72/?C=M;O=D HTTP/1.1" 200 1412 "-" "Mozilla/5.0 (Windows NT 10.0; Win64; x64) AppleWebKit/537.36 (KHTML, like Gecko) Chrome/145.0.0.0 Safari/537.36 (compatible; meta-externalagent/1.1 (+https://developers.facebook.com/docs/sharing/webmasters/crawler))"
57.141.4.50 - - [03/Sep/2026:14:34:36 +0000] "GET /vendor/aws/aws-sdk-php/src/Rds/Exception/ HTTP/1.1" 200 920 "-" "Mozilla/5.0 (Windows NT 10.0; Win64; x64) AppleWebKit/537.36 (KHTML, like Gecko) Chrome/145.0.0.0 Safari/537.36 (compatible; meta-externalagent/1.1 (+https://developers.facebook.com/docs/sharing/webmasters/crawler))"
74.7.227.164 - - [03/Sep/2026:14:34:47 +0000] "GET /vendor/aws/aws-sdk-php/src/Exception/?C=N;O=A HTTP/1.1" 200 3289 "https://immovalet.com/vendor/aws/aws-sdk-php/src/Exception/?C=S;O=A" "Mozilla/5.0 AppleWebKit/537.36 (KHTML, like Gecko; compatible; GPTBot/1.4; +https://openai.com/gptbot)"
57.141.4.46 - - [03/Sep/2026:14:34:48 +0000] "GET /database/?C=M;O=D HTTP/1.1" 200 1174 "-" "Mozilla/5.0 (Macintosh; Intel Mac OS X 10_15_7) AppleWebKit/537.36 (KHTML, like Gecko) Chrome/145.0.0.0 Safari/537.36 (compatible; meta-externalagent/1.1 (+https://developers.facebook.com/docs/sharing/webmasters/crawler))"
57.141.4.66 - - [03/Sep/2026:14:34:49 +0000] "GET /platform/packages/shortcode/helpers/ HTTP/1.1" 200 1082 "-" "Mozilla/5.0 (Macintosh; Intel Mac OS X 10_15_7) AppleWebKit/537.36 (KHTML, like Gecko) Chrome/145.0.0.0 Safari/537.36 (compatible; meta-externalagent/1.1 (+https://developers.facebook.com/docs/sharing/webmasters/crawler))"
57.141.4.49 - - [03/Sep/2026:14:34:49 +0000] "GET /vendor/symfony/mime/Part/?C=N;O=A HTTP/1.1" 200 1975 "-" "Mozilla/5.0 (Windows NT 10.0; Win64; x64) AppleWebKit/537.36 (KHTML, like Gecko) Chrome/145.0.0.0 Safari/537.36 (compatible; meta-externalagent/1.1 (+https://developers.facebook.com/docs/sharing/webmasters/crawler))"
57.141.4.28 - - [03/Sep/2026:14:34:50 +0000] "GET /vendor/dompdf/dompdf/src/FrameDecorator/?C=D;O=A HTTP/1.1" 200 3091 "-" "Mozilla/5.0 (Windows NT 10.0; Win64; x64) AppleWebKit/537.36 (KHTML, like Gecko) Chrome/145.0.0.0 Safari/537.36 (compatible; meta-externalagent/1.1 (+https://developers.facebook.com/docs/sharing/webmasters/crawler))"
57.141.4.16 - - [03/Sep/2026:14:34:52 +0000] "GET /vendor/aws/aws-sdk-php/src/MediaStore/ HTTP/1.1" 200 1092 "-" "Mozilla/5.0 (X11; Linux x86_64) AppleWebKit/537.36 (KHTML, like Gecko) Chrome/145.0.0.0 Safari/537.36 (compatible; meta-externalagent/1.1 (+https://developers.facebook.com/docs/sharing/webmasters/crawler))"
57.141.4.61 - - [03/Sep/2026:14:34:53 +0000] "GET /platform/packages/page/src/?C=M;O=A HTTP/1.1" 200 2288 "-" "Mozilla/5.0 (Windows NT 10.0; Win64; x64) AppleWebKit/537.36 (KHTML, like Gecko) Chrome/145.0.0.0 Safari/537.36 (compatible; meta-externalagent/1.1 (+https://developers.facebook.com/docs/sharing/webmasters/crawler))"
57.141.4.43 - - [03/Sep/2026:14:34:54 +0000] "GET /vendor/symfony/translation/DependencyInjection/?C=S;O=D HTTP/1.1" 200 1516 "-" "Mozilla/5.0 (Macintosh; Intel Mac OS X 10_15_7) AppleWebKit/537.36 (KHTML, like Gecko) Chrome/145.0.0.0 Safari/537.36 (compatible; meta-externalagent/1.1 (+https://developers.facebook.com/docs/sharing/webmasters/crawler))"
57.141.4.27 - - [03/Sep/2026:14:34:55 +0000] "GET /vendor/psr/simple-cache/src/?C=S;O=A HTTP/1.1" 200 1274 "-" "Mozilla/5.0 (Windows NT 10.0; Win64; x64) AppleWebKit/537.36 (KHTML, like Gecko) Chrome/145.0.0.0 Safari/537.36 (compatible; meta-externalagent/1.1 (+https://developers.facebook.com/docs/sharing/webmasters/crawler))"
216.73.216.58 - - [03/Sep/2026:14:34:56 +0000] "GET /robots.txt HTTP/1.1" 200 26 "-" "Mozilla/5.0 AppleWebKit/537.36 (KHTML, like Gecko; compatible; ClaudeBot/1.0; +claudebot@anthropic.com)"
57.141.4.66 - - [03/Sep/2026:14:34:57 +0000] "GET /platform/packages/page/resources/lang/ HTTP/1.1" 200 903 "-" "Mozilla/5.0 (Windows NT 10.0; Win64; x64) AppleWebKit/537.36 (KHTML, like Gecko) Chrome/145.0.0.0 Safari/537.36 (compatible; meta-externalagent/1.1 (+https://developers.facebook.com/docs/sharing/webmasters/crawler))"
57.141.4.18 - - [03/Sep/2026:14:34:57 +0000] "GET /platform/packages/page/src/Services/ HTTP/1.1" 200 905 "-" "Mozilla/5.0 (Macintosh; Intel Mac OS X 10_15_7) AppleWebKit/537.36 (KHTML, like Gecko) Chrome/145.0.0.0 Safari/537.36 (compatible; meta-externalagent/1.1 (+https://developers.facebook.com/docs/sharing/webmasters/crawler))"
57.141.4.13 - - [03/Sep/2026:14:34:59 +0000] "GET /vendor/dompdf/dompdf/lib/res/?C=D;O=A HTTP/1.1" 200 1250 "-" "Mozilla/5.0 (Macintosh; Intel Mac OS X 10_15_7) AppleWebKit/537.36 (KHTML, like Gecko) Chrome/145.0.0.0 Safari/537.36 (compatible; meta-externalagent/1.1 (+https://developers.facebook.com/docs/sharing/webmasters/crawler))"
57.141.4.8 - - [03/Sep/2026:14:35:04 +0000] "GET /vendor/barryvdh/laravel-dompdf/src/ HTTP/1.1" 200 1264 "-" "Mozilla/5.0 (Macintosh; Intel Mac OS X 10_15_7) AppleWebKit/537.36 (KHTML, like Gecko) Chrome/145.0.0.0 Safari/537.36 (compatible; meta-externalagent/1.1 (+https://developers.facebook.com/docs/sharing/webmasters/crawler))"
74.7.227.164 - - [03/Sep/2026:14:35:18 +0000] "GET /vendor/aws/aws-sdk-php/src/GuardDuty/?C=M;O=A HTTP/1.1" 200 1089 "https://immovalet.com/vendor/aws/aws-sdk-php/src/GuardDuty/" "Mozilla/5.0 AppleWebKit/537.36 (KHTML, like Gecko; compatible; GPTBot/1.4; +https://openai.com/gptbot)"
57.141.4.63 - - [03/Sep/2026:14:35:20 +0000] "GET /platform/packages/menu/resources/?C=N;O=D HTTP/1.1" 200 1234 "-" "Mozilla/5.0 (Macintosh; Intel Mac OS X 10_15_7) AppleWebKit/537.36 (KHTML, like Gecko) Chrome/145.0.0.0 Safari/537.36 (compatible; meta-externalagent/1.1 (+https://developers.facebook.com/docs/sharing/webmasters/crawler))"
74.7.227.164 - - [03/Sep/2026:14:35:24 +0000] "GET /vendor/aws/aws-sdk-php/src/IoTEvents/?C=S;O=A HTTP/1.1" 200 1089 "https://immovalet.com/vendor/aws/aws-sdk-php/src/IoTEvents/" "Mozilla/5.0 AppleWebKit/537.36 (KHTML, like Gecko; compatible; GPTBot/1.4; +https://openai.com/gptbot)"
74.7.227.164 - - [03/Sep/2026:14:35:34 +0000] "GET /vendor/aws/aws-sdk-php/src/CodeBuild/?C=N;O=D HTTP/1.1" 200 1089 "https://immovalet.com/vendor/aws/aws-sdk-php/src/CodeBuild/" "Mozilla/5.0 AppleWebKit/537.36 (KHTML, like Gecko; compatible; GPTBot/1.4; +https://openai.com/gptbot)"
57.141.4.73 - - [03/Sep/2026:14:35:40 +0000] "GET /vendor/psr/simple-cache/src/?C=D;O=A HTTP/1.1" 200 1274 "-" "Mozilla/5.0 (Windows NT 10.0; Win64; x64) AppleWebKit/537.36 (KHTML, like Gecko) Chrome/145.0.0.0 Safari/537.36 (compatible; meta-externalagent/1.1 (+https://developers.facebook.com/docs/sharing/webmasters/crawler))"
57.141.4.38 - - [03/Sep/2026:14:35:43 +0000] "GET /vendor/doctrine/lexer/lib/ HTTP/1.1" 200 874 "-" "Mozilla/5.0 (Windows NT 10.0; Win64; x64) AppleWebKit/537.36 (KHTML, like Gecko) Chrome/145.0.0.0 Safari/537.36 (compatible; meta-externalagent/1.1 (+https://developers.facebook.com/docs/sharing/webmasters/crawler))"
3.83.4.91 - - [03/Sep/2026:14:35:45 +0000] "POST / HTTP/1.1" 404 16 "https://immovalet.com/" "Mozilla/5.0 (Macintosh; Intel Mac OS X 10_15_7) AppleWebKit/537.36 (KHTML, like Gecko) Chrome/146.0.0.0 Safari/537.36"
74.7.227.164 - - [03/Sep/2026:14:35:45 +0000] "GET /vendor/aws/aws-sdk-php/src/Exception/?C=N;O=D HTTP/1.1" 200 3289 "https://immovalet.com/vendor/aws/aws-sdk-php/src/Exception/" "Mozilla/5.0 AppleWebKit/537.36 (KHTML, like Gecko; compatible; GPTBot/1.4; +https://openai.com/gptbot)"
57.141.4.49 - - [03/Sep/2026:14:35:47 +0000] "GET /vendor/phpoffice/phpspreadsheet/LICENSE HTTP/1.1" 200 1079 "-" "Mozilla/5.0 (Windows NT 10.0; Win64; x64) AppleWebKit/537.36 (KHTML, like Gecko) Chrome/145.0.0.0 Safari/537.36 (compatible; meta-externalagent/1.1 (+https://developers.facebook.com/docs/sharing/webmasters/crawler))"
74.7.227.164 - - [03/Sep/2026:14:35:47 +0000] "GET /vendor/aws/aws-sdk-php/src/Detective/?C=S;O=A HTTP/1.1" 200 1089 "https://immovalet.com/vendor/aws/aws-sdk-php/src/Detective/" "Mozilla/5.0 AppleWebKit/537.36 (KHTML, like Gecko; compatible; GPTBot/1.4; +https://openai.com/gptbot)"
74.7.227.164 - - [03/Sep/2026:14:35:48 +0000] "GET /vendor/aws/aws-sdk-php/src/GuardDuty/?C=N;O=D HTTP/1.1" 200 1089 "https://immovalet.com/vendor/aws/aws-sdk-php/src/GuardDuty/" "Mozilla/5.0 AppleWebKit/537.36 (KHTML, like Gecko; compatible; GPTBot/1.4; +https://openai.com/gptbot)"
74.7.227.164 - - [03/Sep/2026:14:35:49 +0000] "GET /vendor/aws/aws-sdk-php/src/CodeBuild/CodeBuildClient.php HTTP/1.1" 500 - "https://immovalet.com/vendor/aws/aws-sdk-php/src/CodeBuild/?C=N;O=D" "Mozilla/5.0 AppleWebKit/537.36 (KHTML, like Gecko; compatible; GPTBot/1.4; +https://openai.com/gptbot)"
74.7.227.164 - - [03/Sep/2026:14:35:50 +0000] "GET /vendor/aws/aws-sdk-php/src/CodeBuild/?C=N;O=A HTTP/1.1" 200 1089 "https://immovalet.com/vendor/aws/aws-sdk-php/src/CodeBuild/?C=N;O=D" "Mozilla/5.0 AppleWebKit/537.36 (KHTML, like Gecko; compatible; GPTBot/1.4; +https://openai.com/gptbot)"
74.7.227.164 - - [03/Sep/2026:14:35:51 +0000] "GET /vendor/aws/aws-sdk-php/src/GuardDuty/?C=D;O=A HTTP/1.1" 200 1089 "https://immovalet.com/vendor/aws/aws-sdk-php/src/GuardDuty/" "Mozilla/5.0 AppleWebKit/537.36 (KHTML, like Gecko; compatible; GPTBot/1.4; +https://openai.com/gptbot)"
74.7.227.164 - - [03/Sep/2026:14:35:52 +0000] "GET /vendor/aws/aws-sdk-php/src/Multipart/?C=S;O=A HTTP/1.1" 200 1291 "https://immovalet.com/vendor/aws/aws-sdk-php/src/Multipart/" "Mozilla/5.0 AppleWebKit/537.36 (KHTML, like Gecko; compatible; GPTBot/1.4; +https://openai.com/gptbot)"
74.7.227.164 - - [03/Sep/2026:14:35:52 +0000] "GET /vendor/aws/aws-sdk-php/src/Lightsail/?C=N;O=D HTTP/1.1" 200 1089 "https://immovalet.com/vendor/aws/aws-sdk-php/src/Lightsail/" "Mozilla/5.0 AppleWebKit/537.36 (KHTML, like Gecko; compatible; GPTBot/1.4; +https://openai.com/gptbot)"
74.7.227.164 - - [03/Sep/2026:14:35:53 +0000] "GET /vendor/aws/aws-sdk-php/src/Detective/?C=S;O=D HTTP/1.1" 200 1089 "https://immovalet.com/vendor/aws/aws-sdk-php/src/Detective/?C=S;O=A" "Mozilla/5.0 AppleWebKit/537.36 (KHTML, like Gecko; compatible; GPTBot/1.4; +https://openai.com/gptbot)"
74.7.227.164 - - [03/Sep/2026:14:35:54 +0000] "GET /vendor/aws/aws-sdk-php/src/GuardDuty/GuardDutyClient.php HTTP/1.1" 500 - "https://immovalet.com/vendor/aws/aws-sdk-php/src/GuardDuty/?C=N;O=D" "Mozilla/5.0 AppleWebKit/537.36 (KHTML, like Gecko; compatible; GPTBot/1.4; +https://openai.com/gptbot)"
74.7.227.164 - - [03/Sep/2026:14:35:55 +0000] "GET /vendor/aws/aws-sdk-php/src/GuardDuty/?C=N;O=A HTTP/1.1" 200 1089 "https://immovalet.com/vendor/aws/aws-sdk-php/src/GuardDuty/?C=N;O=D" "Mozilla/5.0 AppleWebKit/537.36 (KHTML, like Gecko; compatible; GPTBot/1.4; +https://openai.com/gptbot)"
74.7.227.164 - - [03/Sep/2026:14:35:55 +0000] "GET /vendor/aws/aws-sdk-php/src/Multipart/?C=N;O=A HTTP/1.1" 200 1291 "https://immovalet.com/vendor/aws/aws-sdk-php/src/Multipart/?C=N;O=D" "Mozilla/5.0 AppleWebKit/537.36 (KHTML, like Gecko; compatible; GPTBot/1.4; +https://openai.com/gptbot)"
74.7.227.164 - - [03/Sep/2026:14:35:56 +0000] "GET /vendor/aws/aws-sdk-php/src/Detective/?C=N;O=A HTTP/1.1" 200 1089 "https://immovalet.com/vendor/aws/aws-sdk-php/src/Detective/?C=N;O=D" "Mozilla/5.0 AppleWebKit/537.36 (KHTML, like Gecko; compatible; GPTBot/1.4; +https://openai.com/gptbot)"
74.7.227.164 - - [03/Sep/2026:14:35:58 +0000] "GET /vendor/aws/aws-sdk-php/src/Lightsail/LightsailClient.php HTTP/1.1" 500 - "https://immovalet.com/vendor/aws/aws-sdk-php/src/Lightsail/?C=N;O=D" "Mozilla/5.0 AppleWebKit/537.36 (KHTML, like Gecko; compatible; GPTBot/1.4; +https://openai.com/gptbot)"
74.7.227.164 - - [03/Sep/2026:14:35:58 +0000] "GET /vendor/aws/aws-sdk-php/src/Multipart/?C=S;O=D HTTP/1.1" 200 1291 "https://immovalet.com/vendor/aws/aws-sdk-php/src/Multipart/?C=S;O=A" "Mozilla/5.0 AppleWebKit/537.36 (KHTML, like Gecko; compatible; GPTBot/1.4; +https://openai.com/gptbot)"
74.7.227.164 - - [03/Sep/2026:14:35:59 +0000] "GET /vendor/aws/aws-sdk-php/src/Lightsail/?C=N;O=A HTTP/1.1" 200 1089 "https://immovalet.com/vendor/aws/aws-sdk-php/src/Lightsail/?C=N;O=D" "Mozilla/5.0 AppleWebKit/537.36 (KHTML, like Gecko; compatible; GPTBot/1.4; +https://openai.com/gptbot)"
74.7.227.164 - - [03/Sep/2026:14:36:00 +0000] "GET /vendor/aws/aws-sdk-php/src/CodeBuild/?C=S;O=A HTTP/1.1" 200 1089 "https://immovalet.com/vendor/aws/aws-sdk-php/src/CodeBuild/" "Mozilla/5.0 AppleWebKit/537.36 (KHTML, like Gecko; compatible; GPTBot/1.4; +https://openai.com/gptbot)"
74.7.227.164 - - [03/Sep/2026:14:36:01 +0000] "GET /vendor/stripe/stripe-php/lib/Util/Util.php HTTP/1.1" 200 - "https://immovalet.com/vendor/stripe/stripe-php/lib/Util/" "Mozilla/5.0 AppleWebKit/537.36 (KHTML, like Gecko; compatible; GPTBot/1.4; +https://openai.com/gptbot)"
74.7.227.164 - - [03/Sep/2026:14:36:03 +0000] "GET /platform/plugins/audit-log/resources/assets/js/?C=M;O=A HTTP/1.1" 200 941 "https://immovalet.com/platform/plugins/audit-log/resources/assets/js/" "Mozilla/5.0 AppleWebKit/537.36 (KHTML, like Gecko; compatible; GPTBot/1.4; +https://openai.com/gptbot)"
74.7.227.164 - - [03/Sep/2026:14:36:03 +0000] "GET /vendor/botble/slug/src/Repositories/Caches/?C=M;O=A HTTP/1.1" 200 935 "https://immovalet.com/vendor/botble/slug/src/Repositories/Caches/" "Mozilla/5.0 AppleWebKit/537.36 (KHTML, like Gecko; compatible; GPTBot/1.4; +https://openai.com/gptbot)"
74.7.227.164 - - [03/Sep/2026:14:36:04 +0000] "GET /platform/plugins/audit-log/resources/assets/js/?C=D;O=A HTTP/1.1" 200 941 "https://immovalet.com/platform/plugins/audit-log/resources/assets/js/" "Mozilla/5.0 AppleWebKit/537.36 (KHTML, like Gecko; compatible; GPTBot/1.4; +https://openai.com/gptbot)"
74.7.227.164 - - [03/Sep/2026:14:36:05 +0000] "GET /vendor/aws/aws-sdk-php/src/CodeBuild/?C=S;O=D HTTP/1.1" 200 1089 "https://immovalet.com/vendor/aws/aws-sdk-php/src/CodeBuild/?C=S;O=A" "Mozilla/5.0 AppleWebKit/537.36 (KHTML, like Gecko; compatible; GPTBot/1.4; +https://openai.com/gptbot)"
74.7.227.164 - - [03/Sep/2026:14:36:06 +0000] "GET /vendor/botble/slug/src/Repositories/Caches/?C=N;O=D HTTP/1.1" 200 935 "https://immovalet.com/vendor/botble/slug/src/Repositories/Caches/" "Mozilla/5.0 AppleWebKit/537.36 (KHTML, like Gecko; compatible; GPTBot/1.4; +https://openai.com/gptbot)"
74.7.227.164 - - [03/Sep/2026:14:36:07 +0000] "GET /vendor/botble/menu/src/Repositories/Caches/?C=D;O=A HTTP/1.1" 200 1333 "https://immovalet.com/vendor/botble/menu/src/Repositories/Caches/" "Mozilla/5.0 AppleWebKit/537.36 (KHTML, like Gecko; compatible; GPTBot/1.4; +https://openai.com/gptbot)"
74.7.227.164 - - [03/Sep/2026:14:36:08 +0000] "GET /platform/plugins/audit-log/resources/assets/js/?C=N;O=D HTTP/1.1" 200 941 "https://immovalet.com/platform/plugins/audit-log/resources/assets/js/" "Mozilla/5.0 AppleWebKit/537.36 (KHTML, like Gecko; compatible; GPTBot/1.4; +https://openai.com/gptbot)"
57.141.4.29 - - [03/Sep/2026:14:36:09 +0000] "GET /vendor/symfony/polyfill-ctype/?C=D;O=A HTTP/1.1" 200 1595 "-" "Mozilla/5.0 (Windows NT 10.0; Win64; x64) AppleWebKit/537.36 (KHTML, like Gecko) Chrome/145.0.0.0 Safari/537.36 (compatible; meta-externalagent/1.1 (+https://developers.facebook.com/docs/sharing/webmasters/crawler))"
74.7.227.164 - - [03/Sep/2026:14:36:09 +0000] "GET /platform/plugins/audit-log/resources/assets/js/?C=S;O=A HTTP/1.1" 200 941 "https://immovalet.com/platform/plugins/audit-log/resources/assets/js/" "Mozilla/5.0 AppleWebKit/537.36 (KHTML, like Gecko; compatible; GPTBot/1.4; +https://openai.com/gptbot)"
57.141.4.67 - - [03/Sep/2026:14:36:09 +0000] "GET /vendor/aws/aws-sdk-php/src/IoTEvents/?C=N;O=D HTTP/1.1" 200 1089 "-" "Mozilla/5.0 (Macintosh; Intel Mac OS X 10_15_7) AppleWebKit/537.36 (KHTML, like Gecko) Chrome/145.0.0.0 Safari/537.36 (compatible; meta-externalagent/1.1 (+https://developers.facebook.com/docs/sharing/webmasters/crawler))"
74.7.227.164 - - [03/Sep/2026:14:36:10 +0000] "GET /vendor/botble/menu/src/Repositories/Caches/?C=N;O=D HTTP/1.1" 200 1333 "https://immovalet.com/vendor/botble/menu/src/Repositories/Caches/" "Mozilla/5.0 AppleWebKit/537.36 (KHTML, like Gecko; compatible; GPTBot/1.4; +https://openai.com/gptbot)"
57.141.4.34 - - [03/Sep/2026:14:36:10 +0000] "GET /platform/packages/widget/resources/lang/?C=N;O=D HTTP/1.1" 200 909 "-" "Mozilla/5.0 (Windows NT 10.0; Win64; x64) AppleWebKit/537.36 (KHTML, like Gecko) Chrome/145.0.0.0 Safari/537.36 (compatible; meta-externalagent/1.1 (+https://developers.facebook.com/docs/sharing/webmasters/crawler))"
74.7.227.164 - - [03/Sep/2026:14:36:10 +0000] "GET /vendor/botble/slug/src/Repositories/Caches/?C=D;O=A HTTP/1.1" 200 935 "https://immovalet.com/vendor/botble/slug/src/Repositories/Caches/" "Mozilla/5.0 AppleWebKit/537.36 (KHTML, like Gecko; compatible; GPTBot/1.4; +https://openai.com/gptbot)"
74.7.227.164 - - [03/Sep/2026:14:36:12 +0000] "GET /vendor/botble/menu/src/Repositories/Caches/?C=S;O=A HTTP/1.1" 200 1333 "https://immovalet.com/vendor/botble/menu/src/Repositories/Caches/" "Mozilla/5.0 AppleWebKit/537.36 (KHTML, like Gecko; compatible; GPTBot/1.4; +https://openai.com/gptbot)"
74.7.227.164 - - [03/Sep/2026:14:36:12 +0000] "GET /vendor/botble/menu/src/Repositories/Caches/?C=M;O=A HTTP/1.1" 200 1333 "https://immovalet.com/vendor/botble/menu/src/Repositories/Caches/" "Mozilla/5.0 AppleWebKit/537.36 (KHTML, like Gecko; compatible; GPTBot/1.4; +https://openai.com/gptbot)"
74.7.227.164 - - [03/Sep/2026:14:36:13 +0000] "GET /vendor/botble/slug/src/Repositories/Caches/?C=S;O=A HTTP/1.1" 200 935 "https://immovalet.com/vendor/botble/slug/src/Repositories/Caches/" "Mozilla/5.0 AppleWebKit/537.36 (KHTML, like Gecko; compatible; GPTBot/1.4; +https://openai.com/gptbot)"
74.7.227.164 - - [03/Sep/2026:14:36:15 +0000] "GET /vendor/botble/menu/src/Repositories/Caches/MenuNodeCacheDecorator.php HTTP/1.1" 500 - "https://immovalet.com/vendor/botble/menu/src/Repositories/Caches/?C=N;O=D" "Mozilla/5.0 AppleWebKit/537.36 (KHTML, like Gecko; compatible; GPTBot/1.4; +https://openai.com/gptbot)"
74.7.227.164 - - [03/Sep/2026:14:36:16 +0000] "GET /vendor/botble/menu/src/Repositories/Caches/MenuLocationCacheDecorator.php HTTP/1.1" 500 - "https://immovalet.com/vendor/botble/menu/src/Repositories/Caches/?C=N;O=D" "Mozilla/5.0 AppleWebKit/537.36 (KHTML, like Gecko; compatible; GPTBot/1.4; +https://openai.com/gptbot)"
74.7.227.164 - - [03/Sep/2026:14:36:20 +0000] "GET /vendor/botble/menu/src/Repositories/Caches/MenuCacheDecorator.php HTTP/1.1" 500 - "https://immovalet.com/vendor/botble/menu/src/Repositories/Caches/?C=N;O=D" "Mozilla/5.0 AppleWebKit/537.36 (KHTML, like Gecko; compatible; GPTBot/1.4; +https://openai.com/gptbot)"
57.141.4.28 - - [03/Sep/2026:14:36:21 +0000] "GET /vendor/google/apiclient/SECURITY.md HTTP/1.1" 200 329 "-" "Mozilla/5.0 (Windows NT 10.0; Win64; x64) AppleWebKit/537.36 (KHTML, like Gecko) Chrome/145.0.0.0 Safari/537.36 (compatible; meta-externalagent/1.1 (+https://developers.facebook.com/docs/sharing/webmasters/crawler))"
74.7.227.164 - - [03/Sep/2026:14:36:30 +0000] "GET /vendor/botble/menu/src/Repositories/Caches/?C=N;O=A HTTP/1.1" 200 1333 "https://immovalet.com/vendor/botble/menu/src/Repositories/Caches/?C=N;O=D" "Mozilla/5.0 AppleWebKit/537.36 (KHTML, like Gecko; compatible; GPTBot/1.4; +https://openai.com/gptbot)"
57.141.4.42 - - [03/Sep/2026:14:36:35 +0000] "GET /platform/plugins/blog/resources/views/?C=S;O=A HTTP/1.1" 200 1436 "-" "Mozilla/5.0 (Windows NT 10.0; Win64; x64) AppleWebKit/537.36 (KHTML, like Gecko) Chrome/145.0.0.0 Safari/537.36 (compatible; meta-externalagent/1.1 (+https://developers.facebook.com/docs/sharing/webmasters/crawler))"
74.7.227.164 - - [03/Sep/2026:14:36:38 +0000] "GET /vendor/botble/menu/src/Repositories/Caches/?C=S;O=D HTTP/1.1" 200 1333 "https://immovalet.com/vendor/botble/menu/src/Repositories/Caches/?C=S;O=A" "Mozilla/5.0 AppleWebKit/537.36 (KHTML, like Gecko; compatible; GPTBot/1.4; +https://openai.com/gptbot)"
57.141.4.25 - - [03/Sep/2026:14:36:39 +0000] "GET /vendor/maatwebsite/excel/src/Jobs/AppendDataToSheet.php HTTP/1.1" 500 - "-" "Mozilla/5.0 (Windows NT 10.0; Win64; x64) AppleWebKit/537.36 (KHTML, like Gecko) Chrome/145.0.0.0 Safari/537.36 (compatible; meta-externalagent/1.1 (+https://developers.facebook.com/docs/sharing/webmasters/crawler))"
74.7.227.164 - - [03/Sep/2026:14:36:45 +0000] "GET /vendor/botble/revision/resources/assets/js/?C=D;O=A HTTP/1.1" 200 928 "https://immovalet.com/vendor/botble/revision/resources/assets/js/" "Mozilla/5.0 AppleWebKit/537.36 (KHTML, like Gecko; compatible; GPTBot/1.4; +https://openai.com/gptbot)"
74.7.227.164 - - [03/Sep/2026:14:36:47 +0000] "GET /vendor/botble/revision/resources/assets/js/?C=M;O=A HTTP/1.1" 200 928 "https://immovalet.com/vendor/botble/revision/resources/assets/js/" "Mozilla/5.0 AppleWebKit/537.36 (KHTML, like Gecko; compatible; GPTBot/1.4; +https://openai.com/gptbot)"
74.7.227.164 - - [03/Sep/2026:14:36:51 +0000] "GET /vendor/botble/seo-helper/resources/assets/sass/?C=M;O=A HTTP/1.1" 200 942 "https://immovalet.com/vendor/botble/seo-helper/resources/assets/sass/" "Mozilla/5.0 AppleWebKit/537.36 (KHTML, like Gecko; compatible; GPTBot/1.4; +https://openai.com/gptbot)"
74.7.227.164 - - [03/Sep/2026:14:36:51 +0000] "GET /platform/packages/slug/resources/assets/js/?C=M;O=A HTTP/1.1" 200 924 "https://immovalet.com/platform/packages/slug/resources/assets/js/" "Mozilla/5.0 AppleWebKit/537.36 (KHTML, like Gecko; compatible; GPTBot/1.4; +https://openai.com/gptbot)"
74.7.227.164 - - [03/Sep/2026:14:36:52 +0000] "GET /resources/lang/vendor/plugins/ecommerce/vi/?C=S;O=A HTTP/1.1" 200 4386 "https://immovalet.com/resources/lang/vendor/plugins/ecommerce/vi/" "Mozilla/5.0 AppleWebKit/537.36 (KHTML, like Gecko; compatible; GPTBot/1.4; +https://openai.com/gptbot)"
74.7.227.164 - - [03/Sep/2026:14:36:53 +0000] "GET /platform/packages/theme/resources/assets/js/?C=M;O=A HTTP/1.1" 200 1473 "https://immovalet.com/platform/packages/theme/resources/assets/js/" "Mozilla/5.0 AppleWebKit/537.36 (KHTML, like Gecko; compatible; GPTBot/1.4; +https://openai.com/gptbot)"
74.7.227.164 - - [03/Sep/2026:14:36:54 +0000] "GET /platform/core/media/src/Repositories/Caches/?C=N;O=D HTTP/1.1" 200 1347 "https://immovalet.com/platform/core/media/src/Repositories/Caches/" "Mozilla/5.0 AppleWebKit/537.36 (KHTML, like Gecko; compatible; GPTBot/1.4; +https://openai.com/gptbot)"
216.73.216.242 - - [03/Sep/2026:14:36:54 +0000] "GET /vendor/stripe/stripe-php/lib/Service/Issuing/?C=M&O=A HTTP/1.1" 200 1889 "-" "Mozilla/5.0 AppleWebKit/537.36 (KHTML, like Gecko; compatible; ClaudeBot/1.0; +claudebot@anthropic.com)"
74.7.227.164 - - [03/Sep/2026:14:36:54 +0000] "GET /platform/packages/slug/resources/assets/js/?C=D;O=A HTTP/1.1" 200 924 "https://immovalet.com/platform/packages/slug/resources/assets/js/" "Mozilla/5.0 AppleWebKit/537.36 (KHTML, like Gecko; compatible; GPTBot/1.4; +https://openai.com/gptbot)"
74.7.227.164 - - [03/Sep/2026:14:36:55 +0000] "GET /platform/packages/seo-helper/resources/assets/js/?C=S;O=A HTTP/1.1" 200 948 "https://immovalet.com/platform/packages/seo-helper/resources/assets/js/" "Mozilla/5.0 AppleWebKit/537.36 (KHTML, like Gecko; compatible; GPTBot/1.4; +https://openai.com/gptbot)"
57.141.4.36 - - [03/Sep/2026:14:37:01 +0000] "GET /platform/core/table/routes/?C=M;O=A HTTP/1.1" 200 872 "-" "Mozilla/5.0 (Macintosh; Intel Mac OS X 10_15_7) AppleWebKit/537.36 (KHTML, like Gecko) Chrome/145.0.0.0 Safari/537.36 (compatible; meta-externalagent/1.1 (+https://developers.facebook.com/docs/sharing/webmasters/crawler))"
57.141.4.71 - - [03/Sep/2026:14:37:08 +0000] "GET /vendor/botble/platform/setting/?C=S;O=A HTTP/1.1" 200 2118 "-" "Mozilla/5.0 (Windows NT 10.0; Win64; x64) AppleWebKit/537.36 (KHTML, like Gecko) Chrome/145.0.0.0 Safari/537.36 (compatible; meta-externalagent/1.1 (+https://developers.facebook.com/docs/sharing/webmasters/crawler))"
74.7.227.164 - - [03/Sep/2026:14:37:11 +0000] "GET /platform/core/media/src/Repositories/Caches/MediaSettingCacheDecorator.php HTTP/1.1" 500 - "https://immovalet.com/platform/core/media/src/Repositories/Caches/?C=N;O=D" "Mozilla/5.0 AppleWebKit/537.36 (KHTML, like Gecko; compatible; GPTBot/1.4; +https://openai.com/gptbot)"
57.141.4.49 - - [03/Sep/2026:14:37:15 +0000] "GET /platform/plugins/testimonial/resources/lang/vi/ HTTP/1.1" 200 944 "-" "Mozilla/5.0 (Windows NT 10.0; Win64; x64) AppleWebKit/537.36 (KHTML, like Gecko) Chrome/145.0.0.0 Safari/537.36 (compatible; meta-externalagent/1.1 (+https://developers.facebook.com/docs/sharing/webmasters/crawler))"
74.7.227.164 - - [03/Sep/2026:14:37:20 +0000] "GET /platform/core/media/src/Repositories/Caches/MediaFileCacheDecorator.php HTTP/1.1" 500 - "https://immovalet.com/platform/core/media/src/Repositories/Caches/?C=N;O=D" "Mozilla/5.0 AppleWebKit/537.36 (KHTML, like Gecko; compatible; GPTBot/1.4; +https://openai.com/gptbot)"
57.141.4.49 - - [03/Sep/2026:14:37:23 +0000] "GET /platform/core/acl/resources/views/?C=N;O=A HTTP/1.1" 200 1240 "-" "Mozilla/5.0 (Windows NT 10.0; Win64; x64) AppleWebKit/537.36 (KHTML, like Gecko) Chrome/145.0.0.0 Safari/537.36 (compatible; meta-externalagent/1.1 (+https://developers.facebook.com/docs/sharing/webmasters/crawler))"
57.141.4.72 - - [03/Sep/2026:14:37:31 +0000] "GET /platform/packages/page/resources/?C=D;O=A HTTP/1.1" 200 1059 "-" "Mozilla/5.0 (Windows NT 10.0; Win64; x64) AppleWebKit/537.36 (KHTML, like Gecko) Chrome/145.0.0.0 Safari/537.36 (compatible; meta-externalagent/1.1 (+https://developers.facebook.com/docs/sharing/webmasters/crawler))"
74.7.227.164 - - [03/Sep/2026:14:37:33 +0000] "GET /platform/core/media/src/Repositories/Caches/MediaFolderCacheDecorator.php HTTP/1.1" 500 - "https://immovalet.com/platform/core/media/src/Repositories/Caches/?C=N;O=D" "Mozilla/5.0 AppleWebKit/537.36 (KHTML, like Gecko; compatible; GPTBot/1.4; +https://openai.com/gptbot)"
57.141.4.23 - - [03/Sep/2026:14:38:14 +0000] "GET /platform/core/ HTTP/1.1" 200 2772 "-" "Mozilla/5.0 (Windows NT 10.0; Win64; x64) AppleWebKit/537.36 (KHTML, like Gecko) Chrome/145.0.0.0 Safari/537.36 (compatible; meta-externalagent/1.1 (+https://developers.facebook.com/docs/sharing/webmasters/crawler))"
57.141.4.49 - - [03/Sep/2026:14:38:15 +0000] "GET /vendor/phpseclib/?C=M;O=D HTTP/1.1" 200 842 "-" "Mozilla/5.0 (Macintosh; Intel Mac OS X 10_15_7) AppleWebKit/537.36 (KHTML, like Gecko) Chrome/145.0.0.0 Safari/537.36 (compatible; meta-externalagent/1.1 (+https://developers.facebook.com/docs/sharing/webmasters/crawler))"
57.141.4.49 - - [03/Sep/2026:14:38:22 +0000] "GET /vendor/psr/simple-cache/src/InvalidArgumentException.php HTTP/1.1" 500 - "-" "Mozilla/5.0 (Windows NT 10.0; Win64; x64) AppleWebKit/537.36 (KHTML, like Gecko) Chrome/145.0.0.0 Safari/537.36 (compatible; meta-externalagent/1.1 (+https://developers.facebook.com/docs/sharing/webmasters/crawler))"
57.141.4.73 - - [03/Sep/2026:14:38:26 +0000] "GET /platform/packages/page/database/?C=D;O=A HTTP/1.1" 200 889 "-" "Mozilla/5.0 (Windows NT 10.0; Win64; x64) AppleWebKit/537.36 (KHTML, like Gecko) Chrome/145.0.0.0 Safari/537.36 (compatible; meta-externalagent/1.1 (+https://developers.facebook.com/docs/sharing/webmasters/crawler))"
57.141.4.24 - - [03/Sep/2026:14:38:28 +0000] "GET /vendor/sendgrid/php-http-client/static/?C=D;O=D HTTP/1.1" 200 905 "-" "Mozilla/5.0 (Windows NT 10.0; Win64; x64) AppleWebKit/537.36 (KHTML, like Gecko) Chrome/145.0.0.0 Safari/537.36 (compatible; meta-externalagent/1.1 (+https://developers.facebook.com/docs/sharing/webmasters/crawler))"
57.141.4.27 - - [03/Sep/2026:14:38:41 +0000] "GET /platform/packages/plugin-management/?C=D;O=D HTTP/1.1" 200 2127 "-" "Mozilla/5.0 (Windows NT 10.0; Win64; x64) AppleWebKit/537.36 (KHTML, like Gecko) Chrome/145.0.0.0 Safari/537.36 (compatible; meta-externalagent/1.1 (+https://developers.facebook.com/docs/sharing/webmasters/crawler))"
57.141.4.10 - - [03/Sep/2026:14:39:01 +0000] "GET /platform/packages/menu/resources/views/ HTTP/1.1" 200 1296 "-" "Mozilla/5.0 (Windows NT 10.0; Win64; x64) AppleWebKit/537.36 (KHTML, like Gecko) Chrome/145.0.0.0 Safari/537.36 (compatible; meta-externalagent/1.1 (+https://developers.facebook.com/docs/sharing/webmasters/crawler))"
57.141.4.49 - - [03/Sep/2026:14:39:05 +0000] "GET /platform/core/support/?C=N;O=D HTTP/1.1" 200 1029 "-" "Mozilla/5.0 (Windows NT 10.0; Win64; x64) AppleWebKit/537.36 (KHTML, like Gecko) Chrome/145.0.0.0 Safari/537.36 (compatible; meta-externalagent/1.1 (+https://developers.facebook.com/docs/sharing/webmasters/crawler))"
57.141.4.29 - - [03/Sep/2026:14:39:07 +0000] "GET /platform/packages/menu/resources/?C=M;O=A HTTP/1.1" 200 1234 "-" "Mozilla/5.0 (Macintosh; Intel Mac OS X 10_15_7) AppleWebKit/537.36 (KHTML, like Gecko) Chrome/145.0.0.0 Safari/537.36 (compatible; meta-externalagent/1.1 (+https://developers.facebook.com/docs/sharing/webmasters/crawler))"
57.141.4.14 - - [03/Sep/2026:14:39:11 +0000] "GET /vendor/aws/aws-sdk-php/src/EBS/ HTTP/1.1" 200 1071 "-" "Mozilla/5.0 (Windows NT 10.0; Win64; x64) AppleWebKit/537.36 (KHTML, like Gecko) Chrome/145.0.0.0 Safari/537.36 Edg/145.0.0.0 (compatible; meta-externalagent/1.1 (+https://developers.facebook.com/docs/sharing/webmasters/crawler))"
57.141.4.4 - - [03/Sep/2026:14:39:13 +0000] "GET /vendor/botble/page/database/migrations/?C=S;O=A HTTP/1.1" 200 940 "-" "Mozilla/5.0 (Windows NT 10.0; Win64; x64) AppleWebKit/537.36 (KHTML, like Gecko) Chrome/145.0.0.0 Safari/537.36 (compatible; meta-externalagent/1.1 (+https://developers.facebook.com/docs/sharing/webmasters/crawler))"
57.141.4.1 - - [03/Sep/2026:14:39:18 +0000] "GET /platform/packages/page/resources/?C=S;O=A HTTP/1.1" 200 1059 "-" "Mozilla/5.0 (Macintosh; Intel Mac OS X 10_15_7) AppleWebKit/537.36 (KHTML, like Gecko) Chrome/145.0.0.0 Safari/537.36 (compatible; meta-externalagent/1.1 (+https://developers.facebook.com/docs/sharing/webmasters/crawler))"
57.141.4.41 - - [03/Sep/2026:14:39:26 +0000] "GET /vendor/mollie/mollie-api-php/src/?C=S;O=A HTTP/1.1" 200 1989 "-" "Mozilla/5.0 (Windows NT 10.0; Win64; x64) AppleWebKit/537.36 (KHTML, like Gecko) Chrome/145.0.0.0 Safari/537.36 (compatible; meta-externalagent/1.1 (+https://developers.facebook.com/docs/sharing/webmasters/crawler))"
57.141.4.18 - - [03/Sep/2026:14:39:27 +0000] "GET /vendor/starkbank/ecdsa/src/signature.php HTTP/1.1" 200 - "-" "Mozilla/5.0 (Macintosh; Intel Mac OS X 10_15_7) AppleWebKit/537.36 (KHTML, like Gecko) Chrome/145.0.0.0 Safari/537.36 (compatible; meta-externalagent/1.1 (+https://developers.facebook.com/docs/sharing/webmasters/crawler))"
57.141.4.41 - - [03/Sep/2026:14:39:37 +0000] "GET /vendor/symfony/translation/DependencyInjection/?C=N;O=A HTTP/1.1" 200 1516 "-" "Mozilla/5.0 (Windows NT 10.0; Win64; x64) AppleWebKit/537.36 (KHTML, like Gecko) Chrome/145.0.0.0 Safari/537.36 (compatible; meta-externalagent/1.1 (+https://developers.facebook.com/docs/sharing/webmasters/crawler))"
57.141.4.29 - - [03/Sep/2026:14:39:42 +0000] "GET /vendor/aws/aws-sdk-php/src/IoTThingsGraph/ HTTP/1.1" 200 1107 "-" "Mozilla/5.0 (Windows NT 10.0; Win64; x64) AppleWebKit/537.36 (KHTML, like Gecko) Chrome/145.0.0.0 Safari/537.36 (compatible; meta-externalagent/1.1 (+https://developers.facebook.com/docs/sharing/webmasters/crawler))"
57.141.4.45 - - [03/Sep/2026:14:40:02 +0000] "GET /platform/plugins/blog/resources/views/posts/ HTTP/1.1" 200 925 "-" "Mozilla/5.0 (Windows NT 10.0; Win64; x64) AppleWebKit/537.36 (KHTML, like Gecko) Chrome/145.0.0.0 Safari/537.36 (compatible; meta-externalagent/1.1 (+https://developers.facebook.com/docs/sharing/webmasters/crawler))"
57.141.4.66 - - [03/Sep/2026:14:40:19 +0000] "GET /vendor/league/flysystem-aws-s3-v3/?C=S;O=D HTTP/1.1" 200 1413 "-" "Mozilla/5.0 (Macintosh; Intel Mac OS X 10_15_7) AppleWebKit/537.36 (KHTML, like Gecko) Chrome/145.0.0.0 Safari/537.36 (compatible; meta-externalagent/1.1 (+https://developers.facebook.com/docs/sharing/webmasters/crawler))"
51.89.74.201 - - [03/Sep/2026:14:40:24 +0000] "GET /robots.txt HTTP/1.1" 404 16 "-" "Mozilla/5.0 (compatible; AhrefsBot/7.0; +http://ahrefs.com/robot/)"
57.141.4.14 - - [03/Sep/2026:14:40:24 +0000] "GET /vendor/symfony/translation/DataCollector/?C=M;O=A HTTP/1.1" 200 931 "-" "Mozilla/5.0 (Macintosh; Intel Mac OS X 10_15_7) AppleWebKit/537.36 (KHTML, like Gecko) Chrome/145.0.0.0 Safari/537.36 (compatible; meta-externalagent/1.1 (+https://developers.facebook.com/docs/sharing/webmasters/crawler))"
54.39.136.22 - - [03/Sep/2026:14:40:25 +0000] "GET /phpunit.xml HTTP/1.1" 200 1202 "-" "Mozilla/5.0 (compatible; AhrefsBot/7.0; +http://ahrefs.com/robot/)"
57.141.4.28 - - [03/Sep/2026:14:40:27 +0000] "GET /vendor/stripe/stripe-php/lib/Checkout/?C=S;O=A HTTP/1.1" 200 907 "-" "Mozilla/5.0 (X11; Linux x86_64) AppleWebKit/537.36 (KHTML, like Gecko) Chrome/145.0.0.0 Safari/537.36 (compatible; meta-externalagent/1.1 (+https://developers.facebook.com/docs/sharing/webmasters/crawler))"
57.141.4.49 - - [03/Sep/2026:14:40:33 +0000] "GET /vendor/doctrine/lexer/composer.json HTTP/1.1" 200 1159 "-" "Mozilla/5.0 (Macintosh; Intel Mac OS X 10_15_7) AppleWebKit/537.36 (KHTML, like Gecko) Chrome/145.0.0.0 Safari/537.36 (compatible; meta-externalagent/1.1 (+https://developers.facebook.com/docs/sharing/webmasters/crawler))"
57.141.4.4 - - [03/Sep/2026:14:40:33 +0000] "GET /vendor/psr/simple-cache/src/?C=N;O=D HTTP/1.1" 200 1274 "-" "Mozilla/5.0 (Windows NT 10.0; Win64; x64) AppleWebKit/537.36 (KHTML, like Gecko) Chrome/145.0.0.0 Safari/537.36 (compatible; meta-externalagent/1.1 (+https://developers.facebook.com/docs/sharing/webmasters/crawler))"
57.141.4.10 - - [03/Sep/2026:14:40:39 +0000] "GET /vendor/symfony/string/Inflector/?C=N;O=A HTTP/1.1" 200 1274 "-" "Mozilla/5.0 (Windows NT 10.0; Win64; x64) AppleWebKit/537.36 (KHTML, like Gecko) Chrome/145.0.0.0 Safari/537.36 (compatible; meta-externalagent/1.1 (+https://developers.facebook.com/docs/sharing/webmasters/crawler))"
74.7.227.164 - - [03/Sep/2026:14:40:41 +0000] "GET /platform/core/base/src/Repositories/Caches/?C=N;O=D HTTP/1.1" 200 941 "https://immovalet.com/platform/core/base/src/Repositories/Caches/" "Mozilla/5.0 AppleWebKit/537.36 (KHTML, like Gecko; compatible; GPTBot/1.4; +https://openai.com/gptbot)"
57.141.4.38 - - [03/Sep/2026:14:40:46 +0000] "GET /vendor/aws/aws-sdk-php/src/LookoutMetrics/ HTTP/1.1" 200 1107 "-" "Mozilla/5.0 (Macintosh; Intel Mac OS X 10_15_7) AppleWebKit/537.36 (KHTML, like Gecko) Chrome/145.0.0.0 Safari/537.36 (compatible; meta-externalagent/1.1 (+https://developers.facebook.com/docs/sharing/webmasters/crawler))"
57.141.4.51 - - [03/Sep/2026:14:40:47 +0000] "GET /cbzjuyd/?C=D;O=D HTTP/1.1" 200 815 "-" "Mozilla/5.0 (Macintosh; Intel Mac OS X 10_15_7) AppleWebKit/537.36 (KHTML, like Gecko) Chrome/145.0.0.0 Safari/537.36 (compatible; meta-externalagent/1.1 (+https://developers.facebook.com/docs/sharing/webmasters/crawler))"
57.141.4.71 - - [03/Sep/2026:14:40:50 +0000] "GET /resources/lang/vendor/plugins/newsletter/en/ HTTP/1.1" 200 934 "-" "Mozilla/5.0 (Windows NT 10.0; Win64; x64) AppleWebKit/537.36 (KHTML, like Gecko) Chrome/145.0.0.0 Safari/537.36 (compatible; meta-externalagent/1.1 (+https://developers.facebook.com/docs/sharing/webmasters/crawler))"
57.141.4.41 - - [03/Sep/2026:14:40:58 +0000] "GET /vendor/aws/aws-sdk-php/src/AlexaForBusiness/Exception/ HTTP/1.1" 200 975 "-" "Mozilla/5.0 (Windows NT 10.0; Win64; x64) AppleWebKit/537.36 (KHTML, like Gecko) Chrome/145.0.0.0 Safari/537.36 (compatible; meta-externalagent/1.1 (+https://developers.facebook.com/docs/sharing/webmasters/crawler))"
57.141.4.36 - - [03/Sep/2026:14:41:02 +0000] "GET /vendor/fruitcake/laravel-cors/src/HandleCors.php HTTP/1.1" 200 - "-" "Mozilla/5.0 (Windows NT 10.0; Win64; x64) AppleWebKit/537.36 (KHTML, like Gecko) Chrome/145.0.0.0 Safari/537.36 (compatible; meta-externalagent/1.1 (+https://developers.facebook.com/docs/sharing/webmasters/crawler))"
74.7.227.164 - - [03/Sep/2026:14:41:11 +0000] "GET /platform/core/media/src/Repositories/Caches/?C=N;O=A HTTP/1.1" 200 1347 "https://immovalet.com/platform/core/media/src/Repositories/Caches/?C=N;O=D" "Mozilla/5.0 AppleWebKit/537.36 (KHTML, like Gecko; compatible; GPTBot/1.4; +https://openai.com/gptbot)"
74.7.227.164 - - [03/Sep/2026:14:41:15 +0000] "GET /platform/core/setting/resources/assets/sass/?C=D;O=A HTTP/1.1" 200 930 "https://immovalet.com/platform/core/setting/resources/assets/sass/" "Mozilla/5.0 AppleWebKit/537.36 (KHTML, like Gecko; compatible; GPTBot/1.4; +https://openai.com/gptbot)"
74.7.227.164 - - [03/Sep/2026:14:41:18 +0000] "GET /vendor/league/commonmark/src/Block/Renderer/?C=S;O=A HTTP/1.1" 200 2844 "https://immovalet.com/vendor/league/commonmark/src/Block/Renderer/" "Mozilla/5.0 AppleWebKit/537.36 (KHTML, like Gecko; compatible; GPTBot/1.4; +https://openai.com/gptbot)"
57.141.4.71 - - [03/Sep/2026:14:41:23 +0000] "GET /vendor/dompdf/dompdf/src/FrameDecorator/?C=N;O=D HTTP/1.1" 200 3091 "-" "Mozilla/5.0 (Macintosh; Intel Mac OS X 10_15_7) AppleWebKit/537.36 (KHTML, like Gecko) Chrome/145.0.0.0 Safari/537.36 (compatible; meta-externalagent/1.1 (+https://developers.facebook.com/docs/sharing/webmasters/crawler))"
74.7.227.164 - - [03/Sep/2026:14:41:23 +0000] "GET /platform/packages/theme/resources/assets/js/?C=S;O=A HTTP/1.1" 200 1473 "https://immovalet.com/platform/packages/theme/resources/assets/js/" "Mozilla/5.0 AppleWebKit/537.36 (KHTML, like Gecko; compatible; GPTBot/1.4; +https://openai.com/gptbot)"
74.7.227.164 - - [03/Sep/2026:14:41:27 +0000] "GET /vendor/botble/revision/resources/assets/js/?C=N;O=D HTTP/1.1" 200 928 "https://immovalet.com/vendor/botble/revision/resources/assets/js/" "Mozilla/5.0 AppleWebKit/537.36 (KHTML, like Gecko; compatible; GPTBot/1.4; +https://openai.com/gptbot)"
