74.7.227.164 - - [03/Sep/2026:13:11:07 +0000] "GET /vendor/aws/aws-sdk-php/src/data/directconnect/2012-10-25/?C=M;O=A HTTP/1.1" 200 1336 "https://immovalet.com/vendor/aws/aws-sdk-php/src/data/directconnect/2012-10-25/" "Mozilla/5.0 AppleWebKit/537.36 (KHTML, like Gecko; compatible; GPTBot/1.4; +https://openai.com/gptbot)"
74.7.227.164 - - [03/Sep/2026:13:11:07 +0000] "GET /vendor/aws/aws-sdk-php/src/data/cloudsearch/2013-01-01/?C=S;O=A HTTP/1.1" 200 1330 "https://immovalet.com/vendor/aws/aws-sdk-php/src/data/cloudsearch/2013-01-01/" "Mozilla/5.0 AppleWebKit/537.36 (KHTML, like Gecko; compatible; GPTBot/1.4; +https://openai.com/gptbot)"
74.7.227.164 - - [03/Sep/2026:13:11:08 +0000] "GET /vendor/aws/aws-sdk-php/src/data/frauddetector/2019-11-15/?C=N;O=D HTTP/1.1" 200 1154 "https://immovalet.com/vendor/aws/aws-sdk-php/src/data/frauddetector/2019-11-15/" "Mozilla/5.0 AppleWebKit/537.36 (KHTML, like Gecko; compatible; GPTBot/1.4; +https://openai.com/gptbot)"
74.7.227.164 - - [03/Sep/2026:13:11:08 +0000] "GET /vendor/aws/aws-sdk-php/src/data/autoscaling/2011-01-01/?C=N;O=D HTTP/1.1" 200 1516 "https://immovalet.com/vendor/aws/aws-sdk-php/src/data/autoscaling/2011-01-01/" "Mozilla/5.0 AppleWebKit/537.36 (KHTML, like Gecko; compatible; GPTBot/1.4; +https://openai.com/gptbot)"
74.7.227.164 - - [03/Sep/2026:13:11:09 +0000] "GET /vendor/aws/aws-sdk-php/src/data/secretsmanager/2017-10-17/?C=D;O=A HTTP/1.1" 200 1339 "https://immovalet.com/vendor/aws/aws-sdk-php/src/data/secretsmanager/2017-10-17/" "Mozilla/5.0 AppleWebKit/537.36 (KHTML, like Gecko; compatible; GPTBot/1.4; +https://openai.com/gptbot)"
74.7.227.164 - - [03/Sep/2026:13:11:09 +0000] "GET /vendor/aws/aws-sdk-php/src/data/elasticache/2015-02-02/?C=N;O=A HTTP/1.1" 200 1516 "https://immovalet.com/vendor/aws/aws-sdk-php/src/data/elasticache/2015-02-02/?C=N;O=D" "Mozilla/5.0 AppleWebKit/537.36 (KHTML, like Gecko; compatible; GPTBot/1.4; +https://openai.com/gptbot)"
74.7.227.164 - - [03/Sep/2026:13:11:10 +0000] "GET /vendor/aws/aws-sdk-php/src/data/elasticache/2015-02-02/?C=S;O=A HTTP/1.1" 200 1516 "https://immovalet.com/vendor/aws/aws-sdk-php/src/data/elasticache/2015-02-02/" "Mozilla/5.0 AppleWebKit/537.36 (KHTML, like Gecko; compatible; GPTBot/1.4; +https://openai.com/gptbot)"
74.7.227.164 - - [03/Sep/2026:13:11:11 +0000] "GET /vendor/aws/aws-sdk-php/src/data/storagegateway/2013-06-30/?C=D;O=A HTTP/1.1" 200 1157 "https://immovalet.com/vendor/aws/aws-sdk-php/src/data/storagegateway/2013-06-30/" "Mozilla/5.0 AppleWebKit/537.36 (KHTML, like Gecko; compatible; GPTBot/1.4; +https://openai.com/gptbot)"
74.7.227.164 - - [03/Sep/2026:13:11:13 +0000] "GET /vendor/aws/aws-sdk-php/src/data/cloudsearch/2013-01-01/?C=S;O=D HTTP/1.1" 200 1330 "https://immovalet.com/vendor/aws/aws-sdk-php/src/data/cloudsearch/2013-01-01/?C=S;O=A" "Mozilla/5.0 AppleWebKit/537.36 (KHTML, like Gecko; compatible; GPTBot/1.4; +https://openai.com/gptbot)"
74.7.227.164 - - [03/Sep/2026:13:11:14 +0000] "GET /vendor/laravel/framework/src/Illuminate/Database/Schema/Grammars/SQLiteGrammar.php HTTP/1.1" 500 - "https://immovalet.com/vendor/laravel/framework/src/Illuminate/Database/Schema/Grammars/" "Mozilla/5.0 AppleWebKit/537.36 (KHTML, like Gecko; compatible; GPTBot/1.4; +https://openai.com/gptbot)"
74.7.227.164 - - [03/Sep/2026:13:11:15 +0000] "GET /vendor/rmccue/requests/library/Requests/Transport/?C=N;O=D HTTP/1.1" 200 1298 "https://immovalet.com/vendor/rmccue/requests/library/Requests/Transport/" "Mozilla/5.0 AppleWebKit/537.36 (KHTML, like Gecko; compatible; GPTBot/1.4; +https://openai.com/gptbot)"
74.7.227.164 - - [03/Sep/2026:13:11:16 +0000] "GET /vendor/rmccue/requests/library/Requests/Transport/?C=D;O=A HTTP/1.1" 200 1298 "https://immovalet.com/vendor/rmccue/requests/library/Requests/Transport/" "Mozilla/5.0 AppleWebKit/537.36 (KHTML, like Gecko; compatible; GPTBot/1.4; +https://openai.com/gptbot)"
74.7.227.164 - - [03/Sep/2026:13:11:17 +0000] "GET /vendor/aws/aws-sdk-php/src/data/elasticache/2015-02-02/?C=S;O=D HTTP/1.1" 200 1516 "https://immovalet.com/vendor/aws/aws-sdk-php/src/data/elasticache/2015-02-02/?C=S;O=A" "Mozilla/5.0 AppleWebKit/537.36 (KHTML, like Gecko; compatible; GPTBot/1.4; +https://openai.com/gptbot)"
74.7.227.164 - - [03/Sep/2026:13:11:19 +0000] "GET /vendor/rmccue/requests/library/Requests/Transport/?C=M;O=A HTTP/1.1" 200 1298 "https://immovalet.com/vendor/rmccue/requests/library/Requests/Transport/" "Mozilla/5.0 AppleWebKit/537.36 (KHTML, like Gecko; compatible; GPTBot/1.4; +https://openai.com/gptbot)"
74.7.227.164 - - [03/Sep/2026:13:11:20 +0000] "GET /vendor/rmccue/requests/library/Requests/Transport/?C=S;O=A HTTP/1.1" 200 1298 "https://immovalet.com/vendor/rmccue/requests/library/Requests/Transport/" "Mozilla/5.0 AppleWebKit/537.36 (KHTML, like Gecko; compatible; GPTBot/1.4; +https://openai.com/gptbot)"
74.7.227.164 - - [03/Sep/2026:13:11:22 +0000] "GET /vendor/rmccue/requests/library/Requests/Transport/fsockopen.php HTTP/1.1" 500 - "https://immovalet.com/vendor/rmccue/requests/library/Requests/Transport/?C=N;O=D" "Mozilla/5.0 AppleWebKit/537.36 (KHTML, like Gecko; compatible; GPTBot/1.4; +https://openai.com/gptbot)"
74.7.227.164 - - [03/Sep/2026:13:11:22 +0000] "GET /vendor/rmccue/requests/library/Requests/Transport/cURL.php HTTP/1.1" 500 - "https://immovalet.com/vendor/rmccue/requests/library/Requests/Transport/?C=N;O=D" "Mozilla/5.0 AppleWebKit/537.36 (KHTML, like Gecko; compatible; GPTBot/1.4; +https://openai.com/gptbot)"
74.7.227.164 - - [03/Sep/2026:13:11:23 +0000] "GET /vendor/rmccue/requests/library/Requests/Transport/?C=N;O=A HTTP/1.1" 200 1298 "https://immovalet.com/vendor/rmccue/requests/library/Requests/Transport/?C=N;O=D" "Mozilla/5.0 AppleWebKit/537.36 (KHTML, like Gecko; compatible; GPTBot/1.4; +https://openai.com/gptbot)"
74.7.227.164 - - [03/Sep/2026:13:11:25 +0000] "GET /vendor/phpoffice/phpspreadsheet/src/PhpSpreadsheet/Calculation/MathTrig/Trig/Cotangent.php HTTP/1.1" 200 - "https://immovalet.com/vendor/phpoffice/phpspreadsheet/src/PhpSpreadsheet/Calculation/MathTrig/Trig/" "Mozilla/5.0 AppleWebKit/537.36 (KHTML, like Gecko; compatible; GPTBot/1.4; +https://openai.com/gptbot)"
74.7.227.164 - - [03/Sep/2026:13:11:26 +0000] "GET /vendor/phpoffice/phpspreadsheet/src/PhpSpreadsheet/Worksheet/AutoFilter/Column/Rule.php HTTP/1.1" 200 - "https://immovalet.com/vendor/phpoffice/phpspreadsheet/src/PhpSpreadsheet/Worksheet/AutoFilter/Column/" "Mozilla/5.0 AppleWebKit/537.36 (KHTML, like Gecko; compatible; GPTBot/1.4; +https://openai.com/gptbot)"
74.7.227.164 - - [03/Sep/2026:13:11:27 +0000] "GET /vendor/aws/aws-sdk-php/src/MarketplaceEntitlementService/MarketplaceEntitlementServiceClient.php HTTP/1.1" 500 - "https://immovalet.com/vendor/aws/aws-sdk-php/src/MarketplaceEntitlementService/" "Mozilla/5.0 AppleWebKit/537.36 (KHTML, like Gecko; compatible; GPTBot/1.4; +https://openai.com/gptbot)"
74.7.227.164 - - [03/Sep/2026:13:11:28 +0000] "GET /vendor/rmccue/requests/library/Requests/Transport/?C=S;O=D HTTP/1.1" 200 1298 "https://immovalet.com/vendor/rmccue/requests/library/Requests/Transport/?C=S;O=A" "Mozilla/5.0 AppleWebKit/537.36 (KHTML, like Gecko; compatible; GPTBot/1.4; +https://openai.com/gptbot)"
57.141.4.36 - - [03/Sep/2026:13:11:28 +0000] "GET /platform/plugins/ecommerce/helpers/ HTTP/1.1" 200 3085 "-" "Mozilla/5.0 (Windows NT 10.0; Win64; x64) AppleWebKit/537.36 (KHTML, like Gecko) Chrome/145.0.0.0 Safari/537.36 (compatible; meta-externalagent/1.1 (+https://developers.facebook.com/docs/sharing/webmasters/crawler))"
57.141.4.21 - - [03/Sep/2026:13:11:30 +0000] "GET /platform/plugins/ecommerce/public/ HTTP/1.1" 200 1414 "-" "Mozilla/5.0 (Windows NT 10.0; Win64; x64) AppleWebKit/537.36 (KHTML, like Gecko) Chrome/145.0.0.0 Safari/537.36 (compatible; meta-externalagent/1.1 (+https://developers.facebook.com/docs/sharing/webmasters/crawler))"
74.7.227.164 - - [03/Sep/2026:13:11:33 +0000] "GET /platform/core/media/resources/assets/js/App/Services/?C=M;O=A HTTP/1.1" 200 2069 "https://immovalet.com/platform/core/media/resources/assets/js/App/Services/" "Mozilla/5.0 AppleWebKit/537.36 (KHTML, like Gecko; compatible; GPTBot/1.4; +https://openai.com/gptbot)"
74.7.227.164 - - [03/Sep/2026:13:11:34 +0000] "GET /platform/core/media/resources/assets/js/App/Services/?C=S;O=D HTTP/1.1" 200 2069 "https://immovalet.com/platform/core/media/resources/assets/js/App/Services/?C=S;O=A" "Mozilla/5.0 AppleWebKit/537.36 (KHTML, like Gecko; compatible; GPTBot/1.4; +https://openai.com/gptbot)"
74.7.227.164 - - [03/Sep/2026:13:11:36 +0000] "GET /platform/core/media/resources/assets/js/App/Services/?C=D;O=A HTTP/1.1" 200 2069 "https://immovalet.com/platform/core/media/resources/assets/js/App/Services/" "Mozilla/5.0 AppleWebKit/537.36 (KHTML, like Gecko; compatible; GPTBot/1.4; +https://openai.com/gptbot)"
74.7.227.164 - - [03/Sep/2026:13:11:38 +0000] "GET /platform/core/media/resources/assets/js/App/Services/?C=N;O=D HTTP/1.1" 200 2069 "https://immovalet.com/platform/core/media/resources/assets/js/App/Services/" "Mozilla/5.0 AppleWebKit/537.36 (KHTML, like Gecko; compatible; GPTBot/1.4; +https://openai.com/gptbot)"
74.7.227.164 - - [03/Sep/2026:13:11:39 +0000] "GET /vendor/doctrine/dbal/src/Tools/Console/ConsoleRunner.php HTTP/1.1" 200 - "https://immovalet.com/vendor/doctrine/dbal/src/Tools/Console/" "Mozilla/5.0 AppleWebKit/537.36 (KHTML, like Gecko; compatible; GPTBot/1.4; +https://openai.com/gptbot)"
74.7.227.164 - - [03/Sep/2026:13:11:40 +0000] "GET /platform/core/media/src/Http/Resources/FileResource.php HTTP/1.1" 500 - "https://immovalet.com/platform/core/media/src/Http/Resources/" "Mozilla/5.0 AppleWebKit/537.36 (KHTML, like Gecko; compatible; GPTBot/1.4; +https://openai.com/gptbot)"
74.7.227.164 - - [03/Sep/2026:13:11:42 +0000] "GET /vendor/doctrine/dbal/src/Driver/IBMDB2/Exception/?C=S;O=A HTTP/1.1" 200 2106 "https://immovalet.com/vendor/doctrine/dbal/src/Driver/IBMDB2/Exception/" "Mozilla/5.0 AppleWebKit/537.36 (KHTML, like Gecko; compatible; GPTBot/1.4; +https://openai.com/gptbot)"
57.141.4.68 - - [03/Sep/2026:13:11:44 +0000] "GET /platform/core/base/routes/ HTTP/1.1" 200 869 "-" "Mozilla/5.0 (Windows NT 10.0; Win64; x64) AppleWebKit/537.36 (KHTML, like Gecko) Chrome/145.0.0.0 Safari/537.36 (compatible; meta-externalagent/1.1 (+https://developers.facebook.com/docs/sharing/webmasters/crawler))"
74.7.227.164 - - [03/Sep/2026:13:11:44 +0000] "GET /vendor/doctrine/dbal/src/Driver/IBMDB2/Exception/?C=D;O=A HTTP/1.1" 200 2106 "https://immovalet.com/vendor/doctrine/dbal/src/Driver/IBMDB2/Exception/" "Mozilla/5.0 AppleWebKit/537.36 (KHTML, like Gecko; compatible; GPTBot/1.4; +https://openai.com/gptbot)"
74.7.227.164 - - [03/Sep/2026:13:11:45 +0000] "GET /vendor/doctrine/dbal/src/Driver/IBMDB2/Exception/?C=M;O=A HTTP/1.1" 200 2106 "https://immovalet.com/vendor/doctrine/dbal/src/Driver/IBMDB2/Exception/" "Mozilla/5.0 AppleWebKit/537.36 (KHTML, like Gecko; compatible; GPTBot/1.4; +https://openai.com/gptbot)"
57.141.4.25 - - [03/Sep/2026:13:11:46 +0000] "GET /platform/core/acl/?C=S;O=A HTTP/1.1" 200 2083 "-" "Mozilla/5.0 (Windows NT 10.0; Win64; x64) AppleWebKit/537.36 (KHTML, like Gecko) Chrome/145.0.0.0 Safari/537.36 (compatible; meta-externalagent/1.1 (+https://developers.facebook.com/docs/sharing/webmasters/crawler))"
74.7.227.164 - - [03/Sep/2026:13:11:46 +0000] "GET /vendor/doctrine/dbal/src/Driver/IBMDB2/Exception/?C=N;O=D HTTP/1.1" 200 2106 "https://immovalet.com/vendor/doctrine/dbal/src/Driver/IBMDB2/Exception/" "Mozilla/5.0 AppleWebKit/537.36 (KHTML, like Gecko; compatible; GPTBot/1.4; +https://openai.com/gptbot)"
74.7.227.164 - - [03/Sep/2026:13:11:47 +0000] "GET /platform/plugins/ecommerce/resources/views/themes/?C=D;O=A HTTP/1.1" 200 3350 "https://immovalet.com/platform/plugins/ecommerce/resources/views/themes/" "Mozilla/5.0 AppleWebKit/537.36 (KHTML, like Gecko; compatible; GPTBot/1.4; +https://openai.com/gptbot)"
74.7.227.164 - - [03/Sep/2026:13:11:48 +0000] "GET /platform/plugins/ecommerce/resources/views/orders/?C=D;O=A HTTP/1.1" 200 3925 "https://immovalet.com/platform/plugins/ecommerce/resources/views/orders/" "Mozilla/5.0 AppleWebKit/537.36 (KHTML, like Gecko; compatible; GPTBot/1.4; +https://openai.com/gptbot)"
74.7.227.164 - - [03/Sep/2026:13:11:48 +0000] "GET /platform/plugins/simple-slider/resources/assets/js/?C=N;O=D HTTP/1.1" 200 1147 "https://immovalet.com/platform/plugins/simple-slider/resources/assets/js/" "Mozilla/5.0 AppleWebKit/537.36 (KHTML, like Gecko; compatible; GPTBot/1.4; +https://openai.com/gptbot)"
74.7.227.164 - - [03/Sep/2026:13:11:49 +0000] "GET /vendor/doctrine/dbal/src/Driver/IBMDB2/Exception/ConnectionFailed.php HTTP/1.1" 500 - "https://immovalet.com/vendor/doctrine/dbal/src/Driver/IBMDB2/Exception/?C=S;O=A" "Mozilla/5.0 AppleWebKit/537.36 (KHTML, like Gecko; compatible; GPTBot/1.4; +https://openai.com/gptbot)"
74.7.242.43 - - [03/Sep/2026:13:11:49 +0000] "GET /vendor/laravel/framework/src/Illuminate/Validation/Rules/?C=M;O=D HTTP/1.1" 200 2223 "https://www.immovalet.techbala.com/vendor/laravel/framework/src/Illuminate/Validation/Rules/?C=M;O=A" "Mozilla/5.0 AppleWebKit/537.36 (KHTML, like Gecko; compatible; GPTBot/1.4; +https://openai.com/gptbot)"
74.7.227.164 - - [03/Sep/2026:13:11:51 +0000] "GET /vendor/doctrine/dbal/src/Driver/IBMDB2/Exception/CannotCreateTemporaryFile.php HTTP/1.1" 500 - "https://immovalet.com/vendor/doctrine/dbal/src/Driver/IBMDB2/Exception/?C=S;O=A" "Mozilla/5.0 AppleWebKit/537.36 (KHTML, like Gecko; compatible; GPTBot/1.4; +https://openai.com/gptbot)"
57.141.4.19 - - [03/Sep/2026:13:11:55 +0000] "GET /vendor/botble/slug/public/ HTTP/1.1" 200 1037 "-" "Mozilla/5.0 (Windows NT 10.0; Win64; x64) AppleWebKit/537.36 (KHTML, like Gecko) Chrome/145.0.0.0 Safari/537.36 (compatible; meta-externalagent/1.1 (+https://developers.facebook.com/docs/sharing/webmasters/crawler))"
74.7.227.164 - - [03/Sep/2026:13:11:55 +0000] "GET /vendor/doctrine/dbal/src/Driver/IBMDB2/Exception/CannotWriteToTemporaryFile.php HTTP/1.1" 500 - "https://immovalet.com/vendor/doctrine/dbal/src/Driver/IBMDB2/Exception/?C=S;O=A" "Mozilla/5.0 AppleWebKit/537.36 (KHTML, like Gecko; compatible; GPTBot/1.4; +https://openai.com/gptbot)"
57.141.4.41 - - [03/Sep/2026:13:11:56 +0000] "GET /vendor/yajra/laravel-datatables-buttons/src/Transformers/?C=M;O=A HTTP/1.1" 200 976 "-" "Mozilla/5.0 (Windows NT 10.0; Win64; x64) AppleWebKit/537.36 (KHTML, like Gecko) Chrome/145.0.0.0 Safari/537.36 (compatible; meta-externalagent/1.1 (+https://developers.facebook.com/docs/sharing/webmasters/crawler))"
74.7.227.164 - - [03/Sep/2026:13:11:59 +0000] "GET /vendor/doctrine/dbal/src/Driver/IBMDB2/Exception/StatementError.php HTTP/1.1" 500 - "https://immovalet.com/vendor/doctrine/dbal/src/Driver/IBMDB2/Exception/?C=S;O=A" "Mozilla/5.0 AppleWebKit/537.36 (KHTML, like Gecko; compatible; GPTBot/1.4; +https://openai.com/gptbot)"
74.7.227.164 - - [03/Sep/2026:13:12:26 +0000] "GET /vendor/doctrine/dbal/src/Driver/IBMDB2/Exception/ConnectionError.php HTTP/1.1" 500 - "https://immovalet.com/vendor/doctrine/dbal/src/Driver/IBMDB2/Exception/?C=S;O=A" "Mozilla/5.0 AppleWebKit/537.36 (KHTML, like Gecko; compatible; GPTBot/1.4; +https://openai.com/gptbot)"
57.141.4.13 - - [03/Sep/2026:13:12:26 +0000] "GET /platform/plugins/razorpay/?C=S;O=A HTTP/1.1" 200 1935 "-" "Mozilla/5.0 (Windows NT 10.0; Win64; x64) AppleWebKit/537.36 (KHTML, like Gecko) Chrome/145.0.0.0 Safari/537.36 (compatible; meta-externalagent/1.1 (+https://developers.facebook.com/docs/sharing/webmasters/crawler))"
57.141.4.30 - - [03/Sep/2026:13:12:57 +0000] "GET /vendor/botble/theme/resources/ HTTP/1.1" 200 1225 "-" "Mozilla/5.0 (Macintosh; Intel Mac OS X 10_15_7) AppleWebKit/537.36 (KHTML, like Gecko) Chrome/145.0.0.0 Safari/537.36 (compatible; meta-externalagent/1.1 (+https://developers.facebook.com/docs/sharing/webmasters/crawler))"
74.7.227.164 - - [03/Sep/2026:13:13:05 +0000] "GET /vendor/doctrine/dbal/src/Driver/IBMDB2/Exception/PrepareFailed.php HTTP/1.1" 500 - "https://immovalet.com/vendor/doctrine/dbal/src/Driver/IBMDB2/Exception/?C=S;O=A" "Mozilla/5.0 AppleWebKit/537.36 (KHTML, like Gecko; compatible; GPTBot/1.4; +https://openai.com/gptbot)"
74.7.244.24 - - [03/Sep/2026:13:13:05 +0000] "GET /robots.txt HTTP/1.1" 404 16 "-" "Mozilla/5.0 (Macintosh; Intel Mac OS X 10_15_7) AppleWebKit/537.36 (KHTML, like Gecko) Chrome/131.0.0.0 Safari/537.36; compatible; OAI-SearchBot/1.4; robots.txt; +https://openai.com/searchbot"
57.141.4.52 - - [03/Sep/2026:13:13:12 +0000] "GET /database/seeders/files/products/ HTTP/1.1" 200 13292 "-" "Mozilla/5.0 (X11; Linux x86_64) AppleWebKit/537.36 (KHTML, like Gecko) Chrome/145.0.0.0 Safari/537.36 (compatible; meta-externalagent/1.1 (+https://developers.facebook.com/docs/sharing/webmasters/crawler))"
57.141.4.59 - - [03/Sep/2026:13:13:28 +0000] "GET /vendor/voku/portable-ascii/src/?C=N;O=A HTTP/1.1" 200 885 "-" "Mozilla/5.0 (Windows NT 10.0; Win64; x64) AppleWebKit/537.36 (KHTML, like Gecko) Chrome/145.0.0.0 Safari/537.36 (compatible; meta-externalagent/1.1 (+https://developers.facebook.com/docs/sharing/webmasters/crawler))"
57.141.4.36 - - [03/Sep/2026:13:13:42 +0000] "GET /database/migrations/?C=D;O=D HTTP/1.1" 200 1531 "-" "Mozilla/5.0 (Windows NT 10.0; Win64; x64) AppleWebKit/537.36 (KHTML, like Gecko) Chrome/145.0.0.0 Safari/537.36 (compatible; meta-externalagent/1.1 (+https://developers.facebook.com/docs/sharing/webmasters/crawler))"
57.141.4.11 - - [03/Sep/2026:13:13:43 +0000] "GET /vendor/composer/package-versions-deprecated/?C=D;O=A HTTP/1.1" 200 1978 "-" "Mozilla/5.0 (Windows NT 10.0; Win64; x64) AppleWebKit/537.36 (KHTML, like Gecko) Chrome/145.0.0.0 Safari/537.36 (compatible; meta-externalagent/1.1 (+https://developers.facebook.com/docs/sharing/webmasters/crawler))"
57.141.4.42 - - [03/Sep/2026:13:13:44 +0000] "GET /vendor/symfony/mime/Crypto/?C=S;O=D HTTP/1.1" 200 1608 "-" "Mozilla/5.0 (Windows NT 10.0; Win64; x64) AppleWebKit/537.36 (KHTML, like Gecko) Chrome/145.0.0.0 Safari/537.36 (compatible; meta-externalagent/1.1 (+https://developers.facebook.com/docs/sharing/webmasters/crawler))"
74.7.227.164 - - [03/Sep/2026:13:13:45 +0000] "GET /vendor/doctrine/dbal/src/Driver/IBMDB2/Exception/CannotCopyStreamToStream.php HTTP/1.1" 500 - "https://immovalet.com/vendor/doctrine/dbal/src/Driver/IBMDB2/Exception/?C=S;O=A" "Mozilla/5.0 AppleWebKit/537.36 (KHTML, like Gecko; compatible; GPTBot/1.4; +https://openai.com/gptbot)"
57.141.4.5 - - [03/Sep/2026:13:13:53 +0000] "GET /platform/core/table/?C=D;O=A HTTP/1.1" 200 1735 "-" "Mozilla/5.0 (Macintosh; Intel Mac OS X 10_15_7) AppleWebKit/537.36 (KHTML, like Gecko) Chrome/145.0.0.0 Safari/537.36 (compatible; meta-externalagent/1.1 (+https://developers.facebook.com/docs/sharing/webmasters/crawler))"
57.141.4.11 - - [03/Sep/2026:13:13:53 +0000] "GET /vendor/egulias/email-validator/src/Warning/?C=M;O=A HTTP/1.1" 200 4972 "-" "Mozilla/5.0 (Windows NT 10.0; Win64; x64) AppleWebKit/537.36 (KHTML, like Gecko) Chrome/145.0.0.0 Safari/537.36 (compatible; meta-externalagent/1.1 (+https://developers.facebook.com/docs/sharing/webmasters/crawler))"
74.7.227.164 - - [03/Sep/2026:13:14:05 +0000] "GET /vendor/doctrine/dbal/src/Driver/IBMDB2/Exception/?C=N;O=A HTTP/1.1" 200 2106 "https://immovalet.com/vendor/doctrine/dbal/src/Driver/IBMDB2/Exception/?C=S;O=A" "Mozilla/5.0 AppleWebKit/537.36 (KHTML, like Gecko; compatible; GPTBot/1.4; +https://openai.com/gptbot)"
74.7.227.164 - - [03/Sep/2026:13:14:41 +0000] "GET /vendor/doctrine/dbal/src/Driver/IBMDB2/Exception/?C=S;O=D HTTP/1.1" 200 2106 "https://immovalet.com/vendor/doctrine/dbal/src/Driver/IBMDB2/Exception/?C=S;O=A" "Mozilla/5.0 AppleWebKit/537.36 (KHTML, like Gecko; compatible; GPTBot/1.4; +https://openai.com/gptbot)"
57.141.4.21 - - [03/Sep/2026:13:14:45 +0000] "GET /vendor/botble/seo-helper/helpers/ HTTP/1.1" 200 895 "-" "Mozilla/5.0 (Windows NT 10.0; Win64; x64) AppleWebKit/537.36 (KHTML, like Gecko) Chrome/145.0.0.0 Safari/537.36 (compatible; meta-externalagent/1.1 (+https://developers.facebook.com/docs/sharing/webmasters/crawler))"
57.141.4.22 - - [03/Sep/2026:13:14:48 +0000] "GET /vendor/psr/event-dispatcher/?C=N;O=A HTTP/1.1" 200 1218 "-" "Mozilla/5.0 (Windows NT 10.0; Win64; x64) AppleWebKit/537.36 (KHTML, like Gecko) Chrome/145.0.0.0 Safari/537.36 Edg/145.0.0.0 (compatible; meta-externalagent/1.1 (+https://developers.facebook.com/docs/sharing/webmasters/crawler))"
74.7.227.164 - - [03/Sep/2026:13:15:04 +0000] "GET /platform/plugins/ecommerce/resources/views/themes/?C=S;O=A HTTP/1.1" 200 3350 "https://immovalet.com/platform/plugins/ecommerce/resources/views/themes/" "Mozilla/5.0 AppleWebKit/537.36 (KHTML, like Gecko; compatible; GPTBot/1.4; +https://openai.com/gptbot)"
74.7.227.164 - - [03/Sep/2026:13:15:13 +0000] "GET /platform/plugins/testimonial/src/Http/Controllers/?C=N;O=D HTTP/1.1" 200 957 "https://immovalet.com/platform/plugins/testimonial/src/Http/Controllers/" "Mozilla/5.0 AppleWebKit/537.36 (KHTML, like Gecko; compatible; GPTBot/1.4; +https://openai.com/gptbot)"
57.141.4.7 - - [03/Sep/2026:13:15:20 +0000] "GET /cbzjuyd/?C=N;O=D HTTP/1.1" 200 815 "-" "Mozilla/5.0 (Windows NT 10.0; Win64; x64) AppleWebKit/537.36 (KHTML, like Gecko) Chrome/145.0.0.0 Safari/537.36 (compatible; meta-externalagent/1.1 (+https://developers.facebook.com/docs/sharing/webmasters/crawler))"
57.141.4.50 - - [03/Sep/2026:13:15:23 +0000] "GET /vendor/botble/seo-helper/src/ HTTP/1.1" 200 2848 "-" "Mozilla/5.0 (Windows NT 10.0; Win64; x64) AppleWebKit/537.36 (KHTML, like Gecko) Chrome/145.0.0.0 Safari/537.36 (compatible; meta-externalagent/1.1 (+https://developers.facebook.com/docs/sharing/webmasters/crawler))"
74.7.227.164 - - [03/Sep/2026:13:15:24 +0000] "GET /platform/plugins/ecommerce/resources/views/emails/?C=N;O=D HTTP/1.1" 200 943 "https://immovalet.com/platform/plugins/ecommerce/resources/views/emails/" "Mozilla/5.0 AppleWebKit/537.36 (KHTML, like Gecko; compatible; GPTBot/1.4; +https://openai.com/gptbot)"
74.7.227.164 - - [03/Sep/2026:13:15:28 +0000] "GET /platform/plugins/ecommerce/resources/views/reports/?C=M;O=A HTTP/1.1" 200 1487 "https://immovalet.com/platform/plugins/ecommerce/resources/views/reports/" "Mozilla/5.0 AppleWebKit/537.36 (KHTML, like Gecko; compatible; GPTBot/1.4; +https://openai.com/gptbot)"
74.7.227.164 - - [03/Sep/2026:13:15:31 +0000] "GET /platform/themes/shopwise/views/ecommerce/includes/?C=M;O=A HTTP/1.1" 200 1131 "https://immovalet.com/platform/themes/shopwise/views/ecommerce/includes/" "Mozilla/5.0 AppleWebKit/537.36 (KHTML, like Gecko; compatible; GPTBot/1.4; +https://openai.com/gptbot)"
74.7.227.164 - - [03/Sep/2026:13:15:34 +0000] "GET /platform/plugins/ecommerce/resources/views/themes/?C=N;O=D HTTP/1.1" 200 3350 "https://immovalet.com/platform/plugins/ecommerce/resources/views/themes/" "Mozilla/5.0 AppleWebKit/537.36 (KHTML, like Gecko; compatible; GPTBot/1.4; +https://openai.com/gptbot)"
74.7.227.164 - - [03/Sep/2026:13:15:38 +0000] "GET /vendor/symfony/routing/Loader/Configurator/Traits/?C=N;O=D HTTP/1.1" 200 1683 "https://immovalet.com/vendor/symfony/routing/Loader/Configurator/Traits/" "Mozilla/5.0 AppleWebKit/537.36 (KHTML, like Gecko; compatible; GPTBot/1.4; +https://openai.com/gptbot)"
74.7.227.164 - - [03/Sep/2026:13:15:39 +0000] "GET /vendor/symfony/routing/Loader/Configurator/Traits/?C=D;O=A HTTP/1.1" 200 1683 "https://immovalet.com/vendor/symfony/routing/Loader/Configurator/Traits/" "Mozilla/5.0 AppleWebKit/537.36 (KHTML, like Gecko; compatible; GPTBot/1.4; +https://openai.com/gptbot)"
74.7.227.164 - - [03/Sep/2026:13:15:42 +0000] "GET /platform/plugins/ecommerce/resources/views/themes/?C=S;O=D HTTP/1.1" 200 3350 "https://immovalet.com/platform/plugins/ecommerce/resources/views/themes/?C=S;O=A" "Mozilla/5.0 AppleWebKit/537.36 (KHTML, like Gecko; compatible; GPTBot/1.4; +https://openai.com/gptbot)"
74.7.227.164 - - [03/Sep/2026:13:15:42 +0000] "GET /platform/plugins/ecommerce/resources/views/themes/?C=N;O=A HTTP/1.1" 200 3350 "https://immovalet.com/platform/plugins/ecommerce/resources/views/themes/?C=S;O=A" "Mozilla/5.0 AppleWebKit/537.36 (KHTML, like Gecko; compatible; GPTBot/1.4; +https://openai.com/gptbot)"
74.7.227.164 - - [03/Sep/2026:13:15:45 +0000] "GET /platform/plugins/testimonial/src/Http/Controllers/?C=M;O=A HTTP/1.1" 200 957 "https://immovalet.com/platform/plugins/testimonial/src/Http/Controllers/" "Mozilla/5.0 AppleWebKit/537.36 (KHTML, like Gecko; compatible; GPTBot/1.4; +https://openai.com/gptbot)"
74.7.227.164 - - [03/Sep/2026:13:15:45 +0000] "GET /platform/plugins/ecommerce/resources/views/orders/?C=S;O=A HTTP/1.1" 200 3925 "https://immovalet.com/platform/plugins/ecommerce/resources/views/orders/" "Mozilla/5.0 AppleWebKit/537.36 (KHTML, like Gecko; compatible; GPTBot/1.4; +https://openai.com/gptbot)"
74.7.227.164 - - [03/Sep/2026:13:15:46 +0000] "GET /vendor/symfony/routing/Loader/Configurator/Traits/AddTrait.php HTTP/1.1" 500 - "https://immovalet.com/vendor/symfony/routing/Loader/Configurator/Traits/?C=N;O=D" "Mozilla/5.0 AppleWebKit/537.36 (KHTML, like Gecko; compatible; GPTBot/1.4; +https://openai.com/gptbot)"
74.7.227.164 - - [03/Sep/2026:13:15:47 +0000] "GET /vendor/symfony/routing/Loader/Configurator/Traits/?C=N;O=A HTTP/1.1" 200 1683 "https://immovalet.com/vendor/symfony/routing/Loader/Configurator/Traits/?C=N;O=D" "Mozilla/5.0 AppleWebKit/537.36 (KHTML, like Gecko; compatible; GPTBot/1.4; +https://openai.com/gptbot)"
74.7.227.164 - - [03/Sep/2026:13:15:48 +0000] "GET /platform/plugins/simple-slider/resources/assets/js/?C=M;O=A HTTP/1.1" 200 1147 "https://immovalet.com/platform/plugins/simple-slider/resources/assets/js/" "Mozilla/5.0 AppleWebKit/537.36 (KHTML, like Gecko; compatible; GPTBot/1.4; +https://openai.com/gptbot)"
74.7.227.164 - - [03/Sep/2026:13:15:48 +0000] "GET /platform/plugins/simple-slider/src/Http/Controllers/?C=D;O=A HTTP/1.1" 200 1165 "https://immovalet.com/platform/plugins/simple-slider/src/Http/Controllers/" "Mozilla/5.0 AppleWebKit/537.36 (KHTML, like Gecko; compatible; GPTBot/1.4; +https://openai.com/gptbot)"
74.7.227.164 - - [03/Sep/2026:13:15:49 +0000] "GET /platform/plugins/simple-slider/src/Http/Controllers/?C=M;O=A HTTP/1.1" 200 1165 "https://immovalet.com/platform/plugins/simple-slider/src/Http/Controllers/" "Mozilla/5.0 AppleWebKit/537.36 (KHTML, like Gecko; compatible; GPTBot/1.4; +https://openai.com/gptbot)"
74.7.227.164 - - [03/Sep/2026:13:15:50 +0000] "GET /platform/plugins/ecommerce/resources/views/emails/?C=M;O=A HTTP/1.1" 200 943 "https://immovalet.com/platform/plugins/ecommerce/resources/views/emails/" "Mozilla/5.0 AppleWebKit/537.36 (KHTML, like Gecko; compatible; GPTBot/1.4; +https://openai.com/gptbot)"
74.7.227.164 - - [03/Sep/2026:13:15:51 +0000] "GET /platform/plugins/simple-slider/resources/assets/js/?C=N;O=A HTTP/1.1" 200 1147 "https://immovalet.com/platform/plugins/simple-slider/resources/assets/js/?C=N;O=D" "Mozilla/5.0 AppleWebKit/537.36 (KHTML, like Gecko; compatible; GPTBot/1.4; +https://openai.com/gptbot)"
145.239.195.42 - - [03/Sep/2026:13:15:51 +0000] "GET /robots.txt HTTP/1.1" 404 16 "-" "Mozilla/5.0 (compatible; MJ12bot/v1.4.8; http://mj12bot.com/)"
74.7.227.164 - - [03/Sep/2026:13:15:51 +0000] "GET /platform/plugins/ecommerce/resources/views/orders/?C=N;O=A HTTP/1.1" 200 3925 "https://immovalet.com/platform/plugins/ecommerce/resources/views/orders/?C=S;O=A" "Mozilla/5.0 AppleWebKit/537.36 (KHTML, like Gecko; compatible; GPTBot/1.4; +https://openai.com/gptbot)"
74.7.227.164 - - [03/Sep/2026:13:15:52 +0000] "GET /platform/plugins/ecommerce/resources/views/orders/?C=S;O=D HTTP/1.1" 200 3925 "https://immovalet.com/platform/plugins/ecommerce/resources/views/orders/?C=S;O=A" "Mozilla/5.0 AppleWebKit/537.36 (KHTML, like Gecko; compatible; GPTBot/1.4; +https://openai.com/gptbot)"
145.239.195.42 - - [03/Sep/2026:13:15:53 +0000] "GET /jvdmcgqg.php HTTP/1.1" 200 17250 "-" "Mozilla/5.0 (compatible; MJ12bot/v1.4.8; http://mj12bot.com/)"
74.7.227.164 - - [03/Sep/2026:13:15:53 +0000] "GET /platform/plugins/ecommerce/resources/views/reports/?C=D;O=A HTTP/1.1" 200 1487 "https://immovalet.com/platform/plugins/ecommerce/resources/views/reports/" "Mozilla/5.0 AppleWebKit/537.36 (KHTML, like Gecko; compatible; GPTBot/1.4; +https://openai.com/gptbot)"
74.7.227.164 - - [03/Sep/2026:13:15:54 +0000] "GET /platform/plugins/testimonial/src/Http/Controllers/?C=D;O=A HTTP/1.1" 200 957 "https://immovalet.com/platform/plugins/testimonial/src/Http/Controllers/" "Mozilla/5.0 AppleWebKit/537.36 (KHTML, like Gecko; compatible; GPTBot/1.4; +https://openai.com/gptbot)"
145.239.195.42 - - [03/Sep/2026:13:15:55 +0000] "GET /storage/app/public/?C=S;O=D HTTP/1.1" 200 673 "-" "Mozilla/5.0 (compatible; MJ12bot/v1.4.8; http://mj12bot.com/)"
145.239.195.42 - - [03/Sep/2026:13:15:56 +0000] "GET /storage/framework/cache/?C=N;O=A HTTP/1.1" 200 862 "-" "Mozilla/5.0 (compatible; MJ12bot/v1.4.8; http://mj12bot.com/)"
74.7.227.164 - - [03/Sep/2026:13:15:57 +0000] "GET /platform/plugins/cookie-consent/resources/assets/js/?C=D;O=A HTTP/1.1" 200 961 "https://immovalet.com/platform/plugins/cookie-consent/resources/assets/js/" "Mozilla/5.0 AppleWebKit/537.36 (KHTML, like Gecko; compatible; GPTBot/1.4; +https://openai.com/gptbot)"
145.239.195.42 - - [03/Sep/2026:13:15:58 +0000] "GET /storage/framework/sessions/?C=N;O=A HTTP/1.1" 200 1539 "-" "Mozilla/5.0 (compatible; MJ12bot/v1.4.8; http://mj12bot.com/)"
145.239.195.42 - - [03/Sep/2026:13:15:59 +0000] "GET /storage/framework/testing/?C=N;O=A HTTP/1.1" 200 867 "-" "Mozilla/5.0 (compatible; MJ12bot/v1.4.8; http://mj12bot.com/)"
74.7.227.164 - - [03/Sep/2026:13:16:00 +0000] "GET /platform/plugins/testimonial/src/Http/Controllers/?C=S;O=A HTTP/1.1" 200 957 "https://immovalet.com/platform/plugins/testimonial/src/Http/Controllers/" "Mozilla/5.0 AppleWebKit/537.36 (KHTML, like Gecko; compatible; GPTBot/1.4; +https://openai.com/gptbot)"
74.7.227.164 - - [03/Sep/2026:13:16:00 +0000] "GET /platform/plugins/cookie-consent/resources/assets/js/?C=S;O=A HTTP/1.1" 200 961 "https://immovalet.com/platform/plugins/cookie-consent/resources/assets/js/" "Mozilla/5.0 AppleWebKit/537.36 (KHTML, like Gecko; compatible; GPTBot/1.4; +https://openai.com/gptbot)"
74.7.227.164 - - [03/Sep/2026:13:16:04 +0000] "GET /platform/plugins/ecommerce/resources/views/themes/?C=M;O=A HTTP/1.1" 200 3350 "https://immovalet.com/platform/plugins/ecommerce/resources/views/themes/" "Mozilla/5.0 AppleWebKit/537.36 (KHTML, like Gecko; compatible; GPTBot/1.4; +https://openai.com/gptbot)"
57.141.4.25 - - [03/Sep/2026:13:16:04 +0000] "GET /platform/core/js-validation/src/RemoteValidationMiddleware.php HTTP/1.1" 200 - "-" "Mozilla/5.0 (Windows NT 10.0; Win64; x64) AppleWebKit/537.36 (KHTML, like Gecko) Chrome/145.0.0.0 Safari/537.36 (compatible; meta-externalagent/1.1 (+https://developers.facebook.com/docs/sharing/webmasters/crawler))"
74.7.227.164 - - [03/Sep/2026:13:16:09 +0000] "GET /platform/plugins/ecommerce/resources/views/orders/?C=N;O=D HTTP/1.1" 200 3925 "https://immovalet.com/platform/plugins/ecommerce/resources/views/orders/" "Mozilla/5.0 AppleWebKit/537.36 (KHTML, like Gecko; compatible; GPTBot/1.4; +https://openai.com/gptbot)"
74.7.227.164 - - [03/Sep/2026:13:16:09 +0000] "GET /platform/plugins/cookie-consent/resources/assets/js/?C=N;O=D HTTP/1.1" 200 961 "https://immovalet.com/platform/plugins/cookie-consent/resources/assets/js/" "Mozilla/5.0 AppleWebKit/537.36 (KHTML, like Gecko; compatible; GPTBot/1.4; +https://openai.com/gptbot)"
74.7.227.164 - - [03/Sep/2026:13:16:10 +0000] "GET /platform/plugins/simple-slider/src/Http/Controllers/?C=N;O=D HTTP/1.1" 200 1165 "https://immovalet.com/platform/plugins/simple-slider/src/Http/Controllers/" "Mozilla/5.0 AppleWebKit/537.36 (KHTML, like Gecko; compatible; GPTBot/1.4; +https://openai.com/gptbot)"
74.7.227.164 - - [03/Sep/2026:13:16:11 +0000] "GET /platform/plugins/cookie-consent/resources/assets/js/?C=M;O=A HTTP/1.1" 200 961 "https://immovalet.com/platform/plugins/cookie-consent/resources/assets/js/" "Mozilla/5.0 AppleWebKit/537.36 (KHTML, like Gecko; compatible; GPTBot/1.4; +https://openai.com/gptbot)"
57.141.4.70 - - [03/Sep/2026:13:16:17 +0000] "GET /platform/core/setting/ HTTP/1.1" 200 2091 "-" "Mozilla/5.0 (Windows NT 10.0; Win64; x64) AppleWebKit/537.36 (KHTML, like Gecko) Chrome/145.0.0.0 Safari/537.36 (compatible; meta-externalagent/1.1 (+https://developers.facebook.com/docs/sharing/webmasters/crawler))"
57.141.4.25 - - [03/Sep/2026:13:16:37 +0000] "GET /vendor/botble/dev-tool/?C=N;O=D HTTP/1.1" 200 1564 "-" "Mozilla/5.0 (Windows NT 10.0; Win64; x64) AppleWebKit/537.36 (KHTML, like Gecko) Chrome/145.0.0.0 Safari/537.36 (compatible; meta-externalagent/1.1 (+https://developers.facebook.com/docs/sharing/webmasters/crawler))"
57.141.4.17 - - [03/Sep/2026:13:16:47 +0000] "GET /platform/packages/plugin-management/public/?C=M;O=D HTTP/1.1" 200 1088 "-" "Mozilla/5.0 (Windows NT 10.0; Win64; x64) AppleWebKit/537.36 (KHTML, like Gecko) Chrome/145.0.0.0 Safari/537.36 (compatible; meta-externalagent/1.1 (+https://developers.facebook.com/docs/sharing/webmasters/crawler))"
57.141.4.58 - - [03/Sep/2026:13:17:40 +0000] "GET /platform/core/js-validation/public/?C=N;O=D HTTP/1.1" 200 892 "-" "Mozilla/5.0 (Macintosh; Intel Mac OS X 10_15_7) AppleWebKit/537.36 (KHTML, like Gecko) Chrome/145.0.0.0 Safari/537.36 (compatible; meta-externalagent/1.1 (+https://developers.facebook.com/docs/sharing/webmasters/crawler))"
216.73.216.242 - - [03/Sep/2026:13:17:43 +0000] "GET /wordpress/wp-admin/ HTTP/1.1" 404 16 "-" "Mozilla/5.0 AppleWebKit/537.36 (KHTML, like Gecko; compatible; ClaudeBot/1.0; +claudebot@anthropic.com)"
216.73.216.242 - - [03/Sep/2026:13:17:48 +0000] "GET /wp-admin/ HTTP/1.1" 404 16 "-" "Mozilla/5.0 AppleWebKit/537.36 (KHTML, like Gecko; compatible; ClaudeBot/1.0; +claudebot@anthropic.com)"
216.73.216.242 - - [03/Sep/2026:13:17:50 +0000] "GET /blog/wp-admin/ HTTP/1.1" 404 16 "-" "Mozilla/5.0 AppleWebKit/537.36 (KHTML, like Gecko; compatible; ClaudeBot/1.0; +claudebot@anthropic.com)"
216.73.216.242 - - [03/Sep/2026:13:17:53 +0000] "GET /platform/plugins/ecommerce/src/Http/Requests/ HTTP/1.1" 200 8644 "-" "Mozilla/5.0 AppleWebKit/537.36 (KHTML, like Gecko; compatible; ClaudeBot/1.0; +claudebot@anthropic.com)"
57.141.4.33 - - [03/Sep/2026:13:17:53 +0000] "GET /vendor/botble/seo-helper/config/ HTTP/1.1" 200 891 "-" "Mozilla/5.0 (Windows NT 10.0; Win64; x64) AppleWebKit/537.36 (KHTML, like Gecko) Chrome/145.0.0.0 Safari/537.36 (compatible; meta-externalagent/1.1 (+https://developers.facebook.com/docs/sharing/webmasters/crawler))"
57.141.4.57 - - [03/Sep/2026:13:17:55 +0000] "GET /platform/themes/?C=S;O=A HTTP/1.1" 200 841 "-" "Mozilla/5.0 (Windows NT 10.0; Win64; x64) AppleWebKit/537.36 (KHTML, like Gecko) Chrome/143.0.0.0 Safari/537.36 Edg/143.0.0.0 (compatible; meta-externalagent/1.1 (+https://developers.facebook.com/docs/sharing/webmasters/crawler))"
216.73.216.242 - - [03/Sep/2026:13:17:58 +0000] "GET /wp/wp-admin/ HTTP/1.1" 404 16 "-" "Mozilla/5.0 AppleWebKit/537.36 (KHTML, like Gecko; compatible; ClaudeBot/1.0; +claudebot@anthropic.com)"
57.141.4.4 - - [03/Sep/2026:13:18:12 +0000] "GET /platform/packages/sitemap/ HTTP/1.1" 200 1574 "-" "Mozilla/5.0 (Macintosh; Intel Mac OS X 10_15_7) AppleWebKit/537.36 (KHTML, like Gecko) Chrome/145.0.0.0 Safari/537.36 (compatible; meta-externalagent/1.1 (+https://developers.facebook.com/docs/sharing/webmasters/crawler))"
57.141.4.39 - - [03/Sep/2026:13:18:17 +0000] "GET /vendor/fruitcake/laravel-cors/?C=D;O=D HTTP/1.1" 200 1760 "-" "Mozilla/5.0 (Windows NT 10.0; Win64; x64) AppleWebKit/537.36 (KHTML, like Gecko) Chrome/145.0.0.0 Safari/537.36 (compatible; meta-externalagent/1.1 (+https://developers.facebook.com/docs/sharing/webmasters/crawler))"
57.141.4.49 - - [03/Sep/2026:13:18:42 +0000] "GET /vendor/webmozart/?C=N;O=A HTTP/1.1" 200 839 "-" "Mozilla/5.0 (Windows NT 10.0; Win64; x64) AppleWebKit/537.36 (KHTML, like Gecko) Chrome/145.0.0.0 Safari/537.36 (compatible; meta-externalagent/1.1 (+https://developers.facebook.com/docs/sharing/webmasters/crawler))"
57.141.4.16 - - [03/Sep/2026:13:19:10 +0000] "GET /platform/plugins/testimonial/src/?C=N;O=D HTTP/1.1" 200 1952 "-" "Mozilla/5.0 (Windows NT 10.0; Win64; x64) AppleWebKit/537.36 (KHTML, like Gecko) Chrome/145.0.0.0 Safari/537.36 (compatible; meta-externalagent/1.1 (+https://developers.facebook.com/docs/sharing/webmasters/crawler))"
57.141.4.47 - - [03/Sep/2026:13:19:12 +0000] "GET /platform/packages/page/src/Models/ HTTP/1.1" 200 894 "-" "Mozilla/5.0 (Windows NT 10.0; Win64; x64) AppleWebKit/537.36 (KHTML, like Gecko) Chrome/145.0.0.0 Safari/537.36 (compatible; meta-externalagent/1.1 (+https://developers.facebook.com/docs/sharing/webmasters/crawler))"
57.141.4.38 - - [03/Sep/2026:13:19:17 +0000] "GET /platform/packages/page/helpers/?C=D;O=A HTTP/1.1" 200 1068 "-" "Mozilla/5.0 (Windows NT 10.0; Win64; x64) AppleWebKit/537.36 (KHTML, like Gecko) Chrome/145.0.0.0 Safari/537.36 (compatible; meta-externalagent/1.1 (+https://developers.facebook.com/docs/sharing/webmasters/crawler))"
57.141.4.27 - - [03/Sep/2026:13:19:20 +0000] "GET /resources/lang/vendor/plugins/newsletter/?C=D;O=A HTTP/1.1" 200 906 "-" "Mozilla/5.0 (Macintosh; Intel Mac OS X 10_15_7) AppleWebKit/537.36 (KHTML, like Gecko) Chrome/145.0.0.0 Safari/537.36 (compatible; meta-externalagent/1.1 (+https://developers.facebook.com/docs/sharing/webmasters/crawler))"
57.141.4.23 - - [03/Sep/2026:13:19:33 +0000] "GET /vendor/ramsey/uuid/?C=S;O=A HTTP/1.1" 200 1383 "-" "Mozilla/5.0 (Macintosh; Intel Mac OS X 10_15_7) AppleWebKit/537.36 (KHTML, like Gecko) Chrome/145.0.0.0 Safari/537.36 (compatible; meta-externalagent/1.1 (+https://developers.facebook.com/docs/sharing/webmasters/crawler))"
57.141.4.27 - - [03/Sep/2026:13:19:54 +0000] "GET /storage/app/purifier/HTML/?C=N;O=D HTTP/1.1" 200 1368 "-" "Mozilla/5.0 (Windows NT 10.0; Win64; x64) AppleWebKit/537.36 (KHTML, like Gecko) Chrome/145.0.0.0 Safari/537.36 (compatible; meta-externalagent/1.1 (+https://developers.facebook.com/docs/sharing/webmasters/crawler))"
142.44.220.209 - - [03/Sep/2026:13:20:07 +0000] "GET /_ide_helper.php HTTP/1.1" 500 - "-" "Mozilla/5.0 (compatible; AhrefsBot/7.0; +http://ahrefs.com/robot/)"
57.141.4.61 - - [03/Sep/2026:13:20:08 +0000] "GET /ujtvgfi/?C=D;O=A HTTP/1.1" 200 815 "-" "Mozilla/5.0 (Windows NT 10.0; Win64; x64) AppleWebKit/537.36 (KHTML, like Gecko) Chrome/145.0.0.0 Safari/537.36 (compatible; meta-externalagent/1.1 (+https://developers.facebook.com/docs/sharing/webmasters/crawler))"
57.141.4.18 - - [03/Sep/2026:13:20:12 +0000] "GET /vendor/bin/?C=N;O=A HTTP/1.1" 200 1542 "-" "Mozilla/5.0 (Windows NT 10.0; Win64; x64) AppleWebKit/537.36 (KHTML, like Gecko) Chrome/145.0.0.0 Safari/537.36 (compatible; meta-externalagent/1.1 (+https://developers.facebook.com/docs/sharing/webmasters/crawler))"
57.141.4.71 - - [03/Sep/2026:13:20:59 +0000] "GET /platform/plugins/ecommerce/resources/ HTTP/1.1" 200 1430 "-" "Mozilla/5.0 (Windows NT 10.0; Win64; x64) AppleWebKit/537.36 (KHTML, like Gecko) Chrome/145.0.0.0 Safari/537.36 (compatible; meta-externalagent/1.1 (+https://developers.facebook.com/docs/sharing/webmasters/crawler))"
57.141.4.26 - - [03/Sep/2026:13:21:15 +0000] "GET /resources/lang/vendor/core/table/ HTTP/1.1" 200 1058 "-" "Mozilla/5.0 (Windows NT 10.0; Win64; x64) AppleWebKit/537.36 (KHTML, like Gecko) Chrome/145.0.0.0 Safari/537.36 (compatible; meta-externalagent/1.1 (+https://developers.facebook.com/docs/sharing/webmasters/crawler))"
57.141.4.50 - - [03/Sep/2026:13:21:28 +0000] "GET /platform/plugins/ecommerce/resources/?C=S;O=A HTTP/1.1" 200 1430 "-" "Mozilla/5.0 (Windows NT 10.0; Win64; x64) AppleWebKit/537.36 (KHTML, like Gecko) Chrome/145.0.0.0 Safari/537.36 (compatible; meta-externalagent/1.1 (+https://developers.facebook.com/docs/sharing/webmasters/crawler))"
57.141.4.49 - - [03/Sep/2026:13:21:33 +0000] "GET /vendor/stripe/stripe-php/lib/Service/TopupService.php HTTP/1.1" 500 - "-" "Mozilla/5.0 (Macintosh; Intel Mac OS X 10_15_7) AppleWebKit/537.36 (KHTML, like Gecko) Chrome/145.0.0.0 Safari/537.36 (compatible; meta-externalagent/1.1 (+https://developers.facebook.com/docs/sharing/webmasters/crawler))"
57.141.4.68 - - [03/Sep/2026:13:21:34 +0000] "GET /resources/lang/vendor/?C=M;O=A HTTP/1.1" 200 1208 "-" "Mozilla/5.0 (X11; Linux x86_64) AppleWebKit/537.36 (KHTML, like Gecko) Chrome/145.0.0.0 Safari/537.36 (compatible; meta-externalagent/1.1 (+https://developers.facebook.com/docs/sharing/webmasters/crawler))"
57.141.4.24 - - [03/Sep/2026:13:21:34 +0000] "GET /vendor/stripe/stripe-php/lib/Service/QuoteService.php HTTP/1.1" 500 - "-" "Mozilla/5.0 (Windows NT 10.0; Win64; x64) AppleWebKit/537.36 (KHTML, like Gecko) Chrome/145.0.0.0 Safari/537.36 (compatible; meta-externalagent/1.1 (+https://developers.facebook.com/docs/sharing/webmasters/crawler))"
57.141.4.43 - - [03/Sep/2026:13:21:42 +0000] "GET /vendor/botble/theme/database/ HTTP/1.1" 200 880 "-" "Mozilla/5.0 (Windows NT 10.0; Win64; x64) AppleWebKit/537.36 (KHTML, like Gecko) Chrome/145.0.0.0 Safari/537.36 (compatible; meta-externalagent/1.1 (+https://developers.facebook.com/docs/sharing/webmasters/crawler))"
57.141.4.61 - - [03/Sep/2026:13:21:46 +0000] "GET /vendor/myclabs/php-enum/?C=M;O=A HTTP/1.1" 200 1570 "-" "Mozilla/5.0 (Windows NT 10.0; Win64; x64) AppleWebKit/537.36 (KHTML, like Gecko) Chrome/145.0.0.0 Safari/537.36 (compatible; meta-externalagent/1.1 (+https://developers.facebook.com/docs/sharing/webmasters/crawler))"
74.7.227.164 - - [03/Sep/2026:13:21:49 +0000] "GET /platform/plugins/simple-slider/src/Http/Controllers/SimpleSliderController.php HTTP/1.1" 500 - "https://immovalet.com/platform/plugins/simple-slider/src/Http/Controllers/?C=N;O=D" "Mozilla/5.0 AppleWebKit/537.36 (KHTML, like Gecko; compatible; GPTBot/1.4; +https://openai.com/gptbot)"
57.141.4.33 - - [03/Sep/2026:13:22:07 +0000] "GET /vendor/botble/page/?C=M;O=D HTTP/1.1" 200 1909 "-" "Mozilla/5.0 (Macintosh; Intel Mac OS X 10_15_7) AppleWebKit/537.36 (KHTML, like Gecko) Chrome/145.0.0.0 Safari/537.36 (compatible; meta-externalagent/1.1 (+https://developers.facebook.com/docs/sharing/webmasters/crawler))"
57.141.4.16 - - [03/Sep/2026:13:22:14 +0000] "GET /ujtvgfi/?C=M;O=A HTTP/1.1" 200 815 "-" "Mozilla/5.0 (X11; Linux x86_64) AppleWebKit/537.36 (KHTML, like Gecko) Chrome/145.0.0.0 Safari/537.36 (compatible; meta-externalagent/1.1 (+https://developers.facebook.com/docs/sharing/webmasters/crawler))"
57.141.4.35 - - [03/Sep/2026:13:22:22 +0000] "GET /resources/?C=D;O=D HTTP/1.1" 200 990 "-" "Mozilla/5.0 (Windows NT 10.0; Win64; x64) AppleWebKit/537.36 (KHTML, like Gecko) Chrome/145.0.0.0 Safari/537.36 (compatible; meta-externalagent/1.1 (+https://developers.facebook.com/docs/sharing/webmasters/crawler))"
57.141.4.51 - - [03/Sep/2026:13:22:44 +0000] "GET /vendor/botble/seo-helper/public/?C=D;O=A HTTP/1.1" 200 1055 "-" "Mozilla/5.0 (Windows NT 10.0; Win64; x64) AppleWebKit/537.36 (KHTML, like Gecko) Chrome/145.0.0.0 Safari/537.36 (compatible; meta-externalagent/1.1 (+https://developers.facebook.com/docs/sharing/webmasters/crawler))"
57.141.4.38 - - [03/Sep/2026:13:23:04 +0000] "GET /platform/plugins/razorpay/public/?C=S;O=A HTTP/1.1" 200 890 "-" "Mozilla/5.0 (Windows NT 10.0; Win64; x64) AppleWebKit/537.36 (KHTML, like Gecko) Chrome/145.0.0.0 Safari/537.36 (compatible; meta-externalagent/1.1 (+https://developers.facebook.com/docs/sharing/webmasters/crawler))"
57.141.4.19 - - [03/Sep/2026:13:23:17 +0000] "GET /platform/packages/widget/src/Facades/?C=N;O=D HTTP/1.1" 200 1099 "-" "Mozilla/5.0 (Windows NT 10.0; Win64; x64) AppleWebKit/537.36 (KHTML, like Gecko) Chrome/145.0.0.0 Safari/537.36 (compatible; meta-externalagent/1.1 (+https://developers.facebook.com/docs/sharing/webmasters/crawler))"
57.141.4.70 - - [03/Sep/2026:13:23:25 +0000] "GET /storage/framework/sessions/?C=S;O=D HTTP/1.1" 200 1539 "-" "Mozilla/5.0 (Windows NT 10.0; Win64; x64) AppleWebKit/537.36 (KHTML, like Gecko) Chrome/145.0.0.0 Safari/537.36 (compatible; meta-externalagent/1.1 (+https://developers.facebook.com/docs/sharing/webmasters/crawler))"
74.7.227.164 - - [03/Sep/2026:13:23:49 +0000] "GET /platform/plugins/simple-slider/src/Http/Controllers/SimpleSliderItemController.php HTTP/1.1" 500 - "https://immovalet.com/platform/plugins/simple-slider/src/Http/Controllers/?C=N;O=D" "Mozilla/5.0 AppleWebKit/537.36 (KHTML, like Gecko; compatible; GPTBot/1.4; +https://openai.com/gptbot)"
57.141.4.48 - - [03/Sep/2026:13:23:57 +0000] "GET /platform/packages/widget/resources/lang/?C=S;O=A HTTP/1.1" 200 909 "-" "Mozilla/5.0 (Windows NT 10.0; Win64; x64) AppleWebKit/537.36 (KHTML, like Gecko) Chrome/145.0.0.0 Safari/537.36 (compatible; meta-externalagent/1.1 (+https://developers.facebook.com/docs/sharing/webmasters/crawler))"
57.141.4.67 - - [03/Sep/2026:13:23:58 +0000] "GET /resources/lang/vendor/?C=D;O=A HTTP/1.1" 200 1208 "-" "Mozilla/5.0 (Windows NT 10.0; Win64; x64) AppleWebKit/537.36 (KHTML, like Gecko) Chrome/145.0.0.0 Safari/537.36 (compatible; meta-externalagent/1.1 (+https://developers.facebook.com/docs/sharing/webmasters/crawler))"
57.141.4.36 - - [03/Sep/2026:13:24:01 +0000] "GET /vendor/graham-campbell/?C=D;O=D HTTP/1.1" 200 856 "-" "Mozilla/5.0 (Windows NT 10.0; Win64; x64) AppleWebKit/537.36 (KHTML, like Gecko) Chrome/145.0.0.0 Safari/537.36 Edg/145.0.0.0 (compatible; meta-externalagent/1.1 (+https://developers.facebook.com/docs/sharing/webmasters/crawler))"
74.7.227.164 - - [03/Sep/2026:13:24:09 +0000] "GET /platform/plugins/simple-slider/src/Http/Controllers/?C=N;O=A HTTP/1.1" 200 1165 "https://immovalet.com/platform/plugins/simple-slider/src/Http/Controllers/?C=N;O=D" "Mozilla/5.0 AppleWebKit/537.36 (KHTML, like Gecko; compatible; GPTBot/1.4; +https://openai.com/gptbot)"
57.141.4.51 - - [03/Sep/2026:13:24:18 +0000] "GET /vendor/myclabs/php-enum/psalm.xml HTTP/1.1" 200 1162 "-" "Mozilla/5.0 (Windows NT 10.0; Win64; x64) AppleWebKit/537.36 (KHTML, like Gecko) Chrome/144.0.0.0 Safari/537.36 Edg/144.0.0.0 (compatible; meta-externalagent/1.1 (+https://developers.facebook.com/docs/sharing/webmasters/crawler))"
57.141.4.5 - - [03/Sep/2026:13:24:43 +0000] "GET /vendor/aws/aws-sdk-php/src/SSMIncidents/?C=M;O=A HTTP/1.1" 200 1098 "-" "Mozilla/5.0 (Windows NT 10.0; Win64; x64) AppleWebKit/537.36 (KHTML, like Gecko) Chrome/145.0.0.0 Safari/537.36 (compatible; meta-externalagent/1.1 (+https://developers.facebook.com/docs/sharing/webmasters/crawler))"
74.7.227.164 - - [03/Sep/2026:13:24:58 +0000] "GET /platform/plugins/ecommerce/resources/views/emails/?C=S;O=A HTTP/1.1" 200 943 "https://immovalet.com/platform/plugins/ecommerce/resources/views/emails/" "Mozilla/5.0 AppleWebKit/537.36 (KHTML, like Gecko; compatible; GPTBot/1.4; +https://openai.com/gptbot)"
57.141.4.52 - - [03/Sep/2026:13:25:05 +0000] "GET /vendor/stripe/stripe-php/Makefile HTTP/1.1" 200 1004 "-" "Mozilla/5.0 (Windows NT 10.0; Win64; x64) AppleWebKit/537.36 (KHTML, like Gecko) Chrome/145.0.0.0 Safari/537.36 (compatible; meta-externalagent/1.1 (+https://developers.facebook.com/docs/sharing/webmasters/crawler))"
74.7.227.164 - - [03/Sep/2026:13:25:08 +0000] "GET /platform/plugins/simple-slider/resources/assets/js/?C=S;O=A HTTP/1.1" 200 1147 "https://immovalet.com/platform/plugins/simple-slider/resources/assets/js/" "Mozilla/5.0 AppleWebKit/537.36 (KHTML, like Gecko; compatible; GPTBot/1.4; +https://openai.com/gptbot)"
57.141.4.60 - - [03/Sep/2026:13:25:14 +0000] "GET /platform/packages/dev-tool/?C=N;O=A HTTP/1.1" 200 1576 "-" "Mozilla/5.0 (Windows NT 10.0; Win64; x64) AppleWebKit/537.36 (KHTML, like Gecko) Chrome/145.0.0.0 Safari/537.36 (compatible; meta-externalagent/1.1 (+https://developers.facebook.com/docs/sharing/webmasters/crawler))"
74.7.227.164 - - [03/Sep/2026:13:25:23 +0000] "GET /vendor/symfony/routing/Loader/Configurator/Traits/?C=S;O=A HTTP/1.1" 200 1683 "https://immovalet.com/vendor/symfony/routing/Loader/Configurator/Traits/" "Mozilla/5.0 AppleWebKit/537.36 (KHTML, like Gecko; compatible; GPTBot/1.4; +https://openai.com/gptbot)"
57.141.4.32 - - [03/Sep/2026:13:25:24 +0000] "GET /platform/core/media/src/Chunks/?C=N;O=D HTTP/1.1" 200 1953 "-" "Mozilla/5.0 (Macintosh; Intel Mac OS X 10_15_7) AppleWebKit/537.36 (KHTML, like Gecko) Chrome/145.0.0.0 Safari/537.36 (compatible; meta-externalagent/1.1 (+https://developers.facebook.com/docs/sharing/webmasters/crawler))"
74.7.227.164 - - [03/Sep/2026:13:25:32 +0000] "GET /platform/plugins/simple-slider/resources/assets/js/?C=D;O=A HTTP/1.1" 200 1147 "https://immovalet.com/platform/plugins/simple-slider/resources/assets/js/" "Mozilla/5.0 AppleWebKit/537.36 (KHTML, like Gecko; compatible; GPTBot/1.4; +https://openai.com/gptbot)"
57.141.4.49 - - [03/Sep/2026:13:25:38 +0000] "GET /vendor/botble/sitemap/public/ HTTP/1.1" 200 878 "-" "Mozilla/5.0 (Windows NT 10.0; Win64; x64) AppleWebKit/537.36 (KHTML, like Gecko) Chrome/145.0.0.0 Safari/537.36 (compatible; meta-externalagent/1.1 (+https://developers.facebook.com/docs/sharing/webmasters/crawler))"
74.7.227.164 - - [03/Sep/2026:13:25:40 +0000] "GET /platform/plugins/ecommerce/src/Repositories/Caches/?C=S;O=A HTTP/1.1" 200 6561 "https://immovalet.com/platform/plugins/ecommerce/src/Repositories/Caches/" "Mozilla/5.0 AppleWebKit/537.36 (KHTML, like Gecko; compatible; GPTBot/1.4; +https://openai.com/gptbot)"
74.7.227.164 - - [03/Sep/2026:13:25:43 +0000] "GET /platform/plugins/ecommerce/src/Repositories/Caches/?C=D;O=A HTTP/1.1" 200 6561 "https://immovalet.com/platform/plugins/ecommerce/src/Repositories/Caches/" "Mozilla/5.0 AppleWebKit/537.36 (KHTML, like Gecko; compatible; GPTBot/1.4; +https://openai.com/gptbot)"
74.7.227.164 - - [03/Sep/2026:13:25:45 +0000] "GET /platform/themes/shopwise/views/ecommerce/includes/?C=S;O=A HTTP/1.1" 200 1131 "https://immovalet.com/platform/themes/shopwise/views/ecommerce/includes/" "Mozilla/5.0 AppleWebKit/537.36 (KHTML, like Gecko; compatible; GPTBot/1.4; +https://openai.com/gptbot)"
