74.7.227.164 - - [03/Sep/2026:14:41:28 +0000] "GET /vendor/league/commonmark/src/Block/Renderer/?C=M;O=A HTTP/1.1" 200 2844 "https://immovalet.com/vendor/league/commonmark/src/Block/Renderer/" "Mozilla/5.0 AppleWebKit/537.36 (KHTML, like Gecko; compatible; GPTBot/1.4; +https://openai.com/gptbot)"
57.141.4.55 - - [03/Sep/2026:14:41:28 +0000] "GET /resources/lang/vendor/plugins/ HTTP/1.1" 200 3381 "-" "Mozilla/5.0 (Windows NT 10.0; Win64; x64) AppleWebKit/537.36 (KHTML, like Gecko) Chrome/145.0.0.0 Safari/537.36 (compatible; meta-externalagent/1.1 (+https://developers.facebook.com/docs/sharing/webmasters/crawler))"
74.7.227.164 - - [03/Sep/2026:14:41:29 +0000] "GET /vendor/league/commonmark/src/Block/Renderer/?C=D;O=A HTTP/1.1" 200 2844 "https://immovalet.com/vendor/league/commonmark/src/Block/Renderer/" "Mozilla/5.0 AppleWebKit/537.36 (KHTML, like Gecko; compatible; GPTBot/1.4; +https://openai.com/gptbot)"
74.7.227.164 - - [03/Sep/2026:14:41:30 +0000] "GET /platform/packages/menu/resources/assets/js/?C=D;O=A HTTP/1.1" 200 924 "https://immovalet.com/platform/packages/menu/resources/assets/js/" "Mozilla/5.0 AppleWebKit/537.36 (KHTML, like Gecko; compatible; GPTBot/1.4; +https://openai.com/gptbot)"
74.7.227.164 - - [03/Sep/2026:14:41:31 +0000] "GET /vendor/league/commonmark/src/Block/Renderer/ThematicBreakRenderer.php HTTP/1.1" 500 - "https://immovalet.com/vendor/league/commonmark/src/Block/Renderer/?C=S;O=A" "Mozilla/5.0 AppleWebKit/537.36 (KHTML, like Gecko; compatible; GPTBot/1.4; +https://openai.com/gptbot)"
74.7.227.164 - - [03/Sep/2026:14:41:32 +0000] "GET /vendor/league/commonmark/src/Block/Renderer/BlockQuoteRenderer.php HTTP/1.1" 500 - "https://immovalet.com/vendor/league/commonmark/src/Block/Renderer/?C=S;O=A" "Mozilla/5.0 AppleWebKit/537.36 (KHTML, like Gecko; compatible; GPTBot/1.4; +https://openai.com/gptbot)"
74.7.227.164 - - [03/Sep/2026:14:41:33 +0000] "GET /vendor/league/commonmark/src/Block/Renderer/ListBlockRenderer.php HTTP/1.1" 500 - "https://immovalet.com/vendor/league/commonmark/src/Block/Renderer/?C=S;O=A" "Mozilla/5.0 AppleWebKit/537.36 (KHTML, like Gecko; compatible; GPTBot/1.4; +https://openai.com/gptbot)"
74.7.227.164 - - [03/Sep/2026:14:41:34 +0000] "GET /vendor/league/commonmark/src/Block/Renderer/HtmlBlockRenderer.php HTTP/1.1" 500 - "https://immovalet.com/vendor/league/commonmark/src/Block/Renderer/?C=S;O=A" "Mozilla/5.0 AppleWebKit/537.36 (KHTML, like Gecko; compatible; GPTBot/1.4; +https://openai.com/gptbot)"
74.7.227.164 - - [03/Sep/2026:14:41:35 +0000] "GET /vendor/league/commonmark/src/Block/Renderer/ListItemRenderer.php HTTP/1.1" 500 - "https://immovalet.com/vendor/league/commonmark/src/Block/Renderer/?C=S;O=A" "Mozilla/5.0 AppleWebKit/537.36 (KHTML, like Gecko; compatible; GPTBot/1.4; +https://openai.com/gptbot)"
57.141.4.3 - - [03/Sep/2026:14:41:37 +0000] "GET /resources/lang/vendor/packages/plugin-management/?C=S;O=A HTTP/1.1" 200 1094 "-" "Mozilla/5.0 (Windows NT 10.0; Win64; x64) AppleWebKit/537.36 (KHTML, like Gecko) Chrome/145.0.0.0 Safari/537.36 (compatible; meta-externalagent/1.1 (+https://developers.facebook.com/docs/sharing/webmasters/crawler))"
74.7.227.164 - - [03/Sep/2026:14:41:38 +0000] "GET /vendor/league/commonmark/src/Block/Renderer/IndentedCodeRenderer.php HTTP/1.1" 500 - "https://immovalet.com/vendor/league/commonmark/src/Block/Renderer/?C=S;O=A" "Mozilla/5.0 AppleWebKit/537.36 (KHTML, like Gecko; compatible; GPTBot/1.4; +https://openai.com/gptbot)"
74.7.227.164 - - [03/Sep/2026:14:41:42 +0000] "GET /vendor/league/commonmark/src/Block/Renderer/ParagraphRenderer.php HTTP/1.1" 500 - "https://immovalet.com/vendor/league/commonmark/src/Block/Renderer/?C=S;O=A" "Mozilla/5.0 AppleWebKit/537.36 (KHTML, like Gecko; compatible; GPTBot/1.4; +https://openai.com/gptbot)"
57.141.4.36 - - [03/Sep/2026:14:41:45 +0000] "GET /platform/plugins/mollie/public/?C=M;O=A HTTP/1.1" 200 884 "-" "Mozilla/5.0 (Macintosh; Intel Mac OS X 10_15_7) AppleWebKit/537.36 (KHTML, like Gecko) Chrome/145.0.0.0 Safari/537.36 (compatible; meta-externalagent/1.1 (+https://developers.facebook.com/docs/sharing/webmasters/crawler))"
74.7.227.164 - - [03/Sep/2026:14:41:47 +0000] "GET /vendor/league/commonmark/src/Block/Renderer/FencedCodeRenderer.php HTTP/1.1" 500 - "https://immovalet.com/vendor/league/commonmark/src/Block/Renderer/?C=S;O=A" "Mozilla/5.0 AppleWebKit/537.36 (KHTML, like Gecko; compatible; GPTBot/1.4; +https://openai.com/gptbot)"
57.141.4.67 - - [03/Sep/2026:14:41:47 +0000] "GET /vendor/tightenco/ziggy/src/ZiggyServiceProvider.php HTTP/1.1" 500 - "-" "Mozilla/5.0 (Windows NT 10.0; Win64; x64) AppleWebKit/537.36 (KHTML, like Gecko) Chrome/145.0.0.0 Safari/537.36 (compatible; meta-externalagent/1.1 (+https://developers.facebook.com/docs/sharing/webmasters/crawler))"
57.141.4.48 - - [03/Sep/2026:14:41:49 +0000] "GET /platform/packages/page/helpers/?C=N;O=D HTTP/1.1" 200 1068 "-" "Mozilla/5.0 (X11; Linux x86_64) AppleWebKit/537.36 (KHTML, like Gecko) Chrome/145.0.0.0 Safari/537.36 (compatible; meta-externalagent/1.1 (+https://developers.facebook.com/docs/sharing/webmasters/crawler))"
74.7.227.164 - - [03/Sep/2026:14:41:56 +0000] "GET /vendor/league/commonmark/src/Block/Renderer/DocumentRenderer.php HTTP/1.1" 500 - "https://immovalet.com/vendor/league/commonmark/src/Block/Renderer/?C=S;O=A" "Mozilla/5.0 AppleWebKit/537.36 (KHTML, like Gecko; compatible; GPTBot/1.4; +https://openai.com/gptbot)"
57.141.4.64 - - [03/Sep/2026:14:41:59 +0000] "GET /vendor/botble/plugin-management/resources/lang/ HTTP/1.1" 200 930 "-" "Mozilla/5.0 (Windows NT 10.0; Win64; x64) AppleWebKit/537.36 (KHTML, like Gecko) Chrome/145.0.0.0 Safari/537.36 (compatible; meta-externalagent/1.1 (+https://developers.facebook.com/docs/sharing/webmasters/crawler))"
57.141.4.52 - - [03/Sep/2026:14:42:03 +0000] "GET /vendor/composer/?C=N;O=A HTTP/1.1" 200 3258 "-" "Mozilla/5.0 (Windows NT 10.0; Win64; x64) AppleWebKit/537.36 (KHTML, like Gecko) Chrome/145.0.0.0 Safari/537.36 (compatible; meta-externalagent/1.1 (+https://developers.facebook.com/docs/sharing/webmasters/crawler))"
74.7.227.164 - - [03/Sep/2026:14:42:09 +0000] "GET /vendor/league/commonmark/src/Block/Renderer/HeadingRenderer.php HTTP/1.1" 500 - "https://immovalet.com/vendor/league/commonmark/src/Block/Renderer/?C=S;O=A" "Mozilla/5.0 AppleWebKit/537.36 (KHTML, like Gecko; compatible; GPTBot/1.4; +https://openai.com/gptbot)"
57.141.4.35 - - [03/Sep/2026:14:42:20 +0000] "GET /platform/plugins/sslcommerz/routes/?C=S;O=A HTTP/1.1" 200 896 "-" "Mozilla/5.0 (Macintosh; Intel Mac OS X 10_15_7) AppleWebKit/537.36 (KHTML, like Gecko) Chrome/145.0.0.0 Safari/537.36 (compatible; meta-externalagent/1.1 (+https://developers.facebook.com/docs/sharing/webmasters/crawler))"
216.73.216.242 - - [03/Sep/2026:14:42:21 +0000] "GET /vendor/stripe/stripe-php/lib/Service/BillingPortal/?C=N&O=D HTTP/1.1" 200 1345 "-" "Mozilla/5.0 AppleWebKit/537.36 (KHTML, like Gecko; compatible; ClaudeBot/1.0; +claudebot@anthropic.com)"
216.73.216.242 - - [03/Sep/2026:14:42:22 +0000] "GET /vendor/stripe/stripe-php/lib/Service/BillingPortal/?C=M&O=A HTTP/1.1" 200 1345 "-" "Mozilla/5.0 AppleWebKit/537.36 (KHTML, like Gecko; compatible; ClaudeBot/1.0; +claudebot@anthropic.com)"
216.73.216.242 - - [03/Sep/2026:14:42:22 +0000] "GET /vendor/mollie/mollie-api-php/src/Resources/?C=S&O=A HTTP/1.1" 200 8920 "-" "Mozilla/5.0 AppleWebKit/537.36 (KHTML, like Gecko; compatible; ClaudeBot/1.0; +claudebot@anthropic.com)"
57.141.4.30 - - [03/Sep/2026:14:42:24 +0000] "GET /platform/packages/page/src/Providers/ HTTP/1.1" 200 1496 "-" "Mozilla/5.0 (Windows NT 10.0; Win64; x64) AppleWebKit/537.36 (KHTML, like Gecko) Chrome/145.0.0.0 Safari/537.36 (compatible; meta-externalagent/1.1 (+https://developers.facebook.com/docs/sharing/webmasters/crawler))"
74.7.227.164 - - [03/Sep/2026:14:42:28 +0000] "GET /vendor/league/commonmark/src/Block/Renderer/?C=N;O=A HTTP/1.1" 200 2844 "https://immovalet.com/vendor/league/commonmark/src/Block/Renderer/?C=S;O=A" "Mozilla/5.0 AppleWebKit/537.36 (KHTML, like Gecko; compatible; GPTBot/1.4; +https://openai.com/gptbot)"
57.141.4.49 - - [03/Sep/2026:14:42:30 +0000] "GET /platform/core/acl/resources/assets/?C=N;O=D HTTP/1.1" 200 1065 "-" "Mozilla/5.0 (Macintosh; Intel Mac OS X 10_15_7) AppleWebKit/537.36 (KHTML, like Gecko) Chrome/145.0.0.0 Safari/537.36 (compatible; meta-externalagent/1.1 (+https://developers.facebook.com/docs/sharing/webmasters/crawler))"
57.141.4.61 - - [03/Sep/2026:14:42:31 +0000] "GET /vendor/tightenco/ziggy/src/CommandRouteGenerator.php HTTP/1.1" 500 - "-" "Mozilla/5.0 (Windows NT 10.0; Win64; x64) AppleWebKit/537.36 (KHTML, like Gecko) Chrome/145.0.0.0 Safari/537.36 (compatible; meta-externalagent/1.1 (+https://developers.facebook.com/docs/sharing/webmasters/crawler))"
57.141.4.25 - - [03/Sep/2026:14:42:35 +0000] "GET /vendor/dompdf/dompdf/src/FrameDecorator/Block.php HTTP/1.1" 500 - "-" "Mozilla/5.0 (Windows NT 10.0; Win64; x64) AppleWebKit/537.36 (KHTML, like Gecko) Chrome/145.0.0.0 Safari/537.36 (compatible; meta-externalagent/1.1 (+https://developers.facebook.com/docs/sharing/webmasters/crawler))"
57.141.4.40 - - [03/Sep/2026:14:42:40 +0000] "GET /vendor/maatwebsite/excel/src/Console/WithModelStub.php HTTP/1.1" 200 - "-" "Mozilla/5.0 (Windows NT 10.0; Win64; x64) AppleWebKit/537.36 (KHTML, like Gecko) Chrome/145.0.0.0 Safari/537.36 (compatible; meta-externalagent/1.1 (+https://developers.facebook.com/docs/sharing/webmasters/crawler))"
57.141.4.68 - - [03/Sep/2026:14:42:41 +0000] "GET /vendor/botble/seo-helper/public/ HTTP/1.1" 200 1055 "-" "Mozilla/5.0 (X11; Linux x86_64) AppleWebKit/537.36 (KHTML, like Gecko) Chrome/145.0.0.0 Safari/537.36 (compatible; meta-externalagent/1.1 (+https://developers.facebook.com/docs/sharing/webmasters/crawler))"
74.7.227.164 - - [03/Sep/2026:14:42:48 +0000] "GET /vendor/league/commonmark/src/Block/Renderer/?C=S;O=D HTTP/1.1" 200 2844 "https://immovalet.com/vendor/league/commonmark/src/Block/Renderer/?C=S;O=A" "Mozilla/5.0 AppleWebKit/537.36 (KHTML, like Gecko; compatible; GPTBot/1.4; +https://openai.com/gptbot)"
57.141.4.28 - - [03/Sep/2026:14:43:00 +0000] "GET /database/seeders/files/?C=M;O=A HTTP/1.1" 200 2109 "-" "Mozilla/5.0 (Windows NT 10.0; Win64; x64) AppleWebKit/537.36 (KHTML, like Gecko) Chrome/145.0.0.0 Safari/537.36 (compatible; meta-externalagent/1.1 (+https://developers.facebook.com/docs/sharing/webmasters/crawler))"
74.7.227.164 - - [03/Sep/2026:14:43:04 +0000] "GET /vendor/botble/revision/resources/assets/js/?C=S;O=A HTTP/1.1" 200 928 "https://immovalet.com/vendor/botble/revision/resources/assets/js/" "Mozilla/5.0 AppleWebKit/537.36 (KHTML, like Gecko; compatible; GPTBot/1.4; +https://openai.com/gptbot)"
57.141.4.42 - - [03/Sep/2026:14:43:08 +0000] "GET /vendor/paragonie/constant_time_encoding/?C=D;O=A HTTP/1.1" 200 1787 "-" "Mozilla/5.0 (Macintosh; Intel Mac OS X 10_15_7) AppleWebKit/537.36 (KHTML, like Gecko) Chrome/145.0.0.0 Safari/537.36 (compatible; meta-externalagent/1.1 (+https://developers.facebook.com/docs/sharing/webmasters/crawler))"
57.141.4.68 - - [03/Sep/2026:14:43:10 +0000] "GET /vendor/dompdf/dompdf/lib/res/?C=M;O=A HTTP/1.1" 200 1250 "-" "Mozilla/5.0 (X11; Linux x86_64) AppleWebKit/537.36 (KHTML, like Gecko) Chrome/145.0.0.0 Safari/537.36 (compatible; meta-externalagent/1.1 (+https://developers.facebook.com/docs/sharing/webmasters/crawler))"
57.141.4.33 - - [03/Sep/2026:14:43:11 +0000] "GET /platform/packages/widget-generator/?C=S;O=D HTTP/1.1" 200 1238 "-" "Mozilla/5.0 (Macintosh; Intel Mac OS X 10_15_7) AppleWebKit/537.36 (KHTML, like Gecko) Chrome/145.0.0.0 Safari/537.36 (compatible; meta-externalagent/1.1 (+https://developers.facebook.com/docs/sharing/webmasters/crawler))"
57.141.4.60 - - [03/Sep/2026:14:43:12 +0000] "GET /vendor/google/auth/src/Subscriber/?C=D;O=A HTTP/1.1" 200 1295 "-" "Mozilla/5.0 (Windows NT 10.0; Win64; x64) AppleWebKit/537.36 (KHTML, like Gecko) Chrome/145.0.0.0 Safari/537.36 (compatible; meta-externalagent/1.1 (+https://developers.facebook.com/docs/sharing/webmasters/crawler))"
57.141.4.36 - - [03/Sep/2026:14:43:13 +0000] "GET /platform/packages/page/database/?C=S;O=A HTTP/1.1" 200 889 "-" "Mozilla/5.0 (Windows NT 10.0; Win64; x64) AppleWebKit/537.36 (KHTML, like Gecko) Chrome/145.0.0.0 Safari/537.36 (compatible; meta-externalagent/1.1 (+https://developers.facebook.com/docs/sharing/webmasters/crawler))"
57.141.4.41 - - [03/Sep/2026:14:43:14 +0000] "GET /platform/packages/widget/config/?C=S;O=D HTTP/1.1" 200 895 "-" "Mozilla/5.0 (Macintosh; Intel Mac OS X 10_15_7) AppleWebKit/537.36 (KHTML, like Gecko) Chrome/145.0.0.0 Safari/537.36 (compatible; meta-externalagent/1.1 (+https://developers.facebook.com/docs/sharing/webmasters/crawler))"
74.7.227.164 - - [03/Sep/2026:14:43:27 +0000] "GET /vendor/league/commonmark/src/Block/Renderer/?C=N;O=D HTTP/1.1" 200 2844 "https://immovalet.com/vendor/league/commonmark/src/Block/Renderer/" "Mozilla/5.0 AppleWebKit/537.36 (KHTML, like Gecko; compatible; GPTBot/1.4; +https://openai.com/gptbot)"
57.141.4.28 - - [03/Sep/2026:14:43:27 +0000] "GET /vendor/markbaker/matrix/examples/ HTTP/1.1" 200 889 "-" "Mozilla/5.0 (Windows NT 10.0; Win64; x64) AppleWebKit/537.36 (KHTML, like Gecko) Chrome/145.0.0.0 Safari/537.36 (compatible; meta-externalagent/1.1 (+https://developers.facebook.com/docs/sharing/webmasters/crawler))"
57.141.4.49 - - [03/Sep/2026:14:43:28 +0000] "GET /platform/packages/page/?C=S;O=D HTTP/1.1" 200 1921 "-" "Mozilla/5.0 (Macintosh; Intel Mac OS X 10_15_7) AppleWebKit/537.36 (KHTML, like Gecko) Chrome/145.0.0.0 Safari/537.36 (compatible; meta-externalagent/1.1 (+https://developers.facebook.com/docs/sharing/webmasters/crawler))"
57.141.4.18 - - [03/Sep/2026:14:43:34 +0000] "GET /vendor/moneyphp/money/resources/currency.php HTTP/1.1" 200 - "-" "Mozilla/5.0 (Macintosh; Intel Mac OS X 10_15_7) AppleWebKit/537.36 (KHTML, like Gecko) Chrome/145.0.0.0 Safari/537.36 (compatible; meta-externalagent/1.1 (+https://developers.facebook.com/docs/sharing/webmasters/crawler))"
74.7.227.164 - - [03/Sep/2026:14:43:42 +0000] "GET /platform/packages/seo-helper/resources/assets/js/?C=M;O=A HTTP/1.1" 200 948 "https://immovalet.com/platform/packages/seo-helper/resources/assets/js/" "Mozilla/5.0 AppleWebKit/537.36 (KHTML, like Gecko; compatible; GPTBot/1.4; +https://openai.com/gptbot)"
74.7.227.164 - - [03/Sep/2026:14:43:47 +0000] "GET /resources/lang/vendor/plugins/ecommerce/vi/?C=M;O=A HTTP/1.1" 200 4386 "https://immovalet.com/resources/lang/vendor/plugins/ecommerce/vi/" "Mozilla/5.0 AppleWebKit/537.36 (KHTML, like Gecko; compatible; GPTBot/1.4; +https://openai.com/gptbot)"
74.7.227.164 - - [03/Sep/2026:14:43:51 +0000] "GET /platform/core/setting/resources/assets/sass/?C=N;O=D HTTP/1.1" 200 930 "https://immovalet.com/platform/core/setting/resources/assets/sass/" "Mozilla/5.0 AppleWebKit/537.36 (KHTML, like Gecko; compatible; GPTBot/1.4; +https://openai.com/gptbot)"
74.7.227.164 - - [03/Sep/2026:14:43:57 +0000] "GET /platform/core/media/src/Repositories/Caches/?C=D;O=A HTTP/1.1" 200 1347 "https://immovalet.com/platform/core/media/src/Repositories/Caches/" "Mozilla/5.0 AppleWebKit/537.36 (KHTML, like Gecko; compatible; GPTBot/1.4; +https://openai.com/gptbot)"
74.7.227.164 - - [03/Sep/2026:14:43:59 +0000] "GET /vendor/botble/seo-helper/resources/assets/sass/?C=N;O=D HTTP/1.1" 200 942 "https://immovalet.com/vendor/botble/seo-helper/resources/assets/sass/" "Mozilla/5.0 AppleWebKit/537.36 (KHTML, like Gecko; compatible; GPTBot/1.4; +https://openai.com/gptbot)"
74.7.227.164 - - [03/Sep/2026:14:44:01 +0000] "GET /platform/core/media/src/Repositories/Caches/?C=M;O=A HTTP/1.1" 200 1347 "https://immovalet.com/platform/core/media/src/Repositories/Caches/" "Mozilla/5.0 AppleWebKit/537.36 (KHTML, like Gecko; compatible; GPTBot/1.4; +https://openai.com/gptbot)"
74.7.227.164 - - [03/Sep/2026:14:44:03 +0000] "GET /resources/lang/vendor/plugins/ecommerce/vi/?C=N;O=D HTTP/1.1" 200 4386 "https://immovalet.com/resources/lang/vendor/plugins/ecommerce/vi/" "Mozilla/5.0 AppleWebKit/537.36 (KHTML, like Gecko; compatible; GPTBot/1.4; +https://openai.com/gptbot)"
74.7.227.164 - - [03/Sep/2026:14:44:05 +0000] "GET /platform/core/base/src/Repositories/Caches/?C=D;O=A HTTP/1.1" 200 941 "https://immovalet.com/platform/core/base/src/Repositories/Caches/" "Mozilla/5.0 AppleWebKit/537.36 (KHTML, like Gecko; compatible; GPTBot/1.4; +https://openai.com/gptbot)"
74.7.227.164 - - [03/Sep/2026:14:44:08 +0000] "GET /platform/packages/seo-helper/resources/assets/js/?C=N;O=D HTTP/1.1" 200 948 "https://immovalet.com/platform/packages/seo-helper/resources/assets/js/" "Mozilla/5.0 AppleWebKit/537.36 (KHTML, like Gecko; compatible; GPTBot/1.4; +https://openai.com/gptbot)"
74.7.227.164 - - [03/Sep/2026:14:44:08 +0000] "GET /platform/packages/menu/resources/assets/js/?C=N;O=D HTTP/1.1" 200 924 "https://immovalet.com/platform/packages/menu/resources/assets/js/" "Mozilla/5.0 AppleWebKit/537.36 (KHTML, like Gecko; compatible; GPTBot/1.4; +https://openai.com/gptbot)"
57.141.4.23 - - [03/Sep/2026:14:44:10 +0000] "GET /platform/core/table/routes/?C=S;O=A HTTP/1.1" 200 872 "-" "Mozilla/5.0 (Windows NT 10.0; Win64; x64) AppleWebKit/537.36 (KHTML, like Gecko) Chrome/145.0.0.0 Safari/537.36 (compatible; meta-externalagent/1.1 (+https://developers.facebook.com/docs/sharing/webmasters/crawler))"
74.7.227.164 - - [03/Sep/2026:14:44:11 +0000] "GET /vendor/botble/seo-helper/resources/assets/sass/?C=S;O=A HTTP/1.1" 200 942 "https://immovalet.com/vendor/botble/seo-helper/resources/assets/sass/" "Mozilla/5.0 AppleWebKit/537.36 (KHTML, like Gecko; compatible; GPTBot/1.4; +https://openai.com/gptbot)"
74.7.227.164 - - [03/Sep/2026:14:44:12 +0000] "GET /platform/packages/theme/resources/assets/js/?C=N;O=D HTTP/1.1" 200 1473 "https://immovalet.com/platform/packages/theme/resources/assets/js/" "Mozilla/5.0 AppleWebKit/537.36 (KHTML, like Gecko; compatible; GPTBot/1.4; +https://openai.com/gptbot)"
57.141.4.67 - - [03/Sep/2026:14:44:12 +0000] "GET /vendor/stripe/stripe-php/CODE_OF_CONDUCT.md HTTP/1.1" 200 3368 "-" "Mozilla/5.0 (Windows NT 10.0; Win64; x64) AppleWebKit/537.36 (KHTML, like Gecko) Chrome/145.0.0.0 Safari/537.36 (compatible; meta-externalagent/1.1 (+https://developers.facebook.com/docs/sharing/webmasters/crawler))"
74.7.227.164 - - [03/Sep/2026:14:44:12 +0000] "GET /platform/packages/menu/resources/assets/js/?C=S;O=A HTTP/1.1" 200 924 "https://immovalet.com/platform/packages/menu/resources/assets/js/" "Mozilla/5.0 AppleWebKit/537.36 (KHTML, like Gecko; compatible; GPTBot/1.4; +https://openai.com/gptbot)"
74.7.227.164 - - [03/Sep/2026:14:44:13 +0000] "GET /resources/lang/vendor/plugins/ecommerce/vi/?C=M;O=D HTTP/1.1" 200 4386 "https://immovalet.com/resources/lang/vendor/plugins/ecommerce/vi/?C=M;O=A" "Mozilla/5.0 AppleWebKit/537.36 (KHTML, like Gecko; compatible; GPTBot/1.4; +https://openai.com/gptbot)"
74.7.227.164 - - [03/Sep/2026:14:44:14 +0000] "GET /vendor/botble/seo-helper/resources/assets/sass/?C=D;O=A HTTP/1.1" 200 942 "https://immovalet.com/vendor/botble/seo-helper/resources/assets/sass/" "Mozilla/5.0 AppleWebKit/537.36 (KHTML, like Gecko; compatible; GPTBot/1.4; +https://openai.com/gptbot)"
74.7.227.164 - - [03/Sep/2026:14:44:15 +0000] "GET /platform/core/setting/resources/assets/sass/?C=S;O=A HTTP/1.1" 200 930 "https://immovalet.com/platform/core/setting/resources/assets/sass/" "Mozilla/5.0 AppleWebKit/537.36 (KHTML, like Gecko; compatible; GPTBot/1.4; +https://openai.com/gptbot)"
74.7.227.164 - - [03/Sep/2026:14:44:15 +0000] "GET /platform/packages/slug/resources/assets/js/?C=S;O=A HTTP/1.1" 200 924 "https://immovalet.com/platform/packages/slug/resources/assets/js/" "Mozilla/5.0 AppleWebKit/537.36 (KHTML, like Gecko; compatible; GPTBot/1.4; +https://openai.com/gptbot)"
74.7.227.164 - - [03/Sep/2026:14:44:17 +0000] "GET /platform/packages/theme/resources/assets/js/?C=N;O=A HTTP/1.1" 200 1473 "https://immovalet.com/platform/packages/theme/resources/assets/js/?C=N;O=D" "Mozilla/5.0 AppleWebKit/537.36 (KHTML, like Gecko; compatible; GPTBot/1.4; +https://openai.com/gptbot)"
74.7.227.164 - - [03/Sep/2026:14:44:17 +0000] "GET /resources/lang/vendor/plugins/ecommerce/vi/?C=D;O=A HTTP/1.1" 200 4386 "https://immovalet.com/resources/lang/vendor/plugins/ecommerce/vi/" "Mozilla/5.0 AppleWebKit/537.36 (KHTML, like Gecko; compatible; GPTBot/1.4; +https://openai.com/gptbot)"
74.7.227.164 - - [03/Sep/2026:14:44:19 +0000] "GET /platform/packages/menu/resources/assets/js/?C=M;O=A HTTP/1.1" 200 924 "https://immovalet.com/platform/packages/menu/resources/assets/js/" "Mozilla/5.0 AppleWebKit/537.36 (KHTML, like Gecko; compatible; GPTBot/1.4; +https://openai.com/gptbot)"
74.7.227.164 - - [03/Sep/2026:14:44:20 +0000] "GET /platform/core/setting/resources/assets/sass/?C=M;O=A HTTP/1.1" 200 930 "https://immovalet.com/platform/core/setting/resources/assets/sass/" "Mozilla/5.0 AppleWebKit/537.36 (KHTML, like Gecko; compatible; GPTBot/1.4; +https://openai.com/gptbot)"
57.141.4.73 - - [03/Sep/2026:14:44:20 +0000] "GET /vendor/yajra/laravel-datatables-html/src/Html/HasAuthorizations.php HTTP/1.1" 200 - "-" "Mozilla/5.0 (Windows NT 10.0; Win64; x64) AppleWebKit/537.36 (KHTML, like Gecko) Chrome/145.0.0.0 Safari/537.36 (compatible; meta-externalagent/1.1 (+https://developers.facebook.com/docs/sharing/webmasters/crawler))"
74.7.227.164 - - [03/Sep/2026:14:44:20 +0000] "GET /resources/lang/vendor/plugins/ecommerce/vi/?C=N;O=A HTTP/1.1" 200 4386 "https://immovalet.com/resources/lang/vendor/plugins/ecommerce/vi/?C=S;O=A" "Mozilla/5.0 AppleWebKit/537.36 (KHTML, like Gecko; compatible; GPTBot/1.4; +https://openai.com/gptbot)"
74.7.227.164 - - [03/Sep/2026:14:44:21 +0000] "GET /platform/packages/seo-helper/resources/assets/js/?C=D;O=A HTTP/1.1" 200 948 "https://immovalet.com/platform/packages/seo-helper/resources/assets/js/" "Mozilla/5.0 AppleWebKit/537.36 (KHTML, like Gecko; compatible; GPTBot/1.4; +https://openai.com/gptbot)"
74.7.227.164 - - [03/Sep/2026:14:44:24 +0000] "GET /platform/core/base/src/Repositories/Caches/?C=S;O=A HTTP/1.1" 200 941 "https://immovalet.com/platform/core/base/src/Repositories/Caches/" "Mozilla/5.0 AppleWebKit/537.36 (KHTML, like Gecko; compatible; GPTBot/1.4; +https://openai.com/gptbot)"
74.7.227.164 - - [03/Sep/2026:14:44:24 +0000] "GET /platform/packages/theme/resources/assets/js/?C=D;O=A HTTP/1.1" 200 1473 "https://immovalet.com/platform/packages/theme/resources/assets/js/" "Mozilla/5.0 AppleWebKit/537.36 (KHTML, like Gecko; compatible; GPTBot/1.4; +https://openai.com/gptbot)"
74.7.227.164 - - [03/Sep/2026:14:44:24 +0000] "GET /platform/core/base/src/Repositories/Caches/?C=M;O=A HTTP/1.1" 200 941 "https://immovalet.com/platform/core/base/src/Repositories/Caches/" "Mozilla/5.0 AppleWebKit/537.36 (KHTML, like Gecko; compatible; GPTBot/1.4; +https://openai.com/gptbot)"
57.141.4.46 - - [03/Sep/2026:14:44:25 +0000] "GET /vendor/botble/sitemap/?C=M;O=D HTTP/1.1" 200 1562 "-" "Mozilla/5.0 (Windows NT 10.0; Win64; x64) AppleWebKit/537.36 (KHTML, like Gecko) Chrome/144.0.0.0 Safari/537.36 Edg/144.0.0.0 (compatible; meta-externalagent/1.1 (+https://developers.facebook.com/docs/sharing/webmasters/crawler))"
74.7.227.164 - - [03/Sep/2026:14:44:26 +0000] "GET /resources/lang/vendor/plugins/ecommerce/vi/?C=S;O=D HTTP/1.1" 200 4386 "https://immovalet.com/resources/lang/vendor/plugins/ecommerce/vi/?C=S;O=A" "Mozilla/5.0 AppleWebKit/537.36 (KHTML, like Gecko; compatible; GPTBot/1.4; +https://openai.com/gptbot)"
74.7.227.164 - - [03/Sep/2026:14:44:28 +0000] "GET /platform/packages/slug/resources/assets/js/?C=N;O=D HTTP/1.1" 200 924 "https://immovalet.com/platform/packages/slug/resources/assets/js/" "Mozilla/5.0 AppleWebKit/537.36 (KHTML, like Gecko; compatible; GPTBot/1.4; +https://openai.com/gptbot)"
74.7.227.164 - - [03/Sep/2026:14:44:30 +0000] "GET /platform/core/media/src/Repositories/Caches/?C=S;O=A HTTP/1.1" 200 1347 "https://immovalet.com/platform/core/media/src/Repositories/Caches/" "Mozilla/5.0 AppleWebKit/537.36 (KHTML, like Gecko; compatible; GPTBot/1.4; +https://openai.com/gptbot)"
57.141.4.73 - - [03/Sep/2026:14:44:30 +0000] "GET /storage/framework/views/3d2ef2efbae07de88d1bd962c6b727f5bff0f413.php HTTP/1.1" 200 58 "-" "Mozilla/5.0 (Windows NT 10.0; Win64; x64) AppleWebKit/537.36 (KHTML, like Gecko) Chrome/145.0.0.0 Safari/537.36 Edg/145.0.0.0 (compatible; meta-externalagent/1.1 (+https://developers.facebook.com/docs/sharing/webmasters/crawler))"
74.7.227.164 - - [03/Sep/2026:14:44:30 +0000] "GET /vendor/laravel/framework/src/Illuminate/Pagination/resources/views/default.blade.php HTTP/1.1" 200 1864 "https://immovalet.com/vendor/laravel/framework/src/Illuminate/Pagination/resources/views/" "Mozilla/5.0 AppleWebKit/537.36 (KHTML, like Gecko; compatible; GPTBot/1.4; +https://openai.com/gptbot)"
74.7.227.164 - - [03/Sep/2026:14:44:31 +0000] "GET /platform/plugins/contact/src/?C=S;O=A HTTP/1.1" 200 2465 "https://immovalet.com/platform/plugins/contact/src/" "Mozilla/5.0 AppleWebKit/537.36 (KHTML, like Gecko; compatible; GPTBot/1.4; +https://openai.com/gptbot)"
74.7.227.164 - - [03/Sep/2026:14:44:33 +0000] "GET /platform/plugins/contact/src/?C=M;O=A HTTP/1.1" 200 2465 "https://immovalet.com/platform/plugins/contact/src/" "Mozilla/5.0 AppleWebKit/537.36 (KHTML, like Gecko; compatible; GPTBot/1.4; +https://openai.com/gptbot)"
74.7.227.164 - - [03/Sep/2026:14:44:34 +0000] "GET /platform/plugins/contact/src/?C=D;O=A HTTP/1.1" 200 2465 "https://immovalet.com/platform/plugins/contact/src/" "Mozilla/5.0 AppleWebKit/537.36 (KHTML, like Gecko; compatible; GPTBot/1.4; +https://openai.com/gptbot)"
74.7.227.164 - - [03/Sep/2026:14:44:34 +0000] "GET /platform/plugins/contact/src/?C=N;O=D HTTP/1.1" 200 2465 "https://immovalet.com/platform/plugins/contact/src/" "Mozilla/5.0 AppleWebKit/537.36 (KHTML, like Gecko; compatible; GPTBot/1.4; +https://openai.com/gptbot)"
74.7.227.164 - - [03/Sep/2026:14:44:35 +0000] "GET /platform/core/media/src/Repositories/Caches/?C=S;O=D HTTP/1.1" 200 1347 "https://immovalet.com/platform/core/media/src/Repositories/Caches/?C=S;O=A" "Mozilla/5.0 AppleWebKit/537.36 (KHTML, like Gecko; compatible; GPTBot/1.4; +https://openai.com/gptbot)"
74.7.227.164 - - [03/Sep/2026:14:44:36 +0000] "GET /vendor/aws/aws-sdk-php/src/S3/UseArnRegion/Exception/?C=S;O=A HTTP/1.1" 200 969 "https://immovalet.com/vendor/aws/aws-sdk-php/src/S3/UseArnRegion/Exception/" "Mozilla/5.0 AppleWebKit/537.36 (KHTML, like Gecko; compatible; GPTBot/1.4; +https://openai.com/gptbot)"
74.7.227.164 - - [03/Sep/2026:14:44:37 +0000] "GET /platform/plugins/contact/src/Plugin.php HTTP/1.1" 500 - "https://immovalet.com/platform/plugins/contact/src/?C=S;O=A" "Mozilla/5.0 AppleWebKit/537.36 (KHTML, like Gecko; compatible; GPTBot/1.4; +https://openai.com/gptbot)"
57.141.4.9 - - [03/Sep/2026:14:44:37 +0000] "GET /vendor/dragonmantank/cron-expression/src/?C=M;O=A HTTP/1.1" 200 915 "-" "Mozilla/5.0 (Windows NT 10.0; Win64; x64) AppleWebKit/537.36 (KHTML, like Gecko) Chrome/145.0.0.0 Safari/537.36 (compatible; meta-externalagent/1.1 (+https://developers.facebook.com/docs/sharing/webmasters/crawler))"
57.141.4.9 - - [03/Sep/2026:14:44:39 +0000] "GET /vendor/dompdf/dompdf/src/ HTTP/1.1" 200 4823 "-" "Mozilla/5.0 (Windows NT 10.0; Win64; x64) AppleWebKit/537.36 (KHTML, like Gecko) Chrome/145.0.0.0 Safari/537.36 (compatible; meta-externalagent/1.1 (+https://developers.facebook.com/docs/sharing/webmasters/crawler))"
74.7.227.164 - - [03/Sep/2026:14:44:40 +0000] "GET /platform/plugins/contact/src/?C=N;O=A HTTP/1.1" 200 2465 "https://immovalet.com/platform/plugins/contact/src/?C=S;O=A" "Mozilla/5.0 AppleWebKit/537.36 (KHTML, like Gecko; compatible; GPTBot/1.4; +https://openai.com/gptbot)"
74.7.227.164 - - [03/Sep/2026:14:44:41 +0000] "GET /platform/plugins/contact/src/?C=M;O=D HTTP/1.1" 200 2465 "https://immovalet.com/platform/plugins/contact/src/?C=M;O=A" "Mozilla/5.0 AppleWebKit/537.36 (KHTML, like Gecko; compatible; GPTBot/1.4; +https://openai.com/gptbot)"
74.7.227.164 - - [03/Sep/2026:14:44:42 +0000] "GET /platform/plugins/contact/src/?C=S;O=D HTTP/1.1" 200 2465 "https://immovalet.com/platform/plugins/contact/src/?C=S;O=A" "Mozilla/5.0 AppleWebKit/537.36 (KHTML, like Gecko; compatible; GPTBot/1.4; +https://openai.com/gptbot)"
74.7.227.164 - - [03/Sep/2026:14:44:42 +0000] "GET /vendor/rmccue/requests/library/Requests/Cookie/?C=N;O=D HTTP/1.1" 200 932 "https://immovalet.com/vendor/rmccue/requests/library/Requests/Cookie/" "Mozilla/5.0 AppleWebKit/537.36 (KHTML, like Gecko; compatible; GPTBot/1.4; +https://openai.com/gptbot)"
74.7.227.164 - - [03/Sep/2026:14:44:43 +0000] "GET /vendor/rmccue/requests/library/Requests/Cookie/?C=S;O=A HTTP/1.1" 200 932 "https://immovalet.com/vendor/rmccue/requests/library/Requests/Cookie/" "Mozilla/5.0 AppleWebKit/537.36 (KHTML, like Gecko; compatible; GPTBot/1.4; +https://openai.com/gptbot)"
74.7.227.164 - - [03/Sep/2026:14:44:44 +0000] "GET /vendor/rmccue/requests/library/Requests/Cookie/?C=M;O=A HTTP/1.1" 200 932 "https://immovalet.com/vendor/rmccue/requests/library/Requests/Cookie/" "Mozilla/5.0 AppleWebKit/537.36 (KHTML, like Gecko; compatible; GPTBot/1.4; +https://openai.com/gptbot)"
74.7.227.164 - - [03/Sep/2026:14:44:45 +0000] "GET /vendor/rmccue/requests/library/Requests/Cookie/?C=D;O=A HTTP/1.1" 200 932 "https://immovalet.com/vendor/rmccue/requests/library/Requests/Cookie/" "Mozilla/5.0 AppleWebKit/537.36 (KHTML, like Gecko; compatible; GPTBot/1.4; +https://openai.com/gptbot)"
74.7.227.164 - - [03/Sep/2026:14:44:46 +0000] "GET /vendor/botble/platform/base/public/libraries/tinymce/plugins/charmap/?C=S;O=A HTTP/1.1" 200 1003 "https://immovalet.com/vendor/botble/platform/base/public/libraries/tinymce/plugins/charmap/" "Mozilla/5.0 AppleWebKit/537.36 (KHTML, like Gecko; compatible; GPTBot/1.4; +https://openai.com/gptbot)"
74.7.227.164 - - [03/Sep/2026:14:44:47 +0000] "GET /vendor/botble/platform/base/public/libraries/tinymce/plugins/tabfocus/?C=N;O=D HTTP/1.1" 200 1005 "https://immovalet.com/vendor/botble/platform/base/public/libraries/tinymce/plugins/tabfocus/" "Mozilla/5.0 AppleWebKit/537.36 (KHTML, like Gecko; compatible; GPTBot/1.4; +https://openai.com/gptbot)"
57.141.4.16 - - [03/Sep/2026:14:44:47 +0000] "GET /platform/packages/sitemap/resources/?C=N;O=A HTTP/1.1" 200 895 "-" "Mozilla/5.0 (Macintosh; Intel Mac OS X 10_15_7) AppleWebKit/537.36 (KHTML, like Gecko) Chrome/145.0.0.0 Safari/537.36 (compatible; meta-externalagent/1.1 (+https://developers.facebook.com/docs/sharing/webmasters/crawler))"
74.7.227.164 - - [03/Sep/2026:14:44:47 +0000] "GET /vendor/botble/platform/base/public/libraries/tinymce/plugins/charmap/?C=N;O=D HTTP/1.1" 200 1003 "https://immovalet.com/vendor/botble/platform/base/public/libraries/tinymce/plugins/charmap/" "Mozilla/5.0 AppleWebKit/537.36 (KHTML, like Gecko; compatible; GPTBot/1.4; +https://openai.com/gptbot)"
74.7.227.164 - - [03/Sep/2026:14:44:48 +0000] "GET /vendor/botble/platform/base/public/libraries/tinymce/plugins/tabfocus/?C=D;O=A HTTP/1.1" 200 1005 "https://immovalet.com/vendor/botble/platform/base/public/libraries/tinymce/plugins/tabfocus/" "Mozilla/5.0 AppleWebKit/537.36 (KHTML, like Gecko; compatible; GPTBot/1.4; +https://openai.com/gptbot)"
74.7.227.164 - - [03/Sep/2026:14:44:48 +0000] "GET /vendor/botble/platform/base/public/libraries/tinymce/plugins/anchor/?C=S;O=A HTTP/1.1" 200 1001 "https://immovalet.com/vendor/botble/platform/base/public/libraries/tinymce/plugins/anchor/" "Mozilla/5.0 AppleWebKit/537.36 (KHTML, like Gecko; compatible; GPTBot/1.4; +https://openai.com/gptbot)"
74.7.227.164 - - [03/Sep/2026:14:44:49 +0000] "GET /vendor/botble/platform/base/public/libraries/tinymce/plugins/preview/?C=S;O=A HTTP/1.1" 200 1003 "https://immovalet.com/vendor/botble/platform/base/public/libraries/tinymce/plugins/preview/" "Mozilla/5.0 AppleWebKit/537.36 (KHTML, like Gecko; compatible; GPTBot/1.4; +https://openai.com/gptbot)"
74.7.227.164 - - [03/Sep/2026:14:44:50 +0000] "GET /vendor/botble/platform/base/public/libraries/tinymce/plugins/fullpage/?C=N;O=D HTTP/1.1" 200 1005 "https://immovalet.com/vendor/botble/platform/base/public/libraries/tinymce/plugins/fullpage/" "Mozilla/5.0 AppleWebKit/537.36 (KHTML, like Gecko; compatible; GPTBot/1.4; +https://openai.com/gptbot)"
74.7.227.164 - - [03/Sep/2026:14:44:51 +0000] "GET /vendor/botble/platform/base/public/libraries/tinymce/plugins/autolink/?C=S;O=A HTTP/1.1" 200 1005 "https://immovalet.com/vendor/botble/platform/base/public/libraries/tinymce/plugins/autolink/" "Mozilla/5.0 AppleWebKit/537.36 (KHTML, like Gecko; compatible; GPTBot/1.4; +https://openai.com/gptbot)"
74.7.227.164 - - [03/Sep/2026:14:44:52 +0000] "GET /vendor/botble/platform/base/public/libraries/tinymce/plugins/advlist/?C=D;O=A HTTP/1.1" 200 1003 "https://immovalet.com/vendor/botble/platform/base/public/libraries/tinymce/plugins/advlist/" "Mozilla/5.0 AppleWebKit/537.36 (KHTML, like Gecko; compatible; GPTBot/1.4; +https://openai.com/gptbot)"
74.7.227.164 - - [03/Sep/2026:14:44:53 +0000] "GET /vendor/botble/platform/base/public/libraries/tinymce/plugins/autosave/?C=N;O=D HTTP/1.1" 200 1005 "https://immovalet.com/vendor/botble/platform/base/public/libraries/tinymce/plugins/autosave/" "Mozilla/5.0 AppleWebKit/537.36 (KHTML, like Gecko; compatible; GPTBot/1.4; +https://openai.com/gptbot)"
74.7.227.164 - - [03/Sep/2026:14:44:54 +0000] "GET /vendor/botble/platform/base/public/libraries/tinymce/plugins/media/?C=M;O=A HTTP/1.1" 200 999 "https://immovalet.com/vendor/botble/platform/base/public/libraries/tinymce/plugins/media/" "Mozilla/5.0 AppleWebKit/537.36 (KHTML, like Gecko; compatible; GPTBot/1.4; +https://openai.com/gptbot)"
74.7.227.164 - - [03/Sep/2026:14:44:54 +0000] "GET /vendor/botble/platform/base/public/libraries/tinymce/plugins/image/?C=N;O=D HTTP/1.1" 200 999 "https://immovalet.com/vendor/botble/platform/base/public/libraries/tinymce/plugins/image/" "Mozilla/5.0 AppleWebKit/537.36 (KHTML, like Gecko; compatible; GPTBot/1.4; +https://openai.com/gptbot)"
74.7.227.164 - - [03/Sep/2026:14:44:57 +0000] "GET /vendor/botble/platform/base/public/libraries/tinymce/plugins/preview/?C=N;O=D HTTP/1.1" 200 1003 "https://immovalet.com/vendor/botble/platform/base/public/libraries/tinymce/plugins/preview/" "Mozilla/5.0 AppleWebKit/537.36 (KHTML, like Gecko; compatible; GPTBot/1.4; +https://openai.com/gptbot)"
57.141.4.53 - - [03/Sep/2026:14:44:58 +0000] "GET /vendor/ramsey/uuid/src/Codec/StringCodec.php HTTP/1.1" 500 - "-" "Mozilla/5.0 (Windows NT 10.0; Win64; x64) AppleWebKit/537.36 (KHTML, like Gecko) Chrome/145.0.0.0 Safari/537.36 (compatible; meta-externalagent/1.1 (+https://developers.facebook.com/docs/sharing/webmasters/crawler))"
74.7.227.164 - - [03/Sep/2026:14:44:58 +0000] "GET /vendor/botble/platform/base/public/libraries/tinymce/plugins/anchor/?C=D;O=A HTTP/1.1" 200 1001 "https://immovalet.com/vendor/botble/platform/base/public/libraries/tinymce/plugins/anchor/" "Mozilla/5.0 AppleWebKit/537.36 (KHTML, like Gecko; compatible; GPTBot/1.4; +https://openai.com/gptbot)"
57.141.4.49 - - [03/Sep/2026:14:44:59 +0000] "GET /platform/packages/page/src/Repositories/ HTTP/1.1" 200 1261 "-" "Mozilla/5.0 (Macintosh; Intel Mac OS X 10_15_7) AppleWebKit/537.36 (KHTML, like Gecko) Chrome/145.0.0.0 Safari/537.36 (compatible; meta-externalagent/1.1 (+https://developers.facebook.com/docs/sharing/webmasters/crawler))"
74.7.227.164 - - [03/Sep/2026:14:44:59 +0000] "GET /vendor/botble/platform/base/public/libraries/tinymce/plugins/preview/?C=M;O=A HTTP/1.1" 200 1003 "https://immovalet.com/vendor/botble/platform/base/public/libraries/tinymce/plugins/preview/" "Mozilla/5.0 AppleWebKit/537.36 (KHTML, like Gecko; compatible; GPTBot/1.4; +https://openai.com/gptbot)"
74.7.227.164 - - [03/Sep/2026:14:45:00 +0000] "GET /vendor/botble/platform/base/public/libraries/tinymce/plugins/fullpage/?C=M;O=A HTTP/1.1" 200 1005 "https://immovalet.com/vendor/botble/platform/base/public/libraries/tinymce/plugins/fullpage/" "Mozilla/5.0 AppleWebKit/537.36 (KHTML, like Gecko; compatible; GPTBot/1.4; +https://openai.com/gptbot)"
74.7.227.164 - - [03/Sep/2026:14:45:01 +0000] "GET /vendor/botble/platform/base/public/libraries/tinymce/plugins/fullpage/?C=S;O=A HTTP/1.1" 200 1005 "https://immovalet.com/vendor/botble/platform/base/public/libraries/tinymce/plugins/fullpage/" "Mozilla/5.0 AppleWebKit/537.36 (KHTML, like Gecko; compatible; GPTBot/1.4; +https://openai.com/gptbot)"
74.7.227.164 - - [03/Sep/2026:14:45:04 +0000] "GET /vendor/botble/platform/base/public/libraries/tinymce/plugins/advlist/?C=M;O=A HTTP/1.1" 200 1003 "https://immovalet.com/vendor/botble/platform/base/public/libraries/tinymce/plugins/advlist/" "Mozilla/5.0 AppleWebKit/537.36 (KHTML, like Gecko; compatible; GPTBot/1.4; +https://openai.com/gptbot)"
74.7.227.164 - - [03/Sep/2026:14:45:05 +0000] "GET /vendor/botble/platform/base/public/libraries/tinymce/plugins/autolink/?C=N;O=D HTTP/1.1" 200 1005 "https://immovalet.com/vendor/botble/platform/base/public/libraries/tinymce/plugins/autolink/" "Mozilla/5.0 AppleWebKit/537.36 (KHTML, like Gecko; compatible; GPTBot/1.4; +https://openai.com/gptbot)"
74.7.227.164 - - [03/Sep/2026:14:45:05 +0000] "GET /vendor/botble/platform/base/public/libraries/tinymce/plugins/media/?C=N;O=D HTTP/1.1" 200 999 "https://immovalet.com/vendor/botble/platform/base/public/libraries/tinymce/plugins/media/" "Mozilla/5.0 AppleWebKit/537.36 (KHTML, like Gecko; compatible; GPTBot/1.4; +https://openai.com/gptbot)"
57.141.4.49 - - [03/Sep/2026:14:45:06 +0000] "GET /vendor/ralouphie/?C=S;O=D HTTP/1.1" 200 846 "-" "Mozilla/5.0 (Macintosh; Intel Mac OS X 10_15_7) AppleWebKit/537.36 (KHTML, like Gecko) Chrome/145.0.0.0 Safari/537.36 (compatible; meta-externalagent/1.1 (+https://developers.facebook.com/docs/sharing/webmasters/crawler))"
57.141.4.52 - - [03/Sep/2026:14:45:08 +0000] "GET /resources/lang/vendor/packages/ HTTP/1.1" 200 2117 "-" "Mozilla/5.0 (Windows NT 10.0; Win64; x64) AppleWebKit/537.36 (KHTML, like Gecko) Chrome/145.0.0.0 Safari/537.36 (compatible; meta-externalagent/1.1 (+https://developers.facebook.com/docs/sharing/webmasters/crawler))"
74.7.227.164 - - [03/Sep/2026:14:45:08 +0000] "GET /vendor/botble/platform/base/public/libraries/tinymce/plugins/autosave/?C=S;O=A HTTP/1.1" 200 1005 "https://immovalet.com/vendor/botble/platform/base/public/libraries/tinymce/plugins/autosave/" "Mozilla/5.0 AppleWebKit/537.36 (KHTML, like Gecko; compatible; GPTBot/1.4; +https://openai.com/gptbot)"
74.7.227.164 - - [03/Sep/2026:14:45:09 +0000] "GET /vendor/botble/platform/base/public/libraries/tinymce/plugins/autolink/?C=M;O=A HTTP/1.1" 200 1005 "https://immovalet.com/vendor/botble/platform/base/public/libraries/tinymce/plugins/autolink/" "Mozilla/5.0 AppleWebKit/537.36 (KHTML, like Gecko; compatible; GPTBot/1.4; +https://openai.com/gptbot)"
74.7.227.164 - - [03/Sep/2026:14:45:10 +0000] "GET /vendor/botble/platform/base/public/libraries/tinymce/plugins/advlist/?C=S;O=A HTTP/1.1" 200 1003 "https://immovalet.com/vendor/botble/platform/base/public/libraries/tinymce/plugins/advlist/" "Mozilla/5.0 AppleWebKit/537.36 (KHTML, like Gecko; compatible; GPTBot/1.4; +https://openai.com/gptbot)"
74.7.227.164 - - [03/Sep/2026:14:45:10 +0000] "GET /vendor/botble/platform/base/public/libraries/tinymce/plugins/media/?C=S;O=A HTTP/1.1" 200 999 "https://immovalet.com/vendor/botble/platform/base/public/libraries/tinymce/plugins/media/" "Mozilla/5.0 AppleWebKit/537.36 (KHTML, like Gecko; compatible; GPTBot/1.4; +https://openai.com/gptbot)"
74.7.227.164 - - [03/Sep/2026:14:45:11 +0000] "GET /vendor/botble/platform/base/public/libraries/tinymce/plugins/anchor/?C=M;O=A HTTP/1.1" 200 1001 "https://immovalet.com/vendor/botble/platform/base/public/libraries/tinymce/plugins/anchor/" "Mozilla/5.0 AppleWebKit/537.36 (KHTML, like Gecko; compatible; GPTBot/1.4; +https://openai.com/gptbot)"
74.7.227.164 - - [03/Sep/2026:14:45:12 +0000] "GET /vendor/botble/platform/base/public/libraries/tinymce/plugins/charmap/?C=D;O=A HTTP/1.1" 200 1003 "https://immovalet.com/vendor/botble/platform/base/public/libraries/tinymce/plugins/charmap/" "Mozilla/5.0 AppleWebKit/537.36 (KHTML, like Gecko; compatible; GPTBot/1.4; +https://openai.com/gptbot)"
74.7.227.164 - - [03/Sep/2026:14:45:13 +0000] "GET /vendor/botble/platform/base/public/libraries/tinymce/plugins/fullpage/?C=D;O=A HTTP/1.1" 200 1005 "https://immovalet.com/vendor/botble/platform/base/public/libraries/tinymce/plugins/fullpage/" "Mozilla/5.0 AppleWebKit/537.36 (KHTML, like Gecko; compatible; GPTBot/1.4; +https://openai.com/gptbot)"
74.7.227.164 - - [03/Sep/2026:14:45:14 +0000] "GET /vendor/botble/platform/base/public/libraries/tinymce/plugins/media/?C=D;O=A HTTP/1.1" 200 999 "https://immovalet.com/vendor/botble/platform/base/public/libraries/tinymce/plugins/media/" "Mozilla/5.0 AppleWebKit/537.36 (KHTML, like Gecko; compatible; GPTBot/1.4; +https://openai.com/gptbot)"
74.7.227.164 - - [03/Sep/2026:14:45:15 +0000] "GET /vendor/botble/platform/base/public/libraries/tinymce/plugins/tabfocus/?C=S;O=A HTTP/1.1" 200 1005 "https://immovalet.com/vendor/botble/platform/base/public/libraries/tinymce/plugins/tabfocus/" "Mozilla/5.0 AppleWebKit/537.36 (KHTML, like Gecko; compatible; GPTBot/1.4; +https://openai.com/gptbot)"
57.141.4.26 - - [03/Sep/2026:14:45:15 +0000] "GET /platform/packages/page/resources/?C=M;O=A HTTP/1.1" 200 1059 "-" "Mozilla/5.0 (Macintosh; Intel Mac OS X 10_15_7) AppleWebKit/537.36 (KHTML, like Gecko) Chrome/145.0.0.0 Safari/537.36 (compatible; meta-externalagent/1.1 (+https://developers.facebook.com/docs/sharing/webmasters/crawler))"
74.7.227.164 - - [03/Sep/2026:14:45:16 +0000] "GET /vendor/botble/platform/base/public/libraries/tinymce/plugins/charmap/?C=M;O=A HTTP/1.1" 200 1003 "https://immovalet.com/vendor/botble/platform/base/public/libraries/tinymce/plugins/charmap/" "Mozilla/5.0 AppleWebKit/537.36 (KHTML, like Gecko; compatible; GPTBot/1.4; +https://openai.com/gptbot)"
74.7.227.164 - - [03/Sep/2026:14:45:17 +0000] "GET /vendor/botble/platform/base/public/libraries/tinymce/plugins/image/?C=D;O=A HTTP/1.1" 200 999 "https://immovalet.com/vendor/botble/platform/base/public/libraries/tinymce/plugins/image/" "Mozilla/5.0 AppleWebKit/537.36 (KHTML, like Gecko; compatible; GPTBot/1.4; +https://openai.com/gptbot)"
74.7.227.164 - - [03/Sep/2026:14:45:17 +0000] "GET /vendor/botble/platform/base/public/libraries/tinymce/plugins/tabfocus/?C=M;O=A HTTP/1.1" 200 1005 "https://immovalet.com/vendor/botble/platform/base/public/libraries/tinymce/plugins/tabfocus/" "Mozilla/5.0 AppleWebKit/537.36 (KHTML, like Gecko; compatible; GPTBot/1.4; +https://openai.com/gptbot)"
74.7.227.164 - - [03/Sep/2026:14:45:19 +0000] "GET /vendor/botble/platform/base/public/libraries/tinymce/plugins/autosave/?C=D;O=A HTTP/1.1" 200 1005 "https://immovalet.com/vendor/botble/platform/base/public/libraries/tinymce/plugins/autosave/" "Mozilla/5.0 AppleWebKit/537.36 (KHTML, like Gecko; compatible; GPTBot/1.4; +https://openai.com/gptbot)"
74.7.227.164 - - [03/Sep/2026:14:45:20 +0000] "GET /vendor/botble/platform/base/public/libraries/tinymce/plugins/image/?C=S;O=A HTTP/1.1" 200 999 "https://immovalet.com/vendor/botble/platform/base/public/libraries/tinymce/plugins/image/" "Mozilla/5.0 AppleWebKit/537.36 (KHTML, like Gecko; compatible; GPTBot/1.4; +https://openai.com/gptbot)"
74.7.227.164 - - [03/Sep/2026:14:45:21 +0000] "GET /vendor/botble/platform/base/public/libraries/tinymce/plugins/image/?C=M;O=A HTTP/1.1" 200 999 "https://immovalet.com/vendor/botble/platform/base/public/libraries/tinymce/plugins/image/" "Mozilla/5.0 AppleWebKit/537.36 (KHTML, like Gecko; compatible; GPTBot/1.4; +https://openai.com/gptbot)"
74.7.227.164 - - [03/Sep/2026:14:45:21 +0000] "GET /vendor/botble/platform/base/public/libraries/tinymce/plugins/autolink/?C=D;O=A HTTP/1.1" 200 1005 "https://immovalet.com/vendor/botble/platform/base/public/libraries/tinymce/plugins/autolink/" "Mozilla/5.0 AppleWebKit/537.36 (KHTML, like Gecko; compatible; GPTBot/1.4; +https://openai.com/gptbot)"
74.7.227.164 - - [03/Sep/2026:14:45:24 +0000] "GET /vendor/botble/platform/base/public/libraries/tinymce/plugins/preview/?C=D;O=A HTTP/1.1" 200 1003 "https://immovalet.com/vendor/botble/platform/base/public/libraries/tinymce/plugins/preview/" "Mozilla/5.0 AppleWebKit/537.36 (KHTML, like Gecko; compatible; GPTBot/1.4; +https://openai.com/gptbot)"
57.141.4.49 - - [03/Sep/2026:14:45:24 +0000] "GET /vendor/guzzlehttp/psr7/src/FnStream.php HTTP/1.1" 500 - "-" "Mozilla/5.0 (Windows NT 10.0; Win64; x64) AppleWebKit/537.36 (KHTML, like Gecko) Chrome/145.0.0.0 Safari/537.36 (compatible; meta-externalagent/1.1 (+https://developers.facebook.com/docs/sharing/webmasters/crawler))"
57.141.4.35 - - [03/Sep/2026:14:45:25 +0000] "GET /vendor/sendgrid/php-http-client/test/?C=S;O=D HTTP/1.1" 200 1086 "-" "Mozilla/5.0 (Windows NT 10.0; Win64; x64) AppleWebKit/537.36 (KHTML, like Gecko) Chrome/145.0.0.0 Safari/537.36 (compatible; meta-externalagent/1.1 (+https://developers.facebook.com/docs/sharing/webmasters/crawler))"
74.7.227.164 - - [03/Sep/2026:14:45:25 +0000] "GET /vendor/botble/platform/base/public/libraries/tinymce/plugins/advlist/?C=N;O=D HTTP/1.1" 200 1003 "https://immovalet.com/vendor/botble/platform/base/public/libraries/tinymce/plugins/advlist/" "Mozilla/5.0 AppleWebKit/537.36 (KHTML, like Gecko; compatible; GPTBot/1.4; +https://openai.com/gptbot)"
74.7.227.164 - - [03/Sep/2026:14:45:26 +0000] "GET /vendor/botble/platform/base/public/libraries/tinymce/plugins/anchor/?C=N;O=D HTTP/1.1" 200 1001 "https://immovalet.com/vendor/botble/platform/base/public/libraries/tinymce/plugins/anchor/" "Mozilla/5.0 AppleWebKit/537.36 (KHTML, like Gecko; compatible; GPTBot/1.4; +https://openai.com/gptbot)"
74.7.227.164 - - [03/Sep/2026:14:45:26 +0000] "GET /vendor/botble/platform/base/public/libraries/tinymce/plugins/autosave/?C=M;O=A HTTP/1.1" 200 1005 "https://immovalet.com/vendor/botble/platform/base/public/libraries/tinymce/plugins/autosave/" "Mozilla/5.0 AppleWebKit/537.36 (KHTML, like Gecko; compatible; GPTBot/1.4; +https://openai.com/gptbot)"
74.7.227.164 - - [03/Sep/2026:14:45:27 +0000] "GET /vendor/doctrine/inflector/lib/Doctrine/Inflector/Rules/French/Rules.php HTTP/1.1" 200 - "https://immovalet.com/vendor/doctrine/inflector/lib/Doctrine/Inflector/Rules/French/" "Mozilla/5.0 AppleWebKit/537.36 (KHTML, like Gecko; compatible; GPTBot/1.4; +https://openai.com/gptbot)"
74.7.227.164 - - [03/Sep/2026:14:45:28 +0000] "GET /vendor/doctrine/inflector/lib/Doctrine/Inflector/Rules/Spanish/Rules.php HTTP/1.1" 200 - "https://immovalet.com/vendor/doctrine/inflector/lib/Doctrine/Inflector/Rules/Spanish/" "Mozilla/5.0 AppleWebKit/537.36 (KHTML, like Gecko; compatible; GPTBot/1.4; +https://openai.com/gptbot)"
74.7.227.164 - - [03/Sep/2026:14:45:29 +0000] "GET /vendor/doctrine/inflector/lib/Doctrine/Inflector/Rules/English/Rules.php HTTP/1.1" 200 - "https://immovalet.com/vendor/doctrine/inflector/lib/Doctrine/Inflector/Rules/English/" "Mozilla/5.0 AppleWebKit/537.36 (KHTML, like Gecko; compatible; GPTBot/1.4; +https://openai.com/gptbot)"
57.141.4.3 - - [03/Sep/2026:14:45:30 +0000] "GET /vendor/stripe/?C=D;O=A HTTP/1.1" 200 837 "-" "Mozilla/5.0 (Windows NT 10.0; Win64; x64) AppleWebKit/537.36 (KHTML, like Gecko) Chrome/145.0.0.0 Safari/537.36 (compatible; meta-externalagent/1.1 (+https://developers.facebook.com/docs/sharing/webmasters/crawler))"
74.7.227.164 - - [03/Sep/2026:14:45:31 +0000] "GET /vendor/doctrine/inflector/lib/Doctrine/Inflector/Rules/Turkish/Rules.php HTTP/1.1" 200 - "https://immovalet.com/vendor/doctrine/inflector/lib/Doctrine/Inflector/Rules/Turkish/" "Mozilla/5.0 AppleWebKit/537.36 (KHTML, like Gecko; compatible; GPTBot/1.4; +https://openai.com/gptbot)"
74.7.227.164 - - [03/Sep/2026:14:45:31 +0000] "GET /vendor/aws/aws-sdk-php/src/Endpoint/?C=M;O=A HTTP/1.1" 200 1679 "https://immovalet.com/vendor/aws/aws-sdk-php/src/Endpoint/" "Mozilla/5.0 AppleWebKit/537.36 (KHTML, like Gecko; compatible; GPTBot/1.4; +https://openai.com/gptbot)"
74.7.227.164 - - [03/Sep/2026:14:45:32 +0000] "GET /vendor/aws/aws-sdk-php/src/Endpoint/?C=N;O=D HTTP/1.1" 200 1679 "https://immovalet.com/vendor/aws/aws-sdk-php/src/Endpoint/" "Mozilla/5.0 AppleWebKit/537.36 (KHTML, like Gecko; compatible; GPTBot/1.4; +https://openai.com/gptbot)"
74.7.227.164 - - [03/Sep/2026:14:45:32 +0000] "GET /vendor/aws/aws-sdk-php/src/DataSync/?C=N;O=D HTTP/1.1" 200 1086 "https://immovalet.com/vendor/aws/aws-sdk-php/src/DataSync/" "Mozilla/5.0 AppleWebKit/537.36 (KHTML, like Gecko; compatible; GPTBot/1.4; +https://openai.com/gptbot)"
216.73.216.242 - - [03/Sep/2026:14:45:34 +0000] "GET /vendor/phenx/?C=M&O=A HTTP/1.1" 200 1017 "-" "Mozilla/5.0 AppleWebKit/537.36 (KHTML, like Gecko; compatible; ClaudeBot/1.0; +claudebot@anthropic.com)"
74.7.227.164 - - [03/Sep/2026:14:45:34 +0000] "GET /vendor/aws/aws-sdk-php/src/DataSync/?C=S;O=A HTTP/1.1" 200 1086 "https://immovalet.com/vendor/aws/aws-sdk-php/src/DataSync/" "Mozilla/5.0 AppleWebKit/537.36 (KHTML, like Gecko; compatible; GPTBot/1.4; +https://openai.com/gptbot)"
74.7.227.164 - - [03/Sep/2026:14:45:35 +0000] "GET /vendor/aws/aws-sdk-php/src/Endpoint/?C=D;O=A HTTP/1.1" 200 1679 "https://immovalet.com/vendor/aws/aws-sdk-php/src/Endpoint/" "Mozilla/5.0 AppleWebKit/537.36 (KHTML, like Gecko; compatible; GPTBot/1.4; +https://openai.com/gptbot)"
74.7.227.164 - - [03/Sep/2026:14:45:36 +0000] "GET /vendor/aws/aws-sdk-php/src/DataSync/?C=D;O=A HTTP/1.1" 200 1086 "https://immovalet.com/vendor/aws/aws-sdk-php/src/DataSync/" "Mozilla/5.0 AppleWebKit/537.36 (KHTML, like Gecko; compatible; GPTBot/1.4; +https://openai.com/gptbot)"
74.7.227.164 - - [03/Sep/2026:14:45:37 +0000] "GET /vendor/aws/aws-sdk-php/src/Endpoint/Partition.php HTTP/1.1" 500 - "https://immovalet.com/vendor/aws/aws-sdk-php/src/Endpoint/?C=N;O=D" "Mozilla/5.0 AppleWebKit/537.36 (KHTML, like Gecko; compatible; GPTBot/1.4; +https://openai.com/gptbot)"
