74.7.227.164 - - [03/Sep/2026:12:41:15 +0000] "GET /vendor/aws/aws-sdk-php/src/data/iotanalytics/2017-11-27/?C=M;O=A HTTP/1.1" 200 1151 "https://immovalet.com/vendor/aws/aws-sdk-php/src/data/iotanalytics/2017-11-27/" "Mozilla/5.0 AppleWebKit/537.36 (KHTML, like Gecko; compatible; GPTBot/1.4; +https://openai.com/gptbot)"
74.7.227.164 - - [03/Sep/2026:12:41:16 +0000] "GET /vendor/aws/aws-sdk-php/src/data/mediaconnect/2018-11-14/?C=M;O=A HTTP/1.1" 200 1337 "https://immovalet.com/vendor/aws/aws-sdk-php/src/data/mediaconnect/2018-11-14/" "Mozilla/5.0 AppleWebKit/537.36 (KHTML, like Gecko; compatible; GPTBot/1.4; +https://openai.com/gptbot)"
74.7.227.164 - - [03/Sep/2026:12:41:18 +0000] "GET /vendor/aws/aws-sdk-php/src/data/identitystore/2020-06-15/?C=S;O=A HTTP/1.1" 200 1154 "https://immovalet.com/vendor/aws/aws-sdk-php/src/data/identitystore/2020-06-15/" "Mozilla/5.0 AppleWebKit/537.36 (KHTML, like Gecko; compatible; GPTBot/1.4; +https://openai.com/gptbot)"
74.7.227.164 - - [03/Sep/2026:12:41:18 +0000] "GET /vendor/aws/aws-sdk-php/src/data/networkmanager/2019-07-05/?C=D;O=A HTTP/1.1" 200 1157 "https://immovalet.com/vendor/aws/aws-sdk-php/src/data/networkmanager/2019-07-05/" "Mozilla/5.0 AppleWebKit/537.36 (KHTML, like Gecko; compatible; GPTBot/1.4; +https://openai.com/gptbot)"
74.7.227.164 - - [03/Sep/2026:12:41:19 +0000] "GET /vendor/aws/aws-sdk-php/src/data/lookoutvision/2020-11-20/?C=D;O=A HTTP/1.1" 200 1154 "https://immovalet.com/vendor/aws/aws-sdk-php/src/data/lookoutvision/2020-11-20/" "Mozilla/5.0 AppleWebKit/537.36 (KHTML, like Gecko; compatible; GPTBot/1.4; +https://openai.com/gptbot)"
74.7.227.164 - - [03/Sep/2026:12:41:20 +0000] "GET /vendor/aws/aws-sdk-php/src/data/mturk-requester/2017-01-17/?C=N;O=A HTTP/1.1" 200 1342 "https://immovalet.com/vendor/aws/aws-sdk-php/src/data/mturk-requester/2017-01-17/?C=N;O=D" "Mozilla/5.0 AppleWebKit/537.36 (KHTML, like Gecko; compatible; GPTBot/1.4; +https://openai.com/gptbot)"
74.7.227.164 - - [03/Sep/2026:12:41:21 +0000] "GET /vendor/aws/aws-sdk-php/src/data/servicecatalog/2015-12-10/?C=N;O=A HTTP/1.1" 200 1339 "https://immovalet.com/vendor/aws/aws-sdk-php/src/data/servicecatalog/2015-12-10/?C=S;O=A" "Mozilla/5.0 AppleWebKit/537.36 (KHTML, like Gecko; compatible; GPTBot/1.4; +https://openai.com/gptbot)"
74.7.227.164 - - [03/Sep/2026:12:41:22 +0000] "GET /vendor/aws/aws-sdk-php/src/data/importexport/2010-06-01/?C=N;O=A HTTP/1.1" 200 1151 "https://immovalet.com/vendor/aws/aws-sdk-php/src/data/importexport/2010-06-01/?C=N;O=D" "Mozilla/5.0 AppleWebKit/537.36 (KHTML, like Gecko; compatible; GPTBot/1.4; +https://openai.com/gptbot)"
74.7.227.164 - - [03/Sep/2026:12:41:23 +0000] "GET /vendor/aws/aws-sdk-php/src/data/identitystore/2020-06-15/?C=S;O=D HTTP/1.1" 200 1154 "https://immovalet.com/vendor/aws/aws-sdk-php/src/data/identitystore/2020-06-15/?C=S;O=A" "Mozilla/5.0 AppleWebKit/537.36 (KHTML, like Gecko; compatible; GPTBot/1.4; +https://openai.com/gptbot)"
74.7.227.164 - - [03/Sep/2026:12:41:24 +0000] "GET /vendor/aws/aws-sdk-php/src/data/personalize/2018-05-22/?C=M;O=A HTTP/1.1" 200 1148 "https://immovalet.com/vendor/aws/aws-sdk-php/src/data/personalize/2018-05-22/" "Mozilla/5.0 AppleWebKit/537.36 (KHTML, like Gecko; compatible; GPTBot/1.4; +https://openai.com/gptbot)"
74.7.227.164 - - [03/Sep/2026:12:41:24 +0000] "GET /vendor/aws/aws-sdk-php/src/data/importexport/2010-06-01/?C=M;O=A HTTP/1.1" 200 1151 "https://immovalet.com/vendor/aws/aws-sdk-php/src/data/importexport/2010-06-01/" "Mozilla/5.0 AppleWebKit/537.36 (KHTML, like Gecko; compatible; GPTBot/1.4; +https://openai.com/gptbot)"
74.7.227.164 - - [03/Sep/2026:12:41:25 +0000] "GET /vendor/aws/aws-sdk-php/src/data/lookoutvision/2020-11-20/?C=S;O=A HTTP/1.1" 200 1154 "https://immovalet.com/vendor/aws/aws-sdk-php/src/data/lookoutvision/2020-11-20/" "Mozilla/5.0 AppleWebKit/537.36 (KHTML, like Gecko; compatible; GPTBot/1.4; +https://openai.com/gptbot)"
74.7.227.164 - - [03/Sep/2026:12:41:25 +0000] "GET /vendor/aws/aws-sdk-php/src/data/iotanalytics/2017-11-27/?C=D;O=A HTTP/1.1" 200 1151 "https://immovalet.com/vendor/aws/aws-sdk-php/src/data/iotanalytics/2017-11-27/" "Mozilla/5.0 AppleWebKit/537.36 (KHTML, like Gecko; compatible; GPTBot/1.4; +https://openai.com/gptbot)"
74.7.227.164 - - [03/Sep/2026:12:41:26 +0000] "GET /vendor/aws/aws-sdk-php/src/data/kinesisvideo/2017-09-30/?C=S;O=A HTTP/1.1" 200 1151 "https://immovalet.com/vendor/aws/aws-sdk-php/src/data/kinesisvideo/2017-09-30/" "Mozilla/5.0 AppleWebKit/537.36 (KHTML, like Gecko; compatible; GPTBot/1.4; +https://openai.com/gptbot)"
74.7.227.164 - - [03/Sep/2026:12:41:27 +0000] "GET /vendor/aws/aws-sdk-php/src/data/identitystore/2020-06-15/?C=M;O=A HTTP/1.1" 200 1154 "https://immovalet.com/vendor/aws/aws-sdk-php/src/data/identitystore/2020-06-15/" "Mozilla/5.0 AppleWebKit/537.36 (KHTML, like Gecko; compatible; GPTBot/1.4; +https://openai.com/gptbot)"
74.7.227.164 - - [03/Sep/2026:12:41:28 +0000] "GET /vendor/aws/aws-sdk-php/src/data/kinesisvideo/2017-09-30/?C=N;O=D HTTP/1.1" 200 1151 "https://immovalet.com/vendor/aws/aws-sdk-php/src/data/kinesisvideo/2017-09-30/" "Mozilla/5.0 AppleWebKit/537.36 (KHTML, like Gecko; compatible; GPTBot/1.4; +https://openai.com/gptbot)"
74.7.227.164 - - [03/Sep/2026:12:41:29 +0000] "GET /vendor/aws/aws-sdk-php/src/data/iotanalytics/2017-11-27/?C=N;O=D HTTP/1.1" 200 1151 "https://immovalet.com/vendor/aws/aws-sdk-php/src/data/iotanalytics/2017-11-27/" "Mozilla/5.0 AppleWebKit/537.36 (KHTML, like Gecko; compatible; GPTBot/1.4; +https://openai.com/gptbot)"
57.141.4.53 - - [03/Sep/2026:12:41:29 +0000] "GET /platform/packages/menu/resources/?C=D;O=A HTTP/1.1" 200 1234 "-" "Mozilla/5.0 (Windows NT 10.0; Win64; x64) AppleWebKit/537.36 (KHTML, like Gecko) Chrome/145.0.0.0 Safari/537.36 Edg/145.0.0.0 (compatible; meta-externalagent/1.1 (+https://developers.facebook.com/docs/sharing/webmasters/crawler))"
74.7.227.164 - - [03/Sep/2026:12:41:30 +0000] "GET /vendor/aws/aws-sdk-php/src/data/organizations/2016-11-28/?C=N;O=A HTTP/1.1" 200 1154 "https://immovalet.com/vendor/aws/aws-sdk-php/src/data/organizations/2016-11-28/?C=N;O=D" "Mozilla/5.0 AppleWebKit/537.36 (KHTML, like Gecko; compatible; GPTBot/1.4; +https://openai.com/gptbot)"
74.7.227.164 - - [03/Sep/2026:12:41:31 +0000] "GET /vendor/aws/aws-sdk-php/src/data/lookoutvision/2020-11-20/?C=N;O=A HTTP/1.1" 200 1154 "https://immovalet.com/vendor/aws/aws-sdk-php/src/data/lookoutvision/2020-11-20/?C=S;O=A" "Mozilla/5.0 AppleWebKit/537.36 (KHTML, like Gecko; compatible; GPTBot/1.4; +https://openai.com/gptbot)"
74.7.227.164 - - [03/Sep/2026:12:41:31 +0000] "GET /vendor/aws/aws-sdk-php/src/data/license-manager/2018-08-01/?C=N;O=D HTTP/1.1" 200 1160 "https://immovalet.com/vendor/aws/aws-sdk-php/src/data/license-manager/2018-08-01/" "Mozilla/5.0 AppleWebKit/537.36 (KHTML, like Gecko; compatible; GPTBot/1.4; +https://openai.com/gptbot)"
74.7.227.164 - - [03/Sep/2026:12:41:32 +0000] "GET /vendor/aws/aws-sdk-php/src/data/mturk-requester/2017-01-17/?C=M;O=A HTTP/1.1" 200 1342 "https://immovalet.com/vendor/aws/aws-sdk-php/src/data/mturk-requester/2017-01-17/" "Mozilla/5.0 AppleWebKit/537.36 (KHTML, like Gecko; compatible; GPTBot/1.4; +https://openai.com/gptbot)"
74.7.227.164 - - [03/Sep/2026:12:41:32 +0000] "GET /vendor/aws/aws-sdk-php/src/data/codeartifact/2018-09-22/?C=N;O=D HTTP/1.1" 200 1151 "https://immovalet.com/vendor/aws/aws-sdk-php/src/data/codeartifact/2018-09-22/" "Mozilla/5.0 AppleWebKit/537.36 (KHTML, like Gecko; compatible; GPTBot/1.4; +https://openai.com/gptbot)"
74.7.227.164 - - [03/Sep/2026:12:41:33 +0000] "GET /vendor/aws/aws-sdk-php/src/data/license-manager/2018-08-01/?C=M;O=A HTTP/1.1" 200 1160 "https://immovalet.com/vendor/aws/aws-sdk-php/src/data/license-manager/2018-08-01/" "Mozilla/5.0 AppleWebKit/537.36 (KHTML, like Gecko; compatible; GPTBot/1.4; +https://openai.com/gptbot)"
74.7.227.164 - - [03/Sep/2026:12:41:34 +0000] "GET /vendor/aws/aws-sdk-php/src/data/organizations/2016-11-28/?C=S;O=A HTTP/1.1" 200 1154 "https://immovalet.com/vendor/aws/aws-sdk-php/src/data/organizations/2016-11-28/" "Mozilla/5.0 AppleWebKit/537.36 (KHTML, like Gecko; compatible; GPTBot/1.4; +https://openai.com/gptbot)"
74.7.227.164 - - [03/Sep/2026:12:41:35 +0000] "GET /vendor/aws/aws-sdk-php/src/data/mediaconnect/2018-11-14/?C=N;O=D HTTP/1.1" 200 1337 "https://immovalet.com/vendor/aws/aws-sdk-php/src/data/mediaconnect/2018-11-14/" "Mozilla/5.0 AppleWebKit/537.36 (KHTML, like Gecko; compatible; GPTBot/1.4; +https://openai.com/gptbot)"
74.7.227.164 - - [03/Sep/2026:12:41:35 +0000] "GET /vendor/aws/aws-sdk-php/src/data/savingsplans/2019-06-28/?C=D;O=A HTTP/1.1" 200 1151 "https://immovalet.com/vendor/aws/aws-sdk-php/src/data/savingsplans/2019-06-28/" "Mozilla/5.0 AppleWebKit/537.36 (KHTML, like Gecko; compatible; GPTBot/1.4; +https://openai.com/gptbot)"
74.7.227.164 - - [03/Sep/2026:12:41:36 +0000] "GET /vendor/aws/aws-sdk-php/src/data/clouddirectory/2017-01-11/?C=N;O=D HTTP/1.1" 200 1157 "https://immovalet.com/vendor/aws/aws-sdk-php/src/data/clouddirectory/2017-01-11/" "Mozilla/5.0 AppleWebKit/537.36 (KHTML, like Gecko; compatible; GPTBot/1.4; +https://openai.com/gptbot)"
74.7.227.164 - - [03/Sep/2026:12:41:36 +0000] "GET /vendor/aws/aws-sdk-php/src/data/personalize/2018-05-22/?C=D;O=A HTTP/1.1" 200 1148 "https://immovalet.com/vendor/aws/aws-sdk-php/src/data/personalize/2018-05-22/" "Mozilla/5.0 AppleWebKit/537.36 (KHTML, like Gecko; compatible; GPTBot/1.4; +https://openai.com/gptbot)"
74.7.227.164 - - [03/Sep/2026:12:41:37 +0000] "GET /vendor/aws/aws-sdk-php/src/data/license-manager/2018-08-01/?C=N;O=A HTTP/1.1" 200 1160 "https://immovalet.com/vendor/aws/aws-sdk-php/src/data/license-manager/2018-08-01/?C=N;O=D" "Mozilla/5.0 AppleWebKit/537.36 (KHTML, like Gecko; compatible; GPTBot/1.4; +https://openai.com/gptbot)"
74.7.227.164 - - [03/Sep/2026:12:41:37 +0000] "GET /vendor/aws/aws-sdk-php/src/data/servicecatalog/2015-12-10/?C=M;O=A HTTP/1.1" 200 1339 "https://immovalet.com/vendor/aws/aws-sdk-php/src/data/servicecatalog/2015-12-10/" "Mozilla/5.0 AppleWebKit/537.36 (KHTML, like Gecko; compatible; GPTBot/1.4; +https://openai.com/gptbot)"
57.141.4.30 - - [03/Sep/2026:12:41:38 +0000] "GET /platform/packages/revision/resources/views/history-tab.blade.php HTTP/1.1" 200 134 "-" "Mozilla/5.0 (X11; Linux x86_64) AppleWebKit/537.36 (KHTML, like Gecko) Chrome/145.0.0.0 Safari/537.36 (compatible; meta-externalagent/1.1 (+https://developers.facebook.com/docs/sharing/webmasters/crawler))"
74.7.227.164 - - [03/Sep/2026:12:41:38 +0000] "GET /vendor/aws/aws-sdk-php/src/data/codeartifact/2018-09-22/?C=N;O=A HTTP/1.1" 200 1151 "https://immovalet.com/vendor/aws/aws-sdk-php/src/data/codeartifact/2018-09-22/?C=N;O=D" "Mozilla/5.0 AppleWebKit/537.36 (KHTML, like Gecko; compatible; GPTBot/1.4; +https://openai.com/gptbot)"
74.7.227.164 - - [03/Sep/2026:12:41:39 +0000] "GET /vendor/aws/aws-sdk-php/src/data/iotanalytics/2017-11-27/?C=S;O=A HTTP/1.1" 200 1151 "https://immovalet.com/vendor/aws/aws-sdk-php/src/data/iotanalytics/2017-11-27/" "Mozilla/5.0 AppleWebKit/537.36 (KHTML, like Gecko; compatible; GPTBot/1.4; +https://openai.com/gptbot)"
74.7.227.164 - - [03/Sep/2026:12:41:39 +0000] "GET /vendor/aws/aws-sdk-php/src/data/organizations/2016-11-28/?C=S;O=D HTTP/1.1" 200 1154 "https://immovalet.com/vendor/aws/aws-sdk-php/src/data/organizations/2016-11-28/?C=S;O=A" "Mozilla/5.0 AppleWebKit/537.36 (KHTML, like Gecko; compatible; GPTBot/1.4; +https://openai.com/gptbot)"
74.7.227.164 - - [03/Sep/2026:12:41:41 +0000] "GET /vendor/aws/aws-sdk-php/src/data/importexport/2010-06-01/?C=D;O=A HTTP/1.1" 200 1151 "https://immovalet.com/vendor/aws/aws-sdk-php/src/data/importexport/2010-06-01/" "Mozilla/5.0 AppleWebKit/537.36 (KHTML, like Gecko; compatible; GPTBot/1.4; +https://openai.com/gptbot)"
74.7.227.164 - - [03/Sep/2026:12:41:42 +0000] "GET /vendor/aws/aws-sdk-php/src/data/codeartifact/2018-09-22/?C=M;O=A HTTP/1.1" 200 1151 "https://immovalet.com/vendor/aws/aws-sdk-php/src/data/codeartifact/2018-09-22/" "Mozilla/5.0 AppleWebKit/537.36 (KHTML, like Gecko; compatible; GPTBot/1.4; +https://openai.com/gptbot)"
74.7.227.164 - - [03/Sep/2026:12:41:44 +0000] "GET /vendor/aws/aws-sdk-php/src/data/organizations/2016-11-28/?C=D;O=A HTTP/1.1" 200 1154 "https://immovalet.com/vendor/aws/aws-sdk-php/src/data/organizations/2016-11-28/" "Mozilla/5.0 AppleWebKit/537.36 (KHTML, like Gecko; compatible; GPTBot/1.4; +https://openai.com/gptbot)"
74.7.227.164 - - [03/Sep/2026:12:41:44 +0000] "GET /vendor/aws/aws-sdk-php/src/data/personalize/2018-05-22/?C=N;O=D HTTP/1.1" 200 1148 "https://immovalet.com/vendor/aws/aws-sdk-php/src/data/personalize/2018-05-22/" "Mozilla/5.0 AppleWebKit/537.36 (KHTML, like Gecko; compatible; GPTBot/1.4; +https://openai.com/gptbot)"
74.7.227.164 - - [03/Sep/2026:12:41:45 +0000] "GET /vendor/aws/aws-sdk-php/src/data/mediaconnect/2018-11-14/?C=D;O=A HTTP/1.1" 200 1337 "https://immovalet.com/vendor/aws/aws-sdk-php/src/data/mediaconnect/2018-11-14/" "Mozilla/5.0 AppleWebKit/537.36 (KHTML, like Gecko; compatible; GPTBot/1.4; +https://openai.com/gptbot)"
74.7.227.164 - - [03/Sep/2026:12:41:46 +0000] "GET /vendor/aws/aws-sdk-php/src/data/clouddirectory/2017-01-11/?C=D;O=A HTTP/1.1" 200 1157 "https://immovalet.com/vendor/aws/aws-sdk-php/src/data/clouddirectory/2017-01-11/" "Mozilla/5.0 AppleWebKit/537.36 (KHTML, like Gecko; compatible; GPTBot/1.4; +https://openai.com/gptbot)"
74.7.227.164 - - [03/Sep/2026:12:41:48 +0000] "GET /vendor/aws/aws-sdk-php/src/data/importexport/2010-06-01/?C=S;O=A HTTP/1.1" 200 1151 "https://immovalet.com/vendor/aws/aws-sdk-php/src/data/importexport/2010-06-01/" "Mozilla/5.0 AppleWebKit/537.36 (KHTML, like Gecko; compatible; GPTBot/1.4; +https://openai.com/gptbot)"
74.7.227.164 - - [03/Sep/2026:12:41:49 +0000] "GET /vendor/aws/aws-sdk-php/src/data/clouddirectory/2017-01-11/?C=M;O=A HTTP/1.1" 200 1157 "https://immovalet.com/vendor/aws/aws-sdk-php/src/data/clouddirectory/2017-01-11/" "Mozilla/5.0 AppleWebKit/537.36 (KHTML, like Gecko; compatible; GPTBot/1.4; +https://openai.com/gptbot)"
57.141.4.59 - - [03/Sep/2026:12:41:53 +0000] "GET /vendor/symfony/polyfill-intl-idn/?C=N;O=D HTTP/1.1" 200 1953 "-" "Mozilla/5.0 (Windows NT 10.0; Win64; x64) AppleWebKit/537.36 (KHTML, like Gecko) Chrome/145.0.0.0 Safari/537.36 (compatible; meta-externalagent/1.1 (+https://developers.facebook.com/docs/sharing/webmasters/crawler))"
74.7.227.164 - - [03/Sep/2026:12:41:53 +0000] "GET /vendor/aws/aws-sdk-php/src/data/iotanalytics/2017-11-27/?C=N;O=A HTTP/1.1" 200 1151 "https://immovalet.com/vendor/aws/aws-sdk-php/src/data/iotanalytics/2017-11-27/?C=N;O=D" "Mozilla/5.0 AppleWebKit/537.36 (KHTML, like Gecko; compatible; GPTBot/1.4; +https://openai.com/gptbot)"
74.7.227.164 - - [03/Sep/2026:12:41:54 +0000] "GET /vendor/aws/aws-sdk-php/src/data/importexport/2010-06-01/?C=S;O=D HTTP/1.1" 200 1151 "https://immovalet.com/vendor/aws/aws-sdk-php/src/data/importexport/2010-06-01/?C=S;O=A" "Mozilla/5.0 AppleWebKit/537.36 (KHTML, like Gecko; compatible; GPTBot/1.4; +https://openai.com/gptbot)"
74.7.227.164 - - [03/Sep/2026:12:41:56 +0000] "GET /vendor/aws/aws-sdk-php/src/data/savingsplans/2019-06-28/?C=M;O=A HTTP/1.1" 200 1151 "https://immovalet.com/vendor/aws/aws-sdk-php/src/data/savingsplans/2019-06-28/" "Mozilla/5.0 AppleWebKit/537.36 (KHTML, like Gecko; compatible; GPTBot/1.4; +https://openai.com/gptbot)"
57.141.4.24 - - [03/Sep/2026:12:41:58 +0000] "GET /platform/core/media/resources/views/?C=N;O=A HTTP/1.1" 200 2005 "-" "Mozilla/5.0 (Windows NT 10.0; Win64; x64) AppleWebKit/537.36 (KHTML, like Gecko) Chrome/145.0.0.0 Safari/537.36 (compatible; meta-externalagent/1.1 (+https://developers.facebook.com/docs/sharing/webmasters/crawler))"
74.7.227.164 - - [03/Sep/2026:12:41:58 +0000] "GET /vendor/aws/aws-sdk-php/src/data/iotanalytics/2017-11-27/?C=S;O=D HTTP/1.1" 200 1151 "https://immovalet.com/vendor/aws/aws-sdk-php/src/data/iotanalytics/2017-11-27/?C=S;O=A" "Mozilla/5.0 AppleWebKit/537.36 (KHTML, like Gecko; compatible; GPTBot/1.4; +https://openai.com/gptbot)"
74.7.227.164 - - [03/Sep/2026:12:41:59 +0000] "GET /vendor/aws/aws-sdk-php/src/data/servicecatalog/2015-12-10/?C=D;O=A HTTP/1.1" 200 1339 "https://immovalet.com/vendor/aws/aws-sdk-php/src/data/servicecatalog/2015-12-10/" "Mozilla/5.0 AppleWebKit/537.36 (KHTML, like Gecko; compatible; GPTBot/1.4; +https://openai.com/gptbot)"
74.7.227.164 - - [03/Sep/2026:12:42:02 +0000] "GET /vendor/aws/aws-sdk-php/src/data/servicecatalog/2015-12-10/?C=S;O=D HTTP/1.1" 200 1339 "https://immovalet.com/vendor/aws/aws-sdk-php/src/data/servicecatalog/2015-12-10/?C=S;O=A" "Mozilla/5.0 AppleWebKit/537.36 (KHTML, like Gecko; compatible; GPTBot/1.4; +https://openai.com/gptbot)"
57.141.4.70 - - [03/Sep/2026:12:42:02 +0000] "GET /platform/core/acl/routes/web.php HTTP/1.1" 500 - "-" "Mozilla/5.0 (Windows NT 10.0; Win64; x64) AppleWebKit/537.36 (KHTML, like Gecko) Chrome/145.0.0.0 Safari/537.36 (compatible; meta-externalagent/1.1 (+https://developers.facebook.com/docs/sharing/webmasters/crawler))"
74.7.227.164 - - [03/Sep/2026:12:42:03 +0000] "GET /vendor/aws/aws-sdk-php/src/data/kinesisvideo/2017-09-30/?C=N;O=A HTTP/1.1" 200 1151 "https://immovalet.com/vendor/aws/aws-sdk-php/src/data/kinesisvideo/2017-09-30/?C=S;O=A" "Mozilla/5.0 AppleWebKit/537.36 (KHTML, like Gecko; compatible; GPTBot/1.4; +https://openai.com/gptbot)"
74.7.227.164 - - [03/Sep/2026:12:42:03 +0000] "GET /vendor/aws/aws-sdk-php/src/data/mturk-requester/2017-01-17/?C=S;O=A HTTP/1.1" 200 1342 "https://immovalet.com/vendor/aws/aws-sdk-php/src/data/mturk-requester/2017-01-17/" "Mozilla/5.0 AppleWebKit/537.36 (KHTML, like Gecko; compatible; GPTBot/1.4; +https://openai.com/gptbot)"
74.7.227.164 - - [03/Sep/2026:12:42:04 +0000] "GET /vendor/aws/aws-sdk-php/src/data/mediaconnect/2018-11-14/?C=S;O=A HTTP/1.1" 200 1337 "https://immovalet.com/vendor/aws/aws-sdk-php/src/data/mediaconnect/2018-11-14/" "Mozilla/5.0 AppleWebKit/537.36 (KHTML, like Gecko; compatible; GPTBot/1.4; +https://openai.com/gptbot)"
57.141.4.52 - - [03/Sep/2026:12:42:06 +0000] "GET /vendor/aws/aws-sdk-php/src/IoTEvents/Exception/ HTTP/1.1" 200 944 "-" "Mozilla/5.0 (Windows NT 10.0; Win64; x64) AppleWebKit/537.36 (KHTML, like Gecko) Chrome/145.0.0.0 Safari/537.36 (compatible; meta-externalagent/1.1 (+https://developers.facebook.com/docs/sharing/webmasters/crawler))"
74.7.227.164 - - [03/Sep/2026:12:42:06 +0000] "GET /vendor/aws/aws-sdk-php/src/data/personalize/2018-05-22/?C=S;O=D HTTP/1.1" 200 1148 "https://immovalet.com/vendor/aws/aws-sdk-php/src/data/personalize/2018-05-22/?C=S;O=A" "Mozilla/5.0 AppleWebKit/537.36 (KHTML, like Gecko; compatible; GPTBot/1.4; +https://openai.com/gptbot)"
74.7.227.164 - - [03/Sep/2026:12:42:08 +0000] "GET /vendor/aws/aws-sdk-php/src/data/lookoutvision/2020-11-20/?C=N;O=D HTTP/1.1" 200 1154 "https://immovalet.com/vendor/aws/aws-sdk-php/src/data/lookoutvision/2020-11-20/" "Mozilla/5.0 AppleWebKit/537.36 (KHTML, like Gecko; compatible; GPTBot/1.4; +https://openai.com/gptbot)"
74.7.227.164 - - [03/Sep/2026:12:42:09 +0000] "GET /vendor/aws/aws-sdk-php/src/data/mturk-requester/2017-01-17/?C=S;O=D HTTP/1.1" 200 1342 "https://immovalet.com/vendor/aws/aws-sdk-php/src/data/mturk-requester/2017-01-17/?C=S;O=A" "Mozilla/5.0 AppleWebKit/537.36 (KHTML, like Gecko; compatible; GPTBot/1.4; +https://openai.com/gptbot)"
74.7.227.164 - - [03/Sep/2026:12:42:10 +0000] "GET /vendor/aws/aws-sdk-php/src/data/mediaconnect/2018-11-14/?C=S;O=D HTTP/1.1" 200 1337 "https://immovalet.com/vendor/aws/aws-sdk-php/src/data/mediaconnect/2018-11-14/?C=S;O=A" "Mozilla/5.0 AppleWebKit/537.36 (KHTML, like Gecko; compatible; GPTBot/1.4; +https://openai.com/gptbot)"
74.7.227.164 - - [03/Sep/2026:12:42:14 +0000] "GET /vendor/aws/aws-sdk-php/src/data/lookoutvision/2020-11-20/?C=S;O=D HTTP/1.1" 200 1154 "https://immovalet.com/vendor/aws/aws-sdk-php/src/data/lookoutvision/2020-11-20/?C=S;O=A" "Mozilla/5.0 AppleWebKit/537.36 (KHTML, like Gecko; compatible; GPTBot/1.4; +https://openai.com/gptbot)"
74.7.227.164 - - [03/Sep/2026:12:42:16 +0000] "GET /vendor/aws/aws-sdk-php/src/data/identitystore/2020-06-15/?C=N;O=A HTTP/1.1" 200 1154 "https://immovalet.com/vendor/aws/aws-sdk-php/src/data/identitystore/2020-06-15/?C=N;O=D" "Mozilla/5.0 AppleWebKit/537.36 (KHTML, like Gecko; compatible; GPTBot/1.4; +https://openai.com/gptbot)"
74.7.227.164 - - [03/Sep/2026:12:42:16 +0000] "GET /vendor/aws/aws-sdk-php/src/data/networkmanager/2019-07-05/?C=N;O=A HTTP/1.1" 200 1157 "https://immovalet.com/vendor/aws/aws-sdk-php/src/data/networkmanager/2019-07-05/?C=N;O=D" "Mozilla/5.0 AppleWebKit/537.36 (KHTML, like Gecko; compatible; GPTBot/1.4; +https://openai.com/gptbot)"
74.7.227.164 - - [03/Sep/2026:12:42:17 +0000] "GET /vendor/aws/aws-sdk-php/src/data/clouddirectory/2017-01-11/?C=N;O=A HTTP/1.1" 200 1157 "https://immovalet.com/vendor/aws/aws-sdk-php/src/data/clouddirectory/2017-01-11/?C=S;O=A" "Mozilla/5.0 AppleWebKit/537.36 (KHTML, like Gecko; compatible; GPTBot/1.4; +https://openai.com/gptbot)"
74.7.227.164 - - [03/Sep/2026:12:42:18 +0000] "GET /vendor/aws/aws-sdk-php/src/data/mturk-requester/2017-01-17/?C=D;O=A HTTP/1.1" 200 1342 "https://immovalet.com/vendor/aws/aws-sdk-php/src/data/mturk-requester/2017-01-17/" "Mozilla/5.0 AppleWebKit/537.36 (KHTML, like Gecko; compatible; GPTBot/1.4; +https://openai.com/gptbot)"
57.141.4.38 - - [03/Sep/2026:12:42:19 +0000] "GET /vendor/egulias/?C=N;O=A HTTP/1.1" 200 844 "-" "Mozilla/5.0 (Windows NT 10.0; Win64; x64) AppleWebKit/537.36 (KHTML, like Gecko) Chrome/145.0.0.0 Safari/537.36 (compatible; meta-externalagent/1.1 (+https://developers.facebook.com/docs/sharing/webmasters/crawler))"
74.7.227.164 - - [03/Sep/2026:12:42:20 +0000] "GET /vendor/aws/aws-sdk-php/src/data/license-manager/2018-08-01/?C=S;O=A HTTP/1.1" 200 1160 "https://immovalet.com/vendor/aws/aws-sdk-php/src/data/license-manager/2018-08-01/" "Mozilla/5.0 AppleWebKit/537.36 (KHTML, like Gecko; compatible; GPTBot/1.4; +https://openai.com/gptbot)"
74.7.227.164 - - [03/Sep/2026:12:42:21 +0000] "GET /vendor/aws/aws-sdk-php/src/data/codeartifact/2018-09-22/?C=S;O=A HTTP/1.1" 200 1151 "https://immovalet.com/vendor/aws/aws-sdk-php/src/data/codeartifact/2018-09-22/" "Mozilla/5.0 AppleWebKit/537.36 (KHTML, like Gecko; compatible; GPTBot/1.4; +https://openai.com/gptbot)"
74.7.227.164 - - [03/Sep/2026:12:42:22 +0000] "GET /vendor/aws/aws-sdk-php/src/data/kinesisvideo/2017-09-30/?C=D;O=A HTTP/1.1" 200 1151 "https://immovalet.com/vendor/aws/aws-sdk-php/src/data/kinesisvideo/2017-09-30/" "Mozilla/5.0 AppleWebKit/537.36 (KHTML, like Gecko; compatible; GPTBot/1.4; +https://openai.com/gptbot)"
74.7.227.164 - - [03/Sep/2026:12:42:22 +0000] "GET /vendor/aws/aws-sdk-php/src/data/kinesisvideo/2017-09-30/?C=S;O=D HTTP/1.1" 200 1151 "https://immovalet.com/vendor/aws/aws-sdk-php/src/data/kinesisvideo/2017-09-30/?C=S;O=A" "Mozilla/5.0 AppleWebKit/537.36 (KHTML, like Gecko; compatible; GPTBot/1.4; +https://openai.com/gptbot)"
74.7.227.164 - - [03/Sep/2026:12:42:23 +0000] "GET /vendor/aws/aws-sdk-php/src/data/savingsplans/2019-06-28/?C=S;O=A HTTP/1.1" 200 1151 "https://immovalet.com/vendor/aws/aws-sdk-php/src/data/savingsplans/2019-06-28/" "Mozilla/5.0 AppleWebKit/537.36 (KHTML, like Gecko; compatible; GPTBot/1.4; +https://openai.com/gptbot)"
74.7.227.164 - - [03/Sep/2026:12:42:24 +0000] "GET /vendor/aws/aws-sdk-php/src/data/savingsplans/2019-06-28/?C=N;O=D HTTP/1.1" 200 1151 "https://immovalet.com/vendor/aws/aws-sdk-php/src/data/savingsplans/2019-06-28/" "Mozilla/5.0 AppleWebKit/537.36 (KHTML, like Gecko; compatible; GPTBot/1.4; +https://openai.com/gptbot)"
74.7.227.164 - - [03/Sep/2026:12:42:25 +0000] "GET /vendor/aws/aws-sdk-php/src/data/servicecatalog/2015-12-10/?C=N;O=D HTTP/1.1" 200 1339 "https://immovalet.com/vendor/aws/aws-sdk-php/src/data/servicecatalog/2015-12-10/" "Mozilla/5.0 AppleWebKit/537.36 (KHTML, like Gecko; compatible; GPTBot/1.4; +https://openai.com/gptbot)"
74.7.227.164 - - [03/Sep/2026:12:42:25 +0000] "GET /vendor/aws/aws-sdk-php/src/data/license-manager/2018-08-01/?C=S;O=D HTTP/1.1" 200 1160 "https://immovalet.com/vendor/aws/aws-sdk-php/src/data/license-manager/2018-08-01/?C=S;O=A" "Mozilla/5.0 AppleWebKit/537.36 (KHTML, like Gecko; compatible; GPTBot/1.4; +https://openai.com/gptbot)"
57.141.4.68 - - [03/Sep/2026:12:42:26 +0000] "GET /platform/plugins/cookie-consent/?C=D;O=A HTTP/1.1" 200 1947 "-" "Mozilla/5.0 (Windows NT 10.0; Win64; x64) AppleWebKit/537.36 (KHTML, like Gecko) Chrome/145.0.0.0 Safari/537.36 (compatible; meta-externalagent/1.1 (+https://developers.facebook.com/docs/sharing/webmasters/crawler))"
74.7.227.164 - - [03/Sep/2026:12:42:26 +0000] "GET /vendor/aws/aws-sdk-php/src/data/networkmanager/2019-07-05/?C=S;O=A HTTP/1.1" 200 1157 "https://immovalet.com/vendor/aws/aws-sdk-php/src/data/networkmanager/2019-07-05/" "Mozilla/5.0 AppleWebKit/537.36 (KHTML, like Gecko; compatible; GPTBot/1.4; +https://openai.com/gptbot)"
74.7.227.164 - - [03/Sep/2026:12:42:26 +0000] "GET /vendor/aws/aws-sdk-php/src/data/personalize/2018-05-22/?C=N;O=A HTTP/1.1" 200 1148 "https://immovalet.com/vendor/aws/aws-sdk-php/src/data/personalize/2018-05-22/?C=S;O=A" "Mozilla/5.0 AppleWebKit/537.36 (KHTML, like Gecko; compatible; GPTBot/1.4; +https://openai.com/gptbot)"
74.7.227.164 - - [03/Sep/2026:12:42:27 +0000] "GET /vendor/aws/aws-sdk-php/src/data/codeartifact/2018-09-22/?C=S;O=D HTTP/1.1" 200 1151 "https://immovalet.com/vendor/aws/aws-sdk-php/src/data/codeartifact/2018-09-22/?C=S;O=A" "Mozilla/5.0 AppleWebKit/537.36 (KHTML, like Gecko; compatible; GPTBot/1.4; +https://openai.com/gptbot)"
74.7.227.164 - - [03/Sep/2026:12:42:28 +0000] "GET /vendor/aws/aws-sdk-php/src/data/lookoutvision/2020-11-20/?C=M;O=A HTTP/1.1" 200 1154 "https://immovalet.com/vendor/aws/aws-sdk-php/src/data/lookoutvision/2020-11-20/" "Mozilla/5.0 AppleWebKit/537.36 (KHTML, like Gecko; compatible; GPTBot/1.4; +https://openai.com/gptbot)"
74.7.227.164 - - [03/Sep/2026:12:42:28 +0000] "GET /vendor/aws/aws-sdk-php/src/data/savingsplans/2019-06-28/?C=S;O=D HTTP/1.1" 200 1151 "https://immovalet.com/vendor/aws/aws-sdk-php/src/data/savingsplans/2019-06-28/?C=S;O=A" "Mozilla/5.0 AppleWebKit/537.36 (KHTML, like Gecko; compatible; GPTBot/1.4; +https://openai.com/gptbot)"
74.7.227.164 - - [03/Sep/2026:12:42:29 +0000] "GET /vendor/aws/aws-sdk-php/src/data/savingsplans/2019-06-28/?C=N;O=A HTTP/1.1" 200 1151 "https://immovalet.com/vendor/aws/aws-sdk-php/src/data/savingsplans/2019-06-28/?C=S;O=A" "Mozilla/5.0 AppleWebKit/537.36 (KHTML, like Gecko; compatible; GPTBot/1.4; +https://openai.com/gptbot)"
74.7.227.164 - - [03/Sep/2026:12:42:31 +0000] "GET /vendor/aws/aws-sdk-php/src/data/kinesisvideo/2017-09-30/?C=M;O=A HTTP/1.1" 200 1151 "https://immovalet.com/vendor/aws/aws-sdk-php/src/data/kinesisvideo/2017-09-30/" "Mozilla/5.0 AppleWebKit/537.36 (KHTML, like Gecko; compatible; GPTBot/1.4; +https://openai.com/gptbot)"
74.7.227.164 - - [03/Sep/2026:12:42:31 +0000] "GET /vendor/aws/aws-sdk-php/src/data/networkmanager/2019-07-05/?C=S;O=D HTTP/1.1" 200 1157 "https://immovalet.com/vendor/aws/aws-sdk-php/src/data/networkmanager/2019-07-05/?C=S;O=A" "Mozilla/5.0 AppleWebKit/537.36 (KHTML, like Gecko; compatible; GPTBot/1.4; +https://openai.com/gptbot)"
74.7.227.164 - - [03/Sep/2026:12:42:33 +0000] "GET /vendor/aws/aws-sdk-php/src/data/organizations/2016-11-28/?C=M;O=A HTTP/1.1" 200 1154 "https://immovalet.com/vendor/aws/aws-sdk-php/src/data/organizations/2016-11-28/" "Mozilla/5.0 AppleWebKit/537.36 (KHTML, like Gecko; compatible; GPTBot/1.4; +https://openai.com/gptbot)"
74.7.227.164 - - [03/Sep/2026:12:42:34 +0000] "GET /vendor/aws/aws-sdk-php/src/data/networkmanager/2019-07-05/?C=M;O=A HTTP/1.1" 200 1157 "https://immovalet.com/vendor/aws/aws-sdk-php/src/data/networkmanager/2019-07-05/" "Mozilla/5.0 AppleWebKit/537.36 (KHTML, like Gecko; compatible; GPTBot/1.4; +https://openai.com/gptbot)"
74.7.227.164 - - [03/Sep/2026:12:42:34 +0000] "GET /vendor/aws/aws-sdk-php/src/data/clouddirectory/2017-01-11/?C=S;O=D HTTP/1.1" 200 1157 "https://immovalet.com/vendor/aws/aws-sdk-php/src/data/clouddirectory/2017-01-11/?C=S;O=A" "Mozilla/5.0 AppleWebKit/537.36 (KHTML, like Gecko; compatible; GPTBot/1.4; +https://openai.com/gptbot)"
74.7.227.164 - - [03/Sep/2026:12:42:36 +0000] "GET /vendor/aws/aws-sdk-php/src/data/license-manager/2018-08-01/?C=D;O=A HTTP/1.1" 200 1160 "https://immovalet.com/vendor/aws/aws-sdk-php/src/data/license-manager/2018-08-01/" "Mozilla/5.0 AppleWebKit/537.36 (KHTML, like Gecko; compatible; GPTBot/1.4; +https://openai.com/gptbot)"
57.141.4.43 - - [03/Sep/2026:12:42:36 +0000] "GET /storage/framework/views/0c02c3e5a15f1e058406fcebd998110543358493.php HTTP/1.1" 200 99 "-" "Mozilla/5.0 (Macintosh; Intel Mac OS X 10_15_7) AppleWebKit/537.36 (KHTML, like Gecko) Chrome/145.0.0.0 Safari/537.36 (compatible; meta-externalagent/1.1 (+https://developers.facebook.com/docs/sharing/webmasters/crawler))"
74.7.227.164 - - [03/Sep/2026:12:42:36 +0000] "GET /vendor/aws/aws-sdk-php/src/data/mediaconnect/2018-11-14/?C=N;O=A HTTP/1.1" 200 1337 "https://immovalet.com/vendor/aws/aws-sdk-php/src/data/mediaconnect/2018-11-14/?C=N;O=D" "Mozilla/5.0 AppleWebKit/537.36 (KHTML, like Gecko; compatible; GPTBot/1.4; +https://openai.com/gptbot)"
57.141.4.50 - - [03/Sep/2026:12:42:38 +0000] "GET /platform/packages/slug/ HTTP/1.1" 200 2278 "-" "Mozilla/5.0 (Windows NT 10.0; Win64; x64) AppleWebKit/537.36 (KHTML, like Gecko) Chrome/145.0.0.0 Safari/537.36 (compatible; meta-externalagent/1.1 (+https://developers.facebook.com/docs/sharing/webmasters/crawler))"
57.141.4.51 - - [03/Sep/2026:12:42:39 +0000] "GET /vendor/aws/aws-sdk-php/src/ElasticTranscoder/ HTTP/1.1" 200 1116 "-" "Mozilla/5.0 (Windows NT 10.0; Win64; x64) AppleWebKit/537.36 (KHTML, like Gecko) Chrome/145.0.0.0 Safari/537.36 (compatible; meta-externalagent/1.1 (+https://developers.facebook.com/docs/sharing/webmasters/crawler))"
74.7.227.164 - - [03/Sep/2026:12:42:39 +0000] "GET /vendor/doctrine/dbal/src/Driver/OCI8/Exception/?C=S;O=A HTTP/1.1" 200 1711 "https://immovalet.com/vendor/doctrine/dbal/src/Driver/OCI8/Exception/" "Mozilla/5.0 AppleWebKit/537.36 (KHTML, like Gecko; compatible; GPTBot/1.4; +https://openai.com/gptbot)"
74.7.227.164 - - [03/Sep/2026:12:42:40 +0000] "GET /vendor/doctrine/dbal/src/Driver/OCI8/Exception/?C=M;O=A HTTP/1.1" 200 1711 "https://immovalet.com/vendor/doctrine/dbal/src/Driver/OCI8/Exception/" "Mozilla/5.0 AppleWebKit/537.36 (KHTML, like Gecko; compatible; GPTBot/1.4; +https://openai.com/gptbot)"
74.7.227.164 - - [03/Sep/2026:12:42:40 +0000] "GET /vendor/phpoffice/phpspreadsheet/src/PhpSpreadsheet/Calculation/Financial/CashFlow/Constant/Periodic/Cumulative.php HTTP/1.1" 200 - "https://immovalet.com/vendor/phpoffice/phpspreadsheet/src/PhpSpreadsheet/Calculation/Financial/CashFlow/Constant/Periodic/" "Mozilla/5.0 AppleWebKit/537.36 (KHTML, like Gecko; compatible; GPTBot/1.4; +https://openai.com/gptbot)"
74.7.227.164 - - [03/Sep/2026:12:42:42 +0000] "GET /vendor/stripe/stripe-php/lib/Exception/OAuth/?C=N;O=A HTTP/1.1" 200 2532 "https://immovalet.com/vendor/stripe/stripe-php/lib/Exception/OAuth/?C=N;O=D" "Mozilla/5.0 AppleWebKit/537.36 (KHTML, like Gecko; compatible; GPTBot/1.4; +https://openai.com/gptbot)"
57.141.4.66 - - [03/Sep/2026:12:42:42 +0000] "GET /resources/lang/vendor/?C=N;O=D HTTP/1.1" 200 1208 "-" "Mozilla/5.0 (Windows NT 10.0; Win64; x64) AppleWebKit/537.36 (KHTML, like Gecko) Chrome/145.0.0.0 Safari/537.36 (compatible; meta-externalagent/1.1 (+https://developers.facebook.com/docs/sharing/webmasters/crawler))"
74.7.227.164 - - [03/Sep/2026:12:42:43 +0000] "GET /vendor/stripe/stripe-php/lib/Service/Terminal/?C=N;O=D HTTP/1.1" 200 1518 "https://immovalet.com/vendor/stripe/stripe-php/lib/Service/Terminal/" "Mozilla/5.0 AppleWebKit/537.36 (KHTML, like Gecko; compatible; GPTBot/1.4; +https://openai.com/gptbot)"
74.7.227.164 - - [03/Sep/2026:12:42:45 +0000] "GET /vendor/doctrine/dbal/src/Driver/OCI8/Exception/SequenceDoesNotExist.php HTTP/1.1" 500 - "https://immovalet.com/vendor/doctrine/dbal/src/Driver/OCI8/Exception/?C=S;O=A" "Mozilla/5.0 AppleWebKit/537.36 (KHTML, like Gecko; compatible; GPTBot/1.4; +https://openai.com/gptbot)"
74.7.227.164 - - [03/Sep/2026:12:42:46 +0000] "GET /vendor/doctrine/dbal/src/Driver/OCI8/Exception/UnknownParameterIndex.php HTTP/1.1" 500 - "https://immovalet.com/vendor/doctrine/dbal/src/Driver/OCI8/Exception/?C=S;O=A" "Mozilla/5.0 AppleWebKit/537.36 (KHTML, like Gecko; compatible; GPTBot/1.4; +https://openai.com/gptbot)"
57.141.4.61 - - [03/Sep/2026:12:42:46 +0000] "GET /vendor/symfony/cache/Exception/LogicException.php HTTP/1.1" 500 - "-" "Mozilla/5.0 (Macintosh; Intel Mac OS X 10_15_7) AppleWebKit/537.36 (KHTML, like Gecko) Chrome/145.0.0.0 Safari/537.36 (compatible; meta-externalagent/1.1 (+https://developers.facebook.com/docs/sharing/webmasters/crawler))"
57.141.4.42 - - [03/Sep/2026:12:42:49 +0000] "GET /vendor/botble/theme/helpers/ HTTP/1.1" 200 1059 "-" "Mozilla/5.0 (Windows NT 10.0; Win64; x64) AppleWebKit/537.36 (KHTML, like Gecko) Chrome/145.0.0.0 Safari/537.36 (compatible; meta-externalagent/1.1 (+https://developers.facebook.com/docs/sharing/webmasters/crawler))"
81.167.26.57 - - [03/Sep/2026:12:42:50 +0000] "GET /robots.txt HTTP/1.1" 404 16 "-" "Mozilla/5.0 (compatible; MJ12bot/v1.4.8; http://mj12bot.com/)"
74.7.227.164 - - [03/Sep/2026:12:42:51 +0000] "GET /vendor/doctrine/dbal/src/Driver/OCI8/Exception/NonTerminatedStringLiteral.php HTTP/1.1" 500 - "https://immovalet.com/vendor/doctrine/dbal/src/Driver/OCI8/Exception/?C=S;O=A" "Mozilla/5.0 AppleWebKit/537.36 (KHTML, like Gecko; compatible; GPTBot/1.4; +https://openai.com/gptbot)"
81.167.26.57 - - [03/Sep/2026:12:42:52 +0000] "GET /vendor/ezyang/htmlpurifier/?C=S;O=D HTTP/1.1" 200 1573 "-" "Mozilla/5.0 (compatible; MJ12bot/v1.4.8; http://mj12bot.com/)"
81.167.26.57 - - [03/Sep/2026:12:42:53 +0000] "GET /vendor/fideloper/proxy/?C=D;O=D HTTP/1.1" 200 1392 "-" "Mozilla/5.0 (compatible; MJ12bot/v1.4.8; http://mj12bot.com/)"
81.167.26.57 - - [03/Sep/2026:12:42:55 +0000] "GET /vendor/fideloper/proxy/?C=M;O=D HTTP/1.1" 200 1392 "-" "Mozilla/5.0 (compatible; MJ12bot/v1.4.8; http://mj12bot.com/)"
81.167.26.57 - - [03/Sep/2026:12:42:56 +0000] "GET /vendor/fideloper/proxy/?C=S;O=D HTTP/1.1" 200 1392 "-" "Mozilla/5.0 (compatible; MJ12bot/v1.4.8; http://mj12bot.com/)"
81.167.26.57 - - [03/Sep/2026:12:42:58 +0000] "GET /vendor/firebase/php-jwt/?C=D;O=D HTTP/1.1" 200 1215 "-" "Mozilla/5.0 (compatible; MJ12bot/v1.4.8; http://mj12bot.com/)"
81.167.26.57 - - [03/Sep/2026:12:42:59 +0000] "GET /vendor/guzzlehttp/guzzle/?C=D;O=D HTTP/1.1" 200 1758 "-" "Mozilla/5.0 (compatible; MJ12bot/v1.4.8; http://mj12bot.com/)"
74.7.227.164 - - [03/Sep/2026:12:43:00 +0000] "GET /vendor/doctrine/dbal/src/Driver/OCI8/Exception/ConnectionFailed.php HTTP/1.1" 500 - "https://immovalet.com/vendor/doctrine/dbal/src/Driver/OCI8/Exception/?C=S;O=A" "Mozilla/5.0 AppleWebKit/537.36 (KHTML, like Gecko; compatible; GPTBot/1.4; +https://openai.com/gptbot)"
81.167.26.57 - - [03/Sep/2026:12:43:00 +0000] "GET /vendor/guzzlehttp/guzzle/?C=M;O=D HTTP/1.1" 200 1758 "-" "Mozilla/5.0 (compatible; MJ12bot/v1.4.8; http://mj12bot.com/)"
81.167.26.57 - - [03/Sep/2026:12:43:02 +0000] "GET /vendor/guzzlehttp/guzzle/?C=N;O=A HTTP/1.1" 200 1758 "-" "Mozilla/5.0 (compatible; MJ12bot/v1.4.8; http://mj12bot.com/)"
81.167.26.57 - - [03/Sep/2026:12:43:03 +0000] "GET /vendor/guzzlehttp/guzzle/?C=S;O=D HTTP/1.1" 200 1758 "-" "Mozilla/5.0 (compatible; MJ12bot/v1.4.8; http://mj12bot.com/)"
81.167.26.57 - - [03/Sep/2026:12:43:05 +0000] "GET /vendor/guzzlehttp/promises/?C=D;O=D HTTP/1.1" 200 1579 "-" "Mozilla/5.0 (compatible; MJ12bot/v1.4.8; http://mj12bot.com/)"
81.167.26.57 - - [03/Sep/2026:12:43:06 +0000] "GET /vendor/laravel/framework/?C=D;O=D HTTP/1.1" 200 1219 "-" "Mozilla/5.0 (compatible; MJ12bot/v1.4.8; http://mj12bot.com/)"
57.141.4.61 - - [03/Sep/2026:12:43:08 +0000] "GET /vendor/aws/aws-sdk-php/src/Outposts/Exception/ HTTP/1.1" 200 940 "-" "Mozilla/5.0 (Windows NT 10.0; Win64; x64) AppleWebKit/537.36 (KHTML, like Gecko) Chrome/145.0.0.0 Safari/537.36 (compatible; meta-externalagent/1.1 (+https://developers.facebook.com/docs/sharing/webmasters/crawler))"
81.167.26.57 - - [03/Sep/2026:12:43:08 +0000] "GET /vendor/symfony/cache-contracts/?C=N;O=D HTTP/1.1" 200 2175 "-" "Mozilla/5.0 (compatible; MJ12bot/v1.4.8; http://mj12bot.com/)"
57.141.4.52 - - [03/Sep/2026:12:43:09 +0000] "GET /vendor/aws/aws-sdk-php/src/MediaTailor/?C=N;O=D HTTP/1.1" 200 1095 "-" "Mozilla/5.0 (Windows NT 10.0; Win64; x64; rv:147.0) Gecko/20100101 Firefox/147.0 (compatible; meta-externalagent/1.1 (+https://developers.facebook.com/docs/sharing/webmasters/crawler))"
81.167.26.57 - - [03/Sep/2026:12:43:09 +0000] "GET /vendor/symfony/cache-contracts/?C=S;O=A HTTP/1.1" 200 2175 "-" "Mozilla/5.0 (compatible; MJ12bot/v1.4.8; http://mj12bot.com/)"
81.167.26.57 - - [03/Sep/2026:12:43:11 +0000] "GET /vendor/symfony/cache-contracts/CHANGELOG.md HTTP/1.1" 200 157 "-" "Mozilla/5.0 (compatible; MJ12bot/v1.4.8; http://mj12bot.com/)"
81.167.26.57 - - [03/Sep/2026:12:43:12 +0000] "GET /vendor/symfony/cache/?C=D;O=A HTTP/1.1" 200 3588 "-" "Mozilla/5.0 (compatible; MJ12bot/v1.4.8; http://mj12bot.com/)"
81.167.26.57 - - [03/Sep/2026:12:43:14 +0000] "GET /vendor/symfony/cache/?C=M;O=A HTTP/1.1" 200 3588 "-" "Mozilla/5.0 (compatible; MJ12bot/v1.4.8; http://mj12bot.com/)"
81.167.26.57 - - [03/Sep/2026:12:43:15 +0000] "GET /vendor/symfony/cache/?C=N;O=D HTTP/1.1" 200 3588 "-" "Mozilla/5.0 (compatible; MJ12bot/v1.4.8; http://mj12bot.com/)"
81.167.26.57 - - [03/Sep/2026:12:43:17 +0000] "GET /vendor/symfony/cache/?C=S;O=A HTTP/1.1" 200 3588 "-" "Mozilla/5.0 (compatible; MJ12bot/v1.4.8; http://mj12bot.com/)"
81.167.26.57 - - [03/Sep/2026:12:43:18 +0000] "GET /vendor/symfony/cache/CHANGELOG.md HTTP/1.1" 200 4301 "-" "Mozilla/5.0 (compatible; MJ12bot/v1.4.8; http://mj12bot.com/)"
81.167.26.57 - - [03/Sep/2026:12:43:20 +0000] "GET /vendor/symfony/cache/CacheItem.php HTTP/1.1" 500 - "-" "Mozilla/5.0 (compatible; MJ12bot/v1.4.8; http://mj12bot.com/)"
74.7.227.164 - - [03/Sep/2026:12:43:21 +0000] "GET /vendor/doctrine/dbal/src/Driver/OCI8/Exception/Error.php HTTP/1.1" 500 - "https://immovalet.com/vendor/doctrine/dbal/src/Driver/OCI8/Exception/?C=S;O=A" "Mozilla/5.0 AppleWebKit/537.36 (KHTML, like Gecko; compatible; GPTBot/1.4; +https://openai.com/gptbot)"
81.167.26.57 - - [03/Sep/2026:12:43:21 +0000] "GET /vendor/symfony/cache/DoctrineProvider.php HTTP/1.1" 500 - "-" "Mozilla/5.0 (compatible; MJ12bot/v1.4.8; http://mj12bot.com/)"
81.167.26.57 - - [03/Sep/2026:12:43:24 +0000] "GET /vendor/symfony/polyfill-intl-normalizer/?C=M;O=A HTTP/1.1" 200 1798 "-" "Mozilla/5.0 (compatible; MJ12bot/v1.4.8; http://mj12bot.com/)"
81.167.26.57 - - [03/Sep/2026:12:43:25 +0000] "GET /vendor/symfony/polyfill-mbstring/bootstrap.php HTTP/1.1" 200 - "-" "Mozilla/5.0 (compatible; MJ12bot/v1.4.8; http://mj12bot.com/)"
81.167.26.57 - - [03/Sep/2026:12:43:27 +0000] "GET /vendor/symfony/polyfill-mbstring/bootstrap80.php HTTP/1.1" 200 - "-" "Mozilla/5.0 (compatible; MJ12bot/v1.4.8; http://mj12bot.com/)"
81.167.26.57 - - [03/Sep/2026:12:43:28 +0000] "GET /vendor/symfony/polyfill-mbstring/composer.json HTTP/1.1" 200 1004 "-" "Mozilla/5.0 (compatible; MJ12bot/v1.4.8; http://mj12bot.com/)"
81.167.26.57 - - [03/Sep/2026:12:43:30 +0000] "GET /vendor/symfony/polyfill-php73/?C=D;O=A HTTP/1.1" 200 1590 "-" "Mozilla/5.0 (compatible; MJ12bot/v1.4.8; http://mj12bot.com/)"
57.141.4.10 - - [03/Sep/2026:12:43:30 +0000] "GET /vendor/psr/simple-cache/src/CacheInterface.php HTTP/1.1" 200 - "-" "Mozilla/5.0 (Macintosh; Intel Mac OS X 10_15_7) AppleWebKit/537.36 (KHTML, like Gecko) Chrome/145.0.0.0 Safari/537.36 (compatible; meta-externalagent/1.1 (+https://developers.facebook.com/docs/sharing/webmasters/crawler))"
74.7.227.164 - - [03/Sep/2026:12:43:41 +0000] "GET /vendor/stripe/stripe-php/lib/Service/Terminal/TerminalServiceFactory.php HTTP/1.1" 500 - "https://immovalet.com/vendor/stripe/stripe-php/lib/Service/Terminal/?C=N;O=D" "Mozilla/5.0 AppleWebKit/537.36 (KHTML, like Gecko; compatible; GPTBot/1.4; +https://openai.com/gptbot)"
57.141.4.37 - - [03/Sep/2026:12:43:57 +0000] "GET /platform/core/js-validation/public/js/ HTTP/1.1" 200 918 "-" "Mozilla/5.0 (Macintosh; Intel Mac OS X 10_15_7) AppleWebKit/537.36 (KHTML, like Gecko) Chrome/145.0.0.0 Safari/537.36 (compatible; meta-externalagent/1.1 (+https://developers.facebook.com/docs/sharing/webmasters/crawler))"
57.141.4.59 - - [03/Sep/2026:12:44:14 +0000] "GET /vendor/vlucas/phpdotenv/src/Loader/Resolver.php HTTP/1.1" 200 - "-" "Mozilla/5.0 (Windows NT 10.0; Win64; x64) AppleWebKit/537.36 (KHTML, like Gecko) Chrome/145.0.0.0 Safari/537.36 (compatible; meta-externalagent/1.1 (+https://developers.facebook.com/docs/sharing/webmasters/crawler))"
57.141.4.24 - - [03/Sep/2026:12:44:17 +0000] "GET /vendor/mollie/mollie-api-php/src/?C=M;O=A HTTP/1.1" 200 1989 "-" "Mozilla/5.0 (X11; Linux x86_64) AppleWebKit/537.36 (KHTML, like Gecko) Chrome/145.0.0.0 Safari/537.36 (compatible; meta-externalagent/1.1 (+https://developers.facebook.com/docs/sharing/webmasters/crawler))"
57.141.4.28 - - [03/Sep/2026:12:44:17 +0000] "GET /vendor/botble/theme/routes/ HTTP/1.1" 200 1050 "-" "Mozilla/5.0 (Windows NT 10.0; Win64; x64) AppleWebKit/537.36 (KHTML, like Gecko) Chrome/145.0.0.0 Safari/537.36 (compatible; meta-externalagent/1.1 (+https://developers.facebook.com/docs/sharing/webmasters/crawler))"
74.7.227.164 - - [03/Sep/2026:12:44:21 +0000] "GET /vendor/stripe/stripe-php/lib/Service/Terminal/ConnectionTokenService.php HTTP/1.1" 500 - "https://immovalet.com/vendor/stripe/stripe-php/lib/Service/Terminal/?C=N;O=D" "Mozilla/5.0 AppleWebKit/537.36 (KHTML, like Gecko; compatible; GPTBot/1.4; +https://openai.com/gptbot)"
57.141.4.21 - - [03/Sep/2026:12:44:41 +0000] "GET /resources/lang/vendor/plugins/newsletter/?C=S;O=A HTTP/1.1" 200 906 "-" "Mozilla/5.0 (Windows NT 10.0; Win64; x64) AppleWebKit/537.36 (KHTML, like Gecko) Chrome/145.0.0.0 Safari/537.36 (compatible; meta-externalagent/1.1 (+https://developers.facebook.com/docs/sharing/webmasters/crawler))"
74.7.227.164 - - [03/Sep/2026:12:44:41 +0000] "GET /vendor/doctrine/dbal/src/Driver/OCI8/Exception/?C=N;O=A HTTP/1.1" 200 1711 "https://immovalet.com/vendor/doctrine/dbal/src/Driver/OCI8/Exception/?C=S;O=A" "Mozilla/5.0 AppleWebKit/537.36 (KHTML, like Gecko; compatible; GPTBot/1.4; +https://openai.com/gptbot)"
57.141.4.16 - - [03/Sep/2026:12:44:42 +0000] "GET /vendor/symfony/string/Exception/?C=D;O=D HTTP/1.1" 200 1286 "-" "Mozilla/5.0 (Windows NT 10.0; Win64; x64) AppleWebKit/537.36 (KHTML, like Gecko) Chrome/145.0.0.0 Safari/537.36 (compatible; meta-externalagent/1.1 (+https://developers.facebook.com/docs/sharing/webmasters/crawler))"
57.141.4.35 - - [03/Sep/2026:12:44:44 +0000] "GET /vendor/sendgrid/sendgrid/scripts/?C=S;O=A HTTP/1.1" 200 892 "-" "Mozilla/5.0 (Macintosh; Intel Mac OS X 10_15_7) AppleWebKit/537.36 (KHTML, like Gecko) Chrome/145.0.0.0 Safari/537.36 (compatible; meta-externalagent/1.1 (+https://developers.facebook.com/docs/sharing/webmasters/crawler))"
57.141.4.55 - - [03/Sep/2026:12:44:55 +0000] "GET /platform/packages/menu/src/Providers/ HTTP/1.1" 200 1307 "-" "Mozilla/5.0 (Windows NT 10.0; Win64; x64) AppleWebKit/537.36 (KHTML, like Gecko) Chrome/145.0.0.0 Safari/537.36 (compatible; meta-externalagent/1.1 (+https://developers.facebook.com/docs/sharing/webmasters/crawler))"
57.141.4.5 - - [03/Sep/2026:12:44:55 +0000] "GET /vendor/symfony/mime/Part/MessagePart.php HTTP/1.1" 500 - "-" "Mozilla/5.0 (X11; Linux x86_64) AppleWebKit/537.36 (KHTML, like Gecko) Chrome/145.0.0.0 Safari/537.36 (compatible; meta-externalagent/1.1 (+https://developers.facebook.com/docs/sharing/webmasters/crawler))"
57.141.4.51 - - [03/Sep/2026:12:45:16 +0000] "GET /vendor/rmccue/requests/library/ HTTP/1.1" 200 1065 "-" "Mozilla/5.0 (Macintosh; Intel Mac OS X 10_15_7) AppleWebKit/537.36 (KHTML, like Gecko) Chrome/145.0.0.0 Safari/537.36 (compatible; meta-externalagent/1.1 (+https://developers.facebook.com/docs/sharing/webmasters/crawler))"
57.141.4.22 - - [03/Sep/2026:12:45:20 +0000] "GET /vendor/botble/plugin-management/composer.json HTTP/1.1" 200 456 "-" "Mozilla/5.0 (Windows NT 10.0; Win64; x64) AppleWebKit/537.36 (KHTML, like Gecko) Chrome/145.0.0.0 Safari/537.36 (compatible; meta-externalagent/1.1 (+https://developers.facebook.com/docs/sharing/webmasters/crawler))"
57.141.4.71 - - [03/Sep/2026:12:45:41 +0000] "GET /platform/plugins/blog/resources/lang/?C=N;O=D HTTP/1.1" 200 900 "-" "Mozilla/5.0 (Windows NT 10.0; Win64; x64) AppleWebKit/537.36 (KHTML, like Gecko) Chrome/145.0.0.0 Safari/537.36 (compatible; meta-externalagent/1.1 (+https://developers.facebook.com/docs/sharing/webmasters/crawler))"
74.7.227.164 - - [03/Sep/2026:12:45:48 +0000] "GET /vendor/stripe/stripe-php/lib/Service/Terminal/?C=N;O=A HTTP/1.1" 200 1518 "https://immovalet.com/vendor/stripe/stripe-php/lib/Service/Terminal/?C=N;O=D" "Mozilla/5.0 AppleWebKit/537.36 (KHTML, like Gecko; compatible; GPTBot/1.4; +https://openai.com/gptbot)"
57.141.4.71 - - [03/Sep/2026:12:46:06 +0000] "GET /platform/plugins/sslcommerz/resources/views/settings.blade.php HTTP/1.1" 200 8254 "-" "Mozilla/5.0 (Macintosh; Intel Mac OS X 10_15_7) AppleWebKit/537.36 (KHTML, like Gecko) Chrome/145.0.0.0 Safari/537.36 (compatible; meta-externalagent/1.1 (+https://developers.facebook.com/docs/sharing/webmasters/crawler))"
74.7.227.164 - - [03/Sep/2026:12:46:07 +0000] "GET /vendor/stripe/stripe-php/lib/Service/Issuing/?C=D;O=A HTTP/1.1" 200 1889 "https://immovalet.com/vendor/stripe/stripe-php/lib/Service/Issuing/" "Mozilla/5.0 AppleWebKit/537.36 (KHTML, like Gecko; compatible; GPTBot/1.4; +https://openai.com/gptbot)"
74.7.227.164 - - [03/Sep/2026:12:46:10 +0000] "GET /vendor/stripe/stripe-php/lib/Exception/OAuth/?C=S;O=A HTTP/1.1" 200 2532 "https://immovalet.com/vendor/stripe/stripe-php/lib/Exception/OAuth/" "Mozilla/5.0 AppleWebKit/537.36 (KHTML, like Gecko; compatible; GPTBot/1.4; +https://openai.com/gptbot)"
74.7.227.164 - - [03/Sep/2026:12:46:12 +0000] "GET /vendor/stripe/stripe-php/lib/Service/Checkout/?C=N;O=D HTTP/1.1" 200 1135 "https://immovalet.com/vendor/stripe/stripe-php/lib/Service/Checkout/" "Mozilla/5.0 AppleWebKit/537.36 (KHTML, like Gecko; compatible; GPTBot/1.4; +https://openai.com/gptbot)"
74.7.227.164 - - [03/Sep/2026:12:46:14 +0000] "GET /vendor/stripe/stripe-php/lib/Service/Terminal/?C=D;O=A HTTP/1.1" 200 1518 "https://immovalet.com/vendor/stripe/stripe-php/lib/Service/Terminal/" "Mozilla/5.0 AppleWebKit/537.36 (KHTML, like Gecko; compatible; GPTBot/1.4; +https://openai.com/gptbot)"
74.7.227.164 - - [03/Sep/2026:12:46:15 +0000] "GET /vendor/stripe/stripe-php/lib/Service/Checkout/?C=M;O=A HTTP/1.1" 200 1135 "https://immovalet.com/vendor/stripe/stripe-php/lib/Service/Checkout/" "Mozilla/5.0 AppleWebKit/537.36 (KHTML, like Gecko; compatible; GPTBot/1.4; +https://openai.com/gptbot)"
74.7.227.164 - - [03/Sep/2026:12:46:17 +0000] "GET /vendor/stripe/stripe-php/lib/Service/Issuing/?C=N;O=D HTTP/1.1" 200 1889 "https://immovalet.com/vendor/stripe/stripe-php/lib/Service/Issuing/" "Mozilla/5.0 AppleWebKit/537.36 (KHTML, like Gecko; compatible; GPTBot/1.4; +https://openai.com/gptbot)"
74.7.227.164 - - [03/Sep/2026:12:46:18 +0000] "GET /vendor/stripe/stripe-php/lib/Service/Checkout/?C=D;O=A HTTP/1.1" 200 1135 "https://immovalet.com/vendor/stripe/stripe-php/lib/Service/Checkout/" "Mozilla/5.0 AppleWebKit/537.36 (KHTML, like Gecko; compatible; GPTBot/1.4; +https://openai.com/gptbot)"
74.7.227.164 - - [03/Sep/2026:12:46:18 +0000] "GET /vendor/stripe/stripe-php/lib/Service/Issuing/?C=M;O=A HTTP/1.1" 200 1889 "https://immovalet.com/vendor/stripe/stripe-php/lib/Service/Issuing/" "Mozilla/5.0 AppleWebKit/537.36 (KHTML, like Gecko; compatible; GPTBot/1.4; +https://openai.com/gptbot)"
74.7.227.164 - - [03/Sep/2026:12:46:21 +0000] "GET /vendor/stripe/stripe-php/lib/Service/Checkout/CheckoutServiceFactory.php HTTP/1.1" 500 - "https://immovalet.com/vendor/stripe/stripe-php/lib/Service/Checkout/?C=N;O=D" "Mozilla/5.0 AppleWebKit/537.36 (KHTML, like Gecko; compatible; GPTBot/1.4; +https://openai.com/gptbot)"
57.141.4.3 - - [03/Sep/2026:12:46:21 +0000] "GET /platform/packages/revision/resources/views/history-content.blade.php HTTP/1.1" 200 1740 "-" "Mozilla/5.0 (Windows NT 10.0; Win64; x64) AppleWebKit/537.36 (KHTML, like Gecko) Chrome/145.0.0.0 Safari/537.36 Edg/145.0.0.0 (compatible; meta-externalagent/1.1 (+https://developers.facebook.com/docs/sharing/webmasters/crawler))"
74.7.227.164 - - [03/Sep/2026:12:46:21 +0000] "GET /vendor/stripe/stripe-php/lib/Exception/OAuth/?C=S;O=D HTTP/1.1" 200 2532 "https://immovalet.com/vendor/stripe/stripe-php/lib/Exception/OAuth/?C=S;O=A" "Mozilla/5.0 AppleWebKit/537.36 (KHTML, like Gecko; compatible; GPTBot/1.4; +https://openai.com/gptbot)"
74.7.227.164 - - [03/Sep/2026:12:46:22 +0000] "GET /vendor/stripe/stripe-php/lib/Service/Checkout/?C=N;O=A HTTP/1.1" 200 1135 "https://immovalet.com/vendor/stripe/stripe-php/lib/Service/Checkout/?C=N;O=D" "Mozilla/5.0 AppleWebKit/537.36 (KHTML, like Gecko; compatible; GPTBot/1.4; +https://openai.com/gptbot)"
57.141.4.48 - - [03/Sep/2026:12:46:22 +0000] "GET /vendor/symfony/var-dumper/Cloner/?C=S;O=A HTTP/1.1" 200 1986 "-" "Mozilla/5.0 (Windows NT 10.0; Win64; x64) AppleWebKit/537.36 (KHTML, like Gecko) Chrome/145.0.0.0 Safari/537.36 (compatible; meta-externalagent/1.1 (+https://developers.facebook.com/docs/sharing/webmasters/crawler))"
74.7.227.164 - - [03/Sep/2026:12:46:23 +0000] "GET /vendor/stripe/stripe-php/lib/Exception/OAuth/?C=M;O=A HTTP/1.1" 200 2532 "https://immovalet.com/vendor/stripe/stripe-php/lib/Exception/OAuth/" "Mozilla/5.0 AppleWebKit/537.36 (KHTML, like Gecko; compatible; GPTBot/1.4; +https://openai.com/gptbot)"
